[INFO] cloning repository https://github.com/pythonesque/pintrusive
[INFO] running `Command { std: "git" "-c" "credential.helper=" "-c" "credential.helper=/workspace/cargo-home/bin/git-credential-null" "clone" "--bare" "https://github.com/pythonesque/pintrusive" "/workspace/cache/git-repos/https%3A%2F%2Fgithub.com%2Fpythonesque%2Fpintrusive", kill_on_drop: false }`
[INFO] [stderr] Cloning into bare repository '/workspace/cache/git-repos/https%3A%2F%2Fgithub.com%2Fpythonesque%2Fpintrusive'...
[INFO] running `Command { std: "git" "rev-parse" "HEAD", kill_on_drop: false }`
[INFO] [stdout] bbf752ae8b105c57fb974cd6a9774a1d45f6cab5
[INFO] testing pythonesque/pintrusive against 1.54.0 for beta-1.55-1
[INFO] running `Command { std: "git" "clone" "/workspace/cache/git-repos/https%3A%2F%2Fgithub.com%2Fpythonesque%2Fpintrusive" "/workspace/builds/worker-5/source", kill_on_drop: false }`
[INFO] [stderr] Cloning into '/workspace/builds/worker-5/source'...
[INFO] [stderr] done.
[INFO] validating manifest of git repo https://github.com/pythonesque/pintrusive on toolchain 1.54.0
[INFO] running `Command { std: "/workspace/cargo-home/bin/cargo" "+1.54.0" "metadata" "--manifest-path" "Cargo.toml" "--no-deps", kill_on_drop: false }`
[INFO] started tweaking git repo https://github.com/pythonesque/pintrusive
[INFO] finished tweaking git repo https://github.com/pythonesque/pintrusive
[INFO] tweaked toml for git repo https://github.com/pythonesque/pintrusive written to /workspace/builds/worker-5/source/Cargo.toml
[INFO] crate git repo https://github.com/pythonesque/pintrusive already has a lockfile, it will not be regenerated
[INFO] running `Command { std: "/workspace/cargo-home/bin/cargo" "+1.54.0" "fetch" "--manifest-path" "Cargo.toml", kill_on_drop: false }`
[INFO] running `Command { std: "docker" "create" "-v" "/var/lib/crater-agent-workspace/builds/worker-5/target:/opt/rustwide/target:rw,Z" "-v" "/var/lib/crater-agent-workspace/builds/worker-5/source:/opt/rustwide/workdir:ro,Z" "-v" "/var/lib/crater-agent-workspace/cargo-home:/opt/rustwide/cargo-home:ro,Z" "-v" "/var/lib/crater-agent-workspace/rustup-home:/opt/rustwide/rustup-home:ro,Z" "-e" "SOURCE_DIR=/opt/rustwide/workdir" "-e" "CARGO_TARGET_DIR=/opt/rustwide/target" "-e" "CARGO_HOME=/opt/rustwide/cargo-home" "-e" "RUSTUP_HOME=/opt/rustwide/rustup-home" "-w" "/opt/rustwide/workdir" "-m" "1610612736" "--user" "0:0" "--network" "none" "ghcr.io/rust-lang/crates-build-env/linux@sha256:34b6a614d2c27851fe6cbf88fbd1137609cefab8b10d0615aaeb6fd47975d74e" "/opt/rustwide/cargo-home/bin/cargo" "+1.54.0" "metadata" "--no-deps" "--format-version=1", kill_on_drop: false }`
[INFO] [stdout] 0794994d060477934bf6136e53bd1b80e6a2429cd5b9e13dbe08fa4bb0227eb9
[INFO] running `Command { std: "docker" "start" "-a" "0794994d060477934bf6136e53bd1b80e6a2429cd5b9e13dbe08fa4bb0227eb9", kill_on_drop: false }`
[INFO] running `Command { std: "docker" "inspect" "0794994d060477934bf6136e53bd1b80e6a2429cd5b9e13dbe08fa4bb0227eb9", kill_on_drop: false }`
[INFO] running `Command { std: "docker" "rm" "-f" "0794994d060477934bf6136e53bd1b80e6a2429cd5b9e13dbe08fa4bb0227eb9", kill_on_drop: false }`
[INFO] [stdout] 0794994d060477934bf6136e53bd1b80e6a2429cd5b9e13dbe08fa4bb0227eb9
[INFO] running `Command { std: "docker" "create" "-v" "/var/lib/crater-agent-workspace/builds/worker-5/target:/opt/rustwide/target:rw,Z" "-v" "/var/lib/crater-agent-workspace/builds/worker-5/source:/opt/rustwide/workdir:ro,Z" "-v" "/var/lib/crater-agent-workspace/cargo-home:/opt/rustwide/cargo-home:ro,Z" "-v" "/var/lib/crater-agent-workspace/rustup-home:/opt/rustwide/rustup-home:ro,Z" "-e" "SOURCE_DIR=/opt/rustwide/workdir" "-e" "CARGO_TARGET_DIR=/opt/rustwide/target" "-e" "CARGO_INCREMENTAL=0" "-e" "RUST_BACKTRACE=full" "-e" "RUSTFLAGS=--cap-lints=warn" "-e" "CARGO_HOME=/opt/rustwide/cargo-home" "-e" "RUSTUP_HOME=/opt/rustwide/rustup-home" "-w" "/opt/rustwide/workdir" "-m" "1610612736" "--user" "0:0" "--network" "none" "ghcr.io/rust-lang/crates-build-env/linux@sha256:34b6a614d2c27851fe6cbf88fbd1137609cefab8b10d0615aaeb6fd47975d74e" "/opt/rustwide/cargo-home/bin/cargo" "+1.54.0" "build" "--frozen" "--message-format=json", kill_on_drop: false }`
[INFO] [stdout] dc0efeacfd712e1a342e27b422eb87a9446c19fd72cab20b03e8225c009befc9
[INFO] running `Command { std: "docker" "start" "-a" "dc0efeacfd712e1a342e27b422eb87a9446c19fd72cab20b03e8225c009befc9", kill_on_drop: false }`
[INFO] [stderr]    Compiling static_assertions v0.2.5
[INFO] [stderr]    Compiling proc-macro2 v0.3.8
[INFO] [stderr]    Compiling quote v0.5.2
[INFO] [stderr]    Compiling syn v0.13.4
[INFO] [stderr]    Compiling pintrusive-derive v0.1.0 (/opt/rustwide/workdir/pintrusive-derive)
[INFO] [stderr]    Compiling pintrusive v0.1.0 (/opt/rustwide/workdir)
[INFO] [stdout] error[E0557]: feature has been removed
[INFO] [stdout]  --> src/main.rs:1:39
[INFO] [stdout]   |
[INFO] [stdout] 1 | #![feature(arbitrary_self_types, pin, optin_builtin_traits)]
[INFO] [stdout]   |                                       ^^^^^^^^^^^^^^^^^^^^ feature has been removed
[INFO] [stdout]   |
[INFO] [stdout]   = note: renamed to `auto_traits`
[INFO] [stdout] 
[INFO] [stdout] 
[INFO] [stdout] error[E0432]: unresolved import `std::boxed::PinBox`
[INFO] [stdout]   --> src/main.rs:13:5
[INFO] [stdout]    |
[INFO] [stdout] 13 | use std::boxed::PinBox;
[INFO] [stdout]    |     ^^^^^^^^^^^^^^^^^^ no `PinBox` in `boxed`
[INFO] [stdout] 
[INFO] [stdout] 
[INFO] [stdout] error[E0432]: unresolved import `std::mem::Pin`
[INFO] [stdout]   --> src/main.rs:15:5
[INFO] [stdout]    |
[INFO] [stdout] 15 | use std::mem::Pin;
[INFO] [stdout]    |     ^^^^^^^^^^^^^ no `Pin` in `mem`
[INFO] [stdout] 
[INFO] [stdout] 
[INFO] [stdout] error[E0554]: `#![feature]` may not be used on the stable release channel
[INFO] [stdout]  --> src/main.rs:1:1
[INFO] [stdout]   |
[INFO] [stdout] 1 | #![feature(arbitrary_self_types, pin, optin_builtin_traits)]
[INFO] [stdout]   | ^^^^^^^^^^^^^^^^^^^^^^^^^^^^^^^^^^^^^^^^^^^^^^^^^^^^^^^^^^^^
[INFO] [stdout] 
[INFO] [stdout] 
[INFO] [stdout] error[E0658]: negative trait bounds are not yet fully implemented; use marker types for now
[INFO] [stdout]    --> src/main.rs:102:6
[INFO] [stdout]     |
[INFO] [stdout] 102 | impl !Unpin for FrenchToast {}
[INFO] [stdout]     |      ^^^^^^
[INFO] [stdout]     |
[INFO] [stdout]     = note: see issue #68318 <https://github.com/rust-lang/rust/issues/68318> for more information
[INFO] [stdout] 
[INFO] [stdout] 
[INFO] [stdout] error: aborting due to 5 previous errors
[INFO] [stdout] 
[INFO] [stdout] 
[INFO] [stdout] Some errors have detailed explanations: E0432, E0554, E0557, E0658.
[INFO] [stdout] 
[INFO] [stdout] For more information about an error, try `rustc --explain E0432`.
[INFO] [stdout] 
[INFO] [stderr] error: could not compile `pintrusive`
[INFO] [stderr] 
[INFO] [stderr] To learn more, run the command again with --verbose.
[INFO] running `Command { std: "docker" "inspect" "dc0efeacfd712e1a342e27b422eb87a9446c19fd72cab20b03e8225c009befc9", kill_on_drop: false }`
[INFO] running `Command { std: "docker" "rm" "-f" "dc0efeacfd712e1a342e27b422eb87a9446c19fd72cab20b03e8225c009befc9", kill_on_drop: false }`
[INFO] [stdout] dc0efeacfd712e1a342e27b422eb87a9446c19fd72cab20b03e8225c009befc9
