[INFO] cloning repository https://github.com/preiter93/psspectral
[INFO] running `Command { std: "git" "-c" "credential.helper=" "-c" "credential.helper=/workspace/cargo-home/bin/git-credential-null" "clone" "--bare" "https://github.com/preiter93/psspectral" "/workspace/cache/git-repos/https%3A%2F%2Fgithub.com%2Fpreiter93%2Fpsspectral", kill_on_drop: false }`
[INFO] [stderr] Cloning into bare repository '/workspace/cache/git-repos/https%3A%2F%2Fgithub.com%2Fpreiter93%2Fpsspectral'...
[INFO] running `Command { std: "git" "rev-parse" "HEAD", kill_on_drop: false }`
[INFO] [stdout] d19910f1fbf8788e91510d7fe9caebb7201fd353
[INFO] testing preiter93/psspectral against beta-2021-08-01 for beta-1.55-1
[INFO] running `Command { std: "git" "clone" "/workspace/cache/git-repos/https%3A%2F%2Fgithub.com%2Fpreiter93%2Fpsspectral" "/workspace/builds/worker-31/source", kill_on_drop: false }`
[INFO] [stderr] Cloning into '/workspace/builds/worker-31/source'...
[INFO] [stderr] done.
[INFO] validating manifest of git repo https://github.com/preiter93/psspectral on toolchain beta-2021-08-01
[INFO] running `Command { std: "/workspace/cargo-home/bin/cargo" "+beta-2021-08-01" "metadata" "--manifest-path" "Cargo.toml" "--no-deps", kill_on_drop: false }`
[INFO] started tweaking git repo https://github.com/preiter93/psspectral
[INFO] finished tweaking git repo https://github.com/preiter93/psspectral
[INFO] tweaked toml for git repo https://github.com/preiter93/psspectral written to /workspace/builds/worker-31/source/Cargo.toml
[INFO] crate git repo https://github.com/preiter93/psspectral already has a lockfile, it will not be regenerated
[INFO] running `Command { std: "/workspace/cargo-home/bin/cargo" "+beta-2021-08-01" "fetch" "--manifest-path" "Cargo.toml", kill_on_drop: false }`
[INFO] [stderr]     Blocking waiting for file lock on package cache
[INFO] [stderr]     Updating git repository `https://github.com/preiter93/dmsuite`
[INFO] [stderr]     Blocking waiting for file lock on package cache
[INFO] running `Command { std: "docker" "create" "-v" "/var/lib/crater-agent-workspace/builds/worker-31/target:/opt/rustwide/target:rw,Z" "-v" "/var/lib/crater-agent-workspace/builds/worker-31/source:/opt/rustwide/workdir:ro,Z" "-v" "/var/lib/crater-agent-workspace/cargo-home:/opt/rustwide/cargo-home:ro,Z" "-v" "/var/lib/crater-agent-workspace/rustup-home:/opt/rustwide/rustup-home:ro,Z" "-e" "SOURCE_DIR=/opt/rustwide/workdir" "-e" "CARGO_TARGET_DIR=/opt/rustwide/target" "-e" "CARGO_HOME=/opt/rustwide/cargo-home" "-e" "RUSTUP_HOME=/opt/rustwide/rustup-home" "-w" "/opt/rustwide/workdir" "-m" "1610612736" "--user" "0:0" "--network" "none" "ghcr.io/rust-lang/crates-build-env/linux@sha256:34b6a614d2c27851fe6cbf88fbd1137609cefab8b10d0615aaeb6fd47975d74e" "/opt/rustwide/cargo-home/bin/cargo" "+beta-2021-08-01" "metadata" "--no-deps" "--format-version=1", kill_on_drop: false }`
[INFO] [stdout] 5b1cea2b0894ca3a89dab7c6faeb6484cc830a5428247e9706ca996e3f2cc423
[INFO] running `Command { std: "docker" "start" "-a" "5b1cea2b0894ca3a89dab7c6faeb6484cc830a5428247e9706ca996e3f2cc423", kill_on_drop: false }`
[INFO] running `Command { std: "docker" "inspect" "5b1cea2b0894ca3a89dab7c6faeb6484cc830a5428247e9706ca996e3f2cc423", kill_on_drop: false }`
[INFO] running `Command { std: "docker" "rm" "-f" "5b1cea2b0894ca3a89dab7c6faeb6484cc830a5428247e9706ca996e3f2cc423", kill_on_drop: false }`
[INFO] [stdout] 5b1cea2b0894ca3a89dab7c6faeb6484cc830a5428247e9706ca996e3f2cc423
[INFO] running `Command { std: "docker" "create" "-v" "/var/lib/crater-agent-workspace/builds/worker-31/target:/opt/rustwide/target:rw,Z" "-v" "/var/lib/crater-agent-workspace/builds/worker-31/source:/opt/rustwide/workdir:ro,Z" "-v" "/var/lib/crater-agent-workspace/cargo-home:/opt/rustwide/cargo-home:ro,Z" "-v" "/var/lib/crater-agent-workspace/rustup-home:/opt/rustwide/rustup-home:ro,Z" "-e" "SOURCE_DIR=/opt/rustwide/workdir" "-e" "CARGO_TARGET_DIR=/opt/rustwide/target" "-e" "CARGO_INCREMENTAL=0" "-e" "RUST_BACKTRACE=full" "-e" "RUSTFLAGS=--cap-lints=warn" "-e" "CARGO_HOME=/opt/rustwide/cargo-home" "-e" "RUSTUP_HOME=/opt/rustwide/rustup-home" "-w" "/opt/rustwide/workdir" "-m" "1610612736" "--user" "0:0" "--network" "none" "ghcr.io/rust-lang/crates-build-env/linux@sha256:34b6a614d2c27851fe6cbf88fbd1137609cefab8b10d0615aaeb6fd47975d74e" "/opt/rustwide/cargo-home/bin/cargo" "+beta-2021-08-01" "build" "--frozen" "--message-format=json", kill_on_drop: false }`
[INFO] [stdout] 22ed3f2b104ce77edadb6b8a848da7c12ff223d4d5c0cae18f0909f75f12b74a
[INFO] running `Command { std: "docker" "start" "-a" "22ed3f2b104ce77edadb6b8a848da7c12ff223d4d5c0cae18f0909f75f12b74a", kill_on_drop: false }`
[INFO] [stderr]    Compiling libc v0.2.89
[INFO] [stderr]    Compiling autocfg v1.0.1
[INFO] [stderr]    Compiling getrandom v0.1.16
[INFO] [stderr]    Compiling cfg-if v1.0.0
[INFO] [stderr]    Compiling proc-macro2 v1.0.24
[INFO] [stderr]    Compiling unicode-xid v0.2.1
[INFO] [stderr]    Compiling ppv-lite86 v0.2.10
[INFO] [stderr]    Compiling serde v1.0.124
[INFO] [stderr]    Compiling syn v1.0.64
[INFO] [stderr]    Compiling same-file v1.0.6
[INFO] [stderr]    Compiling strength_reduce v0.2.3
[INFO] [stderr]    Compiling ndarray v0.14.0
[INFO] [stderr]    Compiling rawpointer v0.2.1
[INFO] [stderr]    Compiling blas-src v0.6.1
[INFO] [stderr]    Compiling either v1.6.1
[INFO] [stderr]    Compiling byteorder v1.4.3
[INFO] [stderr]    Compiling assert_approx_eq v1.1.0
[INFO] [stderr]    Compiling matrixmultiply v0.2.4
[INFO] [stderr]    Compiling itertools v0.10.0
[INFO] [stderr]    Compiling walkdir v2.3.1
[INFO] [stderr]    Compiling gnuplot v0.0.37
[INFO] [stderr]    Compiling num-traits v0.2.14
[INFO] [stderr]    Compiling num-integer v0.1.44
[INFO] [stderr]    Compiling quote v1.0.9
[INFO] [stderr]    Compiling dirs-sys v0.3.5
[INFO] [stderr]    Compiling lapack-sys v0.12.1
[INFO] [stderr]    Compiling cblas-sys v0.1.4
[INFO] [stderr]    Compiling time v0.1.44
[INFO] [stderr]    Compiling dirs v3.0.1
[INFO] [stderr]    Compiling rand_core v0.5.1
[INFO] [stderr]    Compiling time-test v0.2.2
[INFO] [stderr]    Compiling rand_chacha v0.2.2
[INFO] [stderr]    Compiling approx v0.4.0
[INFO] [stderr]    Compiling itertools-num v0.1.3
[INFO] [stderr]    Compiling rand v0.7.3
[INFO] [stderr]    Compiling transpose v0.2.0
[INFO] [stderr]    Compiling primal-check v0.3.1
[INFO] [stderr]    Compiling num-complex v0.3.1
[INFO] [stderr]    Compiling thiserror-impl v1.0.24
[INFO] [stderr]    Compiling lapack v0.17.0
[INFO] [stderr]    Compiling cauchy v0.3.0
[INFO] [stderr]    Compiling rustfft v5.0.1
[INFO] [stderr]    Compiling thiserror v1.0.24
[INFO] [stderr]    Compiling openblas-build v0.1.1
[INFO] [stderr]    Compiling openblas-src v0.10.2
[INFO] [stderr]    Compiling realfft v1.1.0
[INFO] [stderr]    Compiling dmsuite v0.1.0 (https://github.com/preiter93/dmsuite?tag=v0.1#5edaefad)
[INFO] [stdout] error[E0080]: evaluation of `core::core_arch::macros::ValidateConstImm::<51_i32, 0_i32, 15_i32>::VALID` failed
[INFO] [stdout]   |
[INFO] [stdout]   = note: this error originates in the macro `$crate::panic::panic_2015` (in Nightly builds, run with -Z macro-backtrace for more info)
[INFO] [stdout] 
[INFO] [stdout] 
[INFO] [stdout] note: the above error was encountered while instantiating `fn std::arch::x86_64::_mm_blend_ps::<51_i32>`
[INFO] [stdout]     --> /opt/rustwide/cargo-home/registry/src/github.com-1ecc6299db9ec823/rustfft-5.0.1/src/avx/avx_vector.rs:1314:23
[INFO] [stdout]      |
[INFO] [stdout] 1314 |         let blended = _mm_blend_ps(rows[0], rows[2], 0x33);
[INFO] [stdout]      |                       ^^^^^^^^^^^^^^^^^^^^^^^^^^^^^^^^^^^^
[INFO] [stdout] 
[INFO] [stdout] 
[INFO] [stdout] error[E0080]: evaluation of `core::core_arch::macros::ValidateConstImm::<5_i32, 0_i32, 3_i32>::VALID` failed
[INFO] [stdout]   |
[INFO] [stdout]   = note: this error originates in the macro `$crate::panic::panic_2015` (in Nightly builds, run with -Z macro-backtrace for more info)
[INFO] [stdout] 
[INFO] [stdout] 
[INFO] [stdout] note: the above error was encountered while instantiating `fn std::arch::x86_64::_mm_permute_pd::<5_i32>`
[INFO] [stdout]     --> /opt/rustwide/cargo-home/registry/src/github.com-1ecc6299db9ec823/rustfft-5.0.1/src/avx/avx_vector.rs:1859:9
[INFO] [stdout]      |
[INFO] [stdout] 1859 |         _mm_permute_pd(self, 0x05)
[INFO] [stdout]      |         ^^^^^^^^^^^^^^^^^^^^^^^^^^
[INFO] [stdout] 
[INFO] [stdout] 
[INFO] [stdout] error[E0080]: evaluation of `core::core_arch::macros::ValidateConstImm::<15_i32, 0_i32, 3_i32>::VALID` failed
[INFO] [stdout]   |
[INFO] [stdout]   = note: this error originates in the macro `$crate::panic::panic_2015` (in Nightly builds, run with -Z macro-backtrace for more info)
[INFO] [stdout] 
[INFO] [stdout] 
[INFO] [stdout] note: the above error was encountered while instantiating `fn std::arch::x86_64::_mm_permute_pd::<15_i32>`
[INFO] [stdout]     --> /opt/rustwide/cargo-home/registry/src/github.com-1ecc6299db9ec823/rustfft-5.0.1/src/avx/avx_vector.rs:1863:32
[INFO] [stdout]      |
[INFO] [stdout] 1863 |         (_mm_movedup_pd(self), _mm_permute_pd(self, 0x0F))
[INFO] [stdout]      |                                ^^^^^^^^^^^^^^^^^^^^^^^^^^
[INFO] [stdout] 
[INFO] [stdout] 
[INFO] [stdout] error: aborting due to 3 previous errors
[INFO] [stdout] 
[INFO] [stdout] 
[INFO] [stdout] For more information about this error, try `rustc --explain E0080`.
[INFO] [stdout] 
[INFO] [stderr] error: could not compile `dmsuite` due to 4 previous errors
[INFO] [stderr] warning: build failed, waiting for other jobs to finish...
[INFO] [stderr] error: build failed
[INFO] running `Command { std: "docker" "inspect" "22ed3f2b104ce77edadb6b8a848da7c12ff223d4d5c0cae18f0909f75f12b74a", kill_on_drop: false }`
[INFO] running `Command { std: "docker" "rm" "-f" "22ed3f2b104ce77edadb6b8a848da7c12ff223d4d5c0cae18f0909f75f12b74a", kill_on_drop: false }`
[INFO] [stdout] 22ed3f2b104ce77edadb6b8a848da7c12ff223d4d5c0cae18f0909f75f12b74a
