[INFO] cloning repository https://github.com/playXE/sljit-rs
[INFO] running `Command { std: "git" "-c" "credential.helper=" "-c" "credential.helper=/workspace/cargo-home/bin/git-credential-null" "clone" "--bare" "https://github.com/playXE/sljit-rs" "/workspace/cache/git-repos/https%3A%2F%2Fgithub.com%2FplayXE%2Fsljit-rs", kill_on_drop: false }`
[INFO] [stderr] Cloning into bare repository '/workspace/cache/git-repos/https%3A%2F%2Fgithub.com%2FplayXE%2Fsljit-rs'...
[INFO] running `Command { std: "git" "rev-parse" "HEAD", kill_on_drop: false }`
[INFO] [stdout] 7d1415d00c6c3c2b956141441eb42ccc5ea8ccd7
[INFO] testing playXE/sljit-rs against 1.54.0 for beta-1.55-1
[INFO] running `Command { std: "git" "clone" "/workspace/cache/git-repos/https%3A%2F%2Fgithub.com%2FplayXE%2Fsljit-rs" "/workspace/builds/worker-30/source", kill_on_drop: false }`
[INFO] [stderr] Cloning into '/workspace/builds/worker-30/source'...
[INFO] [stderr] done.
[INFO] validating manifest of git repo https://github.com/playXE/sljit-rs on toolchain 1.54.0
[INFO] running `Command { std: "/workspace/cargo-home/bin/cargo" "+1.54.0" "metadata" "--manifest-path" "Cargo.toml" "--no-deps", kill_on_drop: false }`
[INFO] started tweaking git repo https://github.com/playXE/sljit-rs
[INFO] finished tweaking git repo https://github.com/playXE/sljit-rs
[INFO] tweaked toml for git repo https://github.com/playXE/sljit-rs written to /workspace/builds/worker-30/source/Cargo.toml
[INFO] crate git repo https://github.com/playXE/sljit-rs already has a lockfile, it will not be regenerated
[INFO] running `Command { std: "/workspace/cargo-home/bin/cargo" "+1.54.0" "fetch" "--manifest-path" "Cargo.toml", kill_on_drop: false }`
[INFO] [stderr]     Blocking waiting for file lock on package cache
[INFO] [stderr]     Blocking waiting for file lock on package cache
[INFO] running `Command { std: "docker" "create" "-v" "/var/lib/crater-agent-workspace/builds/worker-30/target:/opt/rustwide/target:rw,Z" "-v" "/var/lib/crater-agent-workspace/builds/worker-30/source:/opt/rustwide/workdir:ro,Z" "-v" "/var/lib/crater-agent-workspace/cargo-home:/opt/rustwide/cargo-home:ro,Z" "-v" "/var/lib/crater-agent-workspace/rustup-home:/opt/rustwide/rustup-home:ro,Z" "-e" "SOURCE_DIR=/opt/rustwide/workdir" "-e" "CARGO_TARGET_DIR=/opt/rustwide/target" "-e" "CARGO_HOME=/opt/rustwide/cargo-home" "-e" "RUSTUP_HOME=/opt/rustwide/rustup-home" "-w" "/opt/rustwide/workdir" "-m" "1610612736" "--user" "0:0" "--network" "none" "ghcr.io/rust-lang/crates-build-env/linux@sha256:34b6a614d2c27851fe6cbf88fbd1137609cefab8b10d0615aaeb6fd47975d74e" "/opt/rustwide/cargo-home/bin/cargo" "+1.54.0" "metadata" "--no-deps" "--format-version=1", kill_on_drop: false }`
[INFO] [stdout] 36c5669c5496a8fbdd369607c4835228593b8b265ce5976caba7194a702460b0
[INFO] running `Command { std: "docker" "start" "-a" "36c5669c5496a8fbdd369607c4835228593b8b265ce5976caba7194a702460b0", kill_on_drop: false }`
[INFO] running `Command { std: "docker" "inspect" "36c5669c5496a8fbdd369607c4835228593b8b265ce5976caba7194a702460b0", kill_on_drop: false }`
[INFO] running `Command { std: "docker" "rm" "-f" "36c5669c5496a8fbdd369607c4835228593b8b265ce5976caba7194a702460b0", kill_on_drop: false }`
[INFO] [stdout] 36c5669c5496a8fbdd369607c4835228593b8b265ce5976caba7194a702460b0
[INFO] running `Command { std: "docker" "create" "-v" "/var/lib/crater-agent-workspace/builds/worker-30/target:/opt/rustwide/target:rw,Z" "-v" "/var/lib/crater-agent-workspace/builds/worker-30/source:/opt/rustwide/workdir:ro,Z" "-v" "/var/lib/crater-agent-workspace/cargo-home:/opt/rustwide/cargo-home:ro,Z" "-v" "/var/lib/crater-agent-workspace/rustup-home:/opt/rustwide/rustup-home:ro,Z" "-e" "SOURCE_DIR=/opt/rustwide/workdir" "-e" "CARGO_TARGET_DIR=/opt/rustwide/target" "-e" "CARGO_INCREMENTAL=0" "-e" "RUST_BACKTRACE=full" "-e" "RUSTFLAGS=--cap-lints=warn" "-e" "CARGO_HOME=/opt/rustwide/cargo-home" "-e" "RUSTUP_HOME=/opt/rustwide/rustup-home" "-w" "/opt/rustwide/workdir" "-m" "1610612736" "--user" "0:0" "--network" "none" "ghcr.io/rust-lang/crates-build-env/linux@sha256:34b6a614d2c27851fe6cbf88fbd1137609cefab8b10d0615aaeb6fd47975d74e" "/opt/rustwide/cargo-home/bin/cargo" "+1.54.0" "build" "--frozen" "--message-format=json", kill_on_drop: false }`
[INFO] [stdout] 1fe8b1b7cb8ee58c23bdb2d49fc878100d887ed48d72ea2f03614906a0a92514
[INFO] running `Command { std: "docker" "start" "-a" "1fe8b1b7cb8ee58c23bdb2d49fc878100d887ed48d72ea2f03614906a0a92514", kill_on_drop: false }`
[INFO] [stderr]     Blocking waiting for file lock on package cache
[INFO] [stderr]    Compiling libc v0.2.79
[INFO] [stderr]    Compiling version_check v0.9.2
[INFO] [stderr]    Compiling log v0.4.11
[INFO] [stderr]    Compiling proc-macro2 v1.0.24
[INFO] [stderr]    Compiling unicode-width v0.1.8
[INFO] [stderr]    Compiling regex-syntax v0.6.20
[INFO] [stderr]    Compiling vec_map v0.8.2
[INFO] [stderr]    Compiling bindgen v0.55.1
[INFO] [stderr]    Compiling lazycell v1.3.0
[INFO] [stderr]    Compiling cc v1.0.61
[INFO] [stderr]    Compiling clang-sys v1.0.1
[INFO] [stderr]    Compiling libloading v0.6.5
[INFO] [stderr]    Compiling aho-corasick v0.7.14
[INFO] [stderr]    Compiling nom v5.1.2
[INFO] [stderr]    Compiling textwrap v0.11.0
[INFO] [stderr]    Compiling regex v1.4.1
[INFO] [stderr]    Compiling quote v1.0.7
[INFO] [stderr]    Compiling atty v0.2.14
[INFO] [stderr]    Compiling which v3.1.1
[INFO] [stderr]    Compiling env_logger v0.7.1
[INFO] [stderr]    Compiling clap v2.33.3
[INFO] [stderr]    Compiling cexpr v0.4.0
[INFO] [stderr]    Compiling sljit-rs v0.1.0 (/opt/rustwide/workdir)
[INFO] [stderr] The following warnings were emitted during compilation:
[INFO] [stderr] 
[INFO] [stderr] warning: cc: error: /opt/rustwide/workdir/src/sljit/sljit_src/sljitLir.c: No such file or directory
[INFO] [stderr] warning: cc: fatal error: no input files
[INFO] [stderr] warning: compilation terminated.
[INFO] [stderr] 
[INFO] [stderr] error: failed to run custom build command for `sljit-rs v0.1.0 (/opt/rustwide/workdir)`
[INFO] [stderr] 
[INFO] [stderr] Caused by:
[INFO] [stderr]   process didn't exit successfully: `/opt/rustwide/target/debug/build/sljit-rs-ecc355b3a4941e44/build-script-build` (exit status: 1)
[INFO] [stderr]   --- stdout
[INFO] [stderr]   TARGET = Some("x86_64-unknown-linux-gnu")
[INFO] [stderr]   OPT_LEVEL = Some("0")
[INFO] [stderr]   HOST = Some("x86_64-unknown-linux-gnu")
[INFO] [stderr]   CC_x86_64-unknown-linux-gnu = None
[INFO] [stderr]   CC_x86_64_unknown_linux_gnu = None
[INFO] [stderr]   HOST_CC = None
[INFO] [stderr]   CC = None
[INFO] [stderr]   CFLAGS_x86_64-unknown-linux-gnu = None
[INFO] [stderr]   CFLAGS_x86_64_unknown_linux_gnu = None
[INFO] [stderr]   HOST_CFLAGS = None
[INFO] [stderr]   CFLAGS = None
[INFO] [stderr]   CRATE_CC_NO_DEFAULTS = None
[INFO] [stderr]   DEBUG = Some("true")
[INFO] [stderr]   CARGO_CFG_TARGET_FEATURE = Some("fxsr,sse,sse2")
[INFO] [stderr]   running: "cc" "-O0" "-ffunction-sections" "-fdata-sections" "-fPIC" "-g" "-fno-omit-frame-pointer" "-m64" "-I" "/opt/rustwide/workdir/src/sljit" "-fno-inline-functions" "-DSLJIT_CONFIG_AUTO=1" "-DSLJIT_PROT_EXECUTABLE_ALLOCATOR=1" "-DSLJIT_ARGUMENT_CHECKS=1" "-DSLJIT_DEBUG=0" "-DSLJIT_VERBOSE=0" "-DSLJIT_INLINE=" "-o" "/opt/rustwide/target/debug/build/sljit-rs-ffe5610050c66624/out/sljitLir.o" "-c" "/opt/rustwide/workdir/src/sljit/sljit_src/sljitLir.c"
[INFO] [stderr]   cargo:warning=cc: error: /opt/rustwide/workdir/src/sljit/sljit_src/sljitLir.c: No such file or directory
[INFO] [stderr]   cargo:warning=cc: fatal error: no input files
[INFO] [stderr]   cargo:warning=compilation terminated.
[INFO] [stderr]   exit status: 1
[INFO] [stderr] 
[INFO] [stderr]   --- stderr
[INFO] [stderr] 
[INFO] [stderr] 
[INFO] [stderr]   error occurred: Command "cc" "-O0" "-ffunction-sections" "-fdata-sections" "-fPIC" "-g" "-fno-omit-frame-pointer" "-m64" "-I" "/opt/rustwide/workdir/src/sljit" "-fno-inline-functions" "-DSLJIT_CONFIG_AUTO=1" "-DSLJIT_PROT_EXECUTABLE_ALLOCATOR=1" "-DSLJIT_ARGUMENT_CHECKS=1" "-DSLJIT_DEBUG=0" "-DSLJIT_VERBOSE=0" "-DSLJIT_INLINE=" "-o" "/opt/rustwide/target/debug/build/sljit-rs-ffe5610050c66624/out/sljitLir.o" "-c" "/opt/rustwide/workdir/src/sljit/sljit_src/sljitLir.c" with args "cc" did not execute successfully (status code exit status: 1).
[INFO] [stderr] 
[INFO] [stderr] 
[INFO] running `Command { std: "docker" "inspect" "1fe8b1b7cb8ee58c23bdb2d49fc878100d887ed48d72ea2f03614906a0a92514", kill_on_drop: false }`
[INFO] running `Command { std: "docker" "rm" "-f" "1fe8b1b7cb8ee58c23bdb2d49fc878100d887ed48d72ea2f03614906a0a92514", kill_on_drop: false }`
[INFO] [stdout] 1fe8b1b7cb8ee58c23bdb2d49fc878100d887ed48d72ea2f03614906a0a92514
