[INFO] cloning repository https://github.com/plaflamme/philos
[INFO] running `Command { std: "git" "-c" "credential.helper=" "-c" "credential.helper=/workspace/cargo-home/bin/git-credential-null" "clone" "--bare" "https://github.com/plaflamme/philos" "/workspace/cache/git-repos/https%3A%2F%2Fgithub.com%2Fplaflamme%2Fphilos", kill_on_drop: false }`
[INFO] [stderr] Cloning into bare repository '/workspace/cache/git-repos/https%3A%2F%2Fgithub.com%2Fplaflamme%2Fphilos'...
[INFO] running `Command { std: "git" "rev-parse" "HEAD", kill_on_drop: false }`
[INFO] [stdout] bf970808f98a6627651d2c0eb6bd2a013ba2005d
[INFO] testing plaflamme/philos against beta-2021-08-01 for beta-1.55-1
[INFO] running `Command { std: "git" "clone" "/workspace/cache/git-repos/https%3A%2F%2Fgithub.com%2Fplaflamme%2Fphilos" "/workspace/builds/worker-108/source", kill_on_drop: false }`
[INFO] [stderr] Cloning into '/workspace/builds/worker-108/source'...
[INFO] [stderr] done.
[INFO] validating manifest of git repo https://github.com/plaflamme/philos on toolchain beta-2021-08-01
[INFO] running `Command { std: "/workspace/cargo-home/bin/cargo" "+beta-2021-08-01" "metadata" "--manifest-path" "Cargo.toml" "--no-deps", kill_on_drop: false }`
[INFO] removed /workspace/builds/worker-108/source/.cargo/config.toml
[INFO] removed /workspace/builds/worker-108/source/rust-toolchain
[INFO] started tweaking git repo https://github.com/plaflamme/philos
[INFO] removed 0 missing tests
[INFO] finished tweaking git repo https://github.com/plaflamme/philos
[INFO] tweaked toml for git repo https://github.com/plaflamme/philos written to /workspace/builds/worker-108/source/Cargo.toml
[INFO] crate git repo https://github.com/plaflamme/philos already has a lockfile, it will not be regenerated
[INFO] running `Command { std: "/workspace/cargo-home/bin/cargo" "+beta-2021-08-01" "fetch" "--manifest-path" "Cargo.toml", kill_on_drop: false }`
[INFO] [stderr]     Blocking waiting for file lock on package cache
[INFO] [stderr]     Blocking waiting for file lock on package cache
[INFO] [stderr]  Downloading crates ...
[INFO] [stderr]   Downloaded volatile v0.4.3
[INFO] [stderr]   Downloaded x86_64 v0.12.4
[INFO] [stderr]   Downloaded acpi v2.2.0
[INFO] [stderr]   Downloaded bootloader v0.9.11
[INFO] [stderr]   Downloaded x86_64 v0.13.1
[INFO] [stderr]   Downloaded rsdp v1.1.0
[INFO] [stderr]   Downloaded spin v0.7.1
[INFO] [stderr]   Downloaded conquer-once v0.3.2
[INFO] [stderr]   Downloaded conquer-util v0.3.0
[INFO] [stderr]   Downloaded uart_16550 v0.2.11
[INFO] [stderr]   Downloaded linked_list_allocator v0.8.11
[INFO] [stderr]   Downloaded aml v0.10.0
[INFO] running `Command { std: "docker" "create" "-v" "/var/lib/crater-agent-workspace/builds/worker-108/target:/opt/rustwide/target:rw,Z" "-v" "/var/lib/crater-agent-workspace/builds/worker-108/source:/opt/rustwide/workdir:ro,Z" "-v" "/var/lib/crater-agent-workspace/cargo-home:/opt/rustwide/cargo-home:ro,Z" "-v" "/var/lib/crater-agent-workspace/rustup-home:/opt/rustwide/rustup-home:ro,Z" "-e" "SOURCE_DIR=/opt/rustwide/workdir" "-e" "CARGO_TARGET_DIR=/opt/rustwide/target" "-e" "CARGO_HOME=/opt/rustwide/cargo-home" "-e" "RUSTUP_HOME=/opt/rustwide/rustup-home" "-w" "/opt/rustwide/workdir" "-m" "1610612736" "--user" "0:0" "--network" "none" "ghcr.io/rust-lang/crates-build-env/linux@sha256:34b6a614d2c27851fe6cbf88fbd1137609cefab8b10d0615aaeb6fd47975d74e" "/opt/rustwide/cargo-home/bin/cargo" "+beta-2021-08-01" "metadata" "--no-deps" "--format-version=1", kill_on_drop: false }`
[INFO] [stdout] 141f3698ff7a92640e82fcf9cf2e00b2781d31247fb8d503e150bd2bf2920652
[INFO] running `Command { std: "docker" "start" "-a" "141f3698ff7a92640e82fcf9cf2e00b2781d31247fb8d503e150bd2bf2920652", kill_on_drop: false }`
[INFO] running `Command { std: "docker" "inspect" "141f3698ff7a92640e82fcf9cf2e00b2781d31247fb8d503e150bd2bf2920652", kill_on_drop: false }`
[INFO] running `Command { std: "docker" "rm" "-f" "141f3698ff7a92640e82fcf9cf2e00b2781d31247fb8d503e150bd2bf2920652", kill_on_drop: false }`
[INFO] [stdout] 141f3698ff7a92640e82fcf9cf2e00b2781d31247fb8d503e150bd2bf2920652
[INFO] running `Command { std: "docker" "create" "-v" "/var/lib/crater-agent-workspace/builds/worker-108/target:/opt/rustwide/target:rw,Z" "-v" "/var/lib/crater-agent-workspace/builds/worker-108/source:/opt/rustwide/workdir:ro,Z" "-v" "/var/lib/crater-agent-workspace/cargo-home:/opt/rustwide/cargo-home:ro,Z" "-v" "/var/lib/crater-agent-workspace/rustup-home:/opt/rustwide/rustup-home:ro,Z" "-e" "SOURCE_DIR=/opt/rustwide/workdir" "-e" "CARGO_TARGET_DIR=/opt/rustwide/target" "-e" "CARGO_INCREMENTAL=0" "-e" "RUST_BACKTRACE=full" "-e" "RUSTFLAGS=--cap-lints=warn" "-e" "CARGO_HOME=/opt/rustwide/cargo-home" "-e" "RUSTUP_HOME=/opt/rustwide/rustup-home" "-w" "/opt/rustwide/workdir" "-m" "1610612736" "--user" "0:0" "--network" "none" "ghcr.io/rust-lang/crates-build-env/linux@sha256:34b6a614d2c27851fe6cbf88fbd1137609cefab8b10d0615aaeb6fd47975d74e" "/opt/rustwide/cargo-home/bin/cargo" "+beta-2021-08-01" "build" "--frozen" "--message-format=json", kill_on_drop: false }`
[INFO] [stdout] a559852c01ea374e9e6ce1a75cf835e66a814af521632fdb7c473bad7a2436ee
[INFO] running `Command { std: "docker" "start" "-a" "a559852c01ea374e9e6ce1a75cf835e66a814af521632fdb7c473bad7a2436ee", kill_on_drop: false }`
[INFO] [stderr]     Blocking waiting for file lock on package cache
[INFO] [stderr]    Compiling log v0.4.13
[INFO] [stderr]    Compiling bit_field v0.9.0
[INFO] [stderr]    Compiling x86_64 v0.12.4
[INFO] [stderr]    Compiling bit_field v0.10.1
[INFO] [stderr]    Compiling x86_64 v0.13.1
[INFO] [stderr]    Compiling bootloader v0.9.11
[INFO] [stderr]    Compiling byteorder v1.4.2
[INFO] [stderr]    Compiling futures-task v0.3.12
[INFO] [stderr]    Compiling futures-core v0.3.12
[INFO] [stderr]    Compiling cpuio v0.3.0
[INFO] [stderr]    Compiling pin-project-lite v0.2.4
[INFO] [stderr]    Compiling conquer-util v0.3.0
[INFO] [stderr]    Compiling spin v0.7.1
[INFO] [stderr]    Compiling volatile v0.4.3
[INFO] [stderr]    Compiling pc-keyboard v0.5.1
[INFO] [stderr]    Compiling crossbeam-utils v0.8.1
[INFO] [stderr]    Compiling lock_api v0.3.4
[INFO] [stderr]    Compiling lazy_static v1.4.0
[INFO] [stdout] error[E0557]: feature has been removed
[INFO] [stdout]   --> /opt/rustwide/cargo-home/registry/src/github.com-1ecc6299db9ec823/lock_api-0.3.4/src/lib.rs:91:42
[INFO] [stdout]    |
[INFO] [stdout] 91 | #![cfg_attr(feature = "nightly", feature(const_fn))]
[INFO] [stdout]    |                                          ^^^^^^^^ feature has been removed
[INFO] [stdout]    |
[INFO] [stdout]    = note: split into finer-grained feature gates
[INFO] [stdout] 
[INFO] [stdout] 
[INFO] [stdout] error[E0554]: `#![feature]` may not be used on the beta release channel
[INFO] [stdout]   --> /opt/rustwide/cargo-home/registry/src/github.com-1ecc6299db9ec823/lock_api-0.3.4/src/lib.rs:91:34
[INFO] [stdout]    |
[INFO] [stdout] 91 | #![cfg_attr(feature = "nightly", feature(const_fn))]
[INFO] [stdout]    |                                  ^^^^^^^^^^^^^^^^^
[INFO] [stdout] 
[INFO] [stdout] 
[INFO] [stdout] error[E0557]: feature has been removed
[INFO] [stdout]  --> /opt/rustwide/cargo-home/registry/src/github.com-1ecc6299db9ec823/cpuio-0.3.0/src/lib.rs:4:22
[INFO] [stdout]   |
[INFO] [stdout] 4 | #![feature(llvm_asm, const_fn)]
[INFO] [stdout]   |                      ^^^^^^^^ feature has been removed
[INFO] [stdout]   |
[INFO] [stdout]   = note: split into finer-grained feature gates
[INFO] [stdout] 
[INFO] [stdout] 
[INFO] [stdout] error[E0554]: `#![feature]` may not be used on the beta release channel
[INFO] [stdout]  --> /opt/rustwide/cargo-home/registry/src/github.com-1ecc6299db9ec823/cpuio-0.3.0/src/lib.rs:4:1
[INFO] [stdout]   |
[INFO] [stdout] 4 | #![feature(llvm_asm, const_fn)]
[INFO] [stdout]   | ^^^^^^^^^^^^^^^^^^^^^^^^^^^^^^^
[INFO] [stdout] 
[INFO] [stdout] 
[INFO] [stdout] error: aborting due to 2 previous errors
[INFO] [stdout] 
[INFO] [stdout] 
[INFO] [stdout] Some errors have detailed explanations: E0554, E0557.
[INFO] [stdout] 
[INFO] [stdout] For more information about an error, try `rustc --explain E0554`.
[INFO] [stdout] 
[INFO] [stderr]    Compiling conquer-once v0.3.2
[INFO] [stderr] error: could not compile `cpuio` due to 3 previous errors
[INFO] [stderr] warning: build failed, waiting for other jobs to finish...
[INFO] [stdout] error: aborting due to 2 previous errors
[INFO] [stdout] 
[INFO] [stdout] 
[INFO] [stdout] Some errors have detailed explanations: E0554, E0557.
[INFO] [stdout] 
[INFO] [stdout] For more information about an error, try `rustc --explain E0554`.
[INFO] [stdout] 
[INFO] [stderr] error: build failed
[INFO] running `Command { std: "docker" "inspect" "a559852c01ea374e9e6ce1a75cf835e66a814af521632fdb7c473bad7a2436ee", kill_on_drop: false }`
[INFO] running `Command { std: "docker" "rm" "-f" "a559852c01ea374e9e6ce1a75cf835e66a814af521632fdb7c473bad7a2436ee", kill_on_drop: false }`
[INFO] [stdout] a559852c01ea374e9e6ce1a75cf835e66a814af521632fdb7c473bad7a2436ee
