[INFO] cloning repository https://github.com/pixelspark/tymodem
[INFO] running `Command { std: "git" "-c" "credential.helper=" "-c" "credential.helper=/workspace/cargo-home/bin/git-credential-null" "clone" "--bare" "https://github.com/pixelspark/tymodem" "/workspace/cache/git-repos/https%3A%2F%2Fgithub.com%2Fpixelspark%2Ftymodem", kill_on_drop: false }`
[INFO] [stderr] Cloning into bare repository '/workspace/cache/git-repos/https%3A%2F%2Fgithub.com%2Fpixelspark%2Ftymodem'...
[INFO] running `Command { std: "git" "rev-parse" "HEAD", kill_on_drop: false }`
[INFO] [stdout] e782ed9e355cc3f749d6122f19645d888dce0812
[INFO] testing pixelspark/tymodem against beta-2021-08-01 for beta-1.55-1
[INFO] running `Command { std: "git" "clone" "/workspace/cache/git-repos/https%3A%2F%2Fgithub.com%2Fpixelspark%2Ftymodem" "/workspace/builds/worker-2/source", kill_on_drop: false }`
[INFO] [stderr] Cloning into '/workspace/builds/worker-2/source'...
[INFO] [stderr] done.
[INFO] validating manifest of git repo https://github.com/pixelspark/tymodem on toolchain beta-2021-08-01
[INFO] running `Command { std: "/workspace/cargo-home/bin/cargo" "+beta-2021-08-01" "metadata" "--manifest-path" "Cargo.toml" "--no-deps", kill_on_drop: false }`
[INFO] started tweaking git repo https://github.com/pixelspark/tymodem
[INFO] finished tweaking git repo https://github.com/pixelspark/tymodem
[INFO] tweaked toml for git repo https://github.com/pixelspark/tymodem written to /workspace/builds/worker-2/source/Cargo.toml
[INFO] crate git repo https://github.com/pixelspark/tymodem already has a lockfile, it will not be regenerated
[INFO] running `Command { std: "/workspace/cargo-home/bin/cargo" "+beta-2021-08-01" "fetch" "--manifest-path" "Cargo.toml", kill_on_drop: false }`
[INFO] [stderr]     Blocking waiting for file lock on package cache
[INFO] [stderr]     Updating git repository `https://github.com/rust-native-ui/libui-rs.git`
[INFO] [stderr]     Updating git submodule `https://github.com/andlabs/libui`
[INFO] [stderr]     Blocking waiting for file lock on package cache
[INFO] [stderr]  Downloading crates ...
[INFO] [stderr]   Downloaded peeking_take_while v0.1.2
[INFO] [stderr]   Downloaded libudev-sys v0.1.4
[INFO] [stderr]   Downloaded env_logger v0.4.3
[INFO] [stderr]   Downloaded bindgen v0.31.3
[INFO] [stderr]   Downloaded memchr v1.0.2
[INFO] [stderr]   Downloaded CoreFoundation-sys v0.1.4
[INFO] [stderr]   Downloaded mach v0.2.3
[INFO] [stderr]   Downloaded lazy_static v0.2.11
[INFO] [stderr]   Downloaded libloading v0.4.3
[INFO] [stderr]   Downloaded cmake v0.1.35
[INFO] [stderr]   Downloaded log v0.3.9
[INFO] [stderr]   Downloaded mach v0.1.2
[INFO] [stderr]   Downloaded IOKit-sys v0.1.5
[INFO] [stderr]   Downloaded regex-syntax v0.5.6
[INFO] [stderr]   Downloaded clang-sys v0.21.2
[INFO] [stderr]   Downloaded regex v0.2.11
[INFO] [stderr]   Downloaded nom v3.2.1
[INFO] [stderr]   Downloaded nix v0.12.0
[INFO] [stderr]   Downloaded which v1.0.5
[INFO] [stderr]   Downloaded serialport v3.2.0
[INFO] [stderr]   Downloaded cexpr v0.2.3
[INFO] [stderr]   Downloaded libudev v0.2.0
[INFO] [stderr]   Downloaded proc-macro2 v0.4.27
[INFO] running `Command { std: "docker" "create" "-v" "/var/lib/crater-agent-workspace/builds/worker-2/target:/opt/rustwide/target:rw,Z" "-v" "/var/lib/crater-agent-workspace/builds/worker-2/source:/opt/rustwide/workdir:ro,Z" "-v" "/var/lib/crater-agent-workspace/cargo-home:/opt/rustwide/cargo-home:ro,Z" "-v" "/var/lib/crater-agent-workspace/rustup-home:/opt/rustwide/rustup-home:ro,Z" "-e" "SOURCE_DIR=/opt/rustwide/workdir" "-e" "CARGO_TARGET_DIR=/opt/rustwide/target" "-e" "CARGO_HOME=/opt/rustwide/cargo-home" "-e" "RUSTUP_HOME=/opt/rustwide/rustup-home" "-w" "/opt/rustwide/workdir" "-m" "1610612736" "--user" "0:0" "--network" "none" "ghcr.io/rust-lang/crates-build-env/linux@sha256:34b6a614d2c27851fe6cbf88fbd1137609cefab8b10d0615aaeb6fd47975d74e" "/opt/rustwide/cargo-home/bin/cargo" "+beta-2021-08-01" "metadata" "--no-deps" "--format-version=1", kill_on_drop: false }`
[INFO] [stdout] 9b9742569956fddb10672c8abb33af9c9c39c4485e10d8d8166f67777ad9d38c
[INFO] running `Command { std: "docker" "start" "-a" "9b9742569956fddb10672c8abb33af9c9c39c4485e10d8d8166f67777ad9d38c", kill_on_drop: false }`
[INFO] running `Command { std: "docker" "inspect" "9b9742569956fddb10672c8abb33af9c9c39c4485e10d8d8166f67777ad9d38c", kill_on_drop: false }`
[INFO] running `Command { std: "docker" "rm" "-f" "9b9742569956fddb10672c8abb33af9c9c39c4485e10d8d8166f67777ad9d38c", kill_on_drop: false }`
[INFO] [stdout] 9b9742569956fddb10672c8abb33af9c9c39c4485e10d8d8166f67777ad9d38c
[INFO] running `Command { std: "docker" "create" "-v" "/var/lib/crater-agent-workspace/builds/worker-2/target:/opt/rustwide/target:rw,Z" "-v" "/var/lib/crater-agent-workspace/builds/worker-2/source:/opt/rustwide/workdir:ro,Z" "-v" "/var/lib/crater-agent-workspace/cargo-home:/opt/rustwide/cargo-home:ro,Z" "-v" "/var/lib/crater-agent-workspace/rustup-home:/opt/rustwide/rustup-home:ro,Z" "-e" "SOURCE_DIR=/opt/rustwide/workdir" "-e" "CARGO_TARGET_DIR=/opt/rustwide/target" "-e" "CARGO_INCREMENTAL=0" "-e" "RUST_BACKTRACE=full" "-e" "RUSTFLAGS=--cap-lints=warn" "-e" "CARGO_HOME=/opt/rustwide/cargo-home" "-e" "RUSTUP_HOME=/opt/rustwide/rustup-home" "-w" "/opt/rustwide/workdir" "-m" "1610612736" "--user" "0:0" "--network" "none" "ghcr.io/rust-lang/crates-build-env/linux@sha256:34b6a614d2c27851fe6cbf88fbd1137609cefab8b10d0615aaeb6fd47975d74e" "/opt/rustwide/cargo-home/bin/cargo" "+beta-2021-08-01" "build" "--frozen" "--message-format=json", kill_on_drop: false }`
[INFO] [stdout] f948d5505bca10a4835a262eb58bb14bde693084e6903ee8b820721938662f96
[INFO] running `Command { std: "docker" "start" "-a" "f948d5505bca10a4835a262eb58bb14bde693084e6903ee8b820721938662f96", kill_on_drop: false }`
[INFO] [stderr]     Blocking waiting for file lock on package cache
[INFO] [stderr]    Compiling libc v0.2.48
[INFO] [stderr]    Compiling cfg-if v0.1.6
[INFO] [stderr]    Compiling memchr v2.1.3
[INFO] [stderr]    Compiling lazy_static v1.2.0
[INFO] [stderr]    Compiling ucd-util v0.1.3
[INFO] [stderr]    Compiling cc v1.0.28
[INFO] [stderr]    Compiling glob v0.2.11
[INFO] [stderr]    Compiling proc-macro2 v0.4.27
[INFO] [stderr]    Compiling regex v0.2.11
[INFO] [stderr]    Compiling bitflags v1.0.4
[INFO] [stderr]    Compiling libloading v0.4.3
[INFO] [stderr]    Compiling utf8-ranges v1.0.2
[INFO] [stderr]    Compiling unicode-width v0.1.5
[INFO] [stderr]    Compiling unicode-xid v0.1.0
[INFO] [stderr]    Compiling bindgen v0.31.3
[INFO] [stderr]    Compiling strsim v0.7.0
[INFO] [stderr]    Compiling ansi_term v0.11.0
[INFO] [stderr]    Compiling vec_map v0.8.1
[INFO] [stderr]    Compiling autocfg v0.1.2
[INFO] [stderr]    Compiling peeking_take_while v0.1.2
[INFO] [stderr]    Compiling pkg-config v0.3.14
[INFO] [stderr]    Compiling lazy_static v0.2.11
[INFO] [stderr]    Compiling quote v0.3.15
[INFO] [stderr]    Compiling failure_derive v0.1.5
[INFO] [stderr]    Compiling rustc-demangle v0.1.13
[INFO] [stderr]    Compiling nix v0.12.0
[INFO] [stderr]    Compiling regex v1.1.0
[INFO] [stderr]    Compiling void v1.0.2
[INFO] [stderr]    Compiling log v0.4.6
[INFO] [stderr]    Compiling thread_local v0.3.6
[INFO] [stderr]    Compiling regex-syntax v0.5.6
[INFO] [stderr]    Compiling regex-syntax v0.6.5
[INFO] [stderr]    Compiling cmake v0.1.35
[INFO] [stderr]    Compiling clang-sys v0.21.2
[INFO] [stderr]    Compiling textwrap v0.10.0
[INFO] [stderr]    Compiling backtrace-sys v0.1.28
[INFO] [stderr]    Compiling log v0.3.9
[INFO] [stderr]    Compiling backtrace v0.3.13
[INFO] [stderr]    Compiling libudev-sys v0.1.4
[INFO] [stderr]    Compiling memchr v1.0.2
[INFO] [stderr]    Compiling atty v0.2.11
[INFO] [stderr]    Compiling which v1.0.5
[INFO] [stderr]    Compiling quote v0.6.11
[INFO] [stderr]    Compiling clap v2.32.0
[INFO] [stderr]    Compiling nom v3.2.1
[INFO] [stderr]    Compiling aho-corasick v0.6.9
[INFO] [stderr]    Compiling syn v0.15.26
[INFO] [stderr]    Compiling cexpr v0.2.3
[INFO] [stderr]    Compiling libudev v0.2.0
[INFO] [stderr]    Compiling synstructure v0.10.1
[INFO] [stderr]    Compiling serialport v3.2.0
[INFO] [stderr]    Compiling env_logger v0.4.3
[INFO] [stderr]    Compiling failure v0.1.5
[INFO] [stderr]    Compiling ui-sys v0.2.1 (https://github.com/rust-native-ui/libui-rs.git#684b5456)
[INFO] [stderr] error: failed to run custom build command for `ui-sys v0.2.1 (https://github.com/rust-native-ui/libui-rs.git#684b5456)`
[INFO] [stderr] 
[INFO] [stderr] Caused by:
[INFO] [stderr]   process didn't exit successfully: `/opt/rustwide/target/debug/build/ui-sys-c3a31bbaaca8e52d/build-script-build` (exit status: 101)
[INFO] [stderr]   --- stdout
[INFO] [stderr]   running: "cmake" "/opt/rustwide/cargo-home/git/checkouts/libui-rs-e12bbe2e66777697/684b545/ui-sys/libui" "-DCMAKE_INSTALL_PREFIX=/opt/rustwide/target/debug/build/ui-sys-ee6c88339f0add34/out" "-DCMAKE_C_FLAGS= -ffunction-sections -fdata-sections -fPIC -m64" "-DCMAKE_C_COMPILER=/usr/bin/cc" "-DCMAKE_CXX_FLAGS= -ffunction-sections -fdata-sections -fPIC -m64" "-DCMAKE_CXX_COMPILER=/usr/bin/c++" "-DCMAKE_BUILD_TYPE=release"
[INFO] [stderr]   -- The C compiler identification is GNU 9.3.0
[INFO] [stderr]   -- The CXX compiler identification is GNU 9.3.0
[INFO] [stderr]   -- Check for working C compiler: /usr/bin/cc
[INFO] [stderr]   -- Check for working C compiler: /usr/bin/cc -- works
[INFO] [stderr]   -- Detecting C compiler ABI info
[INFO] [stderr]   -- Detecting C compiler ABI info - done
[INFO] [stderr]   -- Detecting C compile features
[INFO] [stderr]   -- Detecting C compile features - done
[INFO] [stderr]   -- Check for working CXX compiler: /usr/bin/c++
[INFO] [stderr]   -- Check for working CXX compiler: /usr/bin/c++ -- works
[INFO] [stderr]   -- Detecting CXX compiler ABI info
[INFO] [stderr]   -- Detecting CXX compiler ABI info - done
[INFO] [stderr]   -- Detecting CXX compile features
[INFO] [stderr]   -- Detecting CXX compile features - done
[INFO] [stderr]   -- Found PkgConfig: /usr/bin/pkg-config (found version "0.29.1") 
[INFO] [stderr]   -- Checking for module 'gtk+-3.0'
[INFO] [stderr]   --   Found gtk+-3.0, version 3.24.20
[INFO] [stderr]   -- Configuring done
[INFO] [stderr]   -- Generating done
[INFO] [stderr]   -- Build files have been written to: /opt/rustwide/target/debug/build/ui-sys-ee6c88339f0add34/out/build
[INFO] [stderr]   running: "cmake" "--build" "." "--target" "" "--config" "release" "--"
[INFO] [stderr]   Scanning dependencies of target libui
[INFO] [stderr]   [  3%] Building C object CMakeFiles/libui.dir/common/control.c.o
[INFO] [stderr]   [  3%] Building C object CMakeFiles/libui.dir/common/attribute.c.o
[INFO] [stderr]   [  5%] Building C object CMakeFiles/libui.dir/common/attrlist.c.o
[INFO] [stderr]   [  6%] Building C object CMakeFiles/libui.dir/common/attrstr.c.o
[INFO] [stderr]   [  8%] Building C object CMakeFiles/libui.dir/common/areaevents.c.o
[INFO] [stderr]   [ 12%] Building C object CMakeFiles/libui.dir/common/debug.c.o
[INFO] [stderr]   [ 12%] Building C object CMakeFiles/libui.dir/common/matrix.c.o
[INFO] [stderr]   [ 15%] Building C object CMakeFiles/libui.dir/common/opentype.c.o
[INFO] [stderr]   [ 15%] Building C object CMakeFiles/libui.dir/common/shouldquit.c.o
[INFO] [stderr]   [ 17%] Building C object CMakeFiles/libui.dir/common/tablemodel.c.o
[INFO] [stderr]   [ 18%] Building C object CMakeFiles/libui.dir/common/userbugs.c.o
[INFO] [stderr]   [ 20%] Building C object CMakeFiles/libui.dir/common/utf.c.o
[INFO] [stderr]   [ 22%] Building C object CMakeFiles/libui.dir/unix/alloc.c.o
[INFO] [stderr]   [ 24%] Building C object CMakeFiles/libui.dir/common/tablevalue.c.o
[INFO] [stderr]   [ 25%] Building C object CMakeFiles/libui.dir/unix/cellrendererbutton.c.o
[INFO] [stderr]   [ 27%] Building C object CMakeFiles/libui.dir/unix/attrstr.c.o
[INFO] [stderr]   [ 32%] Building C object CMakeFiles/libui.dir/unix/box.c.o
[INFO] [stderr]   [ 32%] Building C object CMakeFiles/libui.dir/unix/colorbutton.c.o
[INFO] [stderr]   [ 32%] Building C object CMakeFiles/libui.dir/unix/area.c.o
[INFO] [stderr]   [ 34%] Building C object CMakeFiles/libui.dir/unix/child.c.o
[INFO] [stderr]   [ 36%] Building C object CMakeFiles/libui.dir/unix/button.c.o
[INFO] [stderr]   [ 39%] Building C object CMakeFiles/libui.dir/unix/combobox.c.o
[INFO] [stderr]   [ 39%] Building C object CMakeFiles/libui.dir/unix/control.c.o
[INFO] [stderr]   [ 41%] Building C object CMakeFiles/libui.dir/unix/datetimepicker.c.o
[INFO] [stderr]   [ 43%] Building C object CMakeFiles/libui.dir/unix/checkbox.c.o
[INFO] [stderr]   [ 48%] Building C object CMakeFiles/libui.dir/unix/drawmatrix.c.o
[INFO] [stderr]   [ 50%] Building C object CMakeFiles/libui.dir/unix/draw.c.o
[INFO] [stderr]   [ 50%] Building C object CMakeFiles/libui.dir/unix/debug.c.o
[INFO] [stderr]   [ 50%] Building C object CMakeFiles/libui.dir/unix/drawpath.c.o
[INFO] [stderr]   [ 51%] Building C object CMakeFiles/libui.dir/unix/drawtext.c.o
[INFO] [stderr]   [ 53%] Building C object CMakeFiles/libui.dir/unix/entry.c.o
[INFO] [stderr]   [ 55%] Building C object CMakeFiles/libui.dir/unix/editablecombo.c.o
[INFO] [stderr]   [ 56%] Building C object CMakeFiles/libui.dir/unix/fontbutton.c.o
[INFO] [stderr]   [ 58%] Building C object CMakeFiles/libui.dir/unix/future.c.o
[INFO] [stderr]   [ 62%] Building C object CMakeFiles/libui.dir/unix/form.c.o
[INFO] [stderr]   [ 62%] Building C object CMakeFiles/libui.dir/unix/fontmatch.c.o
[INFO] [stderr]   [ 63%] Building C object CMakeFiles/libui.dir/unix/image.c.o
[INFO] [stderr]   [ 67%] Building C object CMakeFiles/libui.dir/unix/group.c.o
[INFO] [stderr]   [ 67%] Building C object CMakeFiles/libui.dir/unix/grid.c.o
[INFO] [stderr]   [ 68%] Building C object CMakeFiles/libui.dir/unix/graphemes.c.o
[INFO] [stderr]   [ 70%] Building C object CMakeFiles/libui.dir/unix/label.c.o
[INFO] [stderr]   [ 72%] Building C object CMakeFiles/libui.dir/unix/menu.c.o
[INFO] [stderr]   [ 74%] Building C object CMakeFiles/libui.dir/unix/main.c.o
[INFO] [stderr]   [ 75%] Building C object CMakeFiles/libui.dir/unix/multilineentry.c.o
[INFO] [stderr]   [ 77%] Building C object CMakeFiles/libui.dir/unix/opentype.c.o
[INFO] [stderr]   [ 79%] Building C object CMakeFiles/libui.dir/unix/progressbar.c.o
[INFO] [stderr]   [ 82%] Building C object CMakeFiles/libui.dir/unix/radiobuttons.c.o
[INFO] [stderr]   [ 82%] Building C object CMakeFiles/libui.dir/unix/separator.c.o
[INFO] [stderr]   [ 84%] Building C object CMakeFiles/libui.dir/unix/slider.c.o
[INFO] [stderr]   [ 87%] Building C object CMakeFiles/libui.dir/unix/spinbox.c.o
[INFO] [stderr]   [ 87%] Building C object CMakeFiles/libui.dir/unix/tab.c.o
[INFO] [stderr]   [ 89%] Building C object CMakeFiles/libui.dir/unix/text.c.o
[INFO] [stderr]   [ 94%] Building C object CMakeFiles/libui.dir/unix/table.c.o
[INFO] [stderr]   [ 94%] Building C object CMakeFiles/libui.dir/unix/stddialogs.c.o
[INFO] [stderr]   [ 94%] Building C object CMakeFiles/libui.dir/unix/tablemodel.c.o
[INFO] [stderr]   [ 96%] Building C object CMakeFiles/libui.dir/unix/util.c.o
[INFO] [stderr]   [ 98%] Building C object CMakeFiles/libui.dir/unix/window.c.o
[INFO] [stderr] 
[INFO] [stderr]   --- stderr
[INFO] [stderr]   error: toolchain 'nightly-x86_64-unknown-linux-gnu' is not installed
[INFO] [stderr]   Custom { kind: Other, error: "Internal rustfmt error" }
[INFO] [stderr]   Warning: Argument number 4 after --target option is empty.
[INFO] [stderr]   /opt/rustwide/cargo-home/git/checkouts/libui-rs-e12bbe2e66777697/684b545/ui-sys/libui/common/attribute.c: In function 'uiprivAttributeRelease':
[INFO] [stderr]   /opt/rustwide/cargo-home/git/checkouts/libui-rs-e12bbe2e66777697/684b545/ui-sys/libui/common/attribute.c:65:76: warning: suggest braces around empty body in an 'if' statement [-Wempty-body]
[INFO] [stderr]      65 |   /* TODO implementation bug: we can't release an attribute we don't own */;
[INFO] [stderr]         |                                                                            ^
[INFO] [stderr]   /opt/rustwide/cargo-home/git/checkouts/libui-rs-e12bbe2e66777697/684b545/ui-sys/libui/common/attribute.c: In function 'uiFreeAttribute':
[INFO] [stderr]   /opt/rustwide/cargo-home/git/checkouts/libui-rs-e12bbe2e66777697/684b545/ui-sys/libui/common/attribute.c:74:65: warning: suggest braces around empty body in an 'if' statement [-Wempty-body]
[INFO] [stderr]      74 |   /* TODO user bug: you can't free an attribute you don't own */;
[INFO] [stderr]         |                                                                 ^
[INFO] [stderr]   /opt/rustwide/cargo-home/git/checkouts/libui-rs-e12bbe2e66777697/684b545/ui-sys/libui/common/attrlist.c: In function 'uiprivAttrListRemoveAttribute':
[INFO] [stderr]   /opt/rustwide/cargo-home/git/checkouts/libui-rs-e12bbe2e66777697/684b545/ui-sys/libui/common/attrlist.c:505:15: warning: variable 'tailsAt' set but not used [-Wunused-but-set-variable]
[INFO] [stderr]     505 |  struct attr *tailsAt = NULL;
[INFO] [stderr]         |               ^~~~~~~
[INFO] [stderr]   /opt/rustwide/cargo-home/git/checkouts/libui-rs-e12bbe2e66777697/684b545/ui-sys/libui/common/attrlist.c: In function 'uiprivAttrListRemoveAttributes':
[INFO] [stderr]   /opt/rustwide/cargo-home/git/checkouts/libui-rs-e12bbe2e66777697/684b545/ui-sys/libui/common/attrlist.c:552:15: warning: variable 'tailsAt' set but not used [-Wunused-but-set-variable]
[INFO] [stderr]     552 |  struct attr *tailsAt = NULL;
[INFO] [stderr]         |               ^~~~~~~
[INFO] [stderr]   cc: fatal error: Killed signal terminated program cc1
[INFO] [stderr]   compilation terminated.
[INFO] [stderr]   make[2]: *** [CMakeFiles/libui.dir/build.make:245: CMakeFiles/libui.dir/unix/area.c.o] Error 1
[INFO] [stderr]   make[2]: *** Waiting for unfinished jobs....
[INFO] [stderr]   cc: fatal error: Killed signal terminated program cc1
[INFO] [stderr]   compilation terminated.
[INFO] [stderr]   make[2]: *** [CMakeFiles/libui.dir/build.make:284: CMakeFiles/libui.dir/unix/button.c.o] Error 1
[INFO] [stderr]   cc: fatal error: Killed signal terminated program cc1
[INFO] [stderr]   compilation terminated.
[INFO] [stderr]   make[2]: *** [CMakeFiles/libui.dir/build.make:596: CMakeFiles/libui.dir/unix/main.c.o] Error 1
[INFO] [stderr]   cc: fatal error: Killed signal terminated program cc1
[INFO] [stderr]   compilation terminated.
[INFO] [stderr]   make[2]: *** [CMakeFiles/libui.dir/build.make:635: CMakeFiles/libui.dir/unix/opentype.c.o] Error 1
[INFO] [stderr]   cc: fatal error: Killed signal terminated program cc1
[INFO] [stderr]   compilation terminated.
[INFO] [stderr]   make[2]: *** [CMakeFiles/libui.dir/build.make:375: CMakeFiles/libui.dir/unix/datetimepicker.c.o] Error 1
[INFO] [stderr]   /opt/rustwide/cargo-home/git/checkouts/libui-rs-e12bbe2e66777697/684b545/ui-sys/libui/unix/cellrendererbutton.c: In function 'cellRendererButton_render':
[INFO] [stderr]   /opt/rustwide/cargo-home/git/checkouts/libui-rs-e12bbe2e66777697/684b545/ui-sys/libui/unix/cellrendererbutton.c:226:15: warning: unused variable 'alignedArea' [-Wunused-variable]
[INFO] [stderr]     226 |  GdkRectangle alignedArea;
[INFO] [stderr]         |               ^~~~~~~~~~~
[INFO] [stderr]   cc: fatal error: Killed signal terminated program cc1
[INFO] [stderr]   compilation terminated.
[INFO] [stderr]   make[2]: *** [CMakeFiles/libui.dir/build.make:739: CMakeFiles/libui.dir/unix/table.c.o] Error 1
[INFO] [stderr]   In file included from /opt/rustwide/cargo-home/git/checkouts/libui-rs-e12bbe2e66777697/684b545/ui-sys/libui/unix/uipriv_unix.h:15,
[INFO] [stderr]                    from /opt/rustwide/cargo-home/git/checkouts/libui-rs-e12bbe2e66777697/684b545/ui-sys/libui/unix/draw.c:2:
[INFO] [stderr]   /opt/rustwide/cargo-home/git/checkouts/libui-rs-e12bbe2e66777697/684b545/ui-sys/libui/unix/draw.c: In function 'mkbrush':
[INFO] [stderr]   /opt/rustwide/cargo-home/git/checkouts/libui-rs-e12bbe2e66777697/684b545/ui-sys/libui/unix/../common/uipriv.h:33:28: warning: 'pat' may be used uninitialized in this function [-Wmaybe-uninitialized]
[INFO] [stderr]      33 | #define uiprivImplBug(...) uiprivDoImplBug(__FILE__, uiprivMacro_ns(__LINE__), uiprivMacro__func__, __VA_ARGS__)
[INFO] [stderr]         |                            ^~~~~~~~~~~~~~~
[INFO] [stderr]   /opt/rustwide/cargo-home/git/checkouts/libui-rs-e12bbe2e66777697/684b545/ui-sys/libui/unix/draw.c:23:19: note: 'pat' was declared here
[INFO] [stderr]      23 |  cairo_pattern_t *pat;
[INFO] [stderr]         |                   ^~~
[INFO] [stderr]   cc: fatal error: Killed signal terminated program cc1
[INFO] [stderr]   compilation terminated.
[INFO] [stderr]   make[2]: *** [CMakeFiles/libui.dir/build.make:323: CMakeFiles/libui.dir/unix/child.c.o] Error 1
[INFO] [stderr]   cc: fatal error: Killed signal terminated program cc1
[INFO] [stderr]   compilation terminated.
[INFO] [stderr]   make[2]: *** [CMakeFiles/libui.dir/build.make:297: CMakeFiles/libui.dir/unix/cellrendererbutton.c.o] Error 1
[INFO] [stderr]   cc: fatal error: Killed signal terminated program cc1
[INFO] [stderr]   compilation terminated.
[INFO] [stderr]   make[2]: *** [CMakeFiles/libui.dir/build.make:427: CMakeFiles/libui.dir/unix/drawpath.c.o] Error 1
[INFO] [stderr]   cc: fatal error: Killed signal terminated program cc1
[INFO] [stderr]   compilation terminated.
[INFO] [stderr]   make[2]: *** [CMakeFiles/libui.dir/build.make:557: CMakeFiles/libui.dir/unix/group.c.o] Error 1
[INFO] [stderr]   cc: fatal error: Killed signal terminated program cc1
[INFO] [stderr]   compilation terminated.
[INFO] [stderr]   make[2]: *** [CMakeFiles/libui.dir/build.make:479: CMakeFiles/libui.dir/unix/fontbutton.c.o] Error 1
[INFO] [stderr]   cc: fatal error: Killed signal terminated program cc1
[INFO] [stderr]   compilation terminated.
[INFO] [stderr]   make[2]: *** [CMakeFiles/libui.dir/build.make:726: CMakeFiles/libui.dir/unix/tab.c.o] Error 1
[INFO] [stderr]   cc: fatal error: Killed signal terminated program cc1
[INFO] [stderr]   compilation terminated.
[INFO] [stderr]   make[2]: *** [CMakeFiles/libui.dir/build.make:310: CMakeFiles/libui.dir/unix/checkbox.c.o] Error 1
[INFO] [stderr]   /opt/rustwide/cargo-home/git/checkouts/libui-rs-e12bbe2e66777697/684b545/ui-sys/libui/unix/alloc.c: In function 'uninitComplain':
[INFO] [stderr]   /opt/rustwide/cargo-home/git/checkouts/libui-rs-e12bbe2e66777697/684b545/ui-sys/libui/unix/alloc.c:27:26: warning: zero-length gnu_printf format string [-Wformat-zero-length]
[INFO] [stderr]      27 |   *str = g_strdup_printf("");
[INFO] [stderr]         |                          ^~
[INFO] [stderr]   /opt/rustwide/cargo-home/git/checkouts/libui-rs-e12bbe2e66777697/684b545/ui-sys/libui/unix/text.c: In function 'uiprivStricmp':
[INFO] [stderr]   /opt/rustwide/cargo-home/git/checkouts/libui-rs-e12bbe2e66777697/684b545/ui-sys/libui/unix/text.c:16:9: warning: implicit declaration of function 'strcasecmp'; did you mean 'g_strcasecmp'? [-Wimplicit-function-declaration]
[INFO] [stderr]      16 |  return strcasecmp(a, b);
[INFO] [stderr]         |         ^~~~~~~~~~
[INFO] [stderr]         |         g_strcasecmp
[INFO] [stderr]   cc: fatal error: Killed signal terminated program cc1
[INFO] [stderr]   compilation terminated.
[INFO] [stderr]   cc: fatal error: Killed signal terminated program cc1
[INFO] [stderr]   compilation terminated.
[INFO] [stderr]   cc: fatal error: Killed signal terminated program cc1
[INFO] [stderr]   compilation terminated.
[INFO] [stderr]   /opt/rustwide/cargo-home/git/checkouts/libui-rs-e12bbe2e66777697/684b545/ui-sys/libui/unix/attrstr.c: In function 'processAttribute':
[INFO] [stderr]   /opt/rustwide/cargo-home/git/checkouts/libui-rs-e12bbe2e66777697/684b545/ui-sys/libui/unix/attrstr.c:90:3: warning: 'underline' may be used uninitialized in this function [-Wmaybe-uninitialized]
[INFO] [stderr]      90 |   addattr(p, start, end,
[INFO] [stderr]         |   ^~~~~~~~~~~~~~~~~~~~~~
[INFO] [stderr]      91 |    pango_attr_underline_new(underline));
[INFO] [stderr]         |    ~~~~~~~~~~~~~~~~~~~~~~~~~~~~~~~~~~~~
[INFO] [stderr]   make[2]: *** [CMakeFiles/libui.dir/build.make:609: CMakeFiles/libui.dir/unix/menu.c.o] Error 1
[INFO] [stderr]   make[2]: *** [CMakeFiles/libui.dir/build.make:791: CMakeFiles/libui.dir/unix/window.c.o] Error 1
[INFO] [stderr]   make[2]: *** [CMakeFiles/libui.dir/build.make:453: CMakeFiles/libui.dir/unix/editablecombo.c.o] Error 1
[INFO] [stderr]   cc: fatal error: Killed signal terminated program cc1
[INFO] [stderr]   compilation terminated.
[INFO] [stderr]   cc: fatal error: Killed signal terminated program cc1
[INFO] [stderr]   compilation terminated.
[INFO] [stderr]   make[2]: *** [CMakeFiles/libui.dir/build.make:583: CMakeFiles/libui.dir/unix/label.c.o] Error 1
[INFO] [stderr]   make[2]: *** [CMakeFiles/libui.dir/build.make:648: CMakeFiles/libui.dir/unix/progressbar.c.o] Error 1
[INFO] [stderr]   cc: fatal error: Killed signal terminated program cc1
[INFO] [stderr]   compilation terminated.
[INFO] [stderr]   cc: fatal error: Killed signal terminated program cc1
[INFO] [stderr]   compilation terminated.
[INFO] [stderr]   make[2]: *** [CMakeFiles/libui.dir/build.make:349: CMakeFiles/libui.dir/unix/combobox.c.o] Error 1
[INFO] [stderr]   make[2]: *** [CMakeFiles/libui.dir/build.make:505: CMakeFiles/libui.dir/unix/form.c.o] Error 1
[INFO] [stderr]   cc: fatal error: Killed signal terminated program cc1
[INFO] [stderr]   compilation terminated.
[INFO] [stderr]   make[2]: *** [CMakeFiles/libui.dir/build.make:778: CMakeFiles/libui.dir/unix/util.c.o] Error 1
[INFO] [stderr]   cc: fatal error: Killed signal terminated program cc1
[INFO] [stderr]   compilation terminated.
[INFO] [stderr]   make[2]: *** [CMakeFiles/libui.dir/build.make:362: CMakeFiles/libui.dir/unix/control.c.o] Error 1
[INFO] [stderr]   cc: fatal error: Killed signal terminated program cc1
[INFO] [stderr]   compilation terminated.
[INFO] [stderr]   make[2]: *** [CMakeFiles/libui.dir/build.make:388: CMakeFiles/libui.dir/unix/debug.c.o] Error 1
[INFO] [stderr]   /opt/rustwide/cargo-home/git/checkouts/libui-rs-e12bbe2e66777697/684b545/ui-sys/libui/unix/image.c: In function 'uiImageAppend':
[INFO] [stderr]   /opt/rustwide/cargo-home/git/checkouts/libui-rs-e12bbe2e66777697/684b545/ui-sys/libui/unix/image.c:45:13: warning: suggest braces around empty body in an 'if' statement [-Wempty-body]
[INFO] [stderr]      45 |   /* TODO */;
[INFO] [stderr]         |             ^
[INFO] [stderr]   make[1]: *** [CMakeFiles/Makefile2:165: CMakeFiles/libui.dir/all] Error 2
[INFO] [stderr]   make: *** [Makefile:84: all] Error 2
[INFO] [stderr]   thread 'main' panicked at '
[INFO] [stderr]   command did not execute successfully, got: exit status: 2
[INFO] [stderr] 
[INFO] [stderr]   build script failed, must exit now', /opt/rustwide/cargo-home/registry/src/github.com-1ecc6299db9ec823/cmake-0.1.35/src/lib.rs:778:5
[INFO] [stderr]   stack backtrace:
[INFO] [stderr]      0:     0x560d6ccc98b0 - std::backtrace_rs::backtrace::libunwind::trace::hff4d1766e93f64f1
[INFO] [stderr]                                  at /rustc/53fd98ca776cb875bc9e5514f56b52eb74f9e7a9/library/std/src/../../backtrace/src/backtrace/libunwind.rs:90:5
[INFO] [stderr]      1:     0x560d6ccc98b0 - std::backtrace_rs::backtrace::trace_unsynchronized::h56bbc8eb78770bcb
[INFO] [stderr]                                  at /rustc/53fd98ca776cb875bc9e5514f56b52eb74f9e7a9/library/std/src/../../backtrace/src/backtrace/mod.rs:66:5
[INFO] [stderr]      2:     0x560d6ccc98b0 - std::sys_common::backtrace::_print_fmt::h5c8e75464faca780
[INFO] [stderr]                                  at /rustc/53fd98ca776cb875bc9e5514f56b52eb74f9e7a9/library/std/src/sys_common/backtrace.rs:67:5
[INFO] [stderr]      3:     0x560d6ccc98b0 - <std::sys_common::backtrace::_print::DisplayBacktrace as core::fmt::Display>::fmt::h48b88277def8b362
[INFO] [stderr]                                  at /rustc/53fd98ca776cb875bc9e5514f56b52eb74f9e7a9/library/std/src/sys_common/backtrace.rs:46:22
[INFO] [stderr]      4:     0x560d6ccef0dc - core::fmt::write::h3381b3176fe2b3d3
[INFO] [stderr]                                  at /rustc/53fd98ca776cb875bc9e5514f56b52eb74f9e7a9/library/core/src/fmt/mod.rs:1115:17
[INFO] [stderr]      5:     0x560d6ccc6475 - std::io::Write::write_fmt::hd42607e5d8e44db0
[INFO] [stderr]                                  at /rustc/53fd98ca776cb875bc9e5514f56b52eb74f9e7a9/library/std/src/io/mod.rs:1665:15
[INFO] [stderr]      6:     0x560d6cccbfbb - std::sys_common::backtrace::_print::ha537687d6c17dd0d
[INFO] [stderr]                                  at /rustc/53fd98ca776cb875bc9e5514f56b52eb74f9e7a9/library/std/src/sys_common/backtrace.rs:49:5
[INFO] [stderr]      7:     0x560d6cccbfbb - std::sys_common::backtrace::print::h61376ae57d131d72
[INFO] [stderr]                                  at /rustc/53fd98ca776cb875bc9e5514f56b52eb74f9e7a9/library/std/src/sys_common/backtrace.rs:36:9
[INFO] [stderr]      8:     0x560d6cccbfbb - std::panicking::default_hook::{{closure}}::h0f7208c0b9644a54
[INFO] [stderr]                                  at /rustc/53fd98ca776cb875bc9e5514f56b52eb74f9e7a9/library/std/src/panicking.rs:208:50
[INFO] [stderr]      9:     0x560d6cccba91 - std::panicking::default_hook::hdac7fc06578c14ce
[INFO] [stderr]                                  at /rustc/53fd98ca776cb875bc9e5514f56b52eb74f9e7a9/library/std/src/panicking.rs:225:9
[INFO] [stderr]     10:     0x560d6cccc684 - std::panicking::rust_panic_with_hook::h72b21c283da3d1ef
[INFO] [stderr]                                  at /rustc/53fd98ca776cb875bc9e5514f56b52eb74f9e7a9/library/std/src/panicking.rs:622:17
[INFO] [stderr]     11:     0x560d6cccc167 - std::panicking::begin_panic_handler::{{closure}}::he5778f1729cff84a
[INFO] [stderr]                                  at /rustc/53fd98ca776cb875bc9e5514f56b52eb74f9e7a9/library/std/src/panicking.rs:519:13
[INFO] [stderr]     12:     0x560d6ccc9d8c - std::sys_common::backtrace::__rust_end_short_backtrace::h2d11ca8b453b4b1d
[INFO] [stderr]                                  at /rustc/53fd98ca776cb875bc9e5514f56b52eb74f9e7a9/library/std/src/sys_common/backtrace.rs:141:18
[INFO] [stderr]     13:     0x560d6cccc0c9 - rust_begin_unwind
[INFO] [stderr]                                  at /rustc/53fd98ca776cb875bc9e5514f56b52eb74f9e7a9/library/std/src/panicking.rs:515:5
[INFO] [stderr]     14:     0x560d6c827bbb - std::panicking::begin_panic_fmt::h746518bde832d259
[INFO] [stderr]                                  at /rustc/53fd98ca776cb875bc9e5514f56b52eb74f9e7a9/library/std/src/panicking.rs:457:5
[INFO] [stderr]     15:     0x560d6cc67be3 - cmake::fail::h86b6a6dfda0b478a
[INFO] [stderr]                                  at /opt/rustwide/cargo-home/registry/src/github.com-1ecc6299db9ec823/cmake-0.1.35/src/lib.rs:778:5
[INFO] [stderr]     16:     0x560d6cc675f1 - cmake::run::h9b637cbe39548509
[INFO] [stderr]                                  at /opt/rustwide/cargo-home/registry/src/github.com-1ecc6299db9ec823/cmake-0.1.35/src/lib.rs:759:9
[INFO] [stderr]     17:     0x560d6cc647d7 - cmake::Config::build::h003be8a73da12ff5
[INFO] [stderr]                                  at /opt/rustwide/cargo-home/registry/src/github.com-1ecc6299db9ec823/cmake-0.1.35/src/lib.rs:671:9
[INFO] [stderr]     18:     0x560d6c8297f3 - build_script_build::main::hf50b86eaf8ced84e
[INFO] [stderr]                                  at /opt/rustwide/cargo-home/git/checkouts/libui-rs-e12bbe2e66777697/684b545/ui-sys/build.rs:58:15
[INFO] [stderr]     19:     0x560d6c82a48b - core::ops::function::FnOnce::call_once::he5cf5a13615d1a6d
[INFO] [stderr]                                  at /rustc/53fd98ca776cb875bc9e5514f56b52eb74f9e7a9/library/core/src/ops/function.rs:227:5
[INFO] [stderr]     20:     0x560d6c829f6e - std::sys_common::backtrace::__rust_begin_short_backtrace::h26753ba4e803c7dc
[INFO] [stderr]                                  at /rustc/53fd98ca776cb875bc9e5514f56b52eb74f9e7a9/library/std/src/sys_common/backtrace.rs:125:18
[INFO] [stderr]     21:     0x560d6c82a851 - std::rt::lang_start::{{closure}}::hc60734473febab80
[INFO] [stderr]                                  at /rustc/53fd98ca776cb875bc9e5514f56b52eb74f9e7a9/library/std/src/rt.rs:63:18
[INFO] [stderr]     22:     0x560d6ccccb8a - core::ops::function::impls::<impl core::ops::function::FnOnce<A> for &F>::call_once::ha88a7d1a4d24e549
[INFO] [stderr]                                  at /rustc/53fd98ca776cb875bc9e5514f56b52eb74f9e7a9/library/core/src/ops/function.rs:259:13
[INFO] [stderr]     23:     0x560d6ccccb8a - std::panicking::try::do_call::hd3b1d7740607ccc7
[INFO] [stderr]                                  at /rustc/53fd98ca776cb875bc9e5514f56b52eb74f9e7a9/library/std/src/panicking.rs:401:40
[INFO] [stderr]     24:     0x560d6ccccb8a - std::panicking::try::h0ee8c65ac7461507
[INFO] [stderr]                                  at /rustc/53fd98ca776cb875bc9e5514f56b52eb74f9e7a9/library/std/src/panicking.rs:365:19
[INFO] [stderr]     25:     0x560d6ccccb8a - std::panic::catch_unwind::head47f0de4ccd838
[INFO] [stderr]                                  at /rustc/53fd98ca776cb875bc9e5514f56b52eb74f9e7a9/library/std/src/panic.rs:434:14
[INFO] [stderr]     26:     0x560d6ccccb8a - std::rt::lang_start_internal::{{closure}}::hbc7de8ec820ac085
[INFO] [stderr]                                  at /rustc/53fd98ca776cb875bc9e5514f56b52eb74f9e7a9/library/std/src/rt.rs:45:48
[INFO] [stderr]     27:     0x560d6ccccb8a - std::panicking::try::do_call::h2609e52e8bad4a7b
[INFO] [stderr]                                  at /rustc/53fd98ca776cb875bc9e5514f56b52eb74f9e7a9/library/std/src/panicking.rs:401:40
[INFO] [stderr]     28:     0x560d6ccccb8a - std::panicking::try::hd0929f0b603e0389
[INFO] [stderr]                                  at /rustc/53fd98ca776cb875bc9e5514f56b52eb74f9e7a9/library/std/src/panicking.rs:365:19
[INFO] [stderr]     29:     0x560d6ccccb8a - std::panic::catch_unwind::h27902b81c3e47571
[INFO] [stderr]                                  at /rustc/53fd98ca776cb875bc9e5514f56b52eb74f9e7a9/library/std/src/panic.rs:434:14
[INFO] [stderr]     30:     0x560d6ccccb8a - std::rt::lang_start_internal::h3fb2d794dd391e3e
[INFO] [stderr]                                  at /rustc/53fd98ca776cb875bc9e5514f56b52eb74f9e7a9/library/std/src/rt.rs:45:20
[INFO] [stderr]     31:     0x560d6c82a820 - std::rt::lang_start::hade4e361351a5d53
[INFO] [stderr]                                  at /rustc/53fd98ca776cb875bc9e5514f56b52eb74f9e7a9/library/std/src/rt.rs:62:5
[INFO] [stderr]     32:     0x560d6c829ccc - main
[INFO] [stderr]     33:     0x7f3a14f8c0b3 - __libc_start_main
[INFO] [stderr]     34:     0x560d6c82906e - _start
[INFO] [stderr]     35:                0x0 - <unknown>
[INFO] running `Command { std: "docker" "inspect" "f948d5505bca10a4835a262eb58bb14bde693084e6903ee8b820721938662f96", kill_on_drop: false }`
[INFO] running `Command { std: "docker" "rm" "-f" "f948d5505bca10a4835a262eb58bb14bde693084e6903ee8b820721938662f96", kill_on_drop: false }`
[INFO] [stdout] f948d5505bca10a4835a262eb58bb14bde693084e6903ee8b820721938662f96
