[INFO] cloning repository https://github.com/pholactery/eventsourcing
[INFO] running `Command { std: "git" "-c" "credential.helper=" "-c" "credential.helper=/workspace/cargo-home/bin/git-credential-null" "clone" "--bare" "https://github.com/pholactery/eventsourcing" "/workspace/cache/git-repos/https%3A%2F%2Fgithub.com%2Fpholactery%2Feventsourcing", kill_on_drop: false }`
[INFO] [stderr] Cloning into bare repository '/workspace/cache/git-repos/https%3A%2F%2Fgithub.com%2Fpholactery%2Feventsourcing'...
[INFO] running `Command { std: "git" "rev-parse" "HEAD", kill_on_drop: false }`
[INFO] [stdout] 31c1f9d5589ede0fd0e98f4a7665b85a53ca7962
[INFO] testing pholactery/eventsourcing against beta-2021-08-01 for beta-1.55-1
[INFO] running `Command { std: "git" "clone" "/workspace/cache/git-repos/https%3A%2F%2Fgithub.com%2Fpholactery%2Feventsourcing" "/workspace/builds/worker-23/source", kill_on_drop: false }`
[INFO] [stderr] Cloning into '/workspace/builds/worker-23/source'...
[INFO] [stderr] done.
[INFO] validating manifest of git repo https://github.com/pholactery/eventsourcing on toolchain beta-2021-08-01
[INFO] running `Command { std: "/workspace/cargo-home/bin/cargo" "+beta-2021-08-01" "metadata" "--manifest-path" "Cargo.toml" "--no-deps", kill_on_drop: false }`
[INFO] started tweaking git repo https://github.com/pholactery/eventsourcing
[INFO] removed 1 missing examples
[INFO] finished tweaking git repo https://github.com/pholactery/eventsourcing
[INFO] tweaked toml for git repo https://github.com/pholactery/eventsourcing written to /workspace/builds/worker-23/source/Cargo.toml
[INFO] crate git repo https://github.com/pholactery/eventsourcing already has a lockfile, it will not be regenerated
[INFO] running `Command { std: "/workspace/cargo-home/bin/cargo" "+beta-2021-08-01" "fetch" "--manifest-path" "Cargo.toml", kill_on_drop: false }`
[INFO] [stderr]  Downloading crates ...
[INFO] [stderr]   Downloaded tokio v0.2.11
[INFO] [stderr]   Downloaded openssl v0.10.27
[INFO] [stderr]   Downloaded hyper v0.13.2
[INFO] [stderr]   Downloaded indexmap v1.3.1
[INFO] [stderr]   Downloaded wasm-bindgen-futures v0.4.8
[INFO] [stderr]   Downloaded reqwest v0.10.1
[INFO] running `Command { std: "docker" "create" "-v" "/var/lib/crater-agent-workspace/builds/worker-23/target:/opt/rustwide/target:rw,Z" "-v" "/var/lib/crater-agent-workspace/builds/worker-23/source:/opt/rustwide/workdir:ro,Z" "-v" "/var/lib/crater-agent-workspace/cargo-home:/opt/rustwide/cargo-home:ro,Z" "-v" "/var/lib/crater-agent-workspace/rustup-home:/opt/rustwide/rustup-home:ro,Z" "-e" "SOURCE_DIR=/opt/rustwide/workdir" "-e" "CARGO_TARGET_DIR=/opt/rustwide/target" "-e" "CARGO_HOME=/opt/rustwide/cargo-home" "-e" "RUSTUP_HOME=/opt/rustwide/rustup-home" "-w" "/opt/rustwide/workdir" "-m" "1610612736" "--user" "0:0" "--network" "none" "ghcr.io/rust-lang/crates-build-env/linux@sha256:34b6a614d2c27851fe6cbf88fbd1137609cefab8b10d0615aaeb6fd47975d74e" "/opt/rustwide/cargo-home/bin/cargo" "+beta-2021-08-01" "metadata" "--no-deps" "--format-version=1", kill_on_drop: false }`
[INFO] [stdout] 58770c02582b032bafbf2df6a92cecde57044c89cbb4a55eb57fed89b84d6da7
[INFO] running `Command { std: "docker" "start" "-a" "58770c02582b032bafbf2df6a92cecde57044c89cbb4a55eb57fed89b84d6da7", kill_on_drop: false }`
[INFO] running `Command { std: "docker" "inspect" "58770c02582b032bafbf2df6a92cecde57044c89cbb4a55eb57fed89b84d6da7", kill_on_drop: false }`
[INFO] running `Command { std: "docker" "rm" "-f" "58770c02582b032bafbf2df6a92cecde57044c89cbb4a55eb57fed89b84d6da7", kill_on_drop: false }`
[INFO] [stdout] 58770c02582b032bafbf2df6a92cecde57044c89cbb4a55eb57fed89b84d6da7
[INFO] running `Command { std: "docker" "create" "-v" "/var/lib/crater-agent-workspace/builds/worker-23/target:/opt/rustwide/target:rw,Z" "-v" "/var/lib/crater-agent-workspace/builds/worker-23/source:/opt/rustwide/workdir:ro,Z" "-v" "/var/lib/crater-agent-workspace/cargo-home:/opt/rustwide/cargo-home:ro,Z" "-v" "/var/lib/crater-agent-workspace/rustup-home:/opt/rustwide/rustup-home:ro,Z" "-e" "SOURCE_DIR=/opt/rustwide/workdir" "-e" "CARGO_TARGET_DIR=/opt/rustwide/target" "-e" "CARGO_INCREMENTAL=0" "-e" "RUST_BACKTRACE=full" "-e" "RUSTFLAGS=--cap-lints=warn" "-e" "CARGO_HOME=/opt/rustwide/cargo-home" "-e" "RUSTUP_HOME=/opt/rustwide/rustup-home" "-w" "/opt/rustwide/workdir" "-m" "1610612736" "--user" "0:0" "--network" "none" "ghcr.io/rust-lang/crates-build-env/linux@sha256:34b6a614d2c27851fe6cbf88fbd1137609cefab8b10d0615aaeb6fd47975d74e" "/opt/rustwide/cargo-home/bin/cargo" "+beta-2021-08-01" "build" "--frozen" "--message-format=json", kill_on_drop: false }`
[INFO] [stdout] e93f7cbb98014d7e77b9afeec1b1dc352f46f0fc0357a12df127ed38acfeaafb
[INFO] running `Command { std: "docker" "start" "-a" "e93f7cbb98014d7e77b9afeec1b1dc352f46f0fc0357a12df127ed38acfeaafb", kill_on_drop: false }`
[INFO] [stderr]    Compiling proc-macro2 v1.0.8
[INFO] [stderr]    Compiling serde v1.0.104
[INFO] [stderr]    Compiling libc v0.2.66
[INFO] [stderr]    Compiling unicode-xid v0.2.0
[INFO] [stderr]    Compiling ryu v1.0.2
[INFO] [stderr]    Compiling syn v1.0.14
[INFO] [stderr]    Compiling itoa v0.4.5
[INFO] [stderr]    Compiling num-traits v0.2.11
[INFO] [stderr]    Compiling num-integer v0.1.42
[INFO] [stderr]    Compiling quote v1.0.2
[INFO] [stderr]    Compiling time v0.1.42
[INFO] [stderr]    Compiling serde_json v1.0.46
[INFO] [stderr]    Compiling chrono v0.4.10
[INFO] [stderr]    Compiling serde_derive v1.0.104
[INFO] [stderr]    Compiling eventsourcing v0.1.5 (/opt/rustwide/workdir)
[INFO] [stdout] warning: unused `#[macro_use]` import
[INFO] [stdout]    --> src/lib.rs:115:1
[INFO] [stdout]     |
[INFO] [stdout] 115 | #[macro_use]
[INFO] [stdout]     | ^^^^^^^^^^^^
[INFO] [stdout]     |
[INFO] [stdout]     = note: `#[warn(unused_imports)]` on by default
[INFO] [stdout] 
[INFO] [stdout] 
[INFO] [stdout] warning: unused imports: `Event`, `Result`
[INFO] [stdout]  --> src/eventstore/mod.rs:4:13
[INFO] [stdout]   |
[INFO] [stdout] 4 | use super::{Event, Result};
[INFO] [stdout]   |             ^^^^^  ^^^^^^
[INFO] [stdout] 
[INFO] [stdout] 
[INFO] [stdout] warning: unused import: `super::super::Event`
[INFO] [stdout]  --> src/eventstore/inmemory.rs:9:5
[INFO] [stdout]   |
[INFO] [stdout] 9 | use super::super::Event;
[INFO] [stdout]   |     ^^^^^^^^^^^^^^^^^^^
[INFO] [stdout] 
[INFO] [stdout] 
[INFO] [stdout] warning: unused import: `super::super::Result`
[INFO] [stdout]   --> src/eventstore/inmemory.rs:10:5
[INFO] [stdout]    |
[INFO] [stdout] 10 | use super::super::Result;
[INFO] [stdout]    |     ^^^^^^^^^^^^^^^^^^^^
[INFO] [stdout] 
[INFO] [stdout] 
[INFO] [stdout] warning: unused import: `chrono::prelude::*`
[INFO] [stdout]   --> src/eventstore/inmemory.rs:13:5
[INFO] [stdout]    |
[INFO] [stdout] 13 | use chrono::prelude::*;
[INFO] [stdout]    |     ^^^^^^^^^^^^^^^^^^
[INFO] [stdout] 
[INFO] [stdout] 
[INFO] [stdout] warning: unused import: `std::sync::Mutex`
[INFO] [stdout]   --> src/eventstore/inmemory.rs:14:5
[INFO] [stdout]    |
[INFO] [stdout] 14 | use std::sync::Mutex;
[INFO] [stdout]    |     ^^^^^^^^^^^^^^^^
[INFO] [stdout] 
[INFO] [stdout] 
[INFO] [stdout] warning: 6 warnings emitted
[INFO] [stdout] 
[INFO] [stdout] 
[INFO] [stderr]     Finished dev [unoptimized + debuginfo] target(s) in 13.61s
[INFO] running `Command { std: "docker" "inspect" "e93f7cbb98014d7e77b9afeec1b1dc352f46f0fc0357a12df127ed38acfeaafb", kill_on_drop: false }`
[INFO] running `Command { std: "docker" "rm" "-f" "e93f7cbb98014d7e77b9afeec1b1dc352f46f0fc0357a12df127ed38acfeaafb", kill_on_drop: false }`
[INFO] [stdout] e93f7cbb98014d7e77b9afeec1b1dc352f46f0fc0357a12df127ed38acfeaafb
[INFO] running `Command { std: "docker" "create" "-v" "/var/lib/crater-agent-workspace/builds/worker-23/target:/opt/rustwide/target:rw,Z" "-v" "/var/lib/crater-agent-workspace/builds/worker-23/source:/opt/rustwide/workdir:ro,Z" "-v" "/var/lib/crater-agent-workspace/cargo-home:/opt/rustwide/cargo-home:ro,Z" "-v" "/var/lib/crater-agent-workspace/rustup-home:/opt/rustwide/rustup-home:ro,Z" "-e" "SOURCE_DIR=/opt/rustwide/workdir" "-e" "CARGO_TARGET_DIR=/opt/rustwide/target" "-e" "CARGO_INCREMENTAL=0" "-e" "RUST_BACKTRACE=full" "-e" "RUSTFLAGS=--cap-lints=warn" "-e" "CARGO_HOME=/opt/rustwide/cargo-home" "-e" "RUSTUP_HOME=/opt/rustwide/rustup-home" "-w" "/opt/rustwide/workdir" "-m" "1610612736" "--user" "0:0" "--network" "none" "ghcr.io/rust-lang/crates-build-env/linux@sha256:34b6a614d2c27851fe6cbf88fbd1137609cefab8b10d0615aaeb6fd47975d74e" "/opt/rustwide/cargo-home/bin/cargo" "+beta-2021-08-01" "test" "--frozen" "--no-run" "--message-format=json", kill_on_drop: false }`
[INFO] [stdout] 86f04127434590b5f982f5c627f5ed18bce979e4361fa0c86f21741b0d41b0a4
[INFO] running `Command { std: "docker" "start" "-a" "86f04127434590b5f982f5c627f5ed18bce979e4361fa0c86f21741b0d41b0a4", kill_on_drop: false }`
[INFO] [stderr]    Compiling proc-macro2 v0.2.3
[INFO] [stdout] warning: unused `#[macro_use]` import
[INFO] [stdout]    --> src/lib.rs:115:1
[INFO] [stdout]     |
[INFO] [stdout] 115 | #[macro_use]
[INFO] [stdout]     | ^^^^^^^^^^^^
[INFO] [stdout]     |
[INFO] [stdout]     = note: `#[warn(unused_imports)]` on by default
[INFO] [stdout] 
[INFO] [stdout] 
[INFO] [stdout] warning: unused imports: `Event`, `Result`
[INFO] [stdout]  --> src/eventstore/mod.rs:4:13
[INFO] [stdout]   |
[INFO] [stdout] 4 | use super::{Event, Result};
[INFO] [stdout]   |             ^^^^^  ^^^^^^
[INFO] [stdout] 
[INFO] [stdout] 
[INFO] [stdout] warning: unused import: `super::super::Event`
[INFO] [stdout]  --> src/eventstore/inmemory.rs:9:5
[INFO] [stdout]   |
[INFO] [stdout] 9 | use super::super::Event;
[INFO] [stdout]   |     ^^^^^^^^^^^^^^^^^^^
[INFO] [stdout] 
[INFO] [stdout] 
[INFO] [stdout] warning: unused import: `super::super::Result`
[INFO] [stdout]   --> src/eventstore/inmemory.rs:10:5
[INFO] [stdout]    |
[INFO] [stdout] 10 | use super::super::Result;
[INFO] [stdout]    |     ^^^^^^^^^^^^^^^^^^^^
[INFO] [stdout] 
[INFO] [stdout] 
[INFO] [stdout] warning: unused import: `chrono::prelude::*`
[INFO] [stdout]   --> src/eventstore/inmemory.rs:13:5
[INFO] [stdout]    |
[INFO] [stdout] 13 | use chrono::prelude::*;
[INFO] [stdout]    |     ^^^^^^^^^^^^^^^^^^
[INFO] [stdout] 
[INFO] [stdout] 
[INFO] [stdout] warning: unused import: `std::sync::Mutex`
[INFO] [stdout]   --> src/eventstore/inmemory.rs:14:5
[INFO] [stdout]    |
[INFO] [stdout] 14 | use std::sync::Mutex;
[INFO] [stdout]    |     ^^^^^^^^^^^^^^^^
[INFO] [stdout] 
[INFO] [stdout] 
[INFO] [stdout] warning: 6 warnings emitted
[INFO] [stdout] 
[INFO] [stdout] 
[INFO] [stderr]    Compiling quote v0.4.2
[INFO] [stderr]    Compiling syn v0.12.15
[INFO] [stderr]    Compiling eventsourcing-derive v0.1.3 (/opt/rustwide/workdir/eventsourcing-derive)
[INFO] [stderr]    Compiling eventsourcing v0.1.5 (/opt/rustwide/workdir)
[INFO] [stdout] warning: unused `#[macro_use]` import
[INFO] [stdout]    --> src/lib.rs:115:1
[INFO] [stdout]     |
[INFO] [stdout] 115 | #[macro_use]
[INFO] [stdout]     | ^^^^^^^^^^^^
[INFO] [stdout]     |
[INFO] [stdout]     = note: `#[warn(unused_imports)]` on by default
[INFO] [stdout] 
[INFO] [stdout] 
[INFO] [stdout] warning: unused imports: `Event`, `Result`
[INFO] [stdout]  --> src/eventstore/mod.rs:4:13
[INFO] [stdout]   |
[INFO] [stdout] 4 | use super::{Event, Result};
[INFO] [stdout]   |             ^^^^^  ^^^^^^
[INFO] [stdout] 
[INFO] [stdout] 
[INFO] [stdout] warning: unused import: `super::super::Event`
[INFO] [stdout]  --> src/eventstore/inmemory.rs:9:5
[INFO] [stdout]   |
[INFO] [stdout] 9 | use super::super::Event;
[INFO] [stdout]   |     ^^^^^^^^^^^^^^^^^^^
[INFO] [stdout] 
[INFO] [stdout] 
[INFO] [stdout] warning: unused import: `super::super::Result`
[INFO] [stdout]   --> src/eventstore/inmemory.rs:10:5
[INFO] [stdout]    |
[INFO] [stdout] 10 | use super::super::Result;
[INFO] [stdout]    |     ^^^^^^^^^^^^^^^^^^^^
[INFO] [stdout] 
[INFO] [stdout] 
[INFO] [stdout] warning: unused import: `chrono::prelude::*`
[INFO] [stdout]   --> src/eventstore/inmemory.rs:13:5
[INFO] [stdout]    |
[INFO] [stdout] 13 | use chrono::prelude::*;
[INFO] [stdout]    |     ^^^^^^^^^^^^^^^^^^
[INFO] [stdout] 
[INFO] [stdout] 
[INFO] [stdout] warning: unused import: `std::sync::Mutex`
[INFO] [stdout]   --> src/eventstore/inmemory.rs:14:5
[INFO] [stdout]    |
[INFO] [stdout] 14 | use std::sync::Mutex;
[INFO] [stdout]    |     ^^^^^^^^^^^^^^^^
[INFO] [stdout] 
[INFO] [stdout] 
[INFO] [stdout] error[E0432]: unresolved import `eventsourcing::eventstore::OrgEventStore`
[INFO] [stdout]   --> examples/combat/main.rs:12:5
[INFO] [stdout]    |
[INFO] [stdout] 12 | use eventsourcing::eventstore::OrgEventStore;
[INFO] [stdout]    |     ^^^^^^^^^^^^^^^^^^^^^^^^^^^^^^^^^^^^^^^^ no `OrgEventStore` in `eventstore`
[INFO] [stdout] 
[INFO] [stdout] 
[INFO] [stdout] warning: unused import: `chrono::prelude::*`
[INFO] [stdout]   --> tests/cloudevents.rs:10:5
[INFO] [stdout]    |
[INFO] [stdout] 10 | use chrono::prelude::*;
[INFO] [stdout]    |     ^^^^^^^^^^^^^^^^^^
[INFO] [stdout]    |
[INFO] [stdout]    = note: `#[warn(unused_imports)]` on by default
[INFO] [stdout] 
[INFO] [stdout] 
[INFO] [stdout] error[E0433]: failed to resolve: could not find `cloudevents` in `eventsourcing`
[INFO] [stdout]   --> examples/combat/domain.rs:56:10
[INFO] [stdout]    |
[INFO] [stdout] 56 | #[derive(Dispatcher)]
[INFO] [stdout]    |          ^^^^^^^^^^ could not find `cloudevents` in `eventsourcing`
[INFO] [stdout]    |
[INFO] [stdout]    = note: this error originates in the derive macro `Dispatcher` (in Nightly builds, run with -Z macro-backtrace for more info)
[INFO] [stdout] 
[INFO] [stdout] 
[INFO] [stdout] error[E0405]: cannot find trait `Dispatcher` in crate `eventsourcing`
[INFO] [stdout]   --> examples/combat/domain.rs:56:10
[INFO] [stdout]    |
[INFO] [stdout] 56 | #[derive(Dispatcher)]
[INFO] [stdout]    |          ^^^^^^^^^^ not found in `eventsourcing`
[INFO] [stdout]    |
[INFO] [stdout]    = note: this error originates in the derive macro `Dispatcher` (in Nightly builds, run with -Z macro-backtrace for more info)
[INFO] [stdout] 
[INFO] [stdout] 
[INFO] [stdout] error[E0405]: cannot find trait `EventStore` in module `eventsourcing::eventstore`
[INFO] [stdout]   --> examples/combat/domain.rs:56:10
[INFO] [stdout]    |
[INFO] [stdout] 56 | #[derive(Dispatcher)]
[INFO] [stdout]    |          ^^^^^^^^^^ not found in `eventsourcing::eventstore`
[INFO] [stdout]    |
[INFO] [stdout]    = note: this error originates in the derive macro `Dispatcher` (in Nightly builds, run with -Z macro-backtrace for more info)
[INFO] [stdout] 
[INFO] [stdout] 
[INFO] [stdout] error: aborting due to 4 previous errors
[INFO] [stdout] 
[INFO] [stdout] 
[INFO] [stdout] Some errors have detailed explanations: E0405, E0432, E0433.
[INFO] [stdout] 
[INFO] [stdout] For more information about an error, try `rustc --explain E0405`.
[INFO] [stdout] 
[INFO] [stderr] error: could not compile `eventsourcing` due to 5 previous errors
[INFO] [stderr] warning: build failed, waiting for other jobs to finish...
[INFO] [stdout] warning: 6 warnings emitted
[INFO] [stdout] 
[INFO] [stdout] 
[INFO] [stdout] warning: 1 warning emitted
[INFO] [stdout] 
[INFO] [stdout] 
[INFO] [stderr] error: build failed
[INFO] running `Command { std: "docker" "inspect" "86f04127434590b5f982f5c627f5ed18bce979e4361fa0c86f21741b0d41b0a4", kill_on_drop: false }`
[INFO] running `Command { std: "docker" "rm" "-f" "86f04127434590b5f982f5c627f5ed18bce979e4361fa0c86f21741b0d41b0a4", kill_on_drop: false }`
[INFO] [stdout] 86f04127434590b5f982f5c627f5ed18bce979e4361fa0c86f21741b0d41b0a4
