[INFO] cloning repository https://github.com/phildawes/rustc-noodling
[INFO] running `Command { std: "git" "-c" "credential.helper=" "-c" "credential.helper=/workspace/cargo-home/bin/git-credential-null" "clone" "--bare" "https://github.com/phildawes/rustc-noodling" "/workspace/cache/git-repos/https%3A%2F%2Fgithub.com%2Fphildawes%2Frustc-noodling", kill_on_drop: false }`
[INFO] [stderr] Cloning into bare repository '/workspace/cache/git-repos/https%3A%2F%2Fgithub.com%2Fphildawes%2Frustc-noodling'...
[INFO] running `Command { std: "git" "rev-parse" "HEAD", kill_on_drop: false }`
[INFO] [stdout] b60669e2b21031805622a4c11d87b324cf370504
[INFO] testing phildawes/rustc-noodling against beta-2021-08-01 for beta-1.55-1
[INFO] running `Command { std: "git" "clone" "/workspace/cache/git-repos/https%3A%2F%2Fgithub.com%2Fphildawes%2Frustc-noodling" "/workspace/builds/worker-45/source", kill_on_drop: false }`
[INFO] [stderr] Cloning into '/workspace/builds/worker-45/source'...
[INFO] [stderr] done.
[INFO] validating manifest of git repo https://github.com/phildawes/rustc-noodling on toolchain beta-2021-08-01
[INFO] running `Command { std: "/workspace/cargo-home/bin/cargo" "+beta-2021-08-01" "metadata" "--manifest-path" "Cargo.toml" "--no-deps", kill_on_drop: false }`
[INFO] started tweaking git repo https://github.com/phildawes/rustc-noodling
[INFO] finished tweaking git repo https://github.com/phildawes/rustc-noodling
[INFO] tweaked toml for git repo https://github.com/phildawes/rustc-noodling written to /workspace/builds/worker-45/source/Cargo.toml
[INFO] crate git repo https://github.com/phildawes/rustc-noodling already has a lockfile, it will not be regenerated
[INFO] running `Command { std: "/workspace/cargo-home/bin/cargo" "+beta-2021-08-01" "fetch" "--manifest-path" "Cargo.toml", kill_on_drop: false }`
[INFO] [stderr]     Blocking waiting for file lock on package cache
[INFO] [stderr]     Blocking waiting for file lock on package cache
[INFO] running `Command { std: "docker" "create" "-v" "/var/lib/crater-agent-workspace/builds/worker-45/target:/opt/rustwide/target:rw,Z" "-v" "/var/lib/crater-agent-workspace/builds/worker-45/source:/opt/rustwide/workdir:ro,Z" "-v" "/var/lib/crater-agent-workspace/cargo-home:/opt/rustwide/cargo-home:ro,Z" "-v" "/var/lib/crater-agent-workspace/rustup-home:/opt/rustwide/rustup-home:ro,Z" "-e" "SOURCE_DIR=/opt/rustwide/workdir" "-e" "CARGO_TARGET_DIR=/opt/rustwide/target" "-e" "CARGO_HOME=/opt/rustwide/cargo-home" "-e" "RUSTUP_HOME=/opt/rustwide/rustup-home" "-w" "/opt/rustwide/workdir" "-m" "1610612736" "--user" "0:0" "--network" "none" "ghcr.io/rust-lang/crates-build-env/linux@sha256:34b6a614d2c27851fe6cbf88fbd1137609cefab8b10d0615aaeb6fd47975d74e" "/opt/rustwide/cargo-home/bin/cargo" "+beta-2021-08-01" "metadata" "--no-deps" "--format-version=1", kill_on_drop: false }`
[INFO] [stdout] 3cf74fda887021e4948911a98dab13b41002854314fda6cf62df2c89d7f879e8
[INFO] running `Command { std: "docker" "start" "-a" "3cf74fda887021e4948911a98dab13b41002854314fda6cf62df2c89d7f879e8", kill_on_drop: false }`
[INFO] running `Command { std: "docker" "inspect" "3cf74fda887021e4948911a98dab13b41002854314fda6cf62df2c89d7f879e8", kill_on_drop: false }`
[INFO] running `Command { std: "docker" "rm" "-f" "3cf74fda887021e4948911a98dab13b41002854314fda6cf62df2c89d7f879e8", kill_on_drop: false }`
[INFO] [stdout] 3cf74fda887021e4948911a98dab13b41002854314fda6cf62df2c89d7f879e8
[INFO] running `Command { std: "docker" "create" "-v" "/var/lib/crater-agent-workspace/builds/worker-45/target:/opt/rustwide/target:rw,Z" "-v" "/var/lib/crater-agent-workspace/builds/worker-45/source:/opt/rustwide/workdir:ro,Z" "-v" "/var/lib/crater-agent-workspace/cargo-home:/opt/rustwide/cargo-home:ro,Z" "-v" "/var/lib/crater-agent-workspace/rustup-home:/opt/rustwide/rustup-home:ro,Z" "-e" "SOURCE_DIR=/opt/rustwide/workdir" "-e" "CARGO_TARGET_DIR=/opt/rustwide/target" "-e" "CARGO_INCREMENTAL=0" "-e" "RUST_BACKTRACE=full" "-e" "RUSTFLAGS=--cap-lints=warn" "-e" "CARGO_HOME=/opt/rustwide/cargo-home" "-e" "RUSTUP_HOME=/opt/rustwide/rustup-home" "-w" "/opt/rustwide/workdir" "-m" "1610612736" "--user" "0:0" "--network" "none" "ghcr.io/rust-lang/crates-build-env/linux@sha256:34b6a614d2c27851fe6cbf88fbd1137609cefab8b10d0615aaeb6fd47975d74e" "/opt/rustwide/cargo-home/bin/cargo" "+beta-2021-08-01" "build" "--frozen" "--message-format=json", kill_on_drop: false }`
[INFO] [stdout] 62a8b706681816d4464d158120ec0de655319cf1d7dbbac7fe4e3fc46d87ed25
[INFO] running `Command { std: "docker" "start" "-a" "62a8b706681816d4464d158120ec0de655319cf1d7dbbac7fe4e3fc46d87ed25", kill_on_drop: false }`
[INFO] [stderr]     Blocking waiting for file lock on package cache
[INFO] [stderr]    Compiling winapi-build v0.1.1
[INFO] [stderr]    Compiling winapi v0.2.2
[INFO] [stderr]    Compiling libc v0.1.10
[INFO] [stderr]    Compiling mytypeck v0.0.1 (/opt/rustwide/workdir/mytypeck)
[INFO] [stdout] error[E0557]: feature has been removed
[INFO] [stdout]   --> mytypeck/src/lib.rs:83:12
[INFO] [stdout]    |
[INFO] [stdout] 83 | #![feature(quote)]
[INFO] [stdout]    |            ^^^^^ feature has been removed
[INFO] [stdout] 
[INFO] [stdout] 
[INFO] [stdout] error[E0557]: feature has been removed
[INFO] [stdout]   --> mytypeck/src/lib.rs:84:12
[INFO] [stdout]    |
[INFO] [stdout] 84 | #![feature(rustc_diagnostic_macros)]
[INFO] [stdout]    |            ^^^^^^^^^^^^^^^^^^^^^^^ feature has been removed
[INFO] [stdout] 
[INFO] [stdout] 
[INFO] [stderr]    Compiling kernel32-sys v0.1.4
[INFO] [stdout] error[E0463]: can't find crate for `log`
[INFO] [stdout]   --> mytypeck/src/lib.rs:90:14
[INFO] [stdout]    |
[INFO] [stdout] 90 | #[macro_use] extern crate log;
[INFO] [stdout]    |              ^^^^^^^^^^^^^^^^^ can't find crate
[INFO] [stdout] 
[INFO] [stdout] 
[INFO] [stdout] error: aborting due to 3 previous errors
[INFO] [stdout] 
[INFO] [stdout] 
[INFO] [stdout] Some errors have detailed explanations: E0463, E0557.
[INFO] [stdout] 
[INFO] [stdout] For more information about an error, try `rustc --explain E0463`.
[INFO] [stdout] 
[INFO] [stderr]    Compiling time v0.1.32
[INFO] [stderr] error: could not compile `mytypeck` due to 4 previous errors
[INFO] [stderr] warning: build failed, waiting for other jobs to finish...
[INFO] [stderr] error: build failed
[INFO] running `Command { std: "docker" "inspect" "62a8b706681816d4464d158120ec0de655319cf1d7dbbac7fe4e3fc46d87ed25", kill_on_drop: false }`
[INFO] running `Command { std: "docker" "rm" "-f" "62a8b706681816d4464d158120ec0de655319cf1d7dbbac7fe4e3fc46d87ed25", kill_on_drop: false }`
[INFO] [stdout] 62a8b706681816d4464d158120ec0de655319cf1d7dbbac7fe4e3fc46d87ed25
