[INFO] cloning repository https://github.com/pawanjay176/libp2p_test
[INFO] running `Command { std: "git" "-c" "credential.helper=" "-c" "credential.helper=/workspace/cargo-home/bin/git-credential-null" "clone" "--bare" "https://github.com/pawanjay176/libp2p_test" "/workspace/cache/git-repos/https%3A%2F%2Fgithub.com%2Fpawanjay176%2Flibp2p_test", kill_on_drop: false }`
[INFO] [stderr] Cloning into bare repository '/workspace/cache/git-repos/https%3A%2F%2Fgithub.com%2Fpawanjay176%2Flibp2p_test'...
[INFO] running `Command { std: "git" "rev-parse" "HEAD", kill_on_drop: false }`
[INFO] [stdout] 1033440c2317a5783b119dd7a0a254b71db481a1
[INFO] testing pawanjay176/libp2p_test against beta-2021-08-01 for beta-1.55-1
[INFO] running `Command { std: "git" "clone" "/workspace/cache/git-repos/https%3A%2F%2Fgithub.com%2Fpawanjay176%2Flibp2p_test" "/workspace/builds/worker-5/source", kill_on_drop: false }`
[INFO] [stderr] Cloning into '/workspace/builds/worker-5/source'...
[INFO] [stderr] done.
[INFO] validating manifest of git repo https://github.com/pawanjay176/libp2p_test on toolchain beta-2021-08-01
[INFO] running `Command { std: "/workspace/cargo-home/bin/cargo" "+beta-2021-08-01" "metadata" "--manifest-path" "Cargo.toml" "--no-deps", kill_on_drop: false }`
[INFO] started tweaking git repo https://github.com/pawanjay176/libp2p_test
[INFO] finished tweaking git repo https://github.com/pawanjay176/libp2p_test
[INFO] tweaked toml for git repo https://github.com/pawanjay176/libp2p_test written to /workspace/builds/worker-5/source/Cargo.toml
[INFO] crate git repo https://github.com/pawanjay176/libp2p_test already has a lockfile, it will not be regenerated
[INFO] running `Command { std: "/workspace/cargo-home/bin/cargo" "+beta-2021-08-01" "fetch" "--manifest-path" "Cargo.toml", kill_on_drop: false }`
[INFO] [stderr]     Updating git repository `https://github.com/sigp/unsigned-varint`
[INFO] [stderr]  Downloading crates ...
[INFO] [stderr]   Downloaded futures v0.3.7
[INFO] [stderr]   Downloaded slog-async v2.5.0
[INFO] [stderr]   Downloaded term v0.6.1
[INFO] [stderr]   Downloaded futures-executor v0.3.7
[INFO] [stderr]   Downloaded futures_codec v0.4.1
[INFO] [stderr]   Downloaded libp2p-tcp v0.23.0
[INFO] [stderr]   Downloaded bs58 v0.3.1
[INFO] [stderr]   Downloaded ed25519 v1.0.3
[INFO] [stderr]   Downloaded if-addrs v0.6.5
[INFO] [stderr]   Downloaded thiserror-impl v1.0.21
[INFO] [stderr]   Downloaded thiserror v1.0.21
[INFO] [stderr]   Downloaded libp2p-core-derive v0.20.2
[INFO] [stderr]   Downloaded poly1305 v0.6.1
[INFO] [stderr]   Downloaded x25519-dalek v1.1.0
[INFO] [stderr]   Downloaded uint v0.5.0
[INFO] [stderr]   Downloaded static_assertions v0.2.5
[INFO] [stderr]   Downloaded impl-serde v0.2.3
[INFO] [stderr]   Downloaded atomic v0.5.0
[INFO] [stderr]   Downloaded rustc-hex v2.1.0
[INFO] [stderr]   Downloaded ethbloom v0.6.4
[INFO] [stderr]   Downloaded env_logger v0.8.1
[INFO] [stderr]   Downloaded tiny-keccak v1.5.0
[INFO] [stderr]   Downloaded async-trait v0.1.41
[INFO] [stderr]   Downloaded futures-core v0.3.7
[INFO] [stderr]   Downloaded tokio-io-timeout v0.4.0
[INFO] [stderr]   Downloaded block-padding v0.2.1
[INFO] [stderr]   Downloaded impl-rlp v0.2.1
[INFO] [stderr]   Downloaded unsigned-varint v0.5.1
[INFO] [stderr]   Downloaded rlp v0.4.6
[INFO] [stderr]   Downloaded wasm-timer v0.2.5
[INFO] [stderr]   Downloaded multihash v0.11.4
[INFO] [stderr]   Downloaded cc v1.0.61
[INFO] [stderr]   Downloaded asn1_der_derive v0.1.2
[INFO] [stderr]   Downloaded blake2 v0.9.1
[INFO] [stderr]   Downloaded chacha20poly1305 v0.6.0
[INFO] [stderr]   Downloaded multistream-select v0.8.4
[INFO] [stderr]   Downloaded heapsize v0.4.2
[INFO] [stderr]   Downloaded aes v0.5.0
[INFO] [stderr]   Downloaded stream-cipher v0.7.1
[INFO] [stderr]   Downloaded if-addrs-sys v0.3.2
[INFO] [stderr]   Downloaded ed25519-dalek v1.0.1
[INFO] [stderr]   Downloaded rw-stream-sink v0.2.1
[INFO] [stderr]   Downloaded aes-gcm v0.7.0
[INFO] [stderr]   Downloaded chacha20 v0.5.0
[INFO] [stderr]   Downloaded libp2p-core v0.23.1
[INFO] [stderr]   Downloaded minicbor-derive v0.5.0
[INFO] [stderr]   Downloaded snow v0.7.2
[INFO] [stderr]   Downloaded snap v1.0.1
[INFO] [stderr]   Downloaded asn1_der v0.6.3
[INFO] [stderr]   Downloaded fixed-hash v0.3.2
[INFO] [stderr]   Downloaded eth2_ssz_derive v0.1.0
[INFO] [stderr]   Downloaded libp2p-noise v0.25.0
[INFO] [stderr]   Downloaded blake2s_simd v0.5.11
[INFO] [stderr]   Downloaded libsecp256k1 v0.3.5
[INFO] [stderr]   Downloaded libp2p-identify v0.23.0
[INFO] [stderr]   Downloaded curve25519-dalek v3.0.0
[INFO] [stderr]   Downloaded lru v0.6.1
[INFO] [stderr]   Downloaded slog-term v2.6.0
[INFO] [stderr]   Downloaded futures-util v0.3.7
[INFO] [stderr]   Downloaded futures-channel v0.3.7
[INFO] [stderr]   Downloaded futures-macro v0.3.7
[INFO] [stderr]   Downloaded futures-sink v0.3.7
[INFO] [stderr]   Downloaded eth2_ssz v0.1.2
[INFO] [stderr]   Downloaded futures-io v0.3.7
[INFO] [stderr]   Downloaded futures-task v0.3.7
[INFO] [stderr]   Downloaded instant v0.1.8
[INFO] [stderr]   Downloaded ethereum-types-serialize v0.2.2
[INFO] [stderr]   Downloaded zeroize_derive v1.0.1
[INFO] [stderr]   Downloaded aes-soft v0.5.0
[INFO] [stderr]   Downloaded aesni v0.8.0
[INFO] [stderr]   Downloaded nohash-hasher v0.2.0
[INFO] [stderr]   Downloaded block-cipher v0.8.0
[INFO] [stderr]   Downloaded hmac-drbg v0.2.0
[INFO] [stderr]   Downloaded slog v2.5.2
[INFO] [stderr]   Downloaded libp2p-mplex v0.23.1
[INFO] [stderr]   Downloaded ethereum-types v0.5.2
[INFO] [stderr]   Downloaded libp2p-swarm v0.23.0
[INFO] [stderr]   Downloaded polyval v0.4.1
[INFO] [stderr]   Downloaded libp2p v0.29.1
[INFO] [stderr]   Downloaded signature v1.2.2
[INFO] [stderr]   Downloaded minicbor v0.6.0
[INFO] [stderr]   Downloaded data-encoding v2.3.1
[INFO] [stderr]   Downloaded ahash v0.4.6
[INFO] [stderr]   Downloaded parity-multiaddr v0.9.3
[INFO] running `Command { std: "docker" "create" "-v" "/var/lib/crater-agent-workspace/builds/worker-5/target:/opt/rustwide/target:rw,Z" "-v" "/var/lib/crater-agent-workspace/builds/worker-5/source:/opt/rustwide/workdir:ro,Z" "-v" "/var/lib/crater-agent-workspace/cargo-home:/opt/rustwide/cargo-home:ro,Z" "-v" "/var/lib/crater-agent-workspace/rustup-home:/opt/rustwide/rustup-home:ro,Z" "-e" "SOURCE_DIR=/opt/rustwide/workdir" "-e" "CARGO_TARGET_DIR=/opt/rustwide/target" "-e" "CARGO_HOME=/opt/rustwide/cargo-home" "-e" "RUSTUP_HOME=/opt/rustwide/rustup-home" "-w" "/opt/rustwide/workdir" "-m" "1610612736" "--user" "0:0" "--network" "none" "ghcr.io/rust-lang/crates-build-env/linux@sha256:34b6a614d2c27851fe6cbf88fbd1137609cefab8b10d0615aaeb6fd47975d74e" "/opt/rustwide/cargo-home/bin/cargo" "+beta-2021-08-01" "metadata" "--no-deps" "--format-version=1", kill_on_drop: false }`
[INFO] [stdout] 1ee54a20d90334cc687bb0f3d482b7a1e64f35833e3b96b24d6b6ee3b290a378
[INFO] [stderr] WARNING: Your kernel does not support swap limit capabilities or the cgroup is not mounted. Memory limited without swap.
[INFO] running `Command { std: "docker" "start" "-a" "1ee54a20d90334cc687bb0f3d482b7a1e64f35833e3b96b24d6b6ee3b290a378", kill_on_drop: false }`
[INFO] running `Command { std: "docker" "inspect" "1ee54a20d90334cc687bb0f3d482b7a1e64f35833e3b96b24d6b6ee3b290a378", kill_on_drop: false }`
[INFO] running `Command { std: "docker" "rm" "-f" "1ee54a20d90334cc687bb0f3d482b7a1e64f35833e3b96b24d6b6ee3b290a378", kill_on_drop: false }`
[INFO] [stdout] 1ee54a20d90334cc687bb0f3d482b7a1e64f35833e3b96b24d6b6ee3b290a378
[INFO] running `Command { std: "docker" "create" "-v" "/var/lib/crater-agent-workspace/builds/worker-5/target:/opt/rustwide/target:rw,Z" "-v" "/var/lib/crater-agent-workspace/builds/worker-5/source:/opt/rustwide/workdir:ro,Z" "-v" "/var/lib/crater-agent-workspace/cargo-home:/opt/rustwide/cargo-home:ro,Z" "-v" "/var/lib/crater-agent-workspace/rustup-home:/opt/rustwide/rustup-home:ro,Z" "-e" "SOURCE_DIR=/opt/rustwide/workdir" "-e" "CARGO_TARGET_DIR=/opt/rustwide/target" "-e" "CARGO_INCREMENTAL=0" "-e" "RUST_BACKTRACE=full" "-e" "RUSTFLAGS=--cap-lints=warn" "-e" "CARGO_HOME=/opt/rustwide/cargo-home" "-e" "RUSTUP_HOME=/opt/rustwide/rustup-home" "-w" "/opt/rustwide/workdir" "-m" "1610612736" "--user" "0:0" "--network" "none" "ghcr.io/rust-lang/crates-build-env/linux@sha256:34b6a614d2c27851fe6cbf88fbd1137609cefab8b10d0615aaeb6fd47975d74e" "/opt/rustwide/cargo-home/bin/cargo" "+beta-2021-08-01" "build" "--frozen" "--message-format=json", kill_on_drop: false }`
[INFO] [stderr] WARNING: Your kernel does not support swap limit capabilities or the cgroup is not mounted. Memory limited without swap.
[INFO] [stdout] be2fe8c57d92e4b1ec949be155b133fb924323293971e89e115dac317f049e30
[INFO] running `Command { std: "docker" "start" "-a" "be2fe8c57d92e4b1ec949be155b133fb924323293971e89e115dac317f049e30", kill_on_drop: false }`
[INFO] [stderr]    Compiling subtle v2.3.0
[INFO] [stderr]    Compiling futures-io v0.3.7
[INFO] [stderr]    Compiling slog v2.5.2
[INFO] [stderr]    Compiling snap v1.0.1
[INFO] [stderr]    Compiling hashbrown v0.9.1
[INFO] [stderr]    Compiling futures-channel v0.3.7
[INFO] [stderr]    Compiling ring v0.16.15
[INFO] [stderr]    Compiling blake2b_simd v0.5.11
[INFO] [stderr]    Compiling blake2s_simd v0.5.11
[INFO] [stderr]    Compiling ed25519 v1.0.3
[INFO] [stderr]    Compiling rlp v0.4.6
[INFO] [stderr]    Compiling which v3.1.1
[INFO] [stderr]    Compiling parking_lot_core v0.8.0
[INFO] [stderr]    Compiling net2 v0.2.35
[INFO] [stderr]    Compiling iovec v0.1.4
[INFO] [stderr]    Compiling rand v0.5.6
[INFO] [stderr]    Compiling dirs-sys v0.3.5
[INFO] [stderr]    Compiling socket2 v0.3.15
[INFO] [stderr]    Compiling time v0.1.44
[INFO] [stderr]    Compiling if-addrs v0.6.5
[INFO] [stderr]    Compiling uint v0.5.0
[INFO] [stderr]    Compiling impl-rlp v0.2.1
[INFO] [stderr]    Compiling quote v0.6.13
[INFO] [stderr]    Compiling mio v0.6.22
[INFO] [stderr]    Compiling indexmap v1.6.0
[INFO] [stderr]    Compiling lru v0.6.1
[INFO] [stderr]    Compiling parking_lot v0.11.0
[INFO] [stderr]    Compiling universal-hash v0.4.0
[INFO] [stderr]    Compiling crypto-mac v0.8.0
[INFO] [stderr]    Compiling block-buffer v0.7.3
[INFO] [stderr]    Compiling futures-macro v0.3.7
[INFO] [stderr]    Compiling prost-derive v0.6.1
[INFO] [stderr]    Compiling synstructure v0.12.4
[INFO] [stderr]    Compiling thiserror-impl v1.0.21
[INFO] [stderr]    Compiling asn1_der_derive v0.1.2
[INFO] [stderr]    Compiling minicbor-derive v0.5.0
[INFO] [stderr]    Compiling libp2p-core-derive v0.20.2
[INFO] [stderr]    Compiling dirs v2.0.2
[INFO] [stderr]    Compiling prost-build v0.6.1
[INFO] [stderr]    Compiling sha3 v0.9.1
[INFO] [stderr]    Compiling sha-1 v0.9.2
[INFO] [stderr]    Compiling aes-soft v0.5.0
[INFO] [stderr]    Compiling fixed-hash v0.3.2
[INFO] [stderr]    Compiling syn v0.15.44
[INFO] [stderr]    Compiling env_logger v0.8.1
[INFO] [stderr]    Compiling chrono v0.4.19
[INFO] [stderr]    Compiling blake2 v0.9.1
[INFO] [stderr]    Compiling sha2 v0.8.2
[INFO] [stderr]    Compiling polyval v0.4.1
[INFO] [stderr]    Compiling poly1305 v0.6.1
[INFO] [stderr]    Compiling petgraph v0.5.1
[INFO] [stderr]    Compiling mio-uds v0.6.8
[INFO] [stderr]    Compiling term v0.6.1
[INFO] [stderr]    Compiling impl-serde v0.2.3
[INFO] [stderr]    Compiling ethereum-types-serialize v0.2.2
[INFO] [stderr]    Compiling aes v0.5.0
[INFO] [stderr]    Compiling tempfile v3.1.0
[INFO] [stderr]    Compiling ghash v0.3.0
[INFO] [stderr]    Compiling tokio v0.2.22
[INFO] [stderr]    Compiling zeroize_derive v1.0.1
[INFO] [stderr]    Compiling libsecp256k1 v0.3.5
[INFO] [stderr]    Compiling slog-async v2.5.0
[INFO] [stderr]    Compiling asn1_der v0.6.3
[INFO] [stderr]    Compiling slog-term v2.6.0
[INFO] [stderr]    Compiling ethbloom v0.6.4
[INFO] [stderr]    Compiling futures-util v0.3.7
[INFO] [stderr]    Compiling aes-gcm v0.7.0
[INFO] [stderr]    Compiling snow v0.7.2
[INFO] [stderr]    Compiling thiserror v1.0.21
[INFO] [stderr]    Compiling ethereum-types v0.5.2
[INFO] [stderr]    Compiling eth2_ssz_derive v0.1.0
[INFO] [stderr]    Compiling minicbor v0.6.0
[INFO] [stderr]    Compiling zeroize v1.1.1
[INFO] [stderr]    Compiling curve25519-dalek v3.0.0
[INFO] [stderr]    Compiling chacha20 v0.5.0
[INFO] [stderr]    Compiling prost v0.6.1
[INFO] [stderr]    Compiling chacha20poly1305 v0.6.0
[INFO] [stderr]    Compiling eth2_ssz v0.1.2
[INFO] [stderr]    Compiling prost-types v0.6.1
[INFO] [stderr]    Compiling ed25519-dalek v1.0.1
[INFO] [stderr]    Compiling x25519-dalek v1.1.0
[INFO] [stderr]    Compiling futures-executor v0.3.7
[INFO] [stderr]    Compiling tokio-util v0.3.1
[INFO] [stderr]    Compiling tokio-io-timeout v0.4.0
[INFO] [stderr]    Compiling futures v0.3.7
[INFO] [stderr]    Compiling unsigned-varint v0.3.3 (https://github.com/sigp/unsigned-varint?branch=latest-codecs#76fc4234)
[INFO] [stderr]    Compiling futures_codec v0.4.1
[INFO] [stderr]    Compiling rw-stream-sink v0.2.1
[INFO] [stderr]    Compiling wasm-timer v0.2.5
[INFO] [stderr]    Compiling unsigned-varint v0.5.1
[INFO] [stderr]    Compiling multihash v0.11.4
[INFO] [stderr]    Compiling multistream-select v0.8.4
[INFO] [stderr]    Compiling libp2p-core v0.23.1
[INFO] [stderr]    Compiling libp2p-noise v0.25.0
[INFO] [stderr]    Compiling libp2p-identify v0.23.0
[INFO] [stderr]    Compiling parity-multiaddr v0.9.3
[INFO] [stderr]    Compiling libp2p-swarm v0.23.0
[INFO] [stderr]    Compiling libp2p-mplex v0.23.1
[INFO] [stderr]    Compiling libp2p-tcp v0.23.0
[INFO] [stderr]    Compiling libp2p v0.29.1
[INFO] [stderr]    Compiling libp2p_test v0.1.0 (/opt/rustwide/workdir)
[INFO] [stderr]     Finished dev [unoptimized + debuginfo] target(s) in 1m 20s
[INFO] running `Command { std: "docker" "inspect" "be2fe8c57d92e4b1ec949be155b133fb924323293971e89e115dac317f049e30", kill_on_drop: false }`
[INFO] running `Command { std: "docker" "rm" "-f" "be2fe8c57d92e4b1ec949be155b133fb924323293971e89e115dac317f049e30", kill_on_drop: false }`
[INFO] [stdout] be2fe8c57d92e4b1ec949be155b133fb924323293971e89e115dac317f049e30
[INFO] running `Command { std: "docker" "create" "-v" "/var/lib/crater-agent-workspace/builds/worker-5/target:/opt/rustwide/target:rw,Z" "-v" "/var/lib/crater-agent-workspace/builds/worker-5/source:/opt/rustwide/workdir:ro,Z" "-v" "/var/lib/crater-agent-workspace/cargo-home:/opt/rustwide/cargo-home:ro,Z" "-v" "/var/lib/crater-agent-workspace/rustup-home:/opt/rustwide/rustup-home:ro,Z" "-e" "SOURCE_DIR=/opt/rustwide/workdir" "-e" "CARGO_TARGET_DIR=/opt/rustwide/target" "-e" "CARGO_INCREMENTAL=0" "-e" "RUST_BACKTRACE=full" "-e" "RUSTFLAGS=--cap-lints=warn" "-e" "CARGO_HOME=/opt/rustwide/cargo-home" "-e" "RUSTUP_HOME=/opt/rustwide/rustup-home" "-w" "/opt/rustwide/workdir" "-m" "1610612736" "--user" "0:0" "--network" "none" "ghcr.io/rust-lang/crates-build-env/linux@sha256:34b6a614d2c27851fe6cbf88fbd1137609cefab8b10d0615aaeb6fd47975d74e" "/opt/rustwide/cargo-home/bin/cargo" "+beta-2021-08-01" "test" "--frozen" "--no-run" "--message-format=json", kill_on_drop: false }`
[INFO] [stderr] WARNING: Your kernel does not support swap limit capabilities or the cgroup is not mounted. Memory limited without swap.
[INFO] [stdout] 0d225da54bdd82af5d652672ab7c7d7ca7f052713d47912fb0533b4d034da8d9
[INFO] running `Command { std: "docker" "start" "-a" "0d225da54bdd82af5d652672ab7c7d7ca7f052713d47912fb0533b4d034da8d9", kill_on_drop: false }`
[INFO] [stderr]    Compiling libp2p_test v0.1.0 (/opt/rustwide/workdir)
[INFO] [stdout] error[E0432]: unresolved import `crate::rpc::methods::StatusMessage`
[INFO] [stdout]    --> src/rpc/codec/base.rs:159:9
[INFO] [stdout]     |
[INFO] [stdout] 159 |     use crate::rpc::methods::StatusMessage;
[INFO] [stdout]     |         ^^^^^^^^^^^^^^^^^^^^^^^^^^^^^^^^^^ no `StatusMessage` in `rpc::methods`
[INFO] [stdout] 
[INFO] [stdout] 
[INFO] [stdout] error[E0432]: unresolved import `types`
[INFO] [stdout]    --> src/rpc/codec/base.rs:164:9
[INFO] [stdout]     |
[INFO] [stdout] 164 |     use types::{Epoch, Hash256, Slot};
[INFO] [stdout]     |         ^^^^^ use of undeclared crate or module `types`
[INFO] [stdout] 
[INFO] [stdout] 
[INFO] [stdout] error[E0433]: failed to resolve: use of undeclared crate or module `types`
[INFO] [stdout]    --> src/rpc/codec/base.rs:167:17
[INFO] [stdout]     |
[INFO] [stdout] 167 |     type Spec = types::MainnetEthSpec;
[INFO] [stdout]     |                 ^^^^^ use of undeclared crate or module `types`
[INFO] [stdout] 
[INFO] [stdout] 
[INFO] [stdout] error[E0433]: failed to resolve: use of undeclared crate or module `hex`
[INFO] [stdout]    --> src/rpc/codec/base.rs:171:23
[INFO] [stdout]     |
[INFO] [stdout] 171 | ...   let message = hex::decode("ff060000734e615070590032000006e71e7b54989925efd6c9cbcb8ceb9b5f71216f5137282bf6a1e3b50f64e42d6c7fb347abe0...
[INFO] [stdout]     |                     ^^^ use of undeclared crate or module `hex`
[INFO] [stdout] 
[INFO] [stdout] 
[INFO] [stdout] error[E0599]: no variant or associated item named `Status` found for enum `protocol::Protocol` in the current scope
[INFO] [stdout]    --> src/rpc/codec/base.rs:176:39
[INFO] [stdout]     |
[INFO] [stdout] 176 |             ProtocolId::new(Protocol::Status, Version::V1, Encoding::SSZSnappy);
[INFO] [stdout]     |                                       ^^^^^^ variant or associated item not found in `protocol::Protocol`
[INFO] [stdout]     | 
[INFO] [stdout]    ::: src/rpc/protocol.rs:34:1
[INFO] [stdout]     |
[INFO] [stdout] 34  | pub enum Protocol {
[INFO] [stdout]     | ----------------- variant or associated item `Status` not found here
[INFO] [stdout] 
[INFO] [stdout] 
[INFO] [stdout] error[E0107]: this struct takes 0 generic arguments but 1 generic argument was supplied
[INFO] [stdout]    --> src/rpc/codec/base.rs:179:13
[INFO] [stdout]     |
[INFO] [stdout] 179 |             SSZSnappyOutboundCodec::<Spec>::new(snappy_protocol_id, 1_048_576);
[INFO] [stdout]     |             ^^^^^^^^^^^^^^^^^^^^^^-------- help: remove these generics
[INFO] [stdout]     |             |
[INFO] [stdout]     |             expected 0 generic arguments
[INFO] [stdout]     |
[INFO] [stdout] note: struct defined here, with 0 generic parameters
[INFO] [stdout]    --> src/rpc/codec/ssz_snappy.rs:134:12
[INFO] [stdout]     |
[INFO] [stdout] 134 | pub struct SSZSnappyOutboundCodec {
[INFO] [stdout]     |            ^^^^^^^^^^^^^^^^^^^^^^
[INFO] [stdout] 
[INFO] [stdout] 
[INFO] [stdout] error[E0599]: no variant or associated item named `Status` found for enum `protocol::Protocol` in the current scope
[INFO] [stdout]    --> src/rpc/codec/base.rs:240:39
[INFO] [stdout]     |
[INFO] [stdout] 240 |             ProtocolId::new(Protocol::Status, Version::V1, Encoding::SSZSnappy);
[INFO] [stdout]     |                                       ^^^^^^ variant or associated item not found in `protocol::Protocol`
[INFO] [stdout]     | 
[INFO] [stdout]    ::: src/rpc/protocol.rs:34:1
[INFO] [stdout]     |
[INFO] [stdout] 34  | pub enum Protocol {
[INFO] [stdout]     | ----------------- variant or associated item `Status` not found here
[INFO] [stdout] 
[INFO] [stdout] 
[INFO] [stdout] error[E0107]: this struct takes 0 generic arguments but 1 generic argument was supplied
[INFO] [stdout]    --> src/rpc/codec/base.rs:243:13
[INFO] [stdout]     |
[INFO] [stdout] 243 |             SSZSnappyOutboundCodec::<Spec>::new(snappy_protocol_id, 1_048_576);
[INFO] [stdout]     |             ^^^^^^^^^^^^^^^^^^^^^^-------- help: remove these generics
[INFO] [stdout]     |             |
[INFO] [stdout]     |             expected 0 generic arguments
[INFO] [stdout]     |
[INFO] [stdout] note: struct defined here, with 0 generic parameters
[INFO] [stdout]    --> src/rpc/codec/ssz_snappy.rs:134:12
[INFO] [stdout]     |
[INFO] [stdout] 134 | pub struct SSZSnappyOutboundCodec {
[INFO] [stdout]     |            ^^^^^^^^^^^^^^^^^^^^^^
[INFO] [stdout] 
[INFO] [stdout] 
[INFO] [stdout] warning: unused import: `ssz::Encode`
[INFO] [stdout]    --> src/rpc/codec/base.rs:162:9
[INFO] [stdout]     |
[INFO] [stdout] 162 |     use ssz::Encode;
[INFO] [stdout]     |         ^^^^^^^^^^^
[INFO] [stdout]     |
[INFO] [stdout]     = note: `#[warn(unused_imports)]` on by default
[INFO] [stdout] 
[INFO] [stdout] 
[INFO] [stdout] error: aborting due to 8 previous errors; 1 warning emitted
[INFO] [stdout] 
[INFO] [stdout] 
[INFO] [stdout] Some errors have detailed explanations: E0107, E0432, E0433, E0599.
[INFO] [stdout] 
[INFO] [stdout] For more information about an error, try `rustc --explain E0107`.
[INFO] [stdout] 
[INFO] [stderr] error: could not compile `libp2p_test` due to 9 previous errors; 1 warning emitted
[INFO] running `Command { std: "docker" "inspect" "0d225da54bdd82af5d652672ab7c7d7ca7f052713d47912fb0533b4d034da8d9", kill_on_drop: false }`
[INFO] running `Command { std: "docker" "rm" "-f" "0d225da54bdd82af5d652672ab7c7d7ca7f052713d47912fb0533b4d034da8d9", kill_on_drop: false }`
[INFO] [stdout] 0d225da54bdd82af5d652672ab7c7d7ca7f052713d47912fb0533b4d034da8d9
