[INFO] cloning repository https://github.com/paulgoleary/sgx-dev
[INFO] running `Command { std: "git" "-c" "credential.helper=" "-c" "credential.helper=/workspace/cargo-home/bin/git-credential-null" "clone" "--bare" "https://github.com/paulgoleary/sgx-dev" "/workspace/cache/git-repos/https%3A%2F%2Fgithub.com%2Fpaulgoleary%2Fsgx-dev", kill_on_drop: false }`
[INFO] [stderr] Cloning into bare repository '/workspace/cache/git-repos/https%3A%2F%2Fgithub.com%2Fpaulgoleary%2Fsgx-dev'...
[INFO] running `Command { std: "git" "rev-parse" "HEAD", kill_on_drop: false }`
[INFO] [stdout] eb3bb41c470eda448711318b03176010b5ac6c49
[INFO] testing paulgoleary/sgx-dev against beta-2021-08-01 for beta-1.55-1
[INFO] running `Command { std: "git" "clone" "/workspace/cache/git-repos/https%3A%2F%2Fgithub.com%2Fpaulgoleary%2Fsgx-dev" "/workspace/builds/worker-3/source", kill_on_drop: false }`
[INFO] [stderr] Cloning into '/workspace/builds/worker-3/source'...
[INFO] [stderr] done.
[INFO] validating manifest of git repo https://github.com/paulgoleary/sgx-dev on toolchain beta-2021-08-01
[INFO] running `Command { std: "/workspace/cargo-home/bin/cargo" "+beta-2021-08-01" "metadata" "--manifest-path" "Cargo.toml" "--no-deps", kill_on_drop: false }`
[INFO] started tweaking git repo https://github.com/paulgoleary/sgx-dev
[INFO] finished tweaking git repo https://github.com/paulgoleary/sgx-dev
[INFO] tweaked toml for git repo https://github.com/paulgoleary/sgx-dev written to /workspace/builds/worker-3/source/Cargo.toml
[INFO] crate git repo https://github.com/paulgoleary/sgx-dev already has a lockfile, it will not be regenerated
[INFO] running `Command { std: "/workspace/cargo-home/bin/cargo" "+beta-2021-08-01" "fetch" "--manifest-path" "Cargo.toml", kill_on_drop: false }`
[INFO] [stderr]     Blocking waiting for file lock on package cache
[INFO] [stderr]  Downloading crates ...
[INFO] [stderr]   Downloaded sgx-isa v0.2.0
[INFO] running `Command { std: "docker" "create" "-v" "/var/lib/crater-agent-workspace/builds/worker-3/target:/opt/rustwide/target:rw,Z" "-v" "/var/lib/crater-agent-workspace/builds/worker-3/source:/opt/rustwide/workdir:ro,Z" "-v" "/var/lib/crater-agent-workspace/cargo-home:/opt/rustwide/cargo-home:ro,Z" "-v" "/var/lib/crater-agent-workspace/rustup-home:/opt/rustwide/rustup-home:ro,Z" "-e" "SOURCE_DIR=/opt/rustwide/workdir" "-e" "CARGO_TARGET_DIR=/opt/rustwide/target" "-e" "CARGO_HOME=/opt/rustwide/cargo-home" "-e" "RUSTUP_HOME=/opt/rustwide/rustup-home" "-w" "/opt/rustwide/workdir" "-m" "1610612736" "--user" "0:0" "--network" "none" "ghcr.io/rust-lang/crates-build-env/linux@sha256:34b6a614d2c27851fe6cbf88fbd1137609cefab8b10d0615aaeb6fd47975d74e" "/opt/rustwide/cargo-home/bin/cargo" "+beta-2021-08-01" "metadata" "--no-deps" "--format-version=1", kill_on_drop: false }`
[INFO] [stderr] WARNING: Your kernel does not support swap limit capabilities or the cgroup is not mounted. Memory limited without swap.
[INFO] [stdout] 43d7f438c514c66c1db93d71898105cc456afbebc8a657ae05b1ceeb8c6aaf83
[INFO] running `Command { std: "docker" "start" "-a" "43d7f438c514c66c1db93d71898105cc456afbebc8a657ae05b1ceeb8c6aaf83", kill_on_drop: false }`
[INFO] running `Command { std: "docker" "inspect" "43d7f438c514c66c1db93d71898105cc456afbebc8a657ae05b1ceeb8c6aaf83", kill_on_drop: false }`
[INFO] running `Command { std: "docker" "rm" "-f" "43d7f438c514c66c1db93d71898105cc456afbebc8a657ae05b1ceeb8c6aaf83", kill_on_drop: false }`
[INFO] [stdout] 43d7f438c514c66c1db93d71898105cc456afbebc8a657ae05b1ceeb8c6aaf83
[INFO] running `Command { std: "docker" "create" "-v" "/var/lib/crater-agent-workspace/builds/worker-3/target:/opt/rustwide/target:rw,Z" "-v" "/var/lib/crater-agent-workspace/builds/worker-3/source:/opt/rustwide/workdir:ro,Z" "-v" "/var/lib/crater-agent-workspace/cargo-home:/opt/rustwide/cargo-home:ro,Z" "-v" "/var/lib/crater-agent-workspace/rustup-home:/opt/rustwide/rustup-home:ro,Z" "-e" "SOURCE_DIR=/opt/rustwide/workdir" "-e" "CARGO_TARGET_DIR=/opt/rustwide/target" "-e" "CARGO_INCREMENTAL=0" "-e" "RUST_BACKTRACE=full" "-e" "RUSTFLAGS=--cap-lints=warn" "-e" "CARGO_HOME=/opt/rustwide/cargo-home" "-e" "RUSTUP_HOME=/opt/rustwide/rustup-home" "-w" "/opt/rustwide/workdir" "-m" "1610612736" "--user" "0:0" "--network" "none" "ghcr.io/rust-lang/crates-build-env/linux@sha256:34b6a614d2c27851fe6cbf88fbd1137609cefab8b10d0615aaeb6fd47975d74e" "/opt/rustwide/cargo-home/bin/cargo" "+beta-2021-08-01" "build" "--frozen" "--message-format=json", kill_on_drop: false }`
[INFO] [stderr] WARNING: Your kernel does not support swap limit capabilities or the cgroup is not mounted. Memory limited without swap.
[INFO] [stdout] 71097ec8d79df2903c60d8561aa9be977d9f0a44722006f7eb676ff9a253fc10
[INFO] running `Command { std: "docker" "start" "-a" "71097ec8d79df2903c60d8561aa9be977d9f0a44722006f7eb676ff9a253fc10", kill_on_drop: false }`
[INFO] [stderr]    Compiling rand_core v0.4.2
[INFO] [stderr]    Compiling autocfg v0.1.7
[INFO] [stderr]    Compiling libc v0.2.76
[INFO] [stderr]    Compiling bitflags v1.2.1
[INFO] [stderr]    Compiling rand_core v0.3.1
[INFO] [stderr]    Compiling rand_jitter v0.1.4
[INFO] [stderr]    Compiling rand_isaac v0.1.1
[INFO] [stderr]    Compiling rand_xorshift v0.1.1
[INFO] [stderr]    Compiling rand_hc v0.1.0
[INFO] [stderr]    Compiling rand_chacha v0.1.1
[INFO] [stderr]    Compiling rand_pcg v0.1.2
[INFO] [stderr]    Compiling rand v0.6.5
[INFO] [stderr]    Compiling sgx-isa v0.2.0
[INFO] [stderr]    Compiling rand_os v0.1.3
[INFO] [stderr]    Compiling sgx-dev v0.1.0 (/opt/rustwide/workdir)
[INFO] [stdout] error[E0599]: no method named `egetkey` found for struct `Keyrequest` in the current scope
[INFO] [stdout]   --> src/utils/mod.rs:41:7
[INFO] [stdout]    |
[INFO] [stdout] 41 |     }.egetkey()
[INFO] [stdout]    |       ^^^^^^^ method not found in `Keyrequest`
[INFO] [stdout] 
[INFO] [stdout] 
[INFO] [stdout] error[E0599]: no function or associated item named `for_self` found for struct `sgx_isa::Report` in the current scope
[INFO] [stdout]   --> src/utils/mod.rs:56:26
[INFO] [stdout]    |
[INFO] [stdout] 56 |     let report = Report::for_self();
[INFO] [stdout]    |                          ^^^^^^^^ function or associated item not found in `sgx_isa::Report`
[INFO] [stdout] 
[INFO] [stdout] 
[INFO] [stdout] error[E0599]: no function or associated item named `for_self` found for struct `sgx_isa::Report` in the current scope
[INFO] [stdout]   --> src/utils/mod.rs:88:26
[INFO] [stdout]    |
[INFO] [stdout] 88 |     let report = Report::for_self();
[INFO] [stdout]    |                          ^^^^^^^^ function or associated item not found in `sgx_isa::Report`
[INFO] [stdout] 
[INFO] [stdout] 
[INFO] [stdout] error: aborting due to 3 previous errors
[INFO] [stdout] 
[INFO] [stdout] 
[INFO] [stdout] For more information about this error, try `rustc --explain E0599`.
[INFO] [stdout] 
[INFO] [stderr] error: could not compile `sgx-dev` due to 4 previous errors
[INFO] running `Command { std: "docker" "inspect" "71097ec8d79df2903c60d8561aa9be977d9f0a44722006f7eb676ff9a253fc10", kill_on_drop: false }`
[INFO] running `Command { std: "docker" "rm" "-f" "71097ec8d79df2903c60d8561aa9be977d9f0a44722006f7eb676ff9a253fc10", kill_on_drop: false }`
[INFO] [stdout] 71097ec8d79df2903c60d8561aa9be977d9f0a44722006f7eb676ff9a253fc10
