[INFO] cloning repository https://github.com/paritytech/pwasm-repo-contract
[INFO] running `Command { std: "git" "-c" "credential.helper=" "-c" "credential.helper=/workspace/cargo-home/bin/git-credential-null" "clone" "--bare" "https://github.com/paritytech/pwasm-repo-contract" "/workspace/cache/git-repos/https%3A%2F%2Fgithub.com%2Fparitytech%2Fpwasm-repo-contract", kill_on_drop: false }`
[INFO] [stderr] Cloning into bare repository '/workspace/cache/git-repos/https%3A%2F%2Fgithub.com%2Fparitytech%2Fpwasm-repo-contract'...
[INFO] running `Command { std: "git" "rev-parse" "HEAD", kill_on_drop: false }`
[INFO] [stdout] a72d902e9e87c945d32fec73dedeac7aeec025bd
[INFO] testing paritytech/pwasm-repo-contract against beta-2021-08-01 for beta-1.55-1
[INFO] running `Command { std: "git" "clone" "/workspace/cache/git-repos/https%3A%2F%2Fgithub.com%2Fparitytech%2Fpwasm-repo-contract" "/workspace/builds/worker-3/source", kill_on_drop: false }`
[INFO] [stderr] Cloning into '/workspace/builds/worker-3/source'...
[INFO] [stderr] done.
[INFO] validating manifest of git repo https://github.com/paritytech/pwasm-repo-contract on toolchain beta-2021-08-01
[INFO] running `Command { std: "/workspace/cargo-home/bin/cargo" "+beta-2021-08-01" "metadata" "--manifest-path" "Cargo.toml" "--no-deps", kill_on_drop: false }`
[INFO] removed /workspace/builds/worker-3/source/.cargo/config
[INFO] removed /workspace/builds/worker-3/source/rust-toolchain
[INFO] started tweaking git repo https://github.com/paritytech/pwasm-repo-contract
[INFO] finished tweaking git repo https://github.com/paritytech/pwasm-repo-contract
[INFO] tweaked toml for git repo https://github.com/paritytech/pwasm-repo-contract written to /workspace/builds/worker-3/source/Cargo.toml
[INFO] crate git repo https://github.com/paritytech/pwasm-repo-contract already has a lockfile, it will not be regenerated
[INFO] running `Command { std: "/workspace/cargo-home/bin/cargo" "+beta-2021-08-01" "fetch" "--manifest-path" "Cargo.toml", kill_on_drop: false }`
[INFO] [stderr]     Updating git repository `https://github.com/paritytech/pwasm-token-example`
[INFO] [stderr]  Downloading crates ...
[INFO] [stderr]   Downloaded pwasm-std v0.10.0
[INFO] [stderr]   Downloaded bigint v4.4.0
[INFO] [stderr]   Downloaded pwasm-abi-derive v0.1.5
[INFO] [stderr]   Downloaded parity-hash v1.2.0
[INFO] [stderr]   Downloaded pwasm-abi v0.1.7
[INFO] [stderr]   Downloaded pwasm-alloc v0.4.0
[INFO] [stderr]   Downloaded pwasm-ethereum v0.6.1
[INFO] running `Command { std: "docker" "create" "-v" "/var/lib/crater-agent-workspace/builds/worker-3/target:/opt/rustwide/target:rw,Z" "-v" "/var/lib/crater-agent-workspace/builds/worker-3/source:/opt/rustwide/workdir:ro,Z" "-v" "/var/lib/crater-agent-workspace/cargo-home:/opt/rustwide/cargo-home:ro,Z" "-v" "/var/lib/crater-agent-workspace/rustup-home:/opt/rustwide/rustup-home:ro,Z" "-e" "SOURCE_DIR=/opt/rustwide/workdir" "-e" "CARGO_TARGET_DIR=/opt/rustwide/target" "-e" "CARGO_HOME=/opt/rustwide/cargo-home" "-e" "RUSTUP_HOME=/opt/rustwide/rustup-home" "-w" "/opt/rustwide/workdir" "-m" "1610612736" "--user" "0:0" "--network" "none" "ghcr.io/rust-lang/crates-build-env/linux@sha256:34b6a614d2c27851fe6cbf88fbd1137609cefab8b10d0615aaeb6fd47975d74e" "/opt/rustwide/cargo-home/bin/cargo" "+beta-2021-08-01" "metadata" "--no-deps" "--format-version=1", kill_on_drop: false }`
[INFO] [stderr] WARNING: Your kernel does not support swap limit capabilities or the cgroup is not mounted. Memory limited without swap.
[INFO] [stdout] a81736a48d23f99c03a886ab95ce1c720d32fd81e9e168511ff67d7570f64f54
[INFO] running `Command { std: "docker" "start" "-a" "a81736a48d23f99c03a886ab95ce1c720d32fd81e9e168511ff67d7570f64f54", kill_on_drop: false }`
[INFO] running `Command { std: "docker" "inspect" "a81736a48d23f99c03a886ab95ce1c720d32fd81e9e168511ff67d7570f64f54", kill_on_drop: false }`
[INFO] running `Command { std: "docker" "rm" "-f" "a81736a48d23f99c03a886ab95ce1c720d32fd81e9e168511ff67d7570f64f54", kill_on_drop: false }`
[INFO] [stdout] a81736a48d23f99c03a886ab95ce1c720d32fd81e9e168511ff67d7570f64f54
[INFO] running `Command { std: "docker" "create" "-v" "/var/lib/crater-agent-workspace/builds/worker-3/target:/opt/rustwide/target:rw,Z" "-v" "/var/lib/crater-agent-workspace/builds/worker-3/source:/opt/rustwide/workdir:ro,Z" "-v" "/var/lib/crater-agent-workspace/cargo-home:/opt/rustwide/cargo-home:ro,Z" "-v" "/var/lib/crater-agent-workspace/rustup-home:/opt/rustwide/rustup-home:ro,Z" "-e" "SOURCE_DIR=/opt/rustwide/workdir" "-e" "CARGO_TARGET_DIR=/opt/rustwide/target" "-e" "CARGO_INCREMENTAL=0" "-e" "RUST_BACKTRACE=full" "-e" "RUSTFLAGS=--cap-lints=warn" "-e" "CARGO_HOME=/opt/rustwide/cargo-home" "-e" "RUSTUP_HOME=/opt/rustwide/rustup-home" "-w" "/opt/rustwide/workdir" "-m" "1610612736" "--user" "0:0" "--network" "none" "ghcr.io/rust-lang/crates-build-env/linux@sha256:34b6a614d2c27851fe6cbf88fbd1137609cefab8b10d0615aaeb6fd47975d74e" "/opt/rustwide/cargo-home/bin/cargo" "+beta-2021-08-01" "build" "--frozen" "--message-format=json", kill_on_drop: false }`
[INFO] [stdout] 4db2bd871d5d50828926a17bbc4e38fc1741d2d5e4382b66171388b9c76984a3
[INFO] [stderr] WARNING: Your kernel does not support swap limit capabilities or the cgroup is not mounted. Memory limited without swap.
[INFO] running `Command { std: "docker" "start" "-a" "4db2bd871d5d50828926a17bbc4e38fc1741d2d5e4382b66171388b9c76984a3", kill_on_drop: false }`
[INFO] [stderr]    Compiling crunchy v0.1.6
[INFO] [stderr]    Compiling wee_alloc v0.4.2
[INFO] [stderr]    Compiling proc-macro2 v0.4.12
[INFO] [stderr]    Compiling cfg-if v0.1.5
[INFO] [stderr]    Compiling byteorder v1.2.4
[INFO] [stderr]    Compiling libc v0.2.43
[INFO] [stderr]    Compiling rustc-hex v1.0.0
[INFO] [stderr]    Compiling rlibc v1.0.0
[INFO] [stderr]    Compiling serde v1.0.71
[INFO] [stderr]    Compiling itoa v0.4.2
[INFO] [stderr]    Compiling synom v0.11.3
[INFO] [stderr]    Compiling pwasm-libc v0.2.0
[INFO] [stderr]    Compiling syn v0.11.11
[INFO] [stderr]    Compiling bigint v4.4.0
[INFO] [stderr]    Compiling tiny-keccak v1.4.2
[INFO] [stdout] error[E0432]: unresolved import `core::alloc::AllocErr`
[INFO] [stdout]  --> /opt/rustwide/cargo-home/registry/src/github.com-1ecc6299db9ec823/wee_alloc-0.4.2/src/size_classes.rs:3:5
[INFO] [stdout]   |
[INFO] [stdout] 3 | use core::alloc::AllocErr;
[INFO] [stdout]   |     ^^^^^^^^^^^^^--------
[INFO] [stdout]   |     |            |
[INFO] [stdout]   |     |            help: a similar name exists in the module: `AllocError`
[INFO] [stdout]   |     no `AllocErr` in `alloc`
[INFO] [stdout] 
[INFO] [stdout] 
[INFO] [stdout] error[E0432]: unresolved imports `core::alloc::Alloc`, `core::alloc::AllocErr`
[INFO] [stdout]    --> /opt/rustwide/cargo-home/registry/src/github.com-1ecc6299db9ec823/wee_alloc-0.4.2/src/lib.rs:275:19
[INFO] [stdout]     |
[INFO] [stdout] 275 | use core::alloc::{Alloc, AllocErr, GlobalAlloc, Layout};
[INFO] [stdout]     |                   ^^^^^  ^^^^^^^^
[INFO] [stdout]     |                   |      |
[INFO] [stdout]     |                   |      no `AllocErr` in `alloc`
[INFO] [stdout]     |                   |      help: a similar name exists in the module: `AllocError`
[INFO] [stdout]     |                   no `Alloc` in `alloc`
[INFO] [stdout] 
[INFO] [stdout] 
[INFO] [stdout] error[E0432]: unresolved import `core::alloc::AllocErr`
[INFO] [stdout]  --> /opt/rustwide/cargo-home/registry/src/github.com-1ecc6299db9ec823/wee_alloc-0.4.2/src/imp_unix.rs:2:5
[INFO] [stdout]   |
[INFO] [stdout] 2 | use core::alloc::AllocErr;
[INFO] [stdout]   |     ^^^^^^^^^^^^^--------
[INFO] [stdout]   |     |            |
[INFO] [stdout]   |     |            help: a similar name exists in the module: `AllocError`
[INFO] [stdout]   |     no `AllocErr` in `alloc`
[INFO] [stdout] 
[INFO] [stdout] 
[INFO] [stdout] error[E0554]: `#![feature]` may not be used on the beta release channel
[INFO] [stdout]    --> /opt/rustwide/cargo-home/registry/src/github.com-1ecc6299db9ec823/wee_alloc-0.4.2/src/lib.rs:228:1
[INFO] [stdout]     |
[INFO] [stdout] 228 | #![feature(alloc, allocator_api, core_intrinsics)]
[INFO] [stdout]     | ^^^^^^^^^^^^^^^^^^^^^^^^^^^^^^^^^^^^^^^^^^^^^^^^^^
[INFO] [stdout] 
[INFO] [stdout] 
[INFO] [stdout] error: aborting due to 4 previous errors
[INFO] [stdout] 
[INFO] [stdout] 
[INFO] [stdout] Some errors have detailed explanations: E0432, E0554.
[INFO] [stdout] 
[INFO] [stdout] For more information about an error, try `rustc --explain E0432`.
[INFO] [stdout] 
[INFO] [stderr] error: could not compile `wee_alloc` due to 5 previous errors
[INFO] [stderr] warning: build failed, waiting for other jobs to finish...
[INFO] [stderr] error: build failed
[INFO] running `Command { std: "docker" "inspect" "4db2bd871d5d50828926a17bbc4e38fc1741d2d5e4382b66171388b9c76984a3", kill_on_drop: false }`
[INFO] running `Command { std: "docker" "rm" "-f" "4db2bd871d5d50828926a17bbc4e38fc1741d2d5e4382b66171388b9c76984a3", kill_on_drop: false }`
[INFO] [stdout] 4db2bd871d5d50828926a17bbc4e38fc1741d2d5e4382b66171388b9c76984a3
