[INFO] cloning repository https://github.com/paritytech/parity-ethereum
[INFO] running `Command { std: "git" "-c" "credential.helper=" "-c" "credential.helper=/workspace/cargo-home/bin/git-credential-null" "clone" "--bare" "https://github.com/paritytech/parity-ethereum" "/workspace/cache/git-repos/https%3A%2F%2Fgithub.com%2Fparitytech%2Fparity-ethereum", kill_on_drop: false }`
[INFO] [stderr] Cloning into bare repository '/workspace/cache/git-repos/https%3A%2F%2Fgithub.com%2Fparitytech%2Fparity-ethereum'...
[INFO] running `Command { std: "git" "rev-parse" "HEAD", kill_on_drop: false }`
[INFO] [stdout] 55c90d4016505317034e3e98f699af07f5404b63
[INFO] testing paritytech/parity-ethereum against beta-2021-08-01 for beta-1.55-1
[INFO] running `Command { std: "git" "clone" "/workspace/cache/git-repos/https%3A%2F%2Fgithub.com%2Fparitytech%2Fparity-ethereum" "/workspace/builds/worker-3/source", kill_on_drop: false }`
[INFO] [stderr] Cloning into '/workspace/builds/worker-3/source'...
[INFO] [stderr] done.
[INFO] validating manifest of git repo https://github.com/paritytech/parity-ethereum on toolchain beta-2021-08-01
[INFO] running `Command { std: "/workspace/cargo-home/bin/cargo" "+beta-2021-08-01" "metadata" "--manifest-path" "Cargo.toml" "--no-deps", kill_on_drop: false }`
[INFO] removed /workspace/builds/worker-3/source/.cargo/config
[INFO] started tweaking git repo https://github.com/paritytech/parity-ethereum
[INFO] finished tweaking git repo https://github.com/paritytech/parity-ethereum
[INFO] tweaked toml for git repo https://github.com/paritytech/parity-ethereum written to /workspace/builds/worker-3/source/Cargo.toml
[INFO] crate git repo https://github.com/paritytech/parity-ethereum already has a lockfile, it will not be regenerated
[INFO] running `Command { std: "/workspace/cargo-home/bin/cargo" "+beta-2021-08-01" "fetch" "--manifest-path" "Cargo.toml", kill_on_drop: false }`
[INFO] [stderr]     Updating git repository `https://github.com/paritytech/rust-ctrlc.git`
[INFO] [stderr]  Downloading crates ...
[INFO] [stderr]   Downloaded zeroize v0.9.3
[INFO] [stderr]   Downloaded jsonrpc-http-server v14.0.5
[INFO] [stderr]   Downloaded static_assertions v0.3.3
[INFO] [stderr]   Downloaded multibase v0.6.0
[INFO] [stderr]   Downloaded home v0.3.3
[INFO] [stderr]   Downloaded derive_more v0.14.0
[INFO] [stderr]   Downloaded order-stat v0.1.3
[INFO] [stderr]   Downloaded difference v1.0.0
[INFO] [stderr]   Downloaded rprompt v1.0.3
[INFO] [stderr]   Downloaded rpassword v1.0.2
[INFO] [stderr]   Downloaded logos-derive v0.7.7
[INFO] [stderr]   Downloaded parity-daemonize v0.3.0
[INFO] [stderr]   Downloaded primitive-types v0.6.1
[INFO] [stderr]   Downloaded jsonrpc-ws-server v14.0.5
[INFO] [stderr]   Downloaded parity-scale-codec v1.1.0
[INFO] [stderr]   Downloaded lunarity-lexer v0.2.1
[INFO] [stderr]   Downloaded memory-db v0.18.0
[INFO] [stderr]   Downloaded lock_api v0.1.4
[INFO] [stderr]   Downloaded parity-util-mem v0.3.0
[INFO] [stderr]   Downloaded globset v0.4.2
[INFO] [stderr]   Downloaded tokio-rustls v0.10.3
[INFO] [stderr]   Downloaded hex-literal-impl v0.2.0
[INFO] [stderr]   Downloaded rustls-native-certs v0.1.0
[INFO] [stderr]   Downloaded trace-time v0.1.1
[INFO] [stderr]   Downloaded toolshed v0.6.3
[INFO] [stderr]   Downloaded malloc_size_of_derive v0.1.1
[INFO] [stderr]   Downloaded rustls v0.16.0
[INFO] [stderr]   Downloaded jsonrpc-pubsub v14.0.5
[INFO] [stderr]   Downloaded hyper v0.12.19
[INFO] [stderr]   Downloaded pretty_assertions v0.1.2
[INFO] [stderr]   Downloaded assert_matches v1.3.0
[INFO] [stderr]   Downloaded transient-hashmap v0.4.1
[INFO] [stderr]   Downloaded kvdb-rocksdb v0.4.2
[INFO] [stderr]   Downloaded parity-secp256k1 v0.7.0
[INFO] [stderr]   Downloaded parity-wasm v0.31.3
[INFO] [stderr]   Downloaded parity-util-mem v0.4.2
[INFO] [stderr]   Downloaded bitvec v0.15.2
[INFO] [stderr]   Downloaded same-file v1.0.3
[INFO] [stderr]   Downloaded plain_hasher v0.2.0
[INFO] [stderr]   Downloaded tokio-udp v0.1.2
[INFO] [stderr]   Downloaded logos v0.7.7
[INFO] [stderr]   Downloaded tokio-threadpool v0.1.16
[INFO] [stderr]   Downloaded jsonrpc-derive v14.0.5
[INFO] [stderr]   Downloaded trie-db v0.18.0
[INFO] [stderr]   Downloaded cmake v0.1.35
[INFO] [stderr]   Downloaded wasmi v0.3.0
[INFO] [stderr]   Downloaded jsonrpc-core v14.0.5
[INFO] [stderr]   Downloaded fixed-hash v0.5.2
[INFO] [stderr]   Downloaded tokio-reactor v0.1.6
[INFO] [stderr]   Downloaded kvdb v0.3.1
[INFO] [stderr]   Downloaded ethbloom v0.8.1
[INFO] [stderr]   Downloaded kvdb-memorydb v0.3.1
[INFO] [stderr]   Downloaded ethereum-types v0.8.0
[INFO] [stderr]   Downloaded byte-slice-cast v0.3.4
[INFO] [stderr]   Downloaded uint v0.8.2
[INFO] [stderr]   Downloaded parity-crypto v0.4.2
[INFO] [stderr]   Downloaded librocksdb-sys v6.2.4
[INFO] [stderr]   Downloaded fdlimit v0.1.1
[INFO] [stderr]   Downloaded transaction-pool v2.0.1
[INFO] [stderr]   Downloaded keccak-hash v0.4.0
[INFO] [stderr]   Downloaded validator_derive v0.8.0
[INFO] [stderr]   Downloaded ethabi-derive v9.0.1
[INFO] [stderr]   Downloaded siphasher v0.3.0
[INFO] [stderr]   Downloaded tokio-io v0.1.9
[INFO] [stderr]   Downloaded keccak-hasher v0.15.0
[INFO] [stderr]   Downloaded bincode v1.1.4
[INFO] [stderr]   Downloaded rlp v0.4.4
[INFO] [stderr]   Downloaded trie-standardmap v0.15.0
[INFO] [stderr]   Downloaded serde_derive v1.0.103
[INFO] [stderr]   Downloaded serde v1.0.103
[INFO] [stderr]   Downloaded ethabi-contract v9.0.0
[INFO] [stderr]   Downloaded jsonrpc-ipc-server v14.0.6
[INFO] [stderr]   Downloaded validator v0.8.0
[INFO] [stderr]   Downloaded jsonrpc-tcp-server v14.0.3
[INFO] [stderr]   Downloaded natpmp v0.2.0
[INFO] [stderr]   Downloaded hash256-std-hasher v0.15.0
[INFO] [stderr]   Downloaded cid v0.3.0
[INFO] [stderr]   Downloaded pwasm-utils v0.6.1
[INFO] [stderr]   Downloaded zeroize_derive v0.9.3
[INFO] [stderr]   Downloaded ring v0.16.9
[INFO] [stderr]   Downloaded failsafe v0.3.0
[INFO] [stderr]   Downloaded bindgen v0.49.2
[INFO] [stderr]   Downloaded rocksdb v0.13.0
[INFO] [stderr]   Downloaded jobserver v0.1.16
[INFO] [stderr]   Downloaded ethabi v9.0.1
[INFO] [stderr]   Downloaded ws v0.9.0
[INFO] [stderr]   Downloaded vergen v3.0.4
[INFO] [stderr]   Downloaded webpki v0.21.0
[INFO] [stderr]   Downloaded integer-encoding v1.0.5
[INFO] [stderr]   Downloaded primal-sieve v0.2.9
[INFO] [stderr]   Downloaded hyper-rustls v0.18.0
[INFO] [stderr]   Downloaded schannel v0.1.16
[INFO] [stderr]   Downloaded triehash v0.8.2
[INFO] [stderr]   Downloaded jsonrpc-server-utils v14.0.3
[INFO] [stderr]   Downloaded sha1 v0.5.0
[INFO] [stderr]   Downloaded multihash v0.8.0
[INFO] running `Command { std: "docker" "create" "-v" "/var/lib/crater-agent-workspace/builds/worker-3/target:/opt/rustwide/target:rw,Z" "-v" "/var/lib/crater-agent-workspace/builds/worker-3/source:/opt/rustwide/workdir:ro,Z" "-v" "/var/lib/crater-agent-workspace/cargo-home:/opt/rustwide/cargo-home:ro,Z" "-v" "/var/lib/crater-agent-workspace/rustup-home:/opt/rustwide/rustup-home:ro,Z" "-e" "SOURCE_DIR=/opt/rustwide/workdir" "-e" "CARGO_TARGET_DIR=/opt/rustwide/target" "-e" "CARGO_HOME=/opt/rustwide/cargo-home" "-e" "RUSTUP_HOME=/opt/rustwide/rustup-home" "-w" "/opt/rustwide/workdir" "-m" "1610612736" "--user" "0:0" "--network" "none" "ghcr.io/rust-lang/crates-build-env/linux@sha256:34b6a614d2c27851fe6cbf88fbd1137609cefab8b10d0615aaeb6fd47975d74e" "/opt/rustwide/cargo-home/bin/cargo" "+beta-2021-08-01" "metadata" "--no-deps" "--format-version=1", kill_on_drop: false }`
[INFO] [stdout] 34ed7a0818111a3ddbe2d2c5cdd48f81ec7a5ece00b19301edd91dda2b0d2c04
[INFO] [stderr] WARNING: Your kernel does not support swap limit capabilities or the cgroup is not mounted. Memory limited without swap.
[INFO] running `Command { std: "docker" "start" "-a" "34ed7a0818111a3ddbe2d2c5cdd48f81ec7a5ece00b19301edd91dda2b0d2c04", kill_on_drop: false }`
[INFO] running `Command { std: "docker" "inspect" "34ed7a0818111a3ddbe2d2c5cdd48f81ec7a5ece00b19301edd91dda2b0d2c04", kill_on_drop: false }`
[INFO] running `Command { std: "docker" "rm" "-f" "34ed7a0818111a3ddbe2d2c5cdd48f81ec7a5ece00b19301edd91dda2b0d2c04", kill_on_drop: false }`
[INFO] [stdout] 34ed7a0818111a3ddbe2d2c5cdd48f81ec7a5ece00b19301edd91dda2b0d2c04
[INFO] running `Command { std: "docker" "create" "-v" "/var/lib/crater-agent-workspace/builds/worker-3/target:/opt/rustwide/target:rw,Z" "-v" "/var/lib/crater-agent-workspace/builds/worker-3/source:/opt/rustwide/workdir:ro,Z" "-v" "/var/lib/crater-agent-workspace/cargo-home:/opt/rustwide/cargo-home:ro,Z" "-v" "/var/lib/crater-agent-workspace/rustup-home:/opt/rustwide/rustup-home:ro,Z" "-e" "SOURCE_DIR=/opt/rustwide/workdir" "-e" "CARGO_TARGET_DIR=/opt/rustwide/target" "-e" "CARGO_INCREMENTAL=0" "-e" "RUST_BACKTRACE=full" "-e" "RUSTFLAGS=--cap-lints=warn" "-e" "CARGO_HOME=/opt/rustwide/cargo-home" "-e" "RUSTUP_HOME=/opt/rustwide/rustup-home" "-w" "/opt/rustwide/workdir" "-m" "1610612736" "--user" "0:0" "--network" "none" "ghcr.io/rust-lang/crates-build-env/linux@sha256:34b6a614d2c27851fe6cbf88fbd1137609cefab8b10d0615aaeb6fd47975d74e" "/opt/rustwide/cargo-home/bin/cargo" "+beta-2021-08-01" "build" "--frozen" "--message-format=json", kill_on_drop: false }`
[INFO] [stdout] df2f55ee54af931678af0c7093b9bb94665ead273b9707228f40bcf99070b7a1
[INFO] [stderr] WARNING: Your kernel does not support swap limit capabilities or the cgroup is not mounted. Memory limited without swap.
[INFO] running `Command { std: "docker" "start" "-a" "df2f55ee54af931678af0c7093b9bb94665ead273b9707228f40bcf99070b7a1", kill_on_drop: false }`
[INFO] [stderr]    Compiling libc v0.2.65
[INFO] [stderr]    Compiling proc-macro2 v1.0.8
[INFO] [stderr]    Compiling syn v1.0.14
[INFO] [stderr]    Compiling log v0.4.8
[INFO] [stderr]    Compiling serde v1.0.103
[INFO] [stderr]    Compiling byteorder v1.3.2
[INFO] [stderr]    Compiling smallvec v0.6.10
[INFO] [stderr]    Compiling getrandom v0.1.11
[INFO] [stderr]    Compiling scopeguard v1.0.0
[INFO] [stderr]    Compiling ppv-lite86 v0.2.5
[INFO] [stderr]    Compiling rustc-hex v2.0.1
[INFO] [stderr]    Compiling crunchy v0.2.2
[INFO] [stderr]    Compiling proc-macro2 v0.4.20
[INFO] [stderr]    Compiling typenum v1.10.0
[INFO] [stderr]    Compiling arrayvec v0.5.1
[INFO] [stderr]    Compiling bitvec v0.15.2
[INFO] [stderr]    Compiling byte-slice-cast v0.3.4
[INFO] [stderr]    Compiling memchr v2.2.1
[INFO] [stderr]    Compiling arrayvec v0.4.11
[INFO] [stderr]    Compiling nodrop v0.1.12
[INFO] [stderr]    Compiling regex-syntax v0.6.12
[INFO] [stderr]    Compiling num-traits v0.2.6
[INFO] [stderr]    Compiling smallvec v1.0.0
[INFO] [stderr]    Compiling num-integer v0.1.39
[INFO] [stderr]    Compiling opaque-debug v0.2.2
[INFO] [stderr]    Compiling parity-bytes v0.1.0
[INFO] [stderr]    Compiling fs_extra v1.1.0
[INFO] [stderr]    Compiling heapsize v0.4.2
[INFO] [stderr]    Compiling subtle v2.1.0
[INFO] [stderr]    Compiling either v1.5.0
[INFO] [stderr]    Compiling unexpected v0.1.0 (/opt/rustwide/workdir/util/unexpected)
[INFO] [stderr]    Compiling untrusted v0.7.0
[INFO] [stderr]    Compiling linked-hash-map v0.5.1
[INFO] [stderr]    Compiling try-lock v0.2.2
[INFO] [stderr]    Compiling bit-vec v0.4.4
[INFO] [stderr]    Compiling error-chain v0.12.0
[INFO] [stderr]    Compiling rayon-core v1.5.0
[INFO] [stderr]    Compiling nan-preserving-float v0.1.0
[INFO] [stderr]    Compiling hamming v0.1.3
[INFO] [stderr]    Compiling unicode-segmentation v1.2.1
[INFO] [stderr]    Compiling arrayref v0.3.5
[INFO] [stderr]    Compiling primal-estimate v0.2.1
[INFO] [stderr]    Compiling ethabi-contract v9.0.0
[INFO] [stderr]    Compiling static_assertions v0.3.3
[INFO] [stderr]    Compiling num-iter v0.1.37
[INFO] [stderr]    Compiling siphasher v0.3.0
[INFO] [stderr]    Compiling macros v0.1.0 (/opt/rustwide/workdir/util/macros)
[INFO] [stderr]    Compiling time-utils v0.1.0 (/opt/rustwide/workdir/util/time-utils)
[INFO] [stderr]    Compiling unicode-width v0.1.5
[INFO] [stderr]    Compiling ipnetwork v0.12.8
[INFO] [stderr]    Compiling using_queue v0.1.0 (/opt/rustwide/workdir/miner/using-queue)
[INFO] [stderr]    Compiling slab v0.2.0
[INFO] [stderr]    Compiling byte-tools v0.2.0
[INFO] [stderr]    Compiling bindgen v0.49.2
[INFO] [stderr]    Compiling parity-path v0.1.1
[INFO] [stderr]    Compiling vec_map v0.8.1
[INFO] [stderr]    Compiling winapi v0.3.8
[INFO] [stderr]    Compiling xdg v2.1.0
[INFO] [stderr]    Compiling mio-named-pipes v0.1.6
[INFO] [stderr]    Compiling sha1 v0.5.0
[INFO] [stderr]    Compiling base-x v0.2.3
[INFO] [stderr]    Compiling edit-distance v2.0.1
[INFO] [stderr]    Compiling remove_dir_all v0.5.1
[INFO] [stderr]    Compiling home v0.3.3
[INFO] [stderr]    Compiling target_info v0.1.0
[INFO] [stderr]    Compiling if_chain v0.1.3
[INFO] [stderr]    Compiling integer-encoding v1.0.5
[INFO] [stderr]    Compiling slab v0.3.0
[INFO] [stderr]    Compiling transient-hashmap v0.4.1
[INFO] [stderr]    Compiling order-stat v0.1.3
[INFO] [stderr]    Compiling rprompt v1.0.3
[INFO] [stderr]    Compiling interleaved-ordered v0.1.1
[INFO] [stderr]    Compiling strsim v0.7.0
[INFO] [stderr]    Compiling crossbeam-utils v0.6.6
[INFO] [stderr]    Compiling tokio-service v0.1.0
[INFO] [stderr]    Compiling lock_api v0.3.1
[INFO] [stderr]    Compiling rlp v0.4.4
[INFO] [stderr]    Compiling owning_ref v0.3.3
[INFO] [stderr]    Compiling hashbrown v0.6.3
[INFO] [stderr]    Compiling indexmap v1.3.0
[INFO] [stderr]    Compiling bincode v1.1.4
[INFO] [stderr]    Compiling tokio-sync v0.1.6
[INFO] [stderr]    Compiling c2-chacha v0.2.2
[INFO] [stderr]    Compiling block-padding v0.1.4
[INFO] [stderr]    Compiling nom v4.2.3
[INFO] [stderr]    Compiling itertools v0.5.10
[INFO] [stderr]    Compiling itertools v0.8.0
[INFO] [stderr]    Compiling itertools v0.7.8
[INFO] [stderr]    Compiling lru-cache v0.1.2
[INFO] [stderr]    Compiling eip-152 v0.1.0 (/opt/rustwide/workdir/util/EIP-152)
[INFO] [stderr]    Compiling xml-rs v0.7.0
[INFO] [stderr]    Compiling bit-set v0.4.0
[INFO] [stderr]    Compiling humantime v1.1.1
[INFO] [stderr]    Compiling clang-sys v0.28.1
[INFO] [stderr]    Compiling primal-bit v0.2.4
[INFO] [stderr]    Compiling textwrap v0.11.0
[INFO] [stderr]    Compiling textwrap v0.9.0
[INFO] [stderr]    Compiling heck v0.3.0
[INFO] [stderr]    Compiling ethcore-bloom-journal v0.1.0 (/opt/rustwide/workdir/util/bloom)
[INFO] [stderr]    Compiling block-buffer v0.3.3
[INFO] [stderr]    Compiling multibase v0.6.0
[INFO] [stderr]    Compiling kernel32-sys v0.2.2
[INFO] [stderr]    Compiling app_dirs v1.2.1 (https://github.com/paritytech/app-dirs-rs#0b37f948)
[INFO] [stderr]    Compiling rand_core v0.2.2
[INFO] [stderr]    Compiling tokio-timer v0.1.2
[INFO] [stderr]    Compiling lock_api v0.1.4
[INFO] [stderr]    Compiling idna v0.2.0
[INFO] [stderr]    Compiling impl-rlp v0.2.1
[INFO] [stderr]    Compiling triehash v0.8.2
[INFO] [stderr]    Compiling tokio-executor v0.1.8
[INFO] [stderr]    Compiling crossbeam-queue v0.1.2
[INFO] [stderr]    Compiling primal-sieve v0.2.9
[INFO] [stderr]    Compiling plain_hasher v0.2.0
[INFO] [stderr]    Compiling url v1.7.1
[INFO] [stderr]    Compiling tiny-keccak v1.5.0
[INFO] [stderr]    Compiling want v0.0.6
[INFO] [stderr]    Compiling trace-time v0.1.1
[INFO] [stderr]    Compiling stats v0.1.0 (/opt/rustwide/workdir/util/stats)
[INFO] [stderr]    Compiling xmltree v0.8.0
[INFO] [stderr]    Compiling tokio-current-thread v0.1.6
[INFO] [stderr]    Compiling tokio-timer v0.2.11
[INFO] [stderr]    Compiling uint v0.8.2
[INFO] [stderr]    Compiling base64 v0.9.3
[INFO] [stderr]    Compiling base64 v0.10.1
[INFO] [stderr]    Compiling parity-wasm v0.31.3
[INFO] [stderr]    Compiling fxhash v0.2.1
[INFO] [stderr]    Compiling quote v1.0.2
[INFO] [stderr]    Compiling quote v0.6.8
[INFO] [stderr]    Compiling elastic-array v0.10.2
[INFO] [stderr]    Compiling aho-corasick v0.7.6
[INFO] [stderr]    Compiling aho-corasick v0.6.8
[INFO] [stderr]    Compiling num_cpus v1.10.1
[INFO] [stderr]    Compiling jobserver v0.1.16
[INFO] [stderr]    Compiling rand v0.5.5
[INFO] [stderr]    Compiling iovec v0.1.2
[INFO] [stderr]    Compiling net2 v0.2.33
[INFO] [stderr]    Compiling time v0.1.40
[INFO] [stderr]    Compiling rand v0.4.6
[INFO] [stderr]    Compiling memmap v0.6.2
[INFO] [stderr]    Compiling atty v0.2.11
[INFO] [stderr]    Compiling socket2 v0.3.8
[INFO] [stderr]    Compiling fs-swap v0.2.4
[INFO] [stderr]    Compiling rpassword v1.0.2
[INFO] [stderr]    Compiling fdlimit v0.1.1
[INFO] [stderr]    Compiling term_size v0.3.1
[INFO] [stderr]    Compiling transaction-pool v2.0.1
[INFO] [stderr]    Compiling url v2.1.0
[INFO] [stderr]    Compiling generic-array v0.12.0
[INFO] [stderr]    Compiling generic-array v0.9.0
[INFO] [stderr]    Compiling toolshed v0.6.3
[INFO] [stderr]    Compiling ctrlc v1.1.1 (https://github.com/paritytech/rust-ctrlc.git#b5230171)
[INFO] [stderr]    Compiling syn v0.15.26
[INFO] [stderr]    Compiling num-traits v0.1.43
[INFO] [stderr]    Compiling number_prefix v0.2.8
[INFO] [stderr]    Compiling rlp_compress v0.1.0 (/opt/rustwide/workdir/util/rlp-compress)
[INFO] [stderr]    Compiling futures-cpupool v0.1.8
[INFO] [stderr]    Compiling bytes v0.4.12
[INFO] [stderr]    Compiling rand_core v0.5.1
[INFO] [stderr]    Compiling cc v1.0.46
[INFO] [stderr]    Compiling mio v0.6.19
[INFO] [stderr]    Compiling clap v2.33.0
[INFO] [stderr]    Compiling miow v0.3.3
[INFO] [stderr]    Compiling cexpr v0.3.6
[INFO] [stderr]    Compiling regex v1.3.1
[INFO] [stderr]    Compiling digest v0.7.6
[INFO] [stderr]    Compiling digest v0.8.0
[INFO] [stderr]    Compiling block-buffer v0.7.3
[INFO] [stderr]    Compiling block-cipher-trait v0.6.2
[INFO] [stderr]    Compiling crypto-mac v0.7.0
[INFO] [stderr]    Compiling stream-cipher v0.3.0
[INFO] [stderr]    Compiling tempdir v0.3.7
[INFO] [stderr]    Compiling enum_primitive v0.1.1
[INFO] [stderr]    Compiling wasmi v0.3.0
[INFO] [stderr]    Compiling pwasm-utils v0.6.1
[INFO] [stderr]    Compiling bn v0.4.4 (https://github.com/paritytech/bn#6beba2ed)
[INFO] [stderr]    Compiling phf_generator v0.7.23
[INFO] [stderr]    Compiling chrono v0.4.6
[INFO] [stderr]    Compiling primal-check v0.2.3
[INFO] [stderr]    Compiling num-bigint v0.1.44
[INFO] [stderr]    Compiling rand_chacha v0.2.1
[INFO] [stderr]    Compiling rand_xorshift v0.2.0
[INFO] [stderr]    Compiling tokio-io v0.1.9
[INFO] [stderr]    Compiling http v0.1.21
[INFO] [stderr]    Compiling string v0.2.1
[INFO] [stderr]    Compiling sha2 v0.7.1
[INFO] [stderr]    Compiling cmake v0.1.35
[INFO] [stderr]    Compiling sha2 v0.8.0
[INFO] [stderr]    Compiling ripemd160 v0.8.0
[INFO] [stderr]    Compiling sha-1 v0.8.1
[INFO] [stderr]    Compiling aes-soft v0.3.3
[INFO] [stderr]    Compiling block-modes v0.3.3
[INFO] [stderr]    Compiling hmac v0.7.0
[INFO] [stderr]    Compiling ctr v0.3.2
[INFO] [stderr]    Compiling mio-uds v0.6.7
[INFO] [stderr]    Compiling mio-extras v2.0.5
[INFO] [stderr]    Compiling phf_codegen v0.7.23
[INFO] [stderr]    Compiling primal v0.2.3
[INFO] [stderr]    Compiling rand v0.7.2
[INFO] [stderr]    Compiling multihash v0.8.0
[INFO] [stderr]    Compiling tokio-codec v0.1.1
[INFO] [stderr]    Compiling globset v0.4.2
[INFO] [stderr]    Compiling env_logger v0.6.2
[INFO] [stderr]    Compiling env_logger v0.5.13
[INFO] [stderr]    Compiling timer v0.2.0
[INFO] [stderr]    Compiling jemalloc-sys v0.3.2
[INFO] [stderr]    Compiling parity-secp256k1 v0.7.0
[INFO] [stderr]    Compiling ring v0.16.9
[INFO] [stderr]    Compiling backtrace-sys v0.1.24
[INFO] [stderr]    Compiling natpmp v0.2.0
[INFO] [stderr]    Compiling libloading v0.5.0
[INFO] [stderr]    Compiling num v0.1.42
[INFO] [stderr]    Compiling parity-snappy-sys v0.1.2
[INFO] [stderr]    Compiling aes-ctr v0.3.0
[INFO] [stderr]    Compiling aes v0.3.2
[INFO] [stderr]    Compiling pbkdf2 v0.3.0
[INFO] [stderr]    Compiling mime_guess v2.0.0-alpha.6
[INFO] [stderr]    Compiling vergen v3.0.4
[INFO] [stderr]    Compiling cid v0.3.0
[INFO] [stderr]    Compiling fixed-hash v0.5.2
[INFO] [stderr]    Compiling scrypt v0.2.0
[INFO] [stderr]    Compiling h2 v0.1.26
[INFO] [stderr]    Compiling attohttpc v0.4.1
[INFO] [stderr]    Compiling igd v0.9.0
[INFO] [stderr]    Compiling synstructure v0.10.1
[INFO] [stderr]    Compiling synstructure v0.12.3
[INFO] [stderr]    Compiling sct v0.6.0
[INFO] [stderr]    Compiling webpki v0.21.0
[INFO] [stderr]    Compiling ct-logs v0.6.0
[INFO] [stderr]    Compiling zeroize_derive v0.9.3
[INFO] [stderr]    Compiling derive_more v0.15.0
[INFO] [stderr]    Compiling failure_derive v0.1.3
[INFO] [stderr]    Compiling derive_more v0.14.0
[INFO] [stderr]    Compiling logos-derive v0.7.7
[INFO] [stderr]    Compiling rustls v0.16.0
[INFO] [stderr]    Compiling backtrace v0.3.9
[INFO] [stdout] error[E0061]: this function takes 1 argument but 2 arguments were supplied
[INFO] [stdout]     --> /opt/rustwide/cargo-home/registry/src/github.com-1ecc6299db9ec823/logos-derive-0.7.7/src/lib.rs:55:20
[INFO] [stdout]      |
[INFO] [stdout] 55   |             extras.insert(util::ident(&ext), |_| panic!("Only one #[extras] attribute can be declared."));
[INFO] [stdout]      |                    ^^^^^^ -----------------  ----------------------------------------------------------- supplied 2 arguments
[INFO] [stdout]      |                    |
[INFO] [stdout]      |                    expected 1 argument
[INFO] [stdout]      |
[INFO] [stdout] note: associated function defined here
[INFO] [stdout] 
[INFO] [stdout] 
[INFO] [stdout] error[E0061]: this function takes 1 argument but 2 arguments were supplied
[INFO] [stdout]     --> /opt/rustwide/cargo-home/registry/src/github.com-1ecc6299db9ec823/logos-derive-0.7.7/src/lib.rs:89:23
[INFO] [stdout]      |
[INFO] [stdout] 89   |                 error.insert(variant, |_| panic!("Only one #[error] variant can be declared."));
[INFO] [stdout]      |                       ^^^^^^ -------  -------------------------------------------------------- supplied 2 arguments
[INFO] [stdout]      |                       |
[INFO] [stdout]      |                       expected 1 argument
[INFO] [stdout]      |
[INFO] [stdout] note: associated function defined here
[INFO] [stdout] 
[INFO] [stdout] 
[INFO] [stdout] error[E0061]: this function takes 1 argument but 2 arguments were supplied
[INFO] [stdout]     --> /opt/rustwide/cargo-home/registry/src/github.com-1ecc6299db9ec823/logos-derive-0.7.7/src/lib.rs:93:21
[INFO] [stdout]      |
[INFO] [stdout] 93   |                 end.insert(variant, |_| panic!("Only one #[end] variant can be declared."));
[INFO] [stdout]      |                     ^^^^^^ -------  ------------------------------------------------------ supplied 2 arguments
[INFO] [stdout]      |                     |
[INFO] [stdout]      |                     expected 1 argument
[INFO] [stdout]      |
[INFO] [stdout] note: associated function defined here
[INFO] [stdout] 
[INFO] [stdout] 
[INFO] [stderr]    Compiling serde_derive v1.0.103
[INFO] [stderr]    Compiling proc-macro-hack v0.5.9
[INFO] [stderr]    Compiling malloc_size_of_derive v0.1.1
[INFO] [stderr]    Compiling impl-trait-for-tuples v0.1.3
[INFO] [stdout] error: aborting due to 3 previous errors
[INFO] [stdout] 
[INFO] [stdout] 
[INFO] [stdout] For more information about this error, try `rustc --explain E0061`.
[INFO] [stdout] 
[INFO] [stderr] error: could not compile `logos-derive` due to 4 previous errors
[INFO] [stderr] warning: build failed, waiting for other jobs to finish...
[INFO] [stderr] error: build failed
[INFO] running `Command { std: "docker" "inspect" "df2f55ee54af931678af0c7093b9bb94665ead273b9707228f40bcf99070b7a1", kill_on_drop: false }`
[INFO] running `Command { std: "docker" "rm" "-f" "df2f55ee54af931678af0c7093b9bb94665ead273b9707228f40bcf99070b7a1", kill_on_drop: false }`
[INFO] [stdout] df2f55ee54af931678af0c7093b9bb94665ead273b9707228f40bcf99070b7a1
