[INFO] cloning repository https://github.com/paomian/laji
[INFO] running `Command { std: "git" "-c" "credential.helper=" "-c" "credential.helper=/workspace/cargo-home/bin/git-credential-null" "clone" "--bare" "https://github.com/paomian/laji" "/workspace/cache/git-repos/https%3A%2F%2Fgithub.com%2Fpaomian%2Flaji", kill_on_drop: false }`
[INFO] [stderr] Cloning into bare repository '/workspace/cache/git-repos/https%3A%2F%2Fgithub.com%2Fpaomian%2Flaji'...
[INFO] running `Command { std: "git" "rev-parse" "HEAD", kill_on_drop: false }`
[INFO] [stdout] ab9ea366c94a631084d4ddf3ea77d8b1214f0f96
[INFO] testing paomian/laji against beta-2021-08-01 for beta-1.55-1
[INFO] running `Command { std: "git" "clone" "/workspace/cache/git-repos/https%3A%2F%2Fgithub.com%2Fpaomian%2Flaji" "/workspace/builds/worker-4/source", kill_on_drop: false }`
[INFO] [stderr] Cloning into '/workspace/builds/worker-4/source'...
[INFO] [stderr] done.
[INFO] validating manifest of git repo https://github.com/paomian/laji on toolchain beta-2021-08-01
[INFO] running `Command { std: "/workspace/cargo-home/bin/cargo" "+beta-2021-08-01" "metadata" "--manifest-path" "Cargo.toml" "--no-deps", kill_on_drop: false }`
[INFO] started tweaking git repo https://github.com/paomian/laji
[INFO] finished tweaking git repo https://github.com/paomian/laji
[INFO] tweaked toml for git repo https://github.com/paomian/laji written to /workspace/builds/worker-4/source/Cargo.toml
[INFO] crate git repo https://github.com/paomian/laji already has a lockfile, it will not be regenerated
[INFO] running `Command { std: "/workspace/cargo-home/bin/cargo" "+beta-2021-08-01" "fetch" "--manifest-path" "Cargo.toml", kill_on_drop: false }`
[INFO] [stderr]  Downloading crates ...
[INFO] [stderr]   Downloaded regex-syntax v0.3.1
[INFO] [stderr]   Downloaded winapi v0.2.6
[INFO] [stderr]   Downloaded thread_local v0.2.5
[INFO] [stderr]   Downloaded regex v0.1.69
[INFO] [stderr]   Downloaded nom v1.2.2
[INFO] running `Command { std: "docker" "create" "-v" "/var/lib/crater-agent-workspace/builds/worker-4/target:/opt/rustwide/target:rw,Z" "-v" "/var/lib/crater-agent-workspace/builds/worker-4/source:/opt/rustwide/workdir:ro,Z" "-v" "/var/lib/crater-agent-workspace/cargo-home:/opt/rustwide/cargo-home:ro,Z" "-v" "/var/lib/crater-agent-workspace/rustup-home:/opt/rustwide/rustup-home:ro,Z" "-e" "SOURCE_DIR=/opt/rustwide/workdir" "-e" "CARGO_TARGET_DIR=/opt/rustwide/target" "-e" "CARGO_HOME=/opt/rustwide/cargo-home" "-e" "RUSTUP_HOME=/opt/rustwide/rustup-home" "-w" "/opt/rustwide/workdir" "-m" "1610612736" "--user" "0:0" "--network" "none" "ghcr.io/rust-lang/crates-build-env/linux@sha256:34b6a614d2c27851fe6cbf88fbd1137609cefab8b10d0615aaeb6fd47975d74e" "/opt/rustwide/cargo-home/bin/cargo" "+beta-2021-08-01" "metadata" "--no-deps" "--format-version=1", kill_on_drop: false }`
[INFO] [stdout] 81579413a55ec663567ccf1c875c29a8bc98608c9f35f08151ee3a0fa69a6613
[INFO] [stderr] WARNING: Your kernel does not support swap limit capabilities or the cgroup is not mounted. Memory limited without swap.
[INFO] running `Command { std: "docker" "start" "-a" "81579413a55ec663567ccf1c875c29a8bc98608c9f35f08151ee3a0fa69a6613", kill_on_drop: false }`
[INFO] running `Command { std: "docker" "inspect" "81579413a55ec663567ccf1c875c29a8bc98608c9f35f08151ee3a0fa69a6613", kill_on_drop: false }`
[INFO] running `Command { std: "docker" "rm" "-f" "81579413a55ec663567ccf1c875c29a8bc98608c9f35f08151ee3a0fa69a6613", kill_on_drop: false }`
[INFO] [stdout] 81579413a55ec663567ccf1c875c29a8bc98608c9f35f08151ee3a0fa69a6613
[INFO] running `Command { std: "docker" "create" "-v" "/var/lib/crater-agent-workspace/builds/worker-4/target:/opt/rustwide/target:rw,Z" "-v" "/var/lib/crater-agent-workspace/builds/worker-4/source:/opt/rustwide/workdir:ro,Z" "-v" "/var/lib/crater-agent-workspace/cargo-home:/opt/rustwide/cargo-home:ro,Z" "-v" "/var/lib/crater-agent-workspace/rustup-home:/opt/rustwide/rustup-home:ro,Z" "-e" "SOURCE_DIR=/opt/rustwide/workdir" "-e" "CARGO_TARGET_DIR=/opt/rustwide/target" "-e" "CARGO_INCREMENTAL=0" "-e" "RUST_BACKTRACE=full" "-e" "RUSTFLAGS=--cap-lints=warn" "-e" "CARGO_HOME=/opt/rustwide/cargo-home" "-e" "RUSTUP_HOME=/opt/rustwide/rustup-home" "-w" "/opt/rustwide/workdir" "-m" "1610612736" "--user" "0:0" "--network" "none" "ghcr.io/rust-lang/crates-build-env/linux@sha256:34b6a614d2c27851fe6cbf88fbd1137609cefab8b10d0615aaeb6fd47975d74e" "/opt/rustwide/cargo-home/bin/cargo" "+beta-2021-08-01" "build" "--frozen" "--message-format=json", kill_on_drop: false }`
[INFO] [stdout] 1b2fe25d2e15b6edb389becf84f50a509d1f0017fbdff8a966ff927db312785b
[INFO] [stderr] WARNING: Your kernel does not support swap limit capabilities or the cgroup is not mounted. Memory limited without swap.
[INFO] running `Command { std: "docker" "start" "-a" "1b2fe25d2e15b6edb389becf84f50a509d1f0017fbdff8a966ff927db312785b", kill_on_drop: false }`
[INFO] [stderr]     Blocking waiting for file lock on package cache
[INFO] [stderr]    Compiling libc v0.2.11
[INFO] [stderr]    Compiling winapi v0.2.6
[INFO] [stderr]    Compiling regex-syntax v0.3.1
[INFO] [stderr]    Compiling kernel32-sys v0.2.2
[INFO] [stderr]    Compiling memchr v0.1.11
[INFO] [stderr]    Compiling thread-id v2.0.0
[INFO] [stderr]    Compiling aho-corasick v0.5.2
[INFO] [stderr]    Compiling thread_local v0.2.5
[INFO] [stderr]    Compiling regex v0.1.69
[INFO] [stderr]    Compiling nom v1.2.2
[INFO] [stderr]    Compiling laji v0.1.0 (/opt/rustwide/workdir)
[INFO] [stdout] error[E0583]: file not found for module `Expr`
[INFO] [stdout]  --> src/main.rs:8:1
[INFO] [stdout]   |
[INFO] [stdout] 8 | mod Expr;
[INFO] [stdout]   | ^^^^^^^^^
[INFO] [stdout]   |
[INFO] [stdout]   = help: to create the module `Expr`, create file "src/Expr.rs" or "src/Expr/mod.rs"
[INFO] [stdout] 
[INFO] [stdout] 
[INFO] [stdout] error[E0432]: unresolved imports `Expr::Expr`, `Expr::Machine`
[INFO] [stdout]  --> src/main.rs:9:12
[INFO] [stdout]   |
[INFO] [stdout] 9 | use Expr::{Expr as expr,Machine};
[INFO] [stdout]   |            ^^^^^^^^^^^^ ^^^^^^^ no `Machine` in `Expr`
[INFO] [stdout]   |            |
[INFO] [stdout]   |            no `Expr` in `Expr`
[INFO] [stdout] 
[INFO] [stdout] 
[INFO] [stdout] error[E0554]: `#![feature]` may not be used on the beta release channel
[INFO] [stdout]  --> src/main.rs:1:1
[INFO] [stdout]   |
[INFO] [stdout] 1 | #![feature(box_syntax, box_patterns)]
[INFO] [stdout]   | ^^^^^^^^^^^^^^^^^^^^^^^^^^^^^^^^^^^^^
[INFO] [stdout] 
[INFO] [stdout] 
[INFO] [stdout] warning: unused `#[macro_use]` import
[INFO] [stdout]  --> src/main.rs:3:1
[INFO] [stdout]   |
[INFO] [stdout] 3 | #[macro_use]
[INFO] [stdout]   | ^^^^^^^^^^^^
[INFO] [stdout]   |
[INFO] [stdout]   = note: `#[warn(unused_imports)]` on by default
[INFO] [stdout] 
[INFO] [stdout] 
[INFO] [stdout] error: aborting due to 3 previous errors; 1 warning emitted
[INFO] [stdout] 
[INFO] [stdout] 
[INFO] [stdout] Some errors have detailed explanations: E0432, E0554, E0583.
[INFO] [stdout] 
[INFO] [stdout] For more information about an error, try `rustc --explain E0432`.
[INFO] [stdout] 
[INFO] [stderr] error: could not compile `laji` due to 4 previous errors; 1 warning emitted
[INFO] running `Command { std: "docker" "inspect" "1b2fe25d2e15b6edb389becf84f50a509d1f0017fbdff8a966ff927db312785b", kill_on_drop: false }`
[INFO] running `Command { std: "docker" "rm" "-f" "1b2fe25d2e15b6edb389becf84f50a509d1f0017fbdff8a966ff927db312785b", kill_on_drop: false }`
[INFO] [stdout] 1b2fe25d2e15b6edb389becf84f50a509d1f0017fbdff8a966ff927db312785b
