[INFO] cloning repository https://github.com/panicbit/HackSysExtremeVulnerableDriver_demo
[INFO] running `Command { std: "git" "-c" "credential.helper=" "-c" "credential.helper=/workspace/cargo-home/bin/git-credential-null" "clone" "--bare" "https://github.com/panicbit/HackSysExtremeVulnerableDriver_demo" "/workspace/cache/git-repos/https%3A%2F%2Fgithub.com%2Fpanicbit%2FHackSysExtremeVulnerableDriver_demo", kill_on_drop: false }`
[INFO] [stderr] Cloning into bare repository '/workspace/cache/git-repos/https%3A%2F%2Fgithub.com%2Fpanicbit%2FHackSysExtremeVulnerableDriver_demo'...
[INFO] running `Command { std: "git" "rev-parse" "HEAD", kill_on_drop: false }`
[INFO] [stdout] 8200f076de90417a220567dba47d83cfc35c291d
[INFO] testing panicbit/HackSysExtremeVulnerableDriver_demo against beta-2021-08-01 for beta-1.55-1
[INFO] running `Command { std: "git" "clone" "/workspace/cache/git-repos/https%3A%2F%2Fgithub.com%2Fpanicbit%2FHackSysExtremeVulnerableDriver_demo" "/workspace/builds/worker-6/source", kill_on_drop: false }`
[INFO] [stderr] Cloning into '/workspace/builds/worker-6/source'...
[INFO] [stderr] done.
[INFO] validating manifest of git repo https://github.com/panicbit/HackSysExtremeVulnerableDriver_demo on toolchain beta-2021-08-01
[INFO] running `Command { std: "/workspace/cargo-home/bin/cargo" "+beta-2021-08-01" "metadata" "--manifest-path" "Cargo.toml" "--no-deps", kill_on_drop: false }`
[INFO] started tweaking git repo https://github.com/panicbit/HackSysExtremeVulnerableDriver_demo
[INFO] finished tweaking git repo https://github.com/panicbit/HackSysExtremeVulnerableDriver_demo
[INFO] tweaked toml for git repo https://github.com/panicbit/HackSysExtremeVulnerableDriver_demo written to /workspace/builds/worker-6/source/Cargo.toml
[INFO] crate git repo https://github.com/panicbit/HackSysExtremeVulnerableDriver_demo already has a lockfile, it will not be regenerated
[INFO] running `Command { std: "/workspace/cargo-home/bin/cargo" "+beta-2021-08-01" "fetch" "--manifest-path" "Cargo.toml", kill_on_drop: false }`
[INFO] running `Command { std: "docker" "create" "-v" "/var/lib/crater-agent-workspace/builds/worker-6/target:/opt/rustwide/target:rw,Z" "-v" "/var/lib/crater-agent-workspace/builds/worker-6/source:/opt/rustwide/workdir:ro,Z" "-v" "/var/lib/crater-agent-workspace/cargo-home:/opt/rustwide/cargo-home:ro,Z" "-v" "/var/lib/crater-agent-workspace/rustup-home:/opt/rustwide/rustup-home:ro,Z" "-e" "SOURCE_DIR=/opt/rustwide/workdir" "-e" "CARGO_TARGET_DIR=/opt/rustwide/target" "-e" "CARGO_HOME=/opt/rustwide/cargo-home" "-e" "RUSTUP_HOME=/opt/rustwide/rustup-home" "-w" "/opt/rustwide/workdir" "-m" "1610612736" "--user" "0:0" "--network" "none" "ghcr.io/rust-lang/crates-build-env/linux@sha256:34b6a614d2c27851fe6cbf88fbd1137609cefab8b10d0615aaeb6fd47975d74e" "/opt/rustwide/cargo-home/bin/cargo" "+beta-2021-08-01" "metadata" "--no-deps" "--format-version=1", kill_on_drop: false }`
[INFO] [stderr] WARNING: Your kernel does not support swap limit capabilities or the cgroup is not mounted. Memory limited without swap.
[INFO] [stdout] 44ecfe3e1cc599161753adf7d3235652749a004fac6b311224be165098b35015
[INFO] running `Command { std: "docker" "start" "-a" "44ecfe3e1cc599161753adf7d3235652749a004fac6b311224be165098b35015", kill_on_drop: false }`
[INFO] running `Command { std: "docker" "inspect" "44ecfe3e1cc599161753adf7d3235652749a004fac6b311224be165098b35015", kill_on_drop: false }`
[INFO] running `Command { std: "docker" "rm" "-f" "44ecfe3e1cc599161753adf7d3235652749a004fac6b311224be165098b35015", kill_on_drop: false }`
[INFO] [stdout] 44ecfe3e1cc599161753adf7d3235652749a004fac6b311224be165098b35015
[INFO] running `Command { std: "docker" "create" "-v" "/var/lib/crater-agent-workspace/builds/worker-6/target:/opt/rustwide/target:rw,Z" "-v" "/var/lib/crater-agent-workspace/builds/worker-6/source:/opt/rustwide/workdir:ro,Z" "-v" "/var/lib/crater-agent-workspace/cargo-home:/opt/rustwide/cargo-home:ro,Z" "-v" "/var/lib/crater-agent-workspace/rustup-home:/opt/rustwide/rustup-home:ro,Z" "-e" "SOURCE_DIR=/opt/rustwide/workdir" "-e" "CARGO_TARGET_DIR=/opt/rustwide/target" "-e" "CARGO_INCREMENTAL=0" "-e" "RUST_BACKTRACE=full" "-e" "RUSTFLAGS=--cap-lints=warn" "-e" "CARGO_HOME=/opt/rustwide/cargo-home" "-e" "RUSTUP_HOME=/opt/rustwide/rustup-home" "-w" "/opt/rustwide/workdir" "-m" "1610612736" "--user" "0:0" "--network" "none" "ghcr.io/rust-lang/crates-build-env/linux@sha256:34b6a614d2c27851fe6cbf88fbd1137609cefab8b10d0615aaeb6fd47975d74e" "/opt/rustwide/cargo-home/bin/cargo" "+beta-2021-08-01" "build" "--frozen" "--message-format=json", kill_on_drop: false }`
[INFO] [stdout] 83ae6b1dd184b20539e922c677b5a2d2f320ac6f371595ea29c70cf5dc8489c6
[INFO] [stderr] WARNING: Your kernel does not support swap limit capabilities or the cgroup is not mounted. Memory limited without swap.
[INFO] running `Command { std: "docker" "start" "-a" "83ae6b1dd184b20539e922c677b5a2d2f320ac6f371595ea29c70cf5dc8489c6", kill_on_drop: false }`
[INFO] [stderr]    Compiling winapi v0.3.7
[INFO] [stderr]    Compiling foo v0.1.0 (/opt/rustwide/workdir)
[INFO] [stdout] error[E0433]: failed to resolve: could not find `um` in `winapi`
[INFO] [stdout]  --> src/main.rs:1:13
[INFO] [stdout]   |
[INFO] [stdout] 1 | use winapi::um::fileapi::CreateFileA;
[INFO] [stdout]   |             ^^ could not find `um` in `winapi`
[INFO] [stdout] 
[INFO] [stdout] 
[INFO] [stdout] error[E0433]: failed to resolve: could not find `um` in `winapi`
[INFO] [stdout]  --> src/main.rs:2:13
[INFO] [stdout]   |
[INFO] [stdout] 2 | use winapi::um::memoryapi::VirtualAlloc;
[INFO] [stdout]   |             ^^ could not find `um` in `winapi`
[INFO] [stdout] 
[INFO] [stdout] 
[INFO] [stdout] error[E0433]: failed to resolve: could not find `um` in `winapi`
[INFO] [stdout]  --> src/main.rs:3:13
[INFO] [stdout]   |
[INFO] [stdout] 3 | use winapi::um::ioapiset::DeviceIoControl;
[INFO] [stdout]   |             ^^ could not find `um` in `winapi`
[INFO] [stdout] 
[INFO] [stdout] 
[INFO] [stdout] error[E0425]: cannot find function, tuple struct or tuple variant `CreateFileA` in this scope
[INFO] [stdout]   --> src/main.rs:17:14
[INFO] [stdout]    |
[INFO] [stdout] 17 |     let fd = CreateFileA(filename.as_ptr() as _, 0xC0000000, 0, null_mut(), 0x3, 0, null_mut());
[INFO] [stdout]    |              ^^^^^^^^^^^ not found in this scope
[INFO] [stdout] 
[INFO] [stdout] 
[INFO] [stdout] error[E0425]: cannot find function, tuple struct or tuple variant `VirtualAlloc` in this scope
[INFO] [stdout]   --> src/main.rs:18:17
[INFO] [stdout]    |
[INFO] [stdout] 18 |     let alloc = VirtualAlloc(null_mut(), 0x100, 0x3000, 0x40) as *mut u8;
[INFO] [stdout]    |                 ^^^^^^^^^^^^ not found in this scope
[INFO] [stdout] 
[INFO] [stdout] 
[INFO] [stdout] error[E0425]: cannot find function, tuple struct or tuple variant `DeviceIoControl` in this scope
[INFO] [stdout]   --> src/main.rs:27:5
[INFO] [stdout]    |
[INFO] [stdout] 27 |     DeviceIoControl(fd, 0x222003, data.as_ptr() as _, data.len() as _, null_mut(), 0,  &mut 0, null_mut());
[INFO] [stdout]    |     ^^^^^^^^^^^^^^^ not found in this scope
[INFO] [stdout] 
[INFO] [stdout] 
[INFO] [stdout] error: aborting due to 6 previous errors
[INFO] [stdout] 
[INFO] [stdout] 
[INFO] [stdout] Some errors have detailed explanations: E0425, E0433.
[INFO] [stdout] 
[INFO] [stdout] For more information about an error, try `rustc --explain E0425`.
[INFO] [stdout] 
[INFO] [stderr] error: could not compile `foo` due to 7 previous errors
[INFO] running `Command { std: "docker" "inspect" "83ae6b1dd184b20539e922c677b5a2d2f320ac6f371595ea29c70cf5dc8489c6", kill_on_drop: false }`
[INFO] running `Command { std: "docker" "rm" "-f" "83ae6b1dd184b20539e922c677b5a2d2f320ac6f371595ea29c70cf5dc8489c6", kill_on_drop: false }`
[INFO] [stdout] 83ae6b1dd184b20539e922c677b5a2d2f320ac6f371595ea29c70cf5dc8489c6
