[INFO] cloning repository https://github.com/palindrom615/problem_solving
[INFO] running `Command { std: "git" "-c" "credential.helper=" "-c" "credential.helper=/workspace/cargo-home/bin/git-credential-null" "clone" "--bare" "https://github.com/palindrom615/problem_solving" "/workspace/cache/git-repos/https%3A%2F%2Fgithub.com%2Fpalindrom615%2Fproblem_solving", kill_on_drop: false }`
[INFO] [stderr] Cloning into bare repository '/workspace/cache/git-repos/https%3A%2F%2Fgithub.com%2Fpalindrom615%2Fproblem_solving'...
[INFO] running `Command { std: "git" "rev-parse" "HEAD", kill_on_drop: false }`
[INFO] [stdout] 56ff8b4121560baf4935bad19aeaf4a3c6171386
[INFO] testing palindrom615/problem_solving against 1.54.0 for beta-1.55-1
[INFO] running `Command { std: "git" "clone" "/workspace/cache/git-repos/https%3A%2F%2Fgithub.com%2Fpalindrom615%2Fproblem_solving" "/workspace/builds/worker-7/source", kill_on_drop: false }`
[INFO] [stderr] Cloning into '/workspace/builds/worker-7/source'...
[INFO] [stderr] done.
[INFO] validating manifest of git repo https://github.com/palindrom615/problem_solving on toolchain 1.54.0
[INFO] running `Command { std: "/workspace/cargo-home/bin/cargo" "+1.54.0" "metadata" "--manifest-path" "Cargo.toml" "--no-deps", kill_on_drop: false }`
[INFO] started tweaking git repo https://github.com/palindrom615/problem_solving
[INFO] finished tweaking git repo https://github.com/palindrom615/problem_solving
[INFO] tweaked toml for git repo https://github.com/palindrom615/problem_solving written to /workspace/builds/worker-7/source/Cargo.toml
[INFO] crate git repo https://github.com/palindrom615/problem_solving already has a lockfile, it will not be regenerated
[INFO] running `Command { std: "/workspace/cargo-home/bin/cargo" "+1.54.0" "fetch" "--manifest-path" "Cargo.toml", kill_on_drop: false }`
[INFO] running `Command { std: "docker" "create" "-v" "/var/lib/crater-agent-workspace/builds/worker-7/target:/opt/rustwide/target:rw,Z" "-v" "/var/lib/crater-agent-workspace/builds/worker-7/source:/opt/rustwide/workdir:ro,Z" "-v" "/var/lib/crater-agent-workspace/cargo-home:/opt/rustwide/cargo-home:ro,Z" "-v" "/var/lib/crater-agent-workspace/rustup-home:/opt/rustwide/rustup-home:ro,Z" "-e" "SOURCE_DIR=/opt/rustwide/workdir" "-e" "CARGO_TARGET_DIR=/opt/rustwide/target" "-e" "CARGO_HOME=/opt/rustwide/cargo-home" "-e" "RUSTUP_HOME=/opt/rustwide/rustup-home" "-w" "/opt/rustwide/workdir" "-m" "1610612736" "--user" "0:0" "--network" "none" "ghcr.io/rust-lang/crates-build-env/linux@sha256:34b6a614d2c27851fe6cbf88fbd1137609cefab8b10d0615aaeb6fd47975d74e" "/opt/rustwide/cargo-home/bin/cargo" "+1.54.0" "metadata" "--no-deps" "--format-version=1", kill_on_drop: false }`
[INFO] [stdout] 2492206f8b6dc49a77b376082862721c2b70aa15f671c4c96bbfa0104edbf717
[INFO] [stderr] WARNING: Your kernel does not support swap limit capabilities or the cgroup is not mounted. Memory limited without swap.
[INFO] running `Command { std: "docker" "start" "-a" "2492206f8b6dc49a77b376082862721c2b70aa15f671c4c96bbfa0104edbf717", kill_on_drop: false }`
[INFO] running `Command { std: "docker" "inspect" "2492206f8b6dc49a77b376082862721c2b70aa15f671c4c96bbfa0104edbf717", kill_on_drop: false }`
[INFO] running `Command { std: "docker" "rm" "-f" "2492206f8b6dc49a77b376082862721c2b70aa15f671c4c96bbfa0104edbf717", kill_on_drop: false }`
[INFO] [stdout] 2492206f8b6dc49a77b376082862721c2b70aa15f671c4c96bbfa0104edbf717
[INFO] running `Command { std: "docker" "create" "-v" "/var/lib/crater-agent-workspace/builds/worker-7/target:/opt/rustwide/target:rw,Z" "-v" "/var/lib/crater-agent-workspace/builds/worker-7/source:/opt/rustwide/workdir:ro,Z" "-v" "/var/lib/crater-agent-workspace/cargo-home:/opt/rustwide/cargo-home:ro,Z" "-v" "/var/lib/crater-agent-workspace/rustup-home:/opt/rustwide/rustup-home:ro,Z" "-e" "SOURCE_DIR=/opt/rustwide/workdir" "-e" "CARGO_TARGET_DIR=/opt/rustwide/target" "-e" "CARGO_INCREMENTAL=0" "-e" "RUST_BACKTRACE=full" "-e" "RUSTFLAGS=--cap-lints=warn" "-e" "CARGO_HOME=/opt/rustwide/cargo-home" "-e" "RUSTUP_HOME=/opt/rustwide/rustup-home" "-w" "/opt/rustwide/workdir" "-m" "1610612736" "--user" "0:0" "--network" "none" "ghcr.io/rust-lang/crates-build-env/linux@sha256:34b6a614d2c27851fe6cbf88fbd1137609cefab8b10d0615aaeb6fd47975d74e" "/opt/rustwide/cargo-home/bin/cargo" "+1.54.0" "build" "--frozen" "--message-format=json", kill_on_drop: false }`
[INFO] [stderr] WARNING: Your kernel does not support swap limit capabilities or the cgroup is not mounted. Memory limited without swap.
[INFO] [stdout] 18179507b9868fffed068ba6507452cd1b7e11a89e192fcd0e04ad47a4adb231
[INFO] running `Command { std: "docker" "start" "-a" "18179507b9868fffed068ba6507452cd1b7e11a89e192fcd0e04ad47a4adb231", kill_on_drop: false }`
[INFO] [stderr]    Compiling serde v1.0.106
[INFO] [stderr]    Compiling memchr v2.3.3
[INFO] [stderr]    Compiling regex-syntax v0.6.17
[INFO] [stderr]    Compiling oorandom v11.1.0
[INFO] [stderr]    Compiling itertools v0.8.2
[INFO] [stderr]    Compiling cast v0.2.3
[INFO] [stderr]    Compiling regex-automata v0.1.9
[INFO] [stderr]    Compiling plotters v0.2.12
[INFO] [stderr]    Compiling clap v2.33.0
[INFO] [stderr]    Compiling serde_derive v1.0.106
[INFO] [stderr]    Compiling rayon v1.3.0
[INFO] [stderr]    Compiling csv-core v0.1.10
[INFO] [stderr]    Compiling criterion-plot v0.4.1
[INFO] [stderr]    Compiling regex v1.3.6
[INFO] [stderr]    Compiling bstr v0.2.12
[INFO] [stderr]    Compiling serde_json v1.0.51
[INFO] [stderr]    Compiling csv v1.1.3
[INFO] [stderr]    Compiling tinytemplate v1.0.3
[INFO] [stderr]    Compiling criterion v0.3.1
[INFO] [stderr]    Compiling problem_solving v0.1.0 (/opt/rustwide/workdir)
[INFO] [stdout] error[E0107]: this function takes 2 generic arguments but 1 generic argument was supplied
[INFO] [stdout]   --> src/bin/boj15485.rs:65:16
[INFO] [stdout]    |
[INFO] [stdout] 65 |     let line = read_line::<String>();
[INFO] [stdout]    |                ^^^^^^^^^   ------ supplied 1 generic argument
[INFO] [stdout]    |                |
[INFO] [stdout]    |                expected 2 generic arguments
[INFO] [stdout]    |
[INFO] [stdout] note: function defined here, with 2 generic parameters: `T`, `B`
[INFO] [stdout]   --> /opt/rustwide/workdir/src/utils.rs:5:8
[INFO] [stdout]    |
[INFO] [stdout] 5  | pub fn read_line<T: FromStr, B: FromIterator<T>>() -> B {
[INFO] [stdout]    |        ^^^^^^^^^ -           -
[INFO] [stdout] help: add missing generic argument
[INFO] [stdout]    |
[INFO] [stdout] 65 |     let line = read_line::<String, B>();
[INFO] [stdout]    |                                  ^^^
[INFO] [stdout] 
[INFO] [stdout] 
[INFO] [stdout] error: aborting due to previous error
[INFO] [stdout] 
[INFO] [stdout] 
[INFO] [stdout] For more information about this error, try `rustc --explain E0107`.
[INFO] [stdout] 
[INFO] [stderr] error: could not compile `problem_solving`
[INFO] [stderr] 
[INFO] [stderr] To learn more, run the command again with --verbose.
[INFO] [stderr] warning: build failed, waiting for other jobs to finish...
[INFO] [stdout] error[E0282]: type annotations needed
[INFO] [stdout]    --> src/bin/boj5463.rs:105:13
[INFO] [stdout]     |
[INFO] [stdout] 104 |     let line = read_line();
[INFO] [stdout]     |         ---- consider giving `line` a type
[INFO] [stdout] 105 |     let n = line[0];
[INFO] [stdout]     |             ^^^^ cannot infer type
[INFO] [stdout]     |
[INFO] [stdout]     = note: type must be known at this point
[INFO] [stdout] 
[INFO] [stdout] 
[INFO] [stdout] error: aborting due to previous error
[INFO] [stdout] 
[INFO] [stdout] 
[INFO] [stdout] For more information about this error, try `rustc --explain E0282`.
[INFO] [stdout] 
[INFO] [stdout] error[E0282]: type annotations needed
[INFO] [stdout]   --> src/bin/boj11509.rs:16:20
[INFO] [stdout]    |
[INFO] [stdout] 16 |     let n: usize = read_line()[0];
[INFO] [stdout]    |                    ^^^^^^^^^ cannot infer type for type parameter `B` declared on the function `read_line`
[INFO] [stdout]    |
[INFO] [stdout]    = note: type must be known at this point
[INFO] [stdout] 
[INFO] [stdout] 
[INFO] [stdout] error: aborting due to previous error
[INFO] [stdout] 
[INFO] [stdout] 
[INFO] [stdout] For more information about this error, try `rustc --explain E0282`.
[INFO] [stdout] 
[INFO] [stdout] warning: unused variable: `i`
[INFO] [stdout]   --> src/bin/boj2014.rs:11:9
[INFO] [stdout]    |
[INFO] [stdout] 11 |     for i in 0..n {
[INFO] [stdout]    |         ^ help: if this is intentional, prefix it with an underscore: `_i`
[INFO] [stdout]    |
[INFO] [stdout]    = note: `#[warn(unused_variables)]` on by default
[INFO] [stdout] 
[INFO] [stdout] 
[INFO] [stdout] warning: unused variable: `max_val`
[INFO] [stdout]   --> src/bin/boj2014.rs:14:18
[INFO] [stdout]    |
[INFO] [stdout] 14 |             let &max_val = heap.peek_max().unwrap_or(&i32::max_value());
[INFO] [stdout]    |                  ^^^^^^^ help: if this is intentional, prefix it with an underscore: `_max_val`
[INFO] [stdout] 
[INFO] [stdout] 
[INFO] [stdout] error[E0282]: type annotations needed
[INFO] [stdout]   --> src/bin/boj5904.rs:24:20
[INFO] [stdout]    |
[INFO] [stdout] 24 |     let n: usize = read_line()[0];
[INFO] [stdout]    |                    ^^^^^^^^^ cannot infer type for type parameter `B` declared on the function `read_line`
[INFO] [stdout]    |
[INFO] [stdout]    = note: type must be known at this point
[INFO] [stdout] 
[INFO] [stdout] 
[INFO] [stdout] error: aborting due to previous error
[INFO] [stdout] 
[INFO] [stdout] 
[INFO] [stdout] For more information about this error, try `rustc --explain E0282`.
[INFO] [stdout] 
[INFO] [stdout] error[E0282]: type annotations needed
[INFO] [stdout]   --> src/bin/boj10892.rs:27:20
[INFO] [stdout]    |
[INFO] [stdout] 27 |     let n: usize = read_line()[0];
[INFO] [stdout]    |                    ^^^^^^^^^ cannot infer type for type parameter `B` declared on the function `read_line`
[INFO] [stdout]    |
[INFO] [stdout]    = note: type must be known at this point
[INFO] [stdout] 
[INFO] [stdout] 
[INFO] [stdout] error[E0282]: type annotations needed
[INFO] [stdout]  --> src/bin/boj17370.rs:8:18
[INFO] [stdout]   |
[INFO] [stdout] 8 |     let n: i32 = read_line()[0];
[INFO] [stdout]   |                  ^^^^^^^^^ cannot infer type for type parameter `B` declared on the function `read_line`
[INFO] [stdout]   |
[INFO] [stdout]   = note: type must be known at this point
[INFO] [stdout] 
[INFO] [stdout] 
[INFO] [stdout] error: aborting due to previous error
[INFO] [stdout] 
[INFO] [stdout] 
[INFO] [stdout] For more information about this error, try `rustc --explain E0282`.
[INFO] [stdout] 
[INFO] [stdout] error: aborting due to previous error
[INFO] [stdout] 
[INFO] [stdout] 
[INFO] [stdout] For more information about this error, try `rustc --explain E0282`.
[INFO] [stdout] 
[INFO] [stdout] error[E0282]: type annotations needed
[INFO] [stdout]  --> src/bin/blank.rs:4:18
[INFO] [stdout]   |
[INFO] [stdout] 4 |     let t: i32 = read_line()[0];
[INFO] [stdout]   |                  ^^^^^^^^^ cannot infer type for type parameter `B` declared on the function `read_line`
[INFO] [stdout]   |
[INFO] [stdout]   = note: type must be known at this point
[INFO] [stdout] 
[INFO] [stdout] 
[INFO] [stdout] error: aborting due to previous error
[INFO] [stdout] 
[INFO] [stdout] 
[INFO] [stdout] For more information about this error, try `rustc --explain E0282`.
[INFO] [stdout] 
[INFO] [stdout] error[E0282]: type annotations needed
[INFO] [stdout]   --> src/bin/boj2296.rs:38:18
[INFO] [stdout]    |
[INFO] [stdout] 38 |     let t: i32 = read_line()[0];
[INFO] [stdout]    |                  ^^^^^^^^^ cannot infer type for type parameter `B` declared on the function `read_line`
[INFO] [stdout]    |
[INFO] [stdout]    = note: type must be known at this point
[INFO] [stdout] 
[INFO] [stdout] 
[INFO] [stdout] error[E0282]: type annotations needed
[INFO] [stdout]   --> src/bin/boj15900.rs:28:20
[INFO] [stdout]    |
[INFO] [stdout] 28 |     let t: usize = read_line()[0];
[INFO] [stdout]    |                    ^^^^^^^^^ cannot infer type for type parameter `B` declared on the function `read_line`
[INFO] [stdout]    |
[INFO] [stdout]    = note: type must be known at this point
[INFO] [stdout] 
[INFO] [stdout] 
[INFO] [stdout] error: aborting due to previous error
[INFO] [stdout] 
[INFO] [stdout] 
[INFO] [stdout] For more information about this error, try `rustc --explain E0282`.
[INFO] [stdout] 
[INFO] [stdout] error[E0107]: this function takes 2 generic arguments but 1 generic argument was supplied
[INFO] [stdout]   --> src/bin/boj2296.rs:41:15
[INFO] [stdout]    |
[INFO] [stdout] 41 |         match read_line::<i32>().as_slice() {
[INFO] [stdout]    |               ^^^^^^^^^   --- supplied 1 generic argument
[INFO] [stdout]    |               |
[INFO] [stdout]    |               expected 2 generic arguments
[INFO] [stdout]    |
[INFO] [stdout] note: function defined here, with 2 generic parameters: `T`, `B`
[INFO] [stdout]   --> /opt/rustwide/workdir/src/utils.rs:5:8
[INFO] [stdout]    |
[INFO] [stdout] 5  | pub fn read_line<T: FromStr, B: FromIterator<T>>() -> B {
[INFO] [stdout]    |        ^^^^^^^^^ -           -
[INFO] [stdout] help: add missing generic argument
[INFO] [stdout]    |
[INFO] [stdout] 41 |         match read_line::<i32, B>().as_slice() {
[INFO] [stdout]    |                              ^^^
[INFO] [stdout] 
[INFO] [stdout] 
[INFO] [stdout] error: aborting due to 2 previous errors
[INFO] [stdout] 
[INFO] [stdout] 
[INFO] [stdout] Some errors have detailed explanations: E0107, E0282.
[INFO] [stdout] 
[INFO] [stdout] For more information about an error, try `rustc --explain E0107`.
[INFO] [stdout] 
[INFO] [stdout] warning: unused variable: `n`
[INFO] [stdout]  --> src/bin/boj12837.rs:7:9
[INFO] [stdout]   |
[INFO] [stdout] 7 |     let n = line[0];
[INFO] [stdout]   |         ^ help: if this is intentional, prefix it with an underscore: `_n`
[INFO] [stdout]   |
[INFO] [stdout]   = note: `#[warn(unused_variables)]` on by default
[INFO] [stdout] 
[INFO] [stdout] 
[INFO] [stdout] error[E0282]: type annotations needed
[INFO] [stdout]   --> src/bin/boj11508.rs:10:13
[INFO] [stdout]    |
[INFO] [stdout] 10 |     let n = read_line()[0];
[INFO] [stdout]    |             ^^^^^^^^^ cannot infer type for type parameter `B` declared on the function `read_line`
[INFO] [stdout]    |
[INFO] [stdout]    = note: type must be known at this point
[INFO] [stdout] 
[INFO] [stdout] 
[INFO] [stdout] error: aborting due to previous error
[INFO] [stdout] 
[INFO] [stdout] 
[INFO] [stdout] For more information about this error, try `rustc --explain E0282`.
[INFO] [stdout] 
[INFO] [stdout] error[E0282]: type annotations needed
[INFO] [stdout]   --> src/bin/boj11062.rs:50:18
[INFO] [stdout]    |
[INFO] [stdout] 50 |     let t: i32 = read_line()[0];
[INFO] [stdout]    |                  ^^^^^^^^^ cannot infer type for type parameter `B` declared on the function `read_line`
[INFO] [stdout]    |
[INFO] [stdout]    = note: type must be known at this point
[INFO] [stdout] 
[INFO] [stdout] 
[INFO] [stdout] error[E0282]: type annotations needed
[INFO] [stdout]    --> src/bin/boj16722.rs:155:13
[INFO] [stdout]     |
[INFO] [stdout] 155 |     let n = read_line()[0];
[INFO] [stdout]     |             ^^^^^^^^^ cannot infer type for type parameter `B` declared on the function `read_line`
[INFO] [stdout]     |
[INFO] [stdout]     = note: type must be known at this point
[INFO] [stdout] 
[INFO] [stdout] 
[INFO] [stdout] error[E0107]: this function takes 2 generic arguments but 1 generic argument was supplied
[INFO] [stdout]   --> src/bin/boj11062.rs:52:17
[INFO] [stdout]    |
[INFO] [stdout] 52 |         let _ = read_line::<usize>();
[INFO] [stdout]    |                 ^^^^^^^^^   ----- supplied 1 generic argument
[INFO] [stdout]    |                 |
[INFO] [stdout]    |                 expected 2 generic arguments
[INFO] [stdout]    |
[INFO] [stdout] note: function defined here, with 2 generic parameters: `T`, `B`
[INFO] [stdout]   --> /opt/rustwide/workdir/src/utils.rs:5:8
[INFO] [stdout]    |
[INFO] [stdout] 5  | pub fn read_line<T: FromStr, B: FromIterator<T>>() -> B {
[INFO] [stdout]    |        ^^^^^^^^^ -           -
[INFO] [stdout] help: add missing generic argument
[INFO] [stdout]    |
[INFO] [stdout] 52 |         let _ = read_line::<usize, B>();
[INFO] [stdout]    |                                  ^^^
[INFO] [stdout] 
[INFO] [stdout] 
[INFO] [stdout] error: aborting due to previous error
[INFO] [stdout] 
[INFO] [stdout] 
[INFO] [stdout] For more information about this error, try `rustc --explain E0282`.
[INFO] [stdout] 
[INFO] [stdout] error: aborting due to 2 previous errors
[INFO] [stdout] 
[INFO] [stdout] 
[INFO] [stdout] Some errors have detailed explanations: E0107, E0282.
[INFO] [stdout] 
[INFO] [stdout] For more information about an error, try `rustc --explain E0107`.
[INFO] [stdout] 
[INFO] [stdout] warning: 2 warnings emitted
[INFO] [stdout] 
[INFO] [stdout] 
[INFO] [stdout] warning: 1 warning emitted
[INFO] [stdout] 
[INFO] [stdout] 
[INFO] [stderr] error: build failed
[INFO] running `Command { std: "docker" "inspect" "18179507b9868fffed068ba6507452cd1b7e11a89e192fcd0e04ad47a4adb231", kill_on_drop: false }`
[INFO] running `Command { std: "docker" "rm" "-f" "18179507b9868fffed068ba6507452cd1b7e11a89e192fcd0e04ad47a4adb231", kill_on_drop: false }`
[INFO] [stdout] 18179507b9868fffed068ba6507452cd1b7e11a89e192fcd0e04ad47a4adb231
