[INFO] cloning repository https://github.com/paenko/RustyCloudCli
[INFO] running `Command { std: "git" "-c" "credential.helper=" "-c" "credential.helper=/workspace/cargo-home/bin/git-credential-null" "clone" "--bare" "https://github.com/paenko/RustyCloudCli" "/workspace/cache/git-repos/https%3A%2F%2Fgithub.com%2Fpaenko%2FRustyCloudCli", kill_on_drop: false }`
[INFO] [stderr] Cloning into bare repository '/workspace/cache/git-repos/https%3A%2F%2Fgithub.com%2Fpaenko%2FRustyCloudCli'...
[INFO] running `Command { std: "git" "rev-parse" "HEAD", kill_on_drop: false }`
[INFO] [stdout] 72bd23deb789d8bbd1cff7a5bce5f1549b2f638d
[INFO] testing paenko/RustyCloudCli against beta-2021-08-01 for beta-1.55-1
[INFO] running `Command { std: "git" "clone" "/workspace/cache/git-repos/https%3A%2F%2Fgithub.com%2Fpaenko%2FRustyCloudCli" "/workspace/builds/worker-2/source", kill_on_drop: false }`
[INFO] [stderr] Cloning into '/workspace/builds/worker-2/source'...
[INFO] [stderr] done.
[INFO] validating manifest of git repo https://github.com/paenko/RustyCloudCli on toolchain beta-2021-08-01
[INFO] running `Command { std: "/workspace/cargo-home/bin/cargo" "+beta-2021-08-01" "metadata" "--manifest-path" "Cargo.toml" "--no-deps", kill_on_drop: false }`
[INFO] started tweaking git repo https://github.com/paenko/RustyCloudCli
[INFO] finished tweaking git repo https://github.com/paenko/RustyCloudCli
[INFO] tweaked toml for git repo https://github.com/paenko/RustyCloudCli written to /workspace/builds/worker-2/source/Cargo.toml
[INFO] crate git repo https://github.com/paenko/RustyCloudCli already has a lockfile, it will not be regenerated
[INFO] running `Command { std: "/workspace/cargo-home/bin/cargo" "+beta-2021-08-01" "fetch" "--manifest-path" "Cargo.toml", kill_on_drop: false }`
[INFO] [stderr]     Updating git repository `https://github.com/FHanko/rest_client`
[INFO] [stderr]  Downloading crates ...
[INFO] [stderr]   Downloaded language-tags v0.0.7
[INFO] [stderr]   Downloaded uuid v0.3.1
[INFO] [stderr]   Downloaded cookie v0.1.21
[INFO] [stderr]   Downloaded mime v0.1.3
[INFO] [stderr]   Downloaded url v0.2.38
[INFO] [stderr]   Downloaded openssl-sys v0.6.7
[INFO] [stderr]   Downloaded hyper v0.6.16
[INFO] [stderr]   Downloaded openssl v0.6.7
[INFO] [stderr]   Downloaded docopt v0.6.85
[INFO] [stderr]   Downloaded serde v0.8.11
[INFO] running `Command { std: "docker" "create" "-v" "/var/lib/crater-agent-workspace/builds/worker-2/target:/opt/rustwide/target:rw,Z" "-v" "/var/lib/crater-agent-workspace/builds/worker-2/source:/opt/rustwide/workdir:ro,Z" "-v" "/var/lib/crater-agent-workspace/cargo-home:/opt/rustwide/cargo-home:ro,Z" "-v" "/var/lib/crater-agent-workspace/rustup-home:/opt/rustwide/rustup-home:ro,Z" "-e" "SOURCE_DIR=/opt/rustwide/workdir" "-e" "CARGO_TARGET_DIR=/opt/rustwide/target" "-e" "CARGO_HOME=/opt/rustwide/cargo-home" "-e" "RUSTUP_HOME=/opt/rustwide/rustup-home" "-w" "/opt/rustwide/workdir" "-m" "1610612736" "--user" "0:0" "--network" "none" "ghcr.io/rust-lang/crates-build-env/linux@sha256:34b6a614d2c27851fe6cbf88fbd1137609cefab8b10d0615aaeb6fd47975d74e" "/opt/rustwide/cargo-home/bin/cargo" "+beta-2021-08-01" "metadata" "--no-deps" "--format-version=1", kill_on_drop: false }`
[INFO] [stderr] WARNING: Your kernel does not support swap limit capabilities or the cgroup is not mounted. Memory limited without swap.
[INFO] [stdout] 6b79cd8e7da200d4fc7e133fe0dc204365013262fb0f4e844b065be7752112e0
[INFO] running `Command { std: "docker" "start" "-a" "6b79cd8e7da200d4fc7e133fe0dc204365013262fb0f4e844b065be7752112e0", kill_on_drop: false }`
[INFO] running `Command { std: "docker" "inspect" "6b79cd8e7da200d4fc7e133fe0dc204365013262fb0f4e844b065be7752112e0", kill_on_drop: false }`
[INFO] running `Command { std: "docker" "rm" "-f" "6b79cd8e7da200d4fc7e133fe0dc204365013262fb0f4e844b065be7752112e0", kill_on_drop: false }`
[INFO] [stdout] 6b79cd8e7da200d4fc7e133fe0dc204365013262fb0f4e844b065be7752112e0
[INFO] running `Command { std: "docker" "create" "-v" "/var/lib/crater-agent-workspace/builds/worker-2/target:/opt/rustwide/target:rw,Z" "-v" "/var/lib/crater-agent-workspace/builds/worker-2/source:/opt/rustwide/workdir:ro,Z" "-v" "/var/lib/crater-agent-workspace/cargo-home:/opt/rustwide/cargo-home:ro,Z" "-v" "/var/lib/crater-agent-workspace/rustup-home:/opt/rustwide/rustup-home:ro,Z" "-e" "SOURCE_DIR=/opt/rustwide/workdir" "-e" "CARGO_TARGET_DIR=/opt/rustwide/target" "-e" "CARGO_INCREMENTAL=0" "-e" "RUST_BACKTRACE=full" "-e" "RUSTFLAGS=--cap-lints=warn" "-e" "CARGO_HOME=/opt/rustwide/cargo-home" "-e" "RUSTUP_HOME=/opt/rustwide/rustup-home" "-w" "/opt/rustwide/workdir" "-m" "1610612736" "--user" "0:0" "--network" "none" "ghcr.io/rust-lang/crates-build-env/linux@sha256:34b6a614d2c27851fe6cbf88fbd1137609cefab8b10d0615aaeb6fd47975d74e" "/opt/rustwide/cargo-home/bin/cargo" "+beta-2021-08-01" "build" "--frozen" "--message-format=json", kill_on_drop: false }`
[INFO] [stdout] 709c84e5d919e0be453aa9fcab4106e956d5da5bfa0f54bb0847247edb9abd5f
[INFO] [stderr] WARNING: Your kernel does not support swap limit capabilities or the cgroup is not mounted. Memory limited without swap.
[INFO] running `Command { std: "docker" "start" "-a" "709c84e5d919e0be453aa9fcab4106e956d5da5bfa0f54bb0847247edb9abd5f", kill_on_drop: false }`
[INFO] [stderr]    Compiling libc v0.2.16
[INFO] [stderr]    Compiling rustc-serialize v0.3.19
[INFO] [stderr]    Compiling gcc v0.3.35
[INFO] [stderr]    Compiling regex-syntax v0.3.5
[INFO] [stderr]    Compiling language-tags v0.0.7
[INFO] [stderr]    Compiling serde v0.8.11
[INFO] [stderr]    Compiling strsim v0.5.1
[INFO] [stderr]    Compiling base64 v0.2.1
[INFO] [stderr]    Compiling num-integer v0.1.32
[INFO] [stderr]    Compiling num-iter v0.1.32
[INFO] [stdout] error[E0642]: patterns aren't allowed in functions without bodies
[INFO] [stdout]    --> /opt/rustwide/cargo-home/registry/src/github.com-1ecc6299db9ec823/rustc-serialize-0.3.19/src/serialize.rs:147:45
[INFO] [stdout]     |
[INFO] [stdout] 147 | ...                   &f_name: &str,
[INFO] [stdout]     |                       ^^^^^^^ pattern not allowed in function without body
[INFO] [stdout] 
[INFO] [stdout] 
[INFO] [stderr]    Compiling num v0.1.35
[INFO] [stderr]    Compiling rand v0.3.14
[INFO] [stderr]    Compiling time v0.1.35
[INFO] [stderr]    Compiling thread-id v2.0.0
[INFO] [stderr]    Compiling memchr v0.1.11
[INFO] [stderr]    Compiling num_cpus v0.2.13
[INFO] [stderr]    Compiling serde v0.6.15
[INFO] [stderr]    Compiling thread_local v0.2.7
[INFO] [stderr]    Compiling aho-corasick v0.5.3
[INFO] [stderr]    Compiling openssl-sys v0.6.7
[INFO] [stdout] error: aborting due to previous error
[INFO] [stdout] 
[INFO] [stdout] 
[INFO] [stdout] For more information about this error, try `rustc --explain E0642`.
[INFO] [stdout] 
[INFO] [stderr] error: could not compile `rustc-serialize` due to 2 previous errors
[INFO] [stderr] warning: build failed, waiting for other jobs to finish...
[INFO] [stderr] The following warnings were emitted during compilation:
[INFO] [stderr] 
[INFO] [stderr] warning: src/openssl_shim.c: In function 'DH_new_from_params':
[INFO] [stderr] warning: src/openssl_shim.c:126:7: error: dereferencing pointer to incomplete type 'DH' {aka 'struct dh_st'}
[INFO] [stderr] warning:   126 |     dh->p = p;
[INFO] [stderr] warning:       |       ^~
[INFO] [stderr] warning: src/openssl_shim.c: In function 'X509_get_extensions_shim':
[INFO] [stderr] warning: src/openssl_shim.c:137:13: error: dereferencing pointer to incomplete type 'X509' {aka 'struct x509_st'}
[INFO] [stderr] warning:   137 |     return x->cert_info ? x->cert_info->extensions : NULL;
[INFO] [stderr] warning:       |             ^~
[INFO] [stderr] 
[INFO] [stderr] error: build failed
[INFO] running `Command { std: "docker" "inspect" "709c84e5d919e0be453aa9fcab4106e956d5da5bfa0f54bb0847247edb9abd5f", kill_on_drop: false }`
[INFO] running `Command { std: "docker" "rm" "-f" "709c84e5d919e0be453aa9fcab4106e956d5da5bfa0f54bb0847247edb9abd5f", kill_on_drop: false }`
[INFO] [stdout] 709c84e5d919e0be453aa9fcab4106e956d5da5bfa0f54bb0847247edb9abd5f
