[INFO] cloning repository https://github.com/pacman82/hash-my-file
[INFO] running `Command { std: "git" "-c" "credential.helper=" "-c" "credential.helper=/workspace/cargo-home/bin/git-credential-null" "clone" "--bare" "https://github.com/pacman82/hash-my-file" "/workspace/cache/git-repos/https%3A%2F%2Fgithub.com%2Fpacman82%2Fhash-my-file", kill_on_drop: false }`
[INFO] [stderr] Cloning into bare repository '/workspace/cache/git-repos/https%3A%2F%2Fgithub.com%2Fpacman82%2Fhash-my-file'...
[INFO] running `Command { std: "git" "rev-parse" "HEAD", kill_on_drop: false }`
[INFO] [stdout] 2d631a429c27902f83b250c503ec393d5d6bccc9
[INFO] testing pacman82/hash-my-file against 1.54.0 for beta-1.55-1
[INFO] running `Command { std: "git" "clone" "/workspace/cache/git-repos/https%3A%2F%2Fgithub.com%2Fpacman82%2Fhash-my-file" "/workspace/builds/worker-1/source", kill_on_drop: false }`
[INFO] [stderr] Cloning into '/workspace/builds/worker-1/source'...
[INFO] [stderr] done.
[INFO] validating manifest of git repo https://github.com/pacman82/hash-my-file on toolchain 1.54.0
[INFO] running `Command { std: "/workspace/cargo-home/bin/cargo" "+1.54.0" "metadata" "--manifest-path" "Cargo.toml" "--no-deps", kill_on_drop: false }`
[INFO] started tweaking git repo https://github.com/pacman82/hash-my-file
[INFO] finished tweaking git repo https://github.com/pacman82/hash-my-file
[INFO] tweaked toml for git repo https://github.com/pacman82/hash-my-file written to /workspace/builds/worker-1/source/Cargo.toml
[INFO] crate git repo https://github.com/pacman82/hash-my-file already has a lockfile, it will not be regenerated
[INFO] running `Command { std: "/workspace/cargo-home/bin/cargo" "+1.54.0" "fetch" "--manifest-path" "Cargo.toml", kill_on_drop: false }`
[INFO] [stderr] warning: Found `debug_assertions` in `target.'cfg(...)'.dependencies`. This value is not supported for selecting dependencies and will not work as expected. To learn more visit https://doc.rust-lang.org/cargo/reference/specifying-dependencies.html#platform-specific-dependencies
[INFO] [stderr]     Blocking waiting for file lock on package cache
[INFO] running `Command { std: "docker" "create" "-v" "/var/lib/crater-agent-workspace/builds/worker-1/target:/opt/rustwide/target:rw,Z" "-v" "/var/lib/crater-agent-workspace/builds/worker-1/source:/opt/rustwide/workdir:ro,Z" "-v" "/var/lib/crater-agent-workspace/cargo-home:/opt/rustwide/cargo-home:ro,Z" "-v" "/var/lib/crater-agent-workspace/rustup-home:/opt/rustwide/rustup-home:ro,Z" "-e" "SOURCE_DIR=/opt/rustwide/workdir" "-e" "CARGO_TARGET_DIR=/opt/rustwide/target" "-e" "CARGO_HOME=/opt/rustwide/cargo-home" "-e" "RUSTUP_HOME=/opt/rustwide/rustup-home" "-w" "/opt/rustwide/workdir" "-m" "1610612736" "--user" "0:0" "--network" "none" "ghcr.io/rust-lang/crates-build-env/linux@sha256:34b6a614d2c27851fe6cbf88fbd1137609cefab8b10d0615aaeb6fd47975d74e" "/opt/rustwide/cargo-home/bin/cargo" "+1.54.0" "metadata" "--no-deps" "--format-version=1", kill_on_drop: false }`
[INFO] [stderr] WARNING: Your kernel does not support swap limit capabilities or the cgroup is not mounted. Memory limited without swap.
[INFO] [stdout] 9c6713f0ef029eee40d49581023b31b8301a9827aa4c658d9218cf9191cbd77c
[INFO] running `Command { std: "docker" "start" "-a" "9c6713f0ef029eee40d49581023b31b8301a9827aa4c658d9218cf9191cbd77c", kill_on_drop: false }`
[INFO] running `Command { std: "docker" "inspect" "9c6713f0ef029eee40d49581023b31b8301a9827aa4c658d9218cf9191cbd77c", kill_on_drop: false }`
[INFO] running `Command { std: "docker" "rm" "-f" "9c6713f0ef029eee40d49581023b31b8301a9827aa4c658d9218cf9191cbd77c", kill_on_drop: false }`
[INFO] [stdout] 9c6713f0ef029eee40d49581023b31b8301a9827aa4c658d9218cf9191cbd77c
[INFO] running `Command { std: "docker" "create" "-v" "/var/lib/crater-agent-workspace/builds/worker-1/target:/opt/rustwide/target:rw,Z" "-v" "/var/lib/crater-agent-workspace/builds/worker-1/source:/opt/rustwide/workdir:ro,Z" "-v" "/var/lib/crater-agent-workspace/cargo-home:/opt/rustwide/cargo-home:ro,Z" "-v" "/var/lib/crater-agent-workspace/rustup-home:/opt/rustwide/rustup-home:ro,Z" "-e" "SOURCE_DIR=/opt/rustwide/workdir" "-e" "CARGO_TARGET_DIR=/opt/rustwide/target" "-e" "CARGO_INCREMENTAL=0" "-e" "RUST_BACKTRACE=full" "-e" "RUSTFLAGS=--cap-lints=warn" "-e" "CARGO_HOME=/opt/rustwide/cargo-home" "-e" "RUSTUP_HOME=/opt/rustwide/rustup-home" "-w" "/opt/rustwide/workdir" "-m" "1610612736" "--user" "0:0" "--network" "none" "ghcr.io/rust-lang/crates-build-env/linux@sha256:34b6a614d2c27851fe6cbf88fbd1137609cefab8b10d0615aaeb6fd47975d74e" "/opt/rustwide/cargo-home/bin/cargo" "+1.54.0" "build" "--frozen" "--message-format=json", kill_on_drop: false }`
[INFO] [stdout] 9734a89fbb67028f63503307dedbf1ec593749a9f280507bf637dfc04b1a916a
[INFO] [stderr] WARNING: Your kernel does not support swap limit capabilities or the cgroup is not mounted. Memory limited without swap.
[INFO] running `Command { std: "docker" "start" "-a" "9734a89fbb67028f63503307dedbf1ec593749a9f280507bf637dfc04b1a916a", kill_on_drop: false }`
[INFO] [stderr] warning: Found `debug_assertions` in `target.'cfg(...)'.dependencies`. This value is not supported for selecting dependencies and will not work as expected. To learn more visit https://doc.rust-lang.org/cargo/reference/specifying-dependencies.html#platform-specific-dependencies
[INFO] [stderr]    Compiling syn v1.0.23
[INFO] [stderr]    Compiling libc v0.2.70
[INFO] [stderr]    Compiling wee_alloc v0.4.5
[INFO] [stderr]    Compiling memory_units v0.4.0
[INFO] [stderr]    Compiling hmac-sha256 v0.1.2
[INFO] [stderr]    Compiling md5 v0.7.0
[INFO] [stderr]    Compiling wasm-bindgen-backend v0.2.62
[INFO] [stderr]    Compiling wasm-bindgen-macro-support v0.2.62
[INFO] [stderr]    Compiling wasm-bindgen-macro v0.2.62
[INFO] [stderr]    Compiling wasm-bindgen v0.2.62
[INFO] [stderr]    Compiling js-sys v0.3.39
[INFO] [stderr]    Compiling console_error_panic_hook v0.1.6
[INFO] [stderr]    Compiling web-sys v0.3.39
[INFO] [stderr]    Compiling rust-webpack-template v0.1.0 (/opt/rustwide/workdir)
[INFO] [stderr]     Finished dev [unoptimized + debuginfo] target(s) in 26.86s
[INFO] running `Command { std: "docker" "inspect" "9734a89fbb67028f63503307dedbf1ec593749a9f280507bf637dfc04b1a916a", kill_on_drop: false }`
[INFO] running `Command { std: "docker" "rm" "-f" "9734a89fbb67028f63503307dedbf1ec593749a9f280507bf637dfc04b1a916a", kill_on_drop: false }`
[INFO] [stdout] 9734a89fbb67028f63503307dedbf1ec593749a9f280507bf637dfc04b1a916a
[INFO] running `Command { std: "docker" "create" "-v" "/var/lib/crater-agent-workspace/builds/worker-1/target:/opt/rustwide/target:rw,Z" "-v" "/var/lib/crater-agent-workspace/builds/worker-1/source:/opt/rustwide/workdir:ro,Z" "-v" "/var/lib/crater-agent-workspace/cargo-home:/opt/rustwide/cargo-home:ro,Z" "-v" "/var/lib/crater-agent-workspace/rustup-home:/opt/rustwide/rustup-home:ro,Z" "-e" "SOURCE_DIR=/opt/rustwide/workdir" "-e" "CARGO_TARGET_DIR=/opt/rustwide/target" "-e" "CARGO_INCREMENTAL=0" "-e" "RUST_BACKTRACE=full" "-e" "RUSTFLAGS=--cap-lints=warn" "-e" "CARGO_HOME=/opt/rustwide/cargo-home" "-e" "RUSTUP_HOME=/opt/rustwide/rustup-home" "-w" "/opt/rustwide/workdir" "-m" "1610612736" "--user" "0:0" "--network" "none" "ghcr.io/rust-lang/crates-build-env/linux@sha256:34b6a614d2c27851fe6cbf88fbd1137609cefab8b10d0615aaeb6fd47975d74e" "/opt/rustwide/cargo-home/bin/cargo" "+1.54.0" "test" "--frozen" "--no-run" "--message-format=json", kill_on_drop: false }`
[INFO] [stdout] cddbd842964748824925372450ab51b71abcd2c5c9af9f3f74d181f5cf162297
[INFO] [stderr] WARNING: Your kernel does not support swap limit capabilities or the cgroup is not mounted. Memory limited without swap.
[INFO] running `Command { std: "docker" "start" "-a" "cddbd842964748824925372450ab51b71abcd2c5c9af9f3f74d181f5cf162297", kill_on_drop: false }`
[INFO] [stderr] warning: Found `debug_assertions` in `target.'cfg(...)'.dependencies`. This value is not supported for selecting dependencies and will not work as expected. To learn more visit https://doc.rust-lang.org/cargo/reference/specifying-dependencies.html#platform-specific-dependencies
[INFO] [stderr]    Compiling proc-macro-nested v0.1.4
[INFO] [stderr]    Compiling futures-core v0.3.5
[INFO] [stderr]    Compiling proc-macro-hack v0.5.15
[INFO] [stderr]    Compiling futures-sink v0.3.5
[INFO] [stderr]    Compiling wasm-bindgen-test-macro v0.3.12
[INFO] [stderr]    Compiling pin-project-internal v0.4.17
[INFO] [stderr]    Compiling wasm-bindgen-futures v0.4.12
[INFO] [stderr]    Compiling futures-channel v0.3.5
[INFO] [stderr]    Compiling wasm-bindgen-test v0.3.12
[INFO] [stderr]    Compiling futures-macro v0.3.5
[INFO] [stderr]    Compiling pin-project v0.4.17
[INFO] [stderr]    Compiling futures-util v0.3.5
[INFO] [stderr]    Compiling futures-executor v0.3.5
[INFO] [stderr]    Compiling futures v0.3.5
[INFO] [stderr]    Compiling rust-webpack-template v0.1.0 (/opt/rustwide/workdir)
[INFO] [stdout] error[E0220]: associated type `Item` not found for `futures::Future`
[INFO] [stdout]   --> tests/app.rs:22:32
[INFO] [stdout]    |
[INFO] [stdout] 22 | fn async_test() -> impl Future<Item = (), Error = JsValue> {
[INFO] [stdout]    |                                ^^^^ associated type `Item` not found
[INFO] [stdout] 
[INFO] [stdout] 
[INFO] [stdout] error[E0220]: associated type `Error` not found for `futures::Future`
[INFO] [stdout]   --> tests/app.rs:22:43
[INFO] [stdout]    |
[INFO] [stdout] 22 | fn async_test() -> impl Future<Item = (), Error = JsValue> {
[INFO] [stdout]    |                                           ^^^^^ associated type `Error` not found
[INFO] [stdout] 
[INFO] [stdout] 
[INFO] [stdout] error[E0308]: mismatched types
[INFO] [stdout]   --> tests/app.rs:29:9
[INFO] [stdout]    |
[INFO] [stdout] 29 |         assert_eq!(x, 42);
[INFO] [stdout]    |         ^^^^^^^^^^^^^^^^^^ expected enum `Result`, found integer
[INFO] [stdout]    |
[INFO] [stdout]    = note: expected enum `Result<JsValue, JsValue>`
[INFO] [stdout]               found type `{integer}`
[INFO] [stdout]    = note: this error originates in the macro `assert_eq` (in Nightly builds, run with -Z macro-backtrace for more info)
[INFO] [stdout] 
[INFO] [stdout] 
[INFO] [stdout] error[E0271]: type mismatch resolving `<impl futures::Future as futures::Future>::Output == ()`
[INFO] [stdout]   --> tests/app.rs:21:1
[INFO] [stdout]    |
[INFO] [stdout] 21 | #[wasm_bindgen_test(async)]
[INFO] [stdout]    | ^^^^^^^^^^^^^^^^^^^^^^^^^^^ expected associated type, found `()`
[INFO] [stdout] 22 | fn async_test() -> impl Future<Item = (), Error = JsValue> {
[INFO] [stdout]    |                    --------------------------------------- the expected opaque type
[INFO] [stdout]    |
[INFO] [stdout]    = note: expected associated type `<impl futures::Future as futures::Future>::Output`
[INFO] [stdout]                     found unit type `()`
[INFO] [stdout]    = help: consider constraining the associated type `<impl futures::Future as futures::Future>::Output` to `()` or calling a method that returns `<impl futures::Future as futures::Future>::Output`
[INFO] [stdout]    = note: for more information, visit https://doc.rust-lang.org/book/ch19-03-advanced-traits.html
[INFO] [stdout]    = note: this error originates in the attribute macro `wasm_bindgen_test` (in Nightly builds, run with -Z macro-backtrace for more info)
[INFO] [stdout] help: consider constraining the associated type `<impl futures::Future as futures::Future>::Output` to `()`
[INFO] [stdout]    |
[INFO] [stdout] 22 | fn async_test() -> impl Future<Item = (), Error = JsValue, Output = ()> {
[INFO] [stdout]    |                                                          ^^^^^^^^^^^^^
[INFO] [stdout] 
[INFO] [stdout] 
[INFO] [stdout] error: aborting due to 4 previous errors
[INFO] [stdout] 
[INFO] [stdout] 
[INFO] [stdout] Some errors have detailed explanations: E0220, E0271, E0308.
[INFO] [stdout] 
[INFO] [stdout] For more information about an error, try `rustc --explain E0220`.
[INFO] [stdout] 
[INFO] [stderr] error: could not compile `rust-webpack-template`
[INFO] [stderr] 
[INFO] [stderr] To learn more, run the command again with --verbose.
[INFO] [stderr] warning: build failed, waiting for other jobs to finish...
[INFO] [stderr] error: build failed
[INFO] running `Command { std: "docker" "inspect" "cddbd842964748824925372450ab51b71abcd2c5c9af9f3f74d181f5cf162297", kill_on_drop: false }`
[INFO] running `Command { std: "docker" "rm" "-f" "cddbd842964748824925372450ab51b71abcd2c5c9af9f3f74d181f5cf162297", kill_on_drop: false }`
[INFO] [stdout] cddbd842964748824925372450ab51b71abcd2c5c9af9f3f74d181f5cf162297
