[INFO] cloning repository https://github.com/onedv/sockspro
[INFO] running `Command { std: "git" "-c" "credential.helper=" "-c" "credential.helper=/workspace/cargo-home/bin/git-credential-null" "clone" "--bare" "https://github.com/onedv/sockspro" "/workspace/cache/git-repos/https%3A%2F%2Fgithub.com%2Fonedv%2Fsockspro", kill_on_drop: false }`
[INFO] [stderr] Cloning into bare repository '/workspace/cache/git-repos/https%3A%2F%2Fgithub.com%2Fonedv%2Fsockspro'...
[INFO] running `Command { std: "git" "rev-parse" "HEAD", kill_on_drop: false }`
[INFO] [stdout] 5cf4d28cee39e223684efd7e0bfa2c957855dafb
[INFO] testing onedv/sockspro against 1.54.0 for beta-1.55-1
[INFO] running `Command { std: "git" "clone" "/workspace/cache/git-repos/https%3A%2F%2Fgithub.com%2Fonedv%2Fsockspro" "/workspace/builds/worker-12/source", kill_on_drop: false }`
[INFO] [stderr] Cloning into '/workspace/builds/worker-12/source'...
[INFO] [stderr] done.
[INFO] validating manifest of git repo https://github.com/onedv/sockspro on toolchain 1.54.0
[INFO] running `Command { std: "/workspace/cargo-home/bin/cargo" "+1.54.0" "metadata" "--manifest-path" "Cargo.toml" "--no-deps", kill_on_drop: false }`
[INFO] started tweaking git repo https://github.com/onedv/sockspro
[INFO] finished tweaking git repo https://github.com/onedv/sockspro
[INFO] tweaked toml for git repo https://github.com/onedv/sockspro written to /workspace/builds/worker-12/source/Cargo.toml
[INFO] crate git repo https://github.com/onedv/sockspro already has a lockfile, it will not be regenerated
[INFO] running `Command { std: "/workspace/cargo-home/bin/cargo" "+1.54.0" "fetch" "--manifest-path" "Cargo.toml", kill_on_drop: false }`
[INFO] running `Command { std: "docker" "create" "-v" "/var/lib/crater-agent-workspace/builds/worker-12/target:/opt/rustwide/target:rw,Z" "-v" "/var/lib/crater-agent-workspace/builds/worker-12/source:/opt/rustwide/workdir:ro,Z" "-v" "/var/lib/crater-agent-workspace/cargo-home:/opt/rustwide/cargo-home:ro,Z" "-v" "/var/lib/crater-agent-workspace/rustup-home:/opt/rustwide/rustup-home:ro,Z" "-e" "SOURCE_DIR=/opt/rustwide/workdir" "-e" "CARGO_TARGET_DIR=/opt/rustwide/target" "-e" "CARGO_HOME=/opt/rustwide/cargo-home" "-e" "RUSTUP_HOME=/opt/rustwide/rustup-home" "-w" "/opt/rustwide/workdir" "-m" "1610612736" "--user" "0:0" "--network" "none" "ghcr.io/rust-lang/crates-build-env/linux@sha256:34b6a614d2c27851fe6cbf88fbd1137609cefab8b10d0615aaeb6fd47975d74e" "/opt/rustwide/cargo-home/bin/cargo" "+1.54.0" "metadata" "--no-deps" "--format-version=1", kill_on_drop: false }`
[INFO] [stdout] fa4fc738dfd482f76e2c33b9ff1abbfbf65bfd342bd97fb0c6c01114ecebabbb
[INFO] running `Command { std: "docker" "start" "-a" "fa4fc738dfd482f76e2c33b9ff1abbfbf65bfd342bd97fb0c6c01114ecebabbb", kill_on_drop: false }`
[INFO] running `Command { std: "docker" "inspect" "fa4fc738dfd482f76e2c33b9ff1abbfbf65bfd342bd97fb0c6c01114ecebabbb", kill_on_drop: false }`
[INFO] running `Command { std: "docker" "rm" "-f" "fa4fc738dfd482f76e2c33b9ff1abbfbf65bfd342bd97fb0c6c01114ecebabbb", kill_on_drop: false }`
[INFO] [stdout] fa4fc738dfd482f76e2c33b9ff1abbfbf65bfd342bd97fb0c6c01114ecebabbb
[INFO] running `Command { std: "docker" "create" "-v" "/var/lib/crater-agent-workspace/builds/worker-12/target:/opt/rustwide/target:rw,Z" "-v" "/var/lib/crater-agent-workspace/builds/worker-12/source:/opt/rustwide/workdir:ro,Z" "-v" "/var/lib/crater-agent-workspace/cargo-home:/opt/rustwide/cargo-home:ro,Z" "-v" "/var/lib/crater-agent-workspace/rustup-home:/opt/rustwide/rustup-home:ro,Z" "-e" "SOURCE_DIR=/opt/rustwide/workdir" "-e" "CARGO_TARGET_DIR=/opt/rustwide/target" "-e" "CARGO_INCREMENTAL=0" "-e" "RUST_BACKTRACE=full" "-e" "RUSTFLAGS=--cap-lints=warn" "-e" "CARGO_HOME=/opt/rustwide/cargo-home" "-e" "RUSTUP_HOME=/opt/rustwide/rustup-home" "-w" "/opt/rustwide/workdir" "-m" "1610612736" "--user" "0:0" "--network" "none" "ghcr.io/rust-lang/crates-build-env/linux@sha256:34b6a614d2c27851fe6cbf88fbd1137609cefab8b10d0615aaeb6fd47975d74e" "/opt/rustwide/cargo-home/bin/cargo" "+1.54.0" "build" "--frozen" "--message-format=json", kill_on_drop: false }`
[INFO] [stdout] 639ba7abea0281a595c251cd2bf0ee7ab9326e118570e95b6fa807035d9125a0
[INFO] running `Command { std: "docker" "start" "-a" "639ba7abea0281a595c251cd2bf0ee7ab9326e118570e95b6fa807035d9125a0", kill_on_drop: false }`
[INFO] [stderr]    Compiling pkg-config v0.3.8
[INFO] [stderr]    Compiling gcc v0.3.32
[INFO] [stderr]    Compiling libc v0.2.14
[INFO] [stderr]    Compiling lazy_static v0.2.1
[INFO] [stderr]    Compiling openssl-sys v0.7.14
[INFO] [stderr]    Compiling openssl-sys-extras v0.7.14
[INFO] [stderr]    Compiling openssl v0.7.14
[INFO] [stderr] error: failed to run custom build command for `openssl v0.7.14`
[INFO] [stderr] 
[INFO] [stderr] Caused by:
[INFO] [stderr]   process didn't exit successfully: `/opt/rustwide/target/debug/build/openssl-5dfd2c963121f2eb/build-script-build` (exit status: 101)
[INFO] [stderr]   --- stdout
[INFO] [stderr]   TARGET = Some("x86_64-unknown-linux-gnu")
[INFO] [stderr]   OPT_LEVEL = Some("0")
[INFO] [stderr]   PROFILE = Some("debug")
[INFO] [stderr]   TARGET = Some("x86_64-unknown-linux-gnu")
[INFO] [stderr]   debug=true opt-level=0
[INFO] [stderr]   HOST = Some("x86_64-unknown-linux-gnu")
[INFO] [stderr]   TARGET = Some("x86_64-unknown-linux-gnu")
[INFO] [stderr]   TARGET = Some("x86_64-unknown-linux-gnu")
[INFO] [stderr]   HOST = Some("x86_64-unknown-linux-gnu")
[INFO] [stderr]   CC_x86_64-unknown-linux-gnu = None
[INFO] [stderr]   CC_x86_64_unknown_linux_gnu = None
[INFO] [stderr]   HOST_CC = None
[INFO] [stderr]   CC = None
[INFO] [stderr]   HOST = Some("x86_64-unknown-linux-gnu")
[INFO] [stderr]   TARGET = Some("x86_64-unknown-linux-gnu")
[INFO] [stderr]   HOST = Some("x86_64-unknown-linux-gnu")
[INFO] [stderr]   CFLAGS_x86_64-unknown-linux-gnu = None
[INFO] [stderr]   CFLAGS_x86_64_unknown_linux_gnu = None
[INFO] [stderr]   HOST_CFLAGS = None
[INFO] [stderr]   CFLAGS = None
[INFO] [stderr]   running: "cc" "-O0" "-ffunction-sections" "-fdata-sections" "-g" "-m64" "-fPIC" "-o" "/opt/rustwide/target/debug/build/openssl-1c6c4a3a2a651f9e/out/src/c_helpers.o" "-c" "src/c_helpers.c"
[INFO] [stderr]   ExitStatus(ExitStatus(256))
[INFO] [stderr] 
[INFO] [stderr] 
[INFO] [stderr]   command did not execute successfully, got: exit status: 1
[INFO] [stderr] 
[INFO] [stderr] 
[INFO] [stderr] 
[INFO] [stderr]   --- stderr
[INFO] [stderr]   src/c_helpers.c: In function 'rust_SSL_clone':
[INFO] [stderr]   src/c_helpers.c:4:5: warning: implicit declaration of function 'CRYPTO_add' [-Wimplicit-function-declaration]
[INFO] [stderr]       4 |     CRYPTO_add(&ssl->references, 1, CRYPTO_LOCK_SSL);
[INFO] [stderr]         |     ^~~~~~~~~~
[INFO] [stderr]   src/c_helpers.c:4:20: error: dereferencing pointer to incomplete type 'SSL' {aka 'struct ssl_st'}
[INFO] [stderr]       4 |     CRYPTO_add(&ssl->references, 1, CRYPTO_LOCK_SSL);
[INFO] [stderr]         |                    ^~
[INFO] [stderr]   src/c_helpers.c:4:37: error: 'CRYPTO_LOCK_SSL' undeclared (first use in this function); did you mean 'CRYPTO_LOCK'?
[INFO] [stderr]       4 |     CRYPTO_add(&ssl->references, 1, CRYPTO_LOCK_SSL);
[INFO] [stderr]         |                                     ^~~~~~~~~~~~~~~
[INFO] [stderr]         |                                     CRYPTO_LOCK
[INFO] [stderr]   src/c_helpers.c:4:37: note: each undeclared identifier is reported only once for each function it appears in
[INFO] [stderr]   src/c_helpers.c: In function 'rust_SSL_CTX_clone':
[INFO] [stderr]   src/c_helpers.c:8:20: error: dereferencing pointer to incomplete type 'SSL_CTX' {aka 'struct ssl_ctx_st'}
[INFO] [stderr]       8 |     CRYPTO_add(&ctx->references,1,CRYPTO_LOCK_SSL_CTX);
[INFO] [stderr]         |                    ^~
[INFO] [stderr]   src/c_helpers.c:8:35: error: 'CRYPTO_LOCK_SSL_CTX' undeclared (first use in this function); did you mean 'CRYPTO_EX_INDEX_SSL_CTX'?
[INFO] [stderr]       8 |     CRYPTO_add(&ctx->references,1,CRYPTO_LOCK_SSL_CTX);
[INFO] [stderr]         |                                   ^~~~~~~~~~~~~~~~~~~
[INFO] [stderr]         |                                   CRYPTO_EX_INDEX_SSL_CTX
[INFO] [stderr]   src/c_helpers.c: In function 'rust_X509_clone':
[INFO] [stderr]   src/c_helpers.c:12:21: error: dereferencing pointer to incomplete type 'X509' {aka 'struct x509_st'}
[INFO] [stderr]      12 |     CRYPTO_add(&x509->references,1,CRYPTO_LOCK_X509);
[INFO] [stderr]         |                     ^~
[INFO] [stderr]   src/c_helpers.c:12:36: error: 'CRYPTO_LOCK_X509' undeclared (first use in this function); did you mean 'CRYPTO_LOCK'?
[INFO] [stderr]      12 |     CRYPTO_add(&x509->references,1,CRYPTO_LOCK_X509);
[INFO] [stderr]         |                                    ^~~~~~~~~~~~~~~~
[INFO] [stderr]         |                                    CRYPTO_LOCK
[INFO] [stderr]   thread 'main' panicked at 'explicit panic', /opt/rustwide/cargo-home/registry/src/github.com-1ecc6299db9ec823/gcc-0.3.32/src/lib.rs:848:5
[INFO] [stderr]   stack backtrace:
[INFO] [stderr]      0:     0x5645952f3710 - std::backtrace_rs::backtrace::libunwind::trace::h34055254b57d8e79
[INFO] [stderr]                                  at /rustc/a178d0322ce20e33eac124758e837cbd80a6f633/library/std/src/../../backtrace/src/backtrace/libunwind.rs:90:5
[INFO] [stderr]      1:     0x5645952f3710 - std::backtrace_rs::backtrace::trace_unsynchronized::h8f1e3fbd9afff6ec
[INFO] [stderr]                                  at /rustc/a178d0322ce20e33eac124758e837cbd80a6f633/library/std/src/../../backtrace/src/backtrace/mod.rs:66:5
[INFO] [stderr]      2:     0x5645952f3710 - std::sys_common::backtrace::_print_fmt::h3a99a796b770c360
[INFO] [stderr]                                  at /rustc/a178d0322ce20e33eac124758e837cbd80a6f633/library/std/src/sys_common/backtrace.rs:67:5
[INFO] [stderr]      3:     0x5645952f3710 - <std::sys_common::backtrace::_print::DisplayBacktrace as core::fmt::Display>::fmt::h32d1f94a80615d18
[INFO] [stderr]                                  at /rustc/a178d0322ce20e33eac124758e837cbd80a6f633/library/std/src/sys_common/backtrace.rs:46:22
[INFO] [stderr]      4:     0x5645953122bc - core::fmt::write::h306731c068f7162c
[INFO] [stderr]                                  at /rustc/a178d0322ce20e33eac124758e837cbd80a6f633/library/core/src/fmt/mod.rs:1110:17
[INFO] [stderr]      5:     0x5645952f0525 - std::io::Write::write_fmt::hd2fa90334eee2a21
[INFO] [stderr]                                  at /rustc/a178d0322ce20e33eac124758e837cbd80a6f633/library/std/src/io/mod.rs:1588:15
[INFO] [stderr]      6:     0x5645952f55ab - std::sys_common::backtrace::_print::h5abaa2601a852287
[INFO] [stderr]                                  at /rustc/a178d0322ce20e33eac124758e837cbd80a6f633/library/std/src/sys_common/backtrace.rs:49:5
[INFO] [stderr]      7:     0x5645952f55ab - std::sys_common::backtrace::print::h8d81445442bb638f
[INFO] [stderr]                                  at /rustc/a178d0322ce20e33eac124758e837cbd80a6f633/library/std/src/sys_common/backtrace.rs:36:9
[INFO] [stderr]      8:     0x5645952f55ab - std::panicking::default_hook::{{closure}}::hcfe804496a9fa747
[INFO] [stderr]                                  at /rustc/a178d0322ce20e33eac124758e837cbd80a6f633/library/std/src/panicking.rs:208:50
[INFO] [stderr]      9:     0x5645952f5081 - std::panicking::default_hook::hbea8e3ccf2ba8901
[INFO] [stderr]                                  at /rustc/a178d0322ce20e33eac124758e837cbd80a6f633/library/std/src/panicking.rs:225:9
[INFO] [stderr]     10:     0x5645952f5c74 - std::panicking::rust_panic_with_hook::h7ee9e1a2d0f8975a
[INFO] [stderr]                                  at /rustc/a178d0322ce20e33eac124758e837cbd80a6f633/library/std/src/panicking.rs:622:17
[INFO] [stderr]     11:     0x5645952be603 - std::panicking::begin_panic::{{closure}}::h6ef6cbcc77c968f2
[INFO] [stderr]                                  at /rustc/a178d0322ce20e33eac124758e837cbd80a6f633/library/std/src/panicking.rs:542:9
[INFO] [stderr]     12:     0x5645952ca7f9 - std::sys_common::backtrace::__rust_end_short_backtrace::hc09f571f51d1eb89
[INFO] [stderr]                                  at /rustc/a178d0322ce20e33eac124758e837cbd80a6f633/library/std/src/sys_common/backtrace.rs:141:18
[INFO] [stderr]     13:     0x5645952be539 - std::panicking::begin_panic::hdffee80b01f0a3f8
[INFO] [stderr]                                  at /rustc/a178d0322ce20e33eac124758e837cbd80a6f633/library/std/src/panicking.rs:541:12
[INFO] [stderr]     14:     0x5645952ca505 - gcc::fail::h08667650b4a003ed
[INFO] [stderr]                                  at /opt/rustwide/cargo-home/registry/src/github.com-1ecc6299db9ec823/gcc-0.3.32/src/lib.rs:848:5
[INFO] [stderr]     15:     0x5645952ca434 - gcc::run::ha6530ecdcedcbc2f
[INFO] [stderr]                                  at /opt/rustwide/cargo-home/registry/src/github.com-1ecc6299db9ec823/gcc-0.3.32/src/lib.rs:842:9
[INFO] [stderr]     16:     0x5645952c264b - gcc::Config::compile_object::h0a27d8f00c195c23
[INFO] [stderr]                                  at /opt/rustwide/cargo-home/registry/src/github.com-1ecc6299db9ec823/gcc-0.3.32/src/lib.rs:380:9
[INFO] [stderr]     17:     0x5645952c1585 - gcc::Config::compile::h36273e60ff2cde59
[INFO] [stderr]                                  at /opt/rustwide/cargo-home/registry/src/github.com-1ecc6299db9ec823/gcc-0.3.32/src/lib.rs:335:13
[INFO] [stderr]     18:     0x5645952b722b - build_script_build::main::hba31378f25eb0060
[INFO] [stderr]                                  at /opt/rustwide/cargo-home/registry/src/github.com-1ecc6299db9ec823/openssl-0.7.14/build.rs:15:5
[INFO] [stderr]     19:     0x5645952b6d8b - core::ops::function::FnOnce::call_once::h37bf47016f015e3a
[INFO] [stderr]                                  at /rustc/a178d0322ce20e33eac124758e837cbd80a6f633/library/core/src/ops/function.rs:227:5
[INFO] [stderr]     20:     0x5645952b6e3e - std::sys_common::backtrace::__rust_begin_short_backtrace::h9b09902ca38aeb7a
[INFO] [stderr]                                  at /rustc/a178d0322ce20e33eac124758e837cbd80a6f633/library/std/src/sys_common/backtrace.rs:125:18
[INFO] [stderr]     21:     0x5645952b72d1 - std::rt::lang_start::{{closure}}::h2f8b6a1c45a042cb
[INFO] [stderr]                                  at /rustc/a178d0322ce20e33eac124758e837cbd80a6f633/library/std/src/rt.rs:49:18
[INFO] [stderr]     22:     0x5645952f6179 - core::ops::function::impls::<impl core::ops::function::FnOnce<A> for &F>::call_once::h2aabc384aab89b7b
[INFO] [stderr]                                  at /rustc/a178d0322ce20e33eac124758e837cbd80a6f633/library/core/src/ops/function.rs:259:13
[INFO] [stderr]     23:     0x5645952f6179 - std::panicking::try::do_call::hc5fcacb7a85fc7b1
[INFO] [stderr]                                  at /rustc/a178d0322ce20e33eac124758e837cbd80a6f633/library/std/src/panicking.rs:401:40
[INFO] [stderr]     24:     0x5645952f6179 - std::panicking::try::hb5d9603af3abbe3a
[INFO] [stderr]                                  at /rustc/a178d0322ce20e33eac124758e837cbd80a6f633/library/std/src/panicking.rs:365:19
[INFO] [stderr]     25:     0x5645952f6179 - std::panic::catch_unwind::h98fe6ac3925e64b4
[INFO] [stderr]                                  at /rustc/a178d0322ce20e33eac124758e837cbd80a6f633/library/std/src/panic.rs:434:14
[INFO] [stderr]     26:     0x5645952f6179 - std::rt::lang_start_internal::h22ac7383c516f93e
[INFO] [stderr]                                  at /rustc/a178d0322ce20e33eac124758e837cbd80a6f633/library/std/src/rt.rs:34:21
[INFO] [stderr]     27:     0x5645952b72b0 - std::rt::lang_start::hbd93a772f647f2c4
[INFO] [stderr]                                  at /rustc/a178d0322ce20e33eac124758e837cbd80a6f633/library/std/src/rt.rs:48:5
[INFO] [stderr]     28:     0x5645952b727c - main
[INFO] [stderr]     29:     0x7fc9b197a0b3 - __libc_start_main
[INFO] [stderr]     30:     0x5645952b6a4e - _start
[INFO] [stderr]     31:                0x0 - <unknown>
[INFO] [stderr] warning: build failed, waiting for other jobs to finish...
[INFO] [stderr] error: build failed
[INFO] running `Command { std: "docker" "inspect" "639ba7abea0281a595c251cd2bf0ee7ab9326e118570e95b6fa807035d9125a0", kill_on_drop: false }`
[INFO] running `Command { std: "docker" "rm" "-f" "639ba7abea0281a595c251cd2bf0ee7ab9326e118570e95b6fa807035d9125a0", kill_on_drop: false }`
[INFO] [stdout] 639ba7abea0281a595c251cd2bf0ee7ab9326e118570e95b6fa807035d9125a0
