[INFO] cloning repository https://github.com/onContentStop/rusty-jlox
[INFO] running `Command { std: "git" "-c" "credential.helper=" "-c" "credential.helper=/workspace/cargo-home/bin/git-credential-null" "clone" "--bare" "https://github.com/onContentStop/rusty-jlox" "/workspace/cache/git-repos/https%3A%2F%2Fgithub.com%2FonContentStop%2Frusty-jlox", kill_on_drop: false }`
[INFO] [stderr] Cloning into bare repository '/workspace/cache/git-repos/https%3A%2F%2Fgithub.com%2FonContentStop%2Frusty-jlox'...
[INFO] running `Command { std: "git" "rev-parse" "HEAD", kill_on_drop: false }`
[INFO] [stdout] 5ee966ffc2e10c2f7c2bed1fc370ef1012d5859c
[INFO] testing onContentStop/rusty-jlox against beta-2021-08-01 for beta-1.55-1
[INFO] running `Command { std: "git" "clone" "/workspace/cache/git-repos/https%3A%2F%2Fgithub.com%2FonContentStop%2Frusty-jlox" "/workspace/builds/worker-6/source", kill_on_drop: false }`
[INFO] [stderr] Cloning into '/workspace/builds/worker-6/source'...
[INFO] [stderr] done.
[INFO] validating manifest of git repo https://github.com/onContentStop/rusty-jlox on toolchain beta-2021-08-01
[INFO] running `Command { std: "/workspace/cargo-home/bin/cargo" "+beta-2021-08-01" "metadata" "--manifest-path" "Cargo.toml" "--no-deps", kill_on_drop: false }`
[INFO] started tweaking git repo https://github.com/onContentStop/rusty-jlox
[INFO] finished tweaking git repo https://github.com/onContentStop/rusty-jlox
[INFO] tweaked toml for git repo https://github.com/onContentStop/rusty-jlox written to /workspace/builds/worker-6/source/Cargo.toml
[INFO] running `Command { std: "/workspace/cargo-home/bin/cargo" "+beta-2021-08-01" "generate-lockfile" "--manifest-path" "Cargo.toml" "-Zno-index-update", kill_on_drop: false }`
[INFO] [stderr]     Blocking waiting for file lock on package cache
[INFO] running `Command { std: "/workspace/cargo-home/bin/cargo" "+beta-2021-08-01" "fetch" "--manifest-path" "Cargo.toml", kill_on_drop: false }`
[INFO] [stderr]  Downloading crates ...
[INFO] [stderr]   Downloaded exit v0.2.0
[INFO] running `Command { std: "docker" "create" "-v" "/var/lib/crater-agent-workspace/builds/worker-6/target:/opt/rustwide/target:rw,Z" "-v" "/var/lib/crater-agent-workspace/builds/worker-6/source:/opt/rustwide/workdir:ro,Z" "-v" "/var/lib/crater-agent-workspace/cargo-home:/opt/rustwide/cargo-home:ro,Z" "-v" "/var/lib/crater-agent-workspace/rustup-home:/opt/rustwide/rustup-home:ro,Z" "-e" "SOURCE_DIR=/opt/rustwide/workdir" "-e" "CARGO_TARGET_DIR=/opt/rustwide/target" "-e" "CARGO_HOME=/opt/rustwide/cargo-home" "-e" "RUSTUP_HOME=/opt/rustwide/rustup-home" "-w" "/opt/rustwide/workdir" "-m" "1610612736" "--user" "0:0" "--network" "none" "ghcr.io/rust-lang/crates-build-env/linux@sha256:34b6a614d2c27851fe6cbf88fbd1137609cefab8b10d0615aaeb6fd47975d74e" "/opt/rustwide/cargo-home/bin/cargo" "+beta-2021-08-01" "metadata" "--no-deps" "--format-version=1", kill_on_drop: false }`
[INFO] [stdout] a0ca5ddf86d920a23ca736f3fe48138ddacdda0d75d1a88ca2a36f560fab5998
[INFO] running `Command { std: "docker" "start" "-a" "a0ca5ddf86d920a23ca736f3fe48138ddacdda0d75d1a88ca2a36f560fab5998", kill_on_drop: false }`
[INFO] running `Command { std: "docker" "inspect" "a0ca5ddf86d920a23ca736f3fe48138ddacdda0d75d1a88ca2a36f560fab5998", kill_on_drop: false }`
[INFO] running `Command { std: "docker" "rm" "-f" "a0ca5ddf86d920a23ca736f3fe48138ddacdda0d75d1a88ca2a36f560fab5998", kill_on_drop: false }`
[INFO] [stdout] a0ca5ddf86d920a23ca736f3fe48138ddacdda0d75d1a88ca2a36f560fab5998
[INFO] running `Command { std: "docker" "create" "-v" "/var/lib/crater-agent-workspace/builds/worker-6/target:/opt/rustwide/target:rw,Z" "-v" "/var/lib/crater-agent-workspace/builds/worker-6/source:/opt/rustwide/workdir:ro,Z" "-v" "/var/lib/crater-agent-workspace/cargo-home:/opt/rustwide/cargo-home:ro,Z" "-v" "/var/lib/crater-agent-workspace/rustup-home:/opt/rustwide/rustup-home:ro,Z" "-e" "SOURCE_DIR=/opt/rustwide/workdir" "-e" "CARGO_TARGET_DIR=/opt/rustwide/target" "-e" "CARGO_INCREMENTAL=0" "-e" "RUST_BACKTRACE=full" "-e" "RUSTFLAGS=--cap-lints=warn" "-e" "CARGO_HOME=/opt/rustwide/cargo-home" "-e" "RUSTUP_HOME=/opt/rustwide/rustup-home" "-w" "/opt/rustwide/workdir" "-m" "1610612736" "--user" "0:0" "--network" "none" "ghcr.io/rust-lang/crates-build-env/linux@sha256:34b6a614d2c27851fe6cbf88fbd1137609cefab8b10d0615aaeb6fd47975d74e" "/opt/rustwide/cargo-home/bin/cargo" "+beta-2021-08-01" "build" "--frozen" "--message-format=json", kill_on_drop: false }`
[INFO] [stdout] aab41b6ee855bca4d59d9f68a657d1f8ad202734bf03a36e05b259f75c15feb7
[INFO] running `Command { std: "docker" "start" "-a" "aab41b6ee855bca4d59d9f68a657d1f8ad202734bf03a36e05b259f75c15feb7", kill_on_drop: false }`
[INFO] [stderr]    Compiling dyn-clone v1.0.4
[INFO] [stderr]    Compiling exit v0.2.0
[INFO] [stdout] error[E0437]: type `Ok` is not a member of trait `Try`
[INFO] [stdout]   --> /opt/rustwide/cargo-home/registry/src/github.com-1ecc6299db9ec823/exit-0.2.0/src/lib.rs:41:5
[INFO] [stdout]    |
[INFO] [stdout] 41 |     type Ok = ();
[INFO] [stdout]    |     ^^^^^^^^^^^^^ not a member of trait `Try`
[INFO] [stdout] 
[INFO] [stdout] 
[INFO] [stdout] error[E0437]: type `Error` is not a member of trait `Try`
[INFO] [stdout]   --> /opt/rustwide/cargo-home/registry/src/github.com-1ecc6299db9ec823/exit-0.2.0/src/lib.rs:42:5
[INFO] [stdout]    |
[INFO] [stdout] 42 |     type Error = T;
[INFO] [stdout]    |     ^^^^^^^^^^^^^^^ not a member of trait `Try`
[INFO] [stdout] 
[INFO] [stdout] 
[INFO] [stdout] error[E0407]: method `into_result` is not a member of trait `Try`
[INFO] [stdout]   --> /opt/rustwide/cargo-home/registry/src/github.com-1ecc6299db9ec823/exit-0.2.0/src/lib.rs:44:5
[INFO] [stdout]    |
[INFO] [stdout] 44 | /     fn into_result(self) -> Result<<Self as Try>::Ok, Self::Error> {
[INFO] [stdout] 45 | |         match self {
[INFO] [stdout] 46 | |             Exit::Ok => Ok(()),
[INFO] [stdout] 47 | |             Exit::Err(err) => Err(err)
[INFO] [stdout] 48 | |         }
[INFO] [stdout] 49 | |     }
[INFO] [stdout]    | |_____^ not a member of trait `Try`
[INFO] [stdout] 
[INFO] [stdout] 
[INFO] [stdout] error[E0407]: method `from_error` is not a member of trait `Try`
[INFO] [stdout]   --> /opt/rustwide/cargo-home/registry/src/github.com-1ecc6299db9ec823/exit-0.2.0/src/lib.rs:51:5
[INFO] [stdout]    |
[INFO] [stdout] 51 | /     fn from_error(err: Self::Error) -> Self {
[INFO] [stdout] 52 | |         Exit::Err(err)
[INFO] [stdout] 53 | |     }
[INFO] [stdout]    | |_____^ not a member of trait `Try`
[INFO] [stdout] 
[INFO] [stdout] 
[INFO] [stdout] error[E0407]: method `from_ok` is not a member of trait `Try`
[INFO] [stdout]   --> /opt/rustwide/cargo-home/registry/src/github.com-1ecc6299db9ec823/exit-0.2.0/src/lib.rs:55:5
[INFO] [stdout]    |
[INFO] [stdout] 55 | /     fn from_ok(_: <Self as Try>::Ok) -> Self {
[INFO] [stdout] 56 | |         Exit::Ok
[INFO] [stdout] 57 | |     }
[INFO] [stdout]    | |_____^ not a member of trait `Try`
[INFO] [stdout] 
[INFO] [stdout] 
[INFO] [stdout] error[E0576]: cannot find associated type `Ok` in trait `Try`
[INFO] [stdout]   --> /opt/rustwide/cargo-home/registry/src/github.com-1ecc6299db9ec823/exit-0.2.0/src/lib.rs:44:51
[INFO] [stdout]    |
[INFO] [stdout] 44 |     fn into_result(self) -> Result<<Self as Try>::Ok, Self::Error> {
[INFO] [stdout]    |                                                   ^^ not found in `Try`
[INFO] [stdout] 
[INFO] [stdout] 
[INFO] [stdout] error[E0576]: cannot find associated type `Ok` in trait `Try`
[INFO] [stdout]   --> /opt/rustwide/cargo-home/registry/src/github.com-1ecc6299db9ec823/exit-0.2.0/src/lib.rs:55:34
[INFO] [stdout]    |
[INFO] [stdout] 55 |     fn from_ok(_: <Self as Try>::Ok) -> Self {
[INFO] [stdout]    |                                  ^^ not found in `Try`
[INFO] [stdout] 
[INFO] [stdout] 
[INFO] [stdout] error[E0554]: `#![feature]` may not be used on the beta release channel
[INFO] [stdout]  --> /opt/rustwide/cargo-home/registry/src/github.com-1ecc6299db9ec823/exit-0.2.0/src/lib.rs:1:1
[INFO] [stdout]   |
[INFO] [stdout] 1 | #![feature(termination_trait_lib)]
[INFO] [stdout]   | ^^^^^^^^^^^^^^^^^^^^^^^^^^^^^^^^^^
[INFO] [stdout] 
[INFO] [stdout] 
[INFO] [stdout] error[E0554]: `#![feature]` may not be used on the beta release channel
[INFO] [stdout]  --> /opt/rustwide/cargo-home/registry/src/github.com-1ecc6299db9ec823/exit-0.2.0/src/lib.rs:2:1
[INFO] [stdout]   |
[INFO] [stdout] 2 | #![feature(try_trait)]
[INFO] [stdout]   | ^^^^^^^^^^^^^^^^^^^^^^
[INFO] [stdout] 
[INFO] [stdout] 
[INFO] [stdout] error[E0554]: `#![feature]` may not be used on the beta release channel
[INFO] [stdout]  --> /opt/rustwide/cargo-home/registry/src/github.com-1ecc6299db9ec823/exit-0.2.0/src/lib.rs:3:1
[INFO] [stdout]   |
[INFO] [stdout] 3 | #![feature(specialization)]
[INFO] [stdout]   | ^^^^^^^^^^^^^^^^^^^^^^^^^^^
[INFO] [stdout] 
[INFO] [stdout] 
[INFO] [stdout] error[E0658]: use of unstable library feature 'try_trait_v2'
[INFO] [stdout]  --> /opt/rustwide/cargo-home/registry/src/github.com-1ecc6299db9ec823/exit-0.2.0/src/lib.rs:6:5
[INFO] [stdout]   |
[INFO] [stdout] 6 | use std::ops::Try;
[INFO] [stdout]   |     ^^^^^^^^^^^^^
[INFO] [stdout]   |
[INFO] [stdout]   = note: see issue #84277 <https://github.com/rust-lang/rust/issues/84277> for more information
[INFO] [stdout] 
[INFO] [stdout] 
[INFO] [stdout] error[E0658]: use of unstable library feature 'try_trait_v2'
[INFO] [stdout]   --> /opt/rustwide/cargo-home/registry/src/github.com-1ecc6299db9ec823/exit-0.2.0/src/lib.rs:40:9
[INFO] [stdout]    |
[INFO] [stdout] 40 | impl<T> Try for Exit<T> {
[INFO] [stdout]    |         ^^^
[INFO] [stdout]    |
[INFO] [stdout]    = note: see issue #84277 <https://github.com/rust-lang/rust/issues/84277> for more information
[INFO] [stdout] 
[INFO] [stdout] 
[INFO] [stdout] error[E0220]: associated type `Error` not found for `Self`
[INFO] [stdout]   --> /opt/rustwide/cargo-home/registry/src/github.com-1ecc6299db9ec823/exit-0.2.0/src/lib.rs:44:61
[INFO] [stdout]    |
[INFO] [stdout] 44 |     fn into_result(self) -> Result<<Self as Try>::Ok, Self::Error> {
[INFO] [stdout]    |                                                             ^^^^^ associated type `Error` not found
[INFO] [stdout] 
[INFO] [stdout] 
[INFO] [stdout] error[E0220]: associated type `Error` not found for `Self`
[INFO] [stdout]   --> /opt/rustwide/cargo-home/registry/src/github.com-1ecc6299db9ec823/exit-0.2.0/src/lib.rs:51:30
[INFO] [stdout]    |
[INFO] [stdout] 51 |     fn from_error(err: Self::Error) -> Self {
[INFO] [stdout]    |                              ^^^^^ associated type `Error` not found
[INFO] [stdout] 
[INFO] [stdout] 
[INFO] [stdout] error: aborting due to 14 previous errors
[INFO] [stdout] 
[INFO] [stdout] 
[INFO] [stdout] Some errors have detailed explanations: E0220, E0407, E0437, E0554, E0576, E0658.
[INFO] [stdout] 
[INFO] [stdout] For more information about an error, try `rustc --explain E0220`.
[INFO] [stdout] 
[INFO] [stderr] error: could not compile `exit` due to 15 previous errors
[INFO] running `Command { std: "docker" "inspect" "aab41b6ee855bca4d59d9f68a657d1f8ad202734bf03a36e05b259f75c15feb7", kill_on_drop: false }`
[INFO] running `Command { std: "docker" "rm" "-f" "aab41b6ee855bca4d59d9f68a657d1f8ad202734bf03a36e05b259f75c15feb7", kill_on_drop: false }`
[INFO] [stdout] aab41b6ee855bca4d59d9f68a657d1f8ad202734bf03a36e05b259f75c15feb7
