[INFO] cloning repository https://github.com/olivernn/src.lu
[INFO] running `Command { std: "git" "-c" "credential.helper=" "-c" "credential.helper=/workspace/cargo-home/bin/git-credential-null" "clone" "--bare" "https://github.com/olivernn/src.lu" "/workspace/cache/git-repos/https%3A%2F%2Fgithub.com%2Folivernn%2Fsrc.lu", kill_on_drop: false }`
[INFO] [stderr] Cloning into bare repository '/workspace/cache/git-repos/https%3A%2F%2Fgithub.com%2Folivernn%2Fsrc.lu'...
[INFO] running `Command { std: "git" "rev-parse" "HEAD", kill_on_drop: false }`
[INFO] [stdout] 4f6ec5dcbd52af242d295cd05a7b5f38ecbd4e11
[INFO] testing olivernn/src.lu against beta-2021-08-01 for beta-1.55-1
[INFO] running `Command { std: "git" "clone" "/workspace/cache/git-repos/https%3A%2F%2Fgithub.com%2Folivernn%2Fsrc.lu" "/workspace/builds/worker-13/source", kill_on_drop: false }`
[INFO] [stderr] Cloning into '/workspace/builds/worker-13/source'...
[INFO] [stderr] done.
[INFO] validating manifest of git repo https://github.com/olivernn/src.lu on toolchain beta-2021-08-01
[INFO] running `Command { std: "/workspace/cargo-home/bin/cargo" "+beta-2021-08-01" "metadata" "--manifest-path" "Cargo.toml" "--no-deps", kill_on_drop: false }`
[INFO] started tweaking git repo https://github.com/olivernn/src.lu
[INFO] finished tweaking git repo https://github.com/olivernn/src.lu
[INFO] tweaked toml for git repo https://github.com/olivernn/src.lu written to /workspace/builds/worker-13/source/Cargo.toml
[INFO] crate git repo https://github.com/olivernn/src.lu already has a lockfile, it will not be regenerated
[INFO] running `Command { std: "/workspace/cargo-home/bin/cargo" "+beta-2021-08-01" "fetch" "--manifest-path" "Cargo.toml", kill_on_drop: false }`
[INFO] [stderr]  Downloading crates ...
[INFO] [stderr]   Downloaded jpeg-decoder v0.1.11
[INFO] [stderr]   Downloaded adler32 v0.3.0
[INFO] [stderr]   Downloaded thread_local v0.3.2
[INFO] [stderr]   Downloaded slog v1.5.0
[INFO] [stderr]   Downloaded rocket_codegen v0.2.0
[INFO] [stderr]   Downloaded slog-term v1.5.0
[INFO] [stderr]   Downloaded hyper v0.10.4
[INFO] [stderr]   Downloaded rayon v0.6.0
[INFO] [stderr]   Downloaded image v0.12.2
[INFO] [stderr]   Downloaded deflate v0.7.4
[INFO] [stderr]   Downloaded cookie v0.6.0
[INFO] [stderr]   Downloaded state v0.2.0
[INFO] [stderr]   Downloaded slog-extra v0.1.1
[INFO] [stderr]   Downloaded slog-stream v1.2.0
[INFO] [stderr]   Downloaded rocket v0.2.0
[INFO] running `Command { std: "docker" "create" "-v" "/var/lib/crater-agent-workspace/builds/worker-13/target:/opt/rustwide/target:rw,Z" "-v" "/var/lib/crater-agent-workspace/builds/worker-13/source:/opt/rustwide/workdir:ro,Z" "-v" "/var/lib/crater-agent-workspace/cargo-home:/opt/rustwide/cargo-home:ro,Z" "-v" "/var/lib/crater-agent-workspace/rustup-home:/opt/rustwide/rustup-home:ro,Z" "-e" "SOURCE_DIR=/opt/rustwide/workdir" "-e" "CARGO_TARGET_DIR=/opt/rustwide/target" "-e" "CARGO_HOME=/opt/rustwide/cargo-home" "-e" "RUSTUP_HOME=/opt/rustwide/rustup-home" "-w" "/opt/rustwide/workdir" "-m" "1610612736" "--user" "0:0" "--network" "none" "ghcr.io/rust-lang/crates-build-env/linux@sha256:34b6a614d2c27851fe6cbf88fbd1137609cefab8b10d0615aaeb6fd47975d74e" "/opt/rustwide/cargo-home/bin/cargo" "+beta-2021-08-01" "metadata" "--no-deps" "--format-version=1", kill_on_drop: false }`
[INFO] [stdout] 792d2cf77fc764599f868bf90ca15a6b90ebc64bac4da13be0a8ecf023fe4d72
[INFO] running `Command { std: "docker" "start" "-a" "792d2cf77fc764599f868bf90ca15a6b90ebc64bac4da13be0a8ecf023fe4d72", kill_on_drop: false }`
[INFO] running `Command { std: "docker" "inspect" "792d2cf77fc764599f868bf90ca15a6b90ebc64bac4da13be0a8ecf023fe4d72", kill_on_drop: false }`
[INFO] running `Command { std: "docker" "rm" "-f" "792d2cf77fc764599f868bf90ca15a6b90ebc64bac4da13be0a8ecf023fe4d72", kill_on_drop: false }`
[INFO] [stdout] 792d2cf77fc764599f868bf90ca15a6b90ebc64bac4da13be0a8ecf023fe4d72
[INFO] running `Command { std: "docker" "create" "-v" "/var/lib/crater-agent-workspace/builds/worker-13/target:/opt/rustwide/target:rw,Z" "-v" "/var/lib/crater-agent-workspace/builds/worker-13/source:/opt/rustwide/workdir:ro,Z" "-v" "/var/lib/crater-agent-workspace/cargo-home:/opt/rustwide/cargo-home:ro,Z" "-v" "/var/lib/crater-agent-workspace/rustup-home:/opt/rustwide/rustup-home:ro,Z" "-e" "SOURCE_DIR=/opt/rustwide/workdir" "-e" "CARGO_TARGET_DIR=/opt/rustwide/target" "-e" "CARGO_INCREMENTAL=0" "-e" "RUST_BACKTRACE=full" "-e" "RUSTFLAGS=--cap-lints=warn" "-e" "CARGO_HOME=/opt/rustwide/cargo-home" "-e" "RUSTUP_HOME=/opt/rustwide/rustup-home" "-w" "/opt/rustwide/workdir" "-m" "1610612736" "--user" "0:0" "--network" "none" "ghcr.io/rust-lang/crates-build-env/linux@sha256:34b6a614d2c27851fe6cbf88fbd1137609cefab8b10d0615aaeb6fd47975d74e" "/opt/rustwide/cargo-home/bin/cargo" "+beta-2021-08-01" "build" "--frozen" "--message-format=json", kill_on_drop: false }`
[INFO] [stdout] 47558f0242b12a288ab3f2475ef7ca0e2f11ea3fbc262c78feec694212a6bb7b
[INFO] running `Command { std: "docker" "start" "-a" "47558f0242b12a288ab3f2475ef7ca0e2f11ea3fbc262c78feec694212a6bb7b", kill_on_drop: false }`
[INFO] [stderr]    Compiling matches v0.1.4
[INFO] [stderr]    Compiling version_check v0.1.0
[INFO] [stderr]    Compiling unicode-normalization v0.1.4
[INFO] [stderr]    Compiling httparse v1.2.1
[INFO] [stderr]    Compiling slog v1.5.0
[INFO] [stderr]    Compiling adler32 v0.3.0
[INFO] [stderr]    Compiling rustc-serialize v0.3.22
[INFO] [stderr]    Compiling traitobject v0.0.1
[INFO] [stderr]    Compiling toml v0.2.1
[INFO] [stderr]    Compiling state v0.2.0
[INFO] [stderr]    Compiling time v0.1.36
[INFO] [stderr]    Compiling num_cpus v1.2.1
[INFO] [stderr]    Compiling thread-id v3.0.0
[INFO] [stderr]    Compiling memchr v1.0.1
[INFO] [stderr]    Compiling isatty v0.1.3
[INFO] [stderr]    Compiling mime v0.2.2
[INFO] [stderr]    Compiling unreachable v0.1.1
[INFO] [stderr]    Compiling enum_primitive v0.1.1
[INFO] [stderr]    Compiling unicase v1.4.0
[INFO] [stderr]    Compiling hyper v0.10.4
[INFO] [stderr]    Compiling deque v0.3.1
[INFO] [stderr]    Compiling num-rational v0.1.35
[INFO] [stderr]    Compiling num v0.1.36
[INFO] [stderr]    Compiling rusttype v0.2.1
[INFO] [stderr]    Compiling thread-id v2.0.0
[INFO] [stderr]    Compiling term-painter v0.2.3
[INFO] [stdout] error[E0557]: feature has been removed
[INFO] [stdout]  --> /opt/rustwide/cargo-home/registry/src/github.com-1ecc6299db9ec823/state-0.2.0/src/lib.rs:1:12
[INFO] [stdout]   |
[INFO] [stdout] 1 | #![feature(const_fn)]
[INFO] [stdout]   |            ^^^^^^^^ feature has been removed
[INFO] [stdout]   |
[INFO] [stdout]   = note: split into finer-grained feature gates
[INFO] [stdout] 
[INFO] [stdout] 
[INFO] [stdout] error[E0554]: `#![feature]` may not be used on the beta release channel
[INFO] [stdout]  --> /opt/rustwide/cargo-home/registry/src/github.com-1ecc6299db9ec823/state-0.2.0/src/lib.rs:1:1
[INFO] [stdout]   |
[INFO] [stdout] 1 | #![feature(const_fn)]
[INFO] [stdout]   | ^^^^^^^^^^^^^^^^^^^^^
[INFO] [stdout] 
[INFO] [stdout] 
[INFO] [stdout] error: aborting due to 2 previous errors
[INFO] [stdout] 
[INFO] [stdout] 
[INFO] [stdout] Some errors have detailed explanations: E0554, E0557.
[INFO] [stdout] 
[INFO] [stdout] For more information about an error, try `rustc --explain E0554`.
[INFO] [stdout] 
[INFO] [stderr] error: could not compile `state` due to 3 previous errors
[INFO] [stderr] warning: build failed, waiting for other jobs to finish...
[INFO] [stdout] error[E0277]: `core::fmt::Opaque` cannot be shared between threads safely
[INFO] [stdout]    --> /opt/rustwide/cargo-home/registry/src/github.com-1ecc6299db9ec823/slog-1.5.0/src/ser.rs:228:6
[INFO] [stdout]     |
[INFO] [stdout] 120 | pub trait SyncSerialize: Send + Sync + 'static + Serialize {}
[INFO] [stdout]     |                                 ---- required by this bound in `SyncSerialize`
[INFO] [stdout] ...
[INFO] [stdout] 228 | impl SyncSerialize for fmt::Arguments<'static> {}
[INFO] [stdout]     |      ^^^^^^^^^^^^^ `core::fmt::Opaque` cannot be shared between threads safely
[INFO] [stdout]     |
[INFO] [stdout]     = help: within `Arguments<'static>`, the trait `Sync` is not implemented for `core::fmt::Opaque`
[INFO] [stdout]     = note: required because it appears within the type `&'static core::fmt::Opaque`
[INFO] [stdout]     = note: required because it appears within the type `ArgumentV1<'static>`
[INFO] [stdout]     = note: required because it appears within the type `[ArgumentV1<'static>]`
[INFO] [stdout]     = note: required because it appears within the type `&'static [ArgumentV1<'static>]`
[INFO] [stdout]     = note: required because it appears within the type `Arguments<'static>`
[INFO] [stdout] 
[INFO] [stdout] 
[INFO] [stdout] error: aborting due to previous error
[INFO] [stdout] 
[INFO] [stdout] 
[INFO] [stdout] For more information about this error, try `rustc --explain E0277`.
[INFO] [stdout] 
[INFO] [stdout] error[E0311]: the parameter type `K` may not live long enough
[INFO] [stdout]   --> /opt/rustwide/cargo-home/registry/src/github.com-1ecc6299db9ec823/rusttype-0.2.1/src/support/bst/map.rs:81:19
[INFO] [stdout]    |
[INFO] [stdout] 81 |             match node.force() {
[INFO] [stdout]    |                   ^^^^
[INFO] [stdout]    |
[INFO] [stdout] note: the parameter type `K` must be valid for the anonymous lifetime defined on the function body at 78:37...
[INFO] [stdout]   --> /opt/rustwide/cargo-home/registry/src/github.com-1ecc6299db9ec823/rusttype-0.2.1/src/support/bst/map.rs:78:37
[INFO] [stdout]    |
[INFO] [stdout] 78 |                 node: node::NodeRef<marker::Immut, K, V, marker::LeafOrInternal>)
[INFO] [stdout]    |                                     ^^^^^^^^^^^^^
[INFO] [stdout] 
[INFO] [stdout] 
[INFO] [stdout] error[E0311]: the parameter type `V` may not live long enough
[INFO] [stdout]   --> /opt/rustwide/cargo-home/registry/src/github.com-1ecc6299db9ec823/rusttype-0.2.1/src/support/bst/map.rs:81:19
[INFO] [stdout]    |
[INFO] [stdout] 81 |             match node.force() {
[INFO] [stdout]    |                   ^^^^
[INFO] [stdout]    |
[INFO] [stdout] note: the parameter type `V` must be valid for the anonymous lifetime defined on the function body at 78:37...
[INFO] [stdout]   --> /opt/rustwide/cargo-home/registry/src/github.com-1ecc6299db9ec823/rusttype-0.2.1/src/support/bst/map.rs:78:37
[INFO] [stdout]    |
[INFO] [stdout] 78 |                 node: node::NodeRef<marker::Immut, K, V, marker::LeafOrInternal>)
[INFO] [stdout]    |                                     ^^^^^^^^^^^^^
[INFO] [stdout] 
[INFO] [stdout] 
[INFO] [stdout] error: aborting due to 2 previous errors
[INFO] [stdout] 
[INFO] [stdout] 
[INFO] [stderr] error: build failed
[INFO] running `Command { std: "docker" "inspect" "47558f0242b12a288ab3f2475ef7ca0e2f11ea3fbc262c78feec694212a6bb7b", kill_on_drop: false }`
[INFO] running `Command { std: "docker" "rm" "-f" "47558f0242b12a288ab3f2475ef7ca0e2f11ea3fbc262c78feec694212a6bb7b", kill_on_drop: false }`
[INFO] [stdout] 47558f0242b12a288ab3f2475ef7ca0e2f11ea3fbc262c78feec694212a6bb7b
