[INFO] cloning repository https://github.com/oeb25/sql-fmt
[INFO] running `Command { std: "git" "-c" "credential.helper=" "-c" "credential.helper=/workspace/cargo-home/bin/git-credential-null" "clone" "--bare" "https://github.com/oeb25/sql-fmt" "/workspace/cache/git-repos/https%3A%2F%2Fgithub.com%2Foeb25%2Fsql-fmt", kill_on_drop: false }`
[INFO] [stderr] Cloning into bare repository '/workspace/cache/git-repos/https%3A%2F%2Fgithub.com%2Foeb25%2Fsql-fmt'...
[INFO] running `Command { std: "git" "rev-parse" "HEAD", kill_on_drop: false }`
[INFO] [stdout] 051b2c866c417aaf7321f641c493263a2cf77db5
[INFO] testing oeb25/sql-fmt against 1.54.0 for beta-1.55-1
[INFO] running `Command { std: "git" "clone" "/workspace/cache/git-repos/https%3A%2F%2Fgithub.com%2Foeb25%2Fsql-fmt" "/workspace/builds/worker-12/source", kill_on_drop: false }`
[INFO] [stderr] Cloning into '/workspace/builds/worker-12/source'...
[INFO] [stderr] done.
[INFO] validating manifest of git repo https://github.com/oeb25/sql-fmt on toolchain 1.54.0
[INFO] running `Command { std: "/workspace/cargo-home/bin/cargo" "+1.54.0" "metadata" "--manifest-path" "Cargo.toml" "--no-deps", kill_on_drop: false }`
[INFO] started tweaking git repo https://github.com/oeb25/sql-fmt
[INFO] finished tweaking git repo https://github.com/oeb25/sql-fmt
[INFO] tweaked toml for git repo https://github.com/oeb25/sql-fmt written to /workspace/builds/worker-12/source/Cargo.toml
[INFO] crate git repo https://github.com/oeb25/sql-fmt already has a lockfile, it will not be regenerated
[INFO] running `Command { std: "/workspace/cargo-home/bin/cargo" "+1.54.0" "fetch" "--manifest-path" "Cargo.toml", kill_on_drop: false }`
[INFO] [stderr]     Blocking waiting for file lock on package cache
[INFO] running `Command { std: "docker" "create" "-v" "/var/lib/crater-agent-workspace/builds/worker-12/target:/opt/rustwide/target:rw,Z" "-v" "/var/lib/crater-agent-workspace/builds/worker-12/source:/opt/rustwide/workdir:ro,Z" "-v" "/var/lib/crater-agent-workspace/cargo-home:/opt/rustwide/cargo-home:ro,Z" "-v" "/var/lib/crater-agent-workspace/rustup-home:/opt/rustwide/rustup-home:ro,Z" "-e" "SOURCE_DIR=/opt/rustwide/workdir" "-e" "CARGO_TARGET_DIR=/opt/rustwide/target" "-e" "CARGO_HOME=/opt/rustwide/cargo-home" "-e" "RUSTUP_HOME=/opt/rustwide/rustup-home" "-w" "/opt/rustwide/workdir" "-m" "1610612736" "--user" "0:0" "--network" "none" "ghcr.io/rust-lang/crates-build-env/linux@sha256:34b6a614d2c27851fe6cbf88fbd1137609cefab8b10d0615aaeb6fd47975d74e" "/opt/rustwide/cargo-home/bin/cargo" "+1.54.0" "metadata" "--no-deps" "--format-version=1", kill_on_drop: false }`
[INFO] [stdout] 52bbe75140533e05a875dd5fac8399fe0c3f51aa7ea2e72c489faee49beeb606
[INFO] [stderr] WARNING: Your kernel does not support swap limit capabilities or the cgroup is not mounted. Memory limited without swap.
[INFO] running `Command { std: "docker" "start" "-a" "52bbe75140533e05a875dd5fac8399fe0c3f51aa7ea2e72c489faee49beeb606", kill_on_drop: false }`
[INFO] running `Command { std: "docker" "inspect" "52bbe75140533e05a875dd5fac8399fe0c3f51aa7ea2e72c489faee49beeb606", kill_on_drop: false }`
[INFO] running `Command { std: "docker" "rm" "-f" "52bbe75140533e05a875dd5fac8399fe0c3f51aa7ea2e72c489faee49beeb606", kill_on_drop: false }`
[INFO] [stdout] 52bbe75140533e05a875dd5fac8399fe0c3f51aa7ea2e72c489faee49beeb606
[INFO] running `Command { std: "docker" "create" "-v" "/var/lib/crater-agent-workspace/builds/worker-12/target:/opt/rustwide/target:rw,Z" "-v" "/var/lib/crater-agent-workspace/builds/worker-12/source:/opt/rustwide/workdir:ro,Z" "-v" "/var/lib/crater-agent-workspace/cargo-home:/opt/rustwide/cargo-home:ro,Z" "-v" "/var/lib/crater-agent-workspace/rustup-home:/opt/rustwide/rustup-home:ro,Z" "-e" "SOURCE_DIR=/opt/rustwide/workdir" "-e" "CARGO_TARGET_DIR=/opt/rustwide/target" "-e" "CARGO_INCREMENTAL=0" "-e" "RUST_BACKTRACE=full" "-e" "RUSTFLAGS=--cap-lints=warn" "-e" "CARGO_HOME=/opt/rustwide/cargo-home" "-e" "RUSTUP_HOME=/opt/rustwide/rustup-home" "-w" "/opt/rustwide/workdir" "-m" "1610612736" "--user" "0:0" "--network" "none" "ghcr.io/rust-lang/crates-build-env/linux@sha256:34b6a614d2c27851fe6cbf88fbd1137609cefab8b10d0615aaeb6fd47975d74e" "/opt/rustwide/cargo-home/bin/cargo" "+1.54.0" "build" "--frozen" "--message-format=json", kill_on_drop: false }`
[INFO] [stdout] 071cc474a22750b800846298f74b077274e5f5aca4f9085fdf980e2243e0d78e
[INFO] [stderr] WARNING: Your kernel does not support swap limit capabilities or the cgroup is not mounted. Memory limited without swap.
[INFO] running `Command { std: "docker" "start" "-a" "071cc474a22750b800846298f74b077274e5f5aca4f9085fdf980e2243e0d78e", kill_on_drop: false }`
[INFO] [stderr]    Compiling libc v0.2.33
[INFO] [stderr]    Compiling lazy_static v0.2.10
[INFO] [stderr]    Compiling pest v1.0.0-beta.16
[INFO] [stderr]    Compiling syn v0.10.8
[INFO] [stderr]    Compiling num_cpus v1.7.0
[INFO] [stderr]    Compiling rand v0.3.18
[INFO] [stderr]    Compiling rayon-core v1.3.0
[INFO] [stderr]    Compiling pest_derive v1.0.0-beta.16
[INFO] [stderr]    Compiling rayon v0.9.0
[INFO] [stderr]    Compiling sql-fmt v0.1.0 (/opt/rustwide/workdir)
[INFO] [stdout] error[E0554]: `#![feature]` may not be used on the stable release channel
[INFO] [stdout]  --> src/lib.rs:1:1
[INFO] [stdout]   |
[INFO] [stdout] 1 | #![feature(try_from)]
[INFO] [stdout]   | ^^^^^^^^^^^^^^^^^^^^^
[INFO] [stdout] 
[INFO] [stdout] 
[INFO] [stdout] error[E0554]: `#![feature]` may not be used on the stable release channel
[INFO] [stdout]  --> src/lib.rs:2:1
[INFO] [stdout]   |
[INFO] [stdout] 2 | #![feature(match_default_bindings)]
[INFO] [stdout]   | ^^^^^^^^^^^^^^^^^^^^^^^^^^^^^^^^^^^ help: remove the attribute
[INFO] [stdout]   |
[INFO] [stdout]   = help: the feature `match_default_bindings` has been stable since 1.26.0 and no longer requires an attribute to enable
[INFO] [stdout] 
[INFO] [stdout] 
[INFO] [stdout] error[E0554]: `#![feature]` may not be used on the stable release channel
[INFO] [stdout]  --> src/lib.rs:3:1
[INFO] [stdout]   |
[INFO] [stdout] 3 | #![feature(box_patterns)]
[INFO] [stdout]   | ^^^^^^^^^^^^^^^^^^^^^^^^^
[INFO] [stdout] 
[INFO] [stdout] 
[INFO] [stdout] warning: unused imports: `RefMut`, `Ref`
[INFO] [stdout]  --> src/format.rs:4:17
[INFO] [stdout]   |
[INFO] [stdout] 4 | use std::cell::{Ref, RefCell, RefMut};
[INFO] [stdout]   |                 ^^^           ^^^^^^
[INFO] [stdout]   |
[INFO] [stdout]   = note: `#[warn(unused_imports)]` on by default
[INFO] [stdout] 
[INFO] [stdout] 
[INFO] [stdout] warning: unused macro definition
[INFO] [stdout]   --> src/format.rs:31:1
[INFO] [stdout]    |
[INFO] [stdout] 31 | / macro_rules! w {
[INFO] [stdout] 32 | |     ($dst:expr, $($arg:tt)*) => {
[INFO] [stdout] 33 | |       let b1: RefMut<(u32, char)> = $dst.borrow_mut();
[INFO] [stdout] 34 | |       let mut b2: RefMut<u32> = RefMut::map(b1, |t| &mut t.0);
[INFO] [stdout] ...  |
[INFO] [stdout] 40 | |     }
[INFO] [stdout] 41 | | }
[INFO] [stdout]    | |_^
[INFO] [stdout]    |
[INFO] [stdout]    = note: `#[warn(unused_macros)]` on by default
[INFO] [stdout] 
[INFO] [stdout] 
[INFO] [stdout] warning: the item `std` is imported redundantly
[INFO] [stdout]    --> src/format.rs:303:9
[INFO] [stdout]     |
[INFO] [stdout] 1   | use std;
[INFO] [stdout]     |     --- the item `std` is already imported here
[INFO] [stdout] ...
[INFO] [stdout] 303 |     use std;
[INFO] [stdout]     |         ^^^
[INFO] [stdout] 
[INFO] [stdout] 
[INFO] [stdout] warning: the item `ColumnConstraintReferencesMatch` is imported redundantly
[INFO] [stdout]    --> src/format.rs:609:9
[INFO] [stdout]     |
[INFO] [stdout] 2   | use ast::*;
[INFO] [stdout]     |     ------ the item `ColumnConstraintReferencesMatch` is already imported here
[INFO] [stdout] ...
[INFO] [stdout] 609 |     use ast::ColumnConstraintReferencesMatch;
[INFO] [stdout]     |         ^^^^^^^^^^^^^^^^^^^^^^^^^^^^^^^^^^^^
[INFO] [stdout] 
[INFO] [stdout] 
[INFO] [stdout] warning: unreachable call
[INFO] [stdout]    --> src/parser.rs:312:5
[INFO] [stdout]     |
[INFO] [stdout] 312 |       Ok(match t.as_rule() {
[INFO] [stdout]     |  _____^^_-
[INFO] [stdout]     | |     |
[INFO] [stdout]     | |     unreachable call
[INFO] [stdout] 313 | |       Rule::insert_conflict_action_update_item => unimplemented!(), // TODO
[INFO] [stdout] 314 | |       _ => unparseable!(t)
[INFO] [stdout] 315 | |     })
[INFO] [stdout]     | |_____- any code following this `match` expression is unreachable, as all arms diverge
[INFO] [stdout]     |
[INFO] [stdout]     = note: `#[warn(unreachable_code)]` on by default
[INFO] [stdout] 
[INFO] [stdout] 
[INFO] [stdout] error: aborting due to 3 previous errors; 5 warnings emitted
[INFO] [stdout] 
[INFO] [stdout] 
[INFO] [stdout] For more information about this error, try `rustc --explain E0554`.
[INFO] [stdout] 
[INFO] [stderr] error: could not compile `sql-fmt`
[INFO] [stderr] 
[INFO] [stderr] To learn more, run the command again with --verbose.
[INFO] running `Command { std: "docker" "inspect" "071cc474a22750b800846298f74b077274e5f5aca4f9085fdf980e2243e0d78e", kill_on_drop: false }`
[INFO] running `Command { std: "docker" "rm" "-f" "071cc474a22750b800846298f74b077274e5f5aca4f9085fdf980e2243e0d78e", kill_on_drop: false }`
[INFO] [stdout] 071cc474a22750b800846298f74b077274e5f5aca4f9085fdf980e2243e0d78e
