[INFO] cloning repository https://github.com/odd12258053/rusfuse
[INFO] running `Command { std: "git" "-c" "credential.helper=" "-c" "credential.helper=/workspace/cargo-home/bin/git-credential-null" "clone" "--bare" "https://github.com/odd12258053/rusfuse" "/workspace/cache/git-repos/https%3A%2F%2Fgithub.com%2Fodd12258053%2Frusfuse", kill_on_drop: false }`
[INFO] [stderr] Cloning into bare repository '/workspace/cache/git-repos/https%3A%2F%2Fgithub.com%2Fodd12258053%2Frusfuse'...
[INFO] running `Command { std: "git" "rev-parse" "HEAD", kill_on_drop: false }`
[INFO] [stdout] 7755647ed4380c0c97475e76979f8eeb81c76162
[INFO] testing odd12258053/rusfuse against 1.54.0 for beta-1.55-1
[INFO] running `Command { std: "git" "clone" "/workspace/cache/git-repos/https%3A%2F%2Fgithub.com%2Fodd12258053%2Frusfuse" "/workspace/builds/worker-14/source", kill_on_drop: false }`
[INFO] [stderr] Cloning into '/workspace/builds/worker-14/source'...
[INFO] [stderr] done.
[INFO] validating manifest of git repo https://github.com/odd12258053/rusfuse on toolchain 1.54.0
[INFO] running `Command { std: "/workspace/cargo-home/bin/cargo" "+1.54.0" "metadata" "--manifest-path" "Cargo.toml" "--no-deps", kill_on_drop: false }`
[INFO] started tweaking git repo https://github.com/odd12258053/rusfuse
[INFO] finished tweaking git repo https://github.com/odd12258053/rusfuse
[INFO] tweaked toml for git repo https://github.com/odd12258053/rusfuse written to /workspace/builds/worker-14/source/Cargo.toml
[INFO] crate git repo https://github.com/odd12258053/rusfuse already has a lockfile, it will not be regenerated
[INFO] running `Command { std: "/workspace/cargo-home/bin/cargo" "+1.54.0" "fetch" "--manifest-path" "Cargo.toml", kill_on_drop: false }`
[INFO] running `Command { std: "docker" "create" "-v" "/var/lib/crater-agent-workspace/builds/worker-14/target:/opt/rustwide/target:rw,Z" "-v" "/var/lib/crater-agent-workspace/builds/worker-14/source:/opt/rustwide/workdir:ro,Z" "-v" "/var/lib/crater-agent-workspace/cargo-home:/opt/rustwide/cargo-home:ro,Z" "-v" "/var/lib/crater-agent-workspace/rustup-home:/opt/rustwide/rustup-home:ro,Z" "-e" "SOURCE_DIR=/opt/rustwide/workdir" "-e" "CARGO_TARGET_DIR=/opt/rustwide/target" "-e" "CARGO_HOME=/opt/rustwide/cargo-home" "-e" "RUSTUP_HOME=/opt/rustwide/rustup-home" "-w" "/opt/rustwide/workdir" "-m" "1610612736" "--user" "0:0" "--network" "none" "ghcr.io/rust-lang/crates-build-env/linux@sha256:34b6a614d2c27851fe6cbf88fbd1137609cefab8b10d0615aaeb6fd47975d74e" "/opt/rustwide/cargo-home/bin/cargo" "+1.54.0" "metadata" "--no-deps" "--format-version=1", kill_on_drop: false }`
[INFO] [stdout] a3c533160f4ef5f496fcba2f6769b5cace20cac924129e6ae03b6ff4e3b3b2cc
[INFO] [stderr] WARNING: Your kernel does not support swap limit capabilities or the cgroup is not mounted. Memory limited without swap.
[INFO] running `Command { std: "docker" "start" "-a" "a3c533160f4ef5f496fcba2f6769b5cace20cac924129e6ae03b6ff4e3b3b2cc", kill_on_drop: false }`
[INFO] running `Command { std: "docker" "inspect" "a3c533160f4ef5f496fcba2f6769b5cace20cac924129e6ae03b6ff4e3b3b2cc", kill_on_drop: false }`
[INFO] running `Command { std: "docker" "rm" "-f" "a3c533160f4ef5f496fcba2f6769b5cace20cac924129e6ae03b6ff4e3b3b2cc", kill_on_drop: false }`
[INFO] [stdout] a3c533160f4ef5f496fcba2f6769b5cace20cac924129e6ae03b6ff4e3b3b2cc
[INFO] running `Command { std: "docker" "create" "-v" "/var/lib/crater-agent-workspace/builds/worker-14/target:/opt/rustwide/target:rw,Z" "-v" "/var/lib/crater-agent-workspace/builds/worker-14/source:/opt/rustwide/workdir:ro,Z" "-v" "/var/lib/crater-agent-workspace/cargo-home:/opt/rustwide/cargo-home:ro,Z" "-v" "/var/lib/crater-agent-workspace/rustup-home:/opt/rustwide/rustup-home:ro,Z" "-e" "SOURCE_DIR=/opt/rustwide/workdir" "-e" "CARGO_TARGET_DIR=/opt/rustwide/target" "-e" "CARGO_INCREMENTAL=0" "-e" "RUST_BACKTRACE=full" "-e" "RUSTFLAGS=--cap-lints=warn" "-e" "CARGO_HOME=/opt/rustwide/cargo-home" "-e" "RUSTUP_HOME=/opt/rustwide/rustup-home" "-w" "/opt/rustwide/workdir" "-m" "1610612736" "--user" "0:0" "--network" "none" "ghcr.io/rust-lang/crates-build-env/linux@sha256:34b6a614d2c27851fe6cbf88fbd1137609cefab8b10d0615aaeb6fd47975d74e" "/opt/rustwide/cargo-home/bin/cargo" "+1.54.0" "build" "--frozen" "--message-format=json", kill_on_drop: false }`
[INFO] [stdout] 7fcd522ad1806331f05cc3b72e111eac829675e28fa2101c2c533b63cd5e4801
[INFO] [stderr] WARNING: Your kernel does not support swap limit capabilities or the cgroup is not mounted. Memory limited without swap.
[INFO] running `Command { std: "docker" "start" "-a" "7fcd522ad1806331f05cc3b72e111eac829675e28fa2101c2c533b63cd5e4801", kill_on_drop: false }`
[INFO] [stderr]    Compiling libc v0.2.81
[INFO] [stderr]    Compiling log v0.4.13
[INFO] [stderr]    Compiling regex-syntax v0.6.22
[INFO] [stderr]    Compiling atty v0.2.14
[INFO] [stderr]    Compiling regex v1.4.3
[INFO] [stderr]    Compiling env_logger v0.8.2
[INFO] [stderr]    Compiling rusfuse v0.0.9 (/opt/rustwide/workdir)
[INFO] [stderr]     Finished dev [unoptimized + debuginfo] target(s) in 17.95s
[INFO] running `Command { std: "docker" "inspect" "7fcd522ad1806331f05cc3b72e111eac829675e28fa2101c2c533b63cd5e4801", kill_on_drop: false }`
[INFO] running `Command { std: "docker" "rm" "-f" "7fcd522ad1806331f05cc3b72e111eac829675e28fa2101c2c533b63cd5e4801", kill_on_drop: false }`
[INFO] [stdout] 7fcd522ad1806331f05cc3b72e111eac829675e28fa2101c2c533b63cd5e4801
[INFO] running `Command { std: "docker" "create" "-v" "/var/lib/crater-agent-workspace/builds/worker-14/target:/opt/rustwide/target:rw,Z" "-v" "/var/lib/crater-agent-workspace/builds/worker-14/source:/opt/rustwide/workdir:ro,Z" "-v" "/var/lib/crater-agent-workspace/cargo-home:/opt/rustwide/cargo-home:ro,Z" "-v" "/var/lib/crater-agent-workspace/rustup-home:/opt/rustwide/rustup-home:ro,Z" "-e" "SOURCE_DIR=/opt/rustwide/workdir" "-e" "CARGO_TARGET_DIR=/opt/rustwide/target" "-e" "CARGO_INCREMENTAL=0" "-e" "RUST_BACKTRACE=full" "-e" "RUSTFLAGS=--cap-lints=warn" "-e" "CARGO_HOME=/opt/rustwide/cargo-home" "-e" "RUSTUP_HOME=/opt/rustwide/rustup-home" "-w" "/opt/rustwide/workdir" "-m" "1610612736" "--user" "0:0" "--network" "none" "ghcr.io/rust-lang/crates-build-env/linux@sha256:34b6a614d2c27851fe6cbf88fbd1137609cefab8b10d0615aaeb6fd47975d74e" "/opt/rustwide/cargo-home/bin/cargo" "+1.54.0" "test" "--frozen" "--no-run" "--message-format=json", kill_on_drop: false }`
[INFO] [stdout] 4cc28b0302abe54b6581b78f6a4e73e4d90070d8a9826fcd020e277e819fef43
[INFO] [stderr] WARNING: Your kernel does not support swap limit capabilities or the cgroup is not mounted. Memory limited without swap.
[INFO] running `Command { std: "docker" "start" "-a" "4cc28b0302abe54b6581b78f6a4e73e4d90070d8a9826fcd020e277e819fef43", kill_on_drop: false }`
[INFO] [stderr]    Compiling colored v2.0.0
[INFO] [stderr]    Compiling rusfuse v0.0.9 (/opt/rustwide/workdir)
[INFO] [stdout] warning: unused import: `Duration`
[INFO] [stdout]   --> examples/inmemory.rs:15:21
[INFO] [stdout]    |
[INFO] [stdout] 15 |     use std::time::{Duration, SystemTime};
[INFO] [stdout]    |                     ^^^^^^^^
[INFO] [stdout]    |
[INFO] [stdout]    = note: `#[warn(unused_imports)]` on by default
[INFO] [stdout] 
[INFO] [stdout] 
[INFO] [stdout] warning: unused import: `FuseDirectory`
[INFO] [stdout]   --> examples/inmemory.rs:19:39
[INFO] [stdout]    |
[INFO] [stdout] 19 |     use rusfuse::{FileType, FuseAttr, FuseDirectory};
[INFO] [stdout]    |                                       ^^^^^^^^^^^^^
[INFO] [stdout] 
[INFO] [stdout] 
[INFO] [stdout] warning: unnecessary parentheses around function argument
[INFO] [stdout]    --> examples/inmemory.rs:366:35
[INFO] [stdout]     |
[INFO] [stdout] 366 |                         return Ok((FuseEntryParam::new(ch.to_attr(), 0, 0.0, 0.0)));
[INFO] [stdout]     |                                   ^^^^^^^^^^^^^^^^^^^^^^^^^^^^^^^^^^^^^^^^^^^^^^^^ help: remove these parentheses
[INFO] [stdout]     |
[INFO] [stdout]     = note: `#[warn(unused_parens)]` on by default
[INFO] [stdout] 
[INFO] [stdout] 
[INFO] [stdout] warning: unnecessary parentheses around function argument
[INFO] [stdout]    --> examples/inmemory.rs:397:30
[INFO] [stdout]     |
[INFO] [stdout] 397 |             Some(node) => Ok((FuseEntryParam::new(node.to_attr(), 0, 0.0, 0.0))),
[INFO] [stdout]     |                              ^^^^^^^^^^^^^^^^^^^^^^^^^^^^^^^^^^^^^^^^^^^^^^^^^^ help: remove these parentheses
[INFO] [stdout] 
[INFO] [stdout] 
[INFO] [stdout] warning: unnecessary parentheses around function argument
[INFO] [stdout]    --> examples/inmemory.rs:426:30
[INFO] [stdout]     |
[INFO] [stdout] 426 |             Some(node) => Ok((FuseEntryParam::new(node.to_attr(), 0, 0.0, 0.0))),
[INFO] [stdout]     |                              ^^^^^^^^^^^^^^^^^^^^^^^^^^^^^^^^^^^^^^^^^^^^^^^^^^ help: remove these parentheses
[INFO] [stdout] 
[INFO] [stdout] 
[INFO] [stdout] warning: unused import: `S_IWOTH`
[INFO] [stdout]    --> src/fuse.rs:594:67
[INFO] [stdout]     |
[INFO] [stdout] 594 |     use libc::{stat, S_IFREG, S_IRGRP, S_IROTH, S_IRUSR, S_IWGRP, S_IWOTH, S_IWUSR};
[INFO] [stdout]     |                                                                   ^^^^^^^
[INFO] [stdout]     |
[INFO] [stdout]     = note: `#[warn(unused_imports)]` on by default
[INFO] [stdout] 
[INFO] [stdout] 
[INFO] [stdout] warning: associated function is never used: `children`
[INFO] [stdout]   --> examples/inmemory.rs:70:23
[INFO] [stdout]    |
[INFO] [stdout] 70 |         pub(crate) fn children(&self) -> &BTreeSet<InoType> {
[INFO] [stdout]    |                       ^^^^^^^^
[INFO] [stdout]    |
[INFO] [stdout]    = note: `#[warn(dead_code)]` on by default
[INFO] [stdout] 
[INFO] [stdout] 
[INFO] [stdout] warning: associated function is never used: `update_ino`
[INFO] [stdout]    --> examples/inmemory.rs:110:22
[INFO] [stdout]     |
[INFO] [stdout] 110 |         pub(self) fn update_ino(&mut self, ino: InoType) {
[INFO] [stdout]     |                      ^^^^^^^^^^
[INFO] [stdout] 
[INFO] [stdout] 
[INFO] [stdout] warning: associated function is never used: `stamp_atime`
[INFO] [stdout]    --> examples/inmemory.rs:113:23
[INFO] [stdout]     |
[INFO] [stdout] 113 |         pub(crate) fn stamp_atime(&mut self) {
[INFO] [stdout]     |                       ^^^^^^^^^^^
[INFO] [stdout] 
[INFO] [stdout] 
[INFO] [stdout] warning: associated function is never used: `stamp_mtime`
[INFO] [stdout]    --> examples/inmemory.rs:116:23
[INFO] [stdout]     |
[INFO] [stdout] 116 |         pub(crate) fn stamp_mtime(&mut self) {
[INFO] [stdout]     |                       ^^^^^^^^^^^
[INFO] [stdout] 
[INFO] [stdout] 
[INFO] [stdout] warning: associated function is never used: `stamp_ctime`
[INFO] [stdout]    --> examples/inmemory.rs:119:23
[INFO] [stdout]     |
[INFO] [stdout] 119 |         pub(crate) fn stamp_ctime(&mut self) {
[INFO] [stdout]     |                       ^^^^^^^^^^^
[INFO] [stdout] 
[INFO] [stdout] 
[INFO] [stdout] warning: unnecessary `unsafe` block
[INFO] [stdout]    --> src/fuse.rs:601:32
[INFO] [stdout]     |
[INFO] [stdout] 600 |         let sb = unsafe {
[INFO] [stdout]     |                  ------ because it's nested under this `unsafe` block
[INFO] [stdout] 601 |             let mut sb: stat = unsafe { mem::zeroed::<stat>() };
[INFO] [stdout]     |                                ^^^^^^ unnecessary `unsafe` block
[INFO] [stdout]     |
[INFO] [stdout]     = note: `#[warn(unused_unsafe)]` on by default
[INFO] [stdout] 
[INFO] [stdout] 
[INFO] [stdout] warning: unnecessary `unsafe` block
[INFO] [stdout]    --> src/fuse.rs:602:23
[INFO] [stdout]     |
[INFO] [stdout] 600 |         let sb = unsafe {
[INFO] [stdout]     |                  ------ because it's nested under this `unsafe` block
[INFO] [stdout] 601 |             let mut sb: stat = unsafe { mem::zeroed::<stat>() };
[INFO] [stdout] 602 |             let ret = unsafe {
[INFO] [stdout]     |                       ^^^^^^ unnecessary `unsafe` block
[INFO] [stdout] 
[INFO] [stdout] 
[INFO] [stdout] warning: getting the inner pointer of a temporary `CString`
[INFO] [stdout]    --> src/fuse.rs:604:65
[INFO] [stdout]     |
[INFO] [stdout] 604 |                     CString::new("./tests/resource/a").unwrap().as_ptr(),
[INFO] [stdout]     |                     ------------------------------------------- ^^^^^^ this pointer will be invalid
[INFO] [stdout]     |                     |
[INFO] [stdout]     |                     this `CString` is deallocated at the end of the statement, bind it to a variable to extend its lifetime
[INFO] [stdout]     |
[INFO] [stdout]     = note: `#[warn(temporary_cstring_as_ptr)]` on by default
[INFO] [stdout]     = note: pointers do not have a lifetime; when calling `as_ptr` the `CString` will be deallocated at the end of the statement because nothing is referencing it as far as the type system is concerned
[INFO] [stdout]     = help: for more information, see https://doc.rust-lang.org/reference/destructors.html
[INFO] [stdout] 
[INFO] [stdout] 
[INFO] [stdout] error: linking with `cc` failed: exit status: 1
[INFO] [stdout]   |
[INFO] [stdout]   = note: "cc" "-m64" "/opt/rustwide/target/debug/examples/hello-23744f446609d238.hello.529rzdvh-cgu.0.rcgu.o" "/opt/rustwide/target/debug/examples/hello-23744f446609d238.hello.529rzdvh-cgu.1.rcgu.o" "/opt/rustwide/target/debug/examples/hello-23744f446609d238.hello.529rzdvh-cgu.10.rcgu.o" "/opt/rustwide/target/debug/examples/hello-23744f446609d238.hello.529rzdvh-cgu.11.rcgu.o" "/opt/rustwide/target/debug/examples/hello-23744f446609d238.hello.529rzdvh-cgu.12.rcgu.o" "/opt/rustwide/target/debug/examples/hello-23744f446609d238.hello.529rzdvh-cgu.13.rcgu.o" "/opt/rustwide/target/debug/examples/hello-23744f446609d238.hello.529rzdvh-cgu.14.rcgu.o" "/opt/rustwide/target/debug/examples/hello-23744f446609d238.hello.529rzdvh-cgu.15.rcgu.o" "/opt/rustwide/target/debug/examples/hello-23744f446609d238.hello.529rzdvh-cgu.2.rcgu.o" "/opt/rustwide/target/debug/examples/hello-23744f446609d238.hello.529rzdvh-cgu.3.rcgu.o" "/opt/rustwide/target/debug/examples/hello-23744f446609d238.hello.529rzdvh-cgu.4.rcgu.o" "/opt/rustwide/target/debug/examples/hello-23744f446609d238.hello.529rzdvh-cgu.5.rcgu.o" "/opt/rustwide/target/debug/examples/hello-23744f446609d238.hello.529rzdvh-cgu.6.rcgu.o" "/opt/rustwide/target/debug/examples/hello-23744f446609d238.hello.529rzdvh-cgu.7.rcgu.o" "/opt/rustwide/target/debug/examples/hello-23744f446609d238.hello.529rzdvh-cgu.8.rcgu.o" "/opt/rustwide/target/debug/examples/hello-23744f446609d238.hello.529rzdvh-cgu.9.rcgu.o" "/opt/rustwide/target/debug/examples/hello-23744f446609d238.3jlth403ql977xny.rcgu.o" "-Wl,--as-needed" "-L" "/opt/rustwide/target/debug/deps" "-L" "/opt/rustwide/rustup-home/toolchains/1.54.0-x86_64-unknown-linux-gnu/lib/rustlib/x86_64-unknown-linux-gnu/lib" "-Wl,-Bstatic" "/opt/rustwide/target/debug/deps/librusfuse-3e5a3b5a0d3a0d29.rlib" "/opt/rustwide/target/debug/deps/liblibc-cfc90c497e6200f4.rlib" "/opt/rustwide/target/debug/deps/liblog-169d8e917efa5ff9.rlib" "/opt/rustwide/target/debug/deps/libcfg_if-e7a28af79b261e75.rlib" "-Wl,--start-group" "/opt/rustwide/rustup-home/toolchains/1.54.0-x86_64-unknown-linux-gnu/lib/rustlib/x86_64-unknown-linux-gnu/lib/libstd-2420485b9e5ef5e1.rlib" "/opt/rustwide/rustup-home/toolchains/1.54.0-x86_64-unknown-linux-gnu/lib/rustlib/x86_64-unknown-linux-gnu/lib/libpanic_unwind-785e3cb61c4b1960.rlib" "/opt/rustwide/rustup-home/toolchains/1.54.0-x86_64-unknown-linux-gnu/lib/rustlib/x86_64-unknown-linux-gnu/lib/libminiz_oxide-087191a88bdaa22d.rlib" "/opt/rustwide/rustup-home/toolchains/1.54.0-x86_64-unknown-linux-gnu/lib/rustlib/x86_64-unknown-linux-gnu/lib/libadler-9981842c02975178.rlib" "/opt/rustwide/rustup-home/toolchains/1.54.0-x86_64-unknown-linux-gnu/lib/rustlib/x86_64-unknown-linux-gnu/lib/libobject-6fb405869b015fde.rlib" "/opt/rustwide/rustup-home/toolchains/1.54.0-x86_64-unknown-linux-gnu/lib/rustlib/x86_64-unknown-linux-gnu/lib/libaddr2line-d05c5c3c56004b7b.rlib" "/opt/rustwide/rustup-home/toolchains/1.54.0-x86_64-unknown-linux-gnu/lib/rustlib/x86_64-unknown-linux-gnu/lib/libgimli-42d74d2097528b38.rlib" "/opt/rustwide/rustup-home/toolchains/1.54.0-x86_64-unknown-linux-gnu/lib/rustlib/x86_64-unknown-linux-gnu/lib/libstd_detect-fb36534c113d2209.rlib" "/opt/rustwide/rustup-home/toolchains/1.54.0-x86_64-unknown-linux-gnu/lib/rustlib/x86_64-unknown-linux-gnu/lib/librustc_demangle-b56b9042c12b6535.rlib" "/opt/rustwide/rustup-home/toolchains/1.54.0-x86_64-unknown-linux-gnu/lib/rustlib/x86_64-unknown-linux-gnu/lib/libhashbrown-491902d6cb3e76df.rlib" "/opt/rustwide/rustup-home/toolchains/1.54.0-x86_64-unknown-linux-gnu/lib/rustlib/x86_64-unknown-linux-gnu/lib/librustc_std_workspace_alloc-61834e0981b8c367.rlib" "/opt/rustwide/rustup-home/toolchains/1.54.0-x86_64-unknown-linux-gnu/lib/rustlib/x86_64-unknown-linux-gnu/lib/libunwind-f78aa99d613a55bc.rlib" "/opt/rustwide/rustup-home/toolchains/1.54.0-x86_64-unknown-linux-gnu/lib/rustlib/x86_64-unknown-linux-gnu/lib/libcfg_if-53ee54cd7fed2c57.rlib" "/opt/rustwide/rustup-home/toolchains/1.54.0-x86_64-unknown-linux-gnu/lib/rustlib/x86_64-unknown-linux-gnu/lib/liblibc-544ecdbd6cda3c58.rlib" "/opt/rustwide/rustup-home/toolchains/1.54.0-x86_64-unknown-linux-gnu/lib/rustlib/x86_64-unknown-linux-gnu/lib/liballoc-379cc252b6943a79.rlib" "/opt/rustwide/rustup-home/toolchains/1.54.0-x86_64-unknown-linux-gnu/lib/rustlib/x86_64-unknown-linux-gnu/lib/librustc_std_workspace_core-8063eea38dcc5e62.rlib" "/opt/rustwide/rustup-home/toolchains/1.54.0-x86_64-unknown-linux-gnu/lib/rustlib/x86_64-unknown-linux-gnu/lib/libcore-5b228734afae15ee.rlib" "-Wl,--end-group" "/opt/rustwide/rustup-home/toolchains/1.54.0-x86_64-unknown-linux-gnu/lib/rustlib/x86_64-unknown-linux-gnu/lib/libcompiler_builtins-d6c7a399d95d173f.rlib" "-Wl,-Bdynamic" "-lfuse3" "-lgcc_s" "-lutil" "-lrt" "-lpthread" "-lm" "-ldl" "-lc" "-Wl,--eh-frame-hdr" "-Wl,-znoexecstack" "-L" "/opt/rustwide/rustup-home/toolchains/1.54.0-x86_64-unknown-linux-gnu/lib/rustlib/x86_64-unknown-linux-gnu/lib" "-o" "/opt/rustwide/target/debug/examples/hello-23744f446609d238" "-Wl,--gc-sections" "-pie" "-Wl,-zrelro" "-Wl,-znow" "-nodefaultlibs"
[INFO] [stdout]   = note: /usr/bin/ld: cannot find -lfuse3
[INFO] [stdout]           collect2: error: ld returned 1 exit status
[INFO] [stdout]           
[INFO] [stdout] 
[INFO] [stdout] 
[INFO] [stdout] error: aborting due to previous error
[INFO] [stdout] 
[INFO] [stdout] 
[INFO] [stderr] error: could not compile `rusfuse`
[INFO] [stderr] 
[INFO] [stderr] To learn more, run the command again with --verbose.
[INFO] [stderr] warning: build failed, waiting for other jobs to finish...
[INFO] [stdout] error: linking with `cc` failed: exit status: 1
[INFO] [stdout]   |
[INFO] [stdout]   = note: "cc" "-m64" "/opt/rustwide/target/debug/deps/rusfuse-ad9d1aa9cff5df45.rusfuse.2wmd65bm-cgu.0.rcgu.o" "/opt/rustwide/target/debug/deps/rusfuse-ad9d1aa9cff5df45.rusfuse.2wmd65bm-cgu.1.rcgu.o" "/opt/rustwide/target/debug/deps/rusfuse-ad9d1aa9cff5df45.rusfuse.2wmd65bm-cgu.10.rcgu.o" "/opt/rustwide/target/debug/deps/rusfuse-ad9d1aa9cff5df45.rusfuse.2wmd65bm-cgu.11.rcgu.o" "/opt/rustwide/target/debug/deps/rusfuse-ad9d1aa9cff5df45.rusfuse.2wmd65bm-cgu.12.rcgu.o" "/opt/rustwide/target/debug/deps/rusfuse-ad9d1aa9cff5df45.rusfuse.2wmd65bm-cgu.13.rcgu.o" "/opt/rustwide/target/debug/deps/rusfuse-ad9d1aa9cff5df45.rusfuse.2wmd65bm-cgu.14.rcgu.o" "/opt/rustwide/target/debug/deps/rusfuse-ad9d1aa9cff5df45.rusfuse.2wmd65bm-cgu.15.rcgu.o" "/opt/rustwide/target/debug/deps/rusfuse-ad9d1aa9cff5df45.rusfuse.2wmd65bm-cgu.2.rcgu.o" "/opt/rustwide/target/debug/deps/rusfuse-ad9d1aa9cff5df45.rusfuse.2wmd65bm-cgu.3.rcgu.o" "/opt/rustwide/target/debug/deps/rusfuse-ad9d1aa9cff5df45.rusfuse.2wmd65bm-cgu.4.rcgu.o" "/opt/rustwide/target/debug/deps/rusfuse-ad9d1aa9cff5df45.rusfuse.2wmd65bm-cgu.5.rcgu.o" "/opt/rustwide/target/debug/deps/rusfuse-ad9d1aa9cff5df45.rusfuse.2wmd65bm-cgu.6.rcgu.o" "/opt/rustwide/target/debug/deps/rusfuse-ad9d1aa9cff5df45.rusfuse.2wmd65bm-cgu.7.rcgu.o" "/opt/rustwide/target/debug/deps/rusfuse-ad9d1aa9cff5df45.rusfuse.2wmd65bm-cgu.8.rcgu.o" "/opt/rustwide/target/debug/deps/rusfuse-ad9d1aa9cff5df45.rusfuse.2wmd65bm-cgu.9.rcgu.o" "/opt/rustwide/target/debug/deps/rusfuse-ad9d1aa9cff5df45.2yavapcemmusj7dc.rcgu.o" "-Wl,--as-needed" "-L" "/opt/rustwide/target/debug/deps" "-L" "/opt/rustwide/rustup-home/toolchains/1.54.0-x86_64-unknown-linux-gnu/lib/rustlib/x86_64-unknown-linux-gnu/lib" "-lfuse3" "-Wl,-Bstatic" "/opt/rustwide/rustup-home/toolchains/1.54.0-x86_64-unknown-linux-gnu/lib/rustlib/x86_64-unknown-linux-gnu/lib/libtest-3599c5491d44663f.rlib" "/opt/rustwide/rustup-home/toolchains/1.54.0-x86_64-unknown-linux-gnu/lib/rustlib/x86_64-unknown-linux-gnu/lib/libterm-1d56ea45a67842c8.rlib" "/opt/rustwide/rustup-home/toolchains/1.54.0-x86_64-unknown-linux-gnu/lib/rustlib/x86_64-unknown-linux-gnu/lib/libgetopts-9749f7c936ebf9a7.rlib" "/opt/rustwide/rustup-home/toolchains/1.54.0-x86_64-unknown-linux-gnu/lib/rustlib/x86_64-unknown-linux-gnu/lib/libunicode_width-627a220173eefff1.rlib" "/opt/rustwide/rustup-home/toolchains/1.54.0-x86_64-unknown-linux-gnu/lib/rustlib/x86_64-unknown-linux-gnu/lib/librustc_std_workspace_std-16ed15e5bfe21b9b.rlib" "/opt/rustwide/target/debug/deps/liblibc-cfc90c497e6200f4.rlib" "/opt/rustwide/target/debug/deps/liblog-169d8e917efa5ff9.rlib" "/opt/rustwide/target/debug/deps/libcfg_if-e7a28af79b261e75.rlib" "-Wl,--start-group" "/opt/rustwide/rustup-home/toolchains/1.54.0-x86_64-unknown-linux-gnu/lib/rustlib/x86_64-unknown-linux-gnu/lib/libstd-2420485b9e5ef5e1.rlib" "/opt/rustwide/rustup-home/toolchains/1.54.0-x86_64-unknown-linux-gnu/lib/rustlib/x86_64-unknown-linux-gnu/lib/libpanic_unwind-785e3cb61c4b1960.rlib" "/opt/rustwide/rustup-home/toolchains/1.54.0-x86_64-unknown-linux-gnu/lib/rustlib/x86_64-unknown-linux-gnu/lib/libminiz_oxide-087191a88bdaa22d.rlib" "/opt/rustwide/rustup-home/toolchains/1.54.0-x86_64-unknown-linux-gnu/lib/rustlib/x86_64-unknown-linux-gnu/lib/libadler-9981842c02975178.rlib" "/opt/rustwide/rustup-home/toolchains/1.54.0-x86_64-unknown-linux-gnu/lib/rustlib/x86_64-unknown-linux-gnu/lib/libobject-6fb405869b015fde.rlib" "/opt/rustwide/rustup-home/toolchains/1.54.0-x86_64-unknown-linux-gnu/lib/rustlib/x86_64-unknown-linux-gnu/lib/libaddr2line-d05c5c3c56004b7b.rlib" "/opt/rustwide/rustup-home/toolchains/1.54.0-x86_64-unknown-linux-gnu/lib/rustlib/x86_64-unknown-linux-gnu/lib/libgimli-42d74d2097528b38.rlib" "/opt/rustwide/rustup-home/toolchains/1.54.0-x86_64-unknown-linux-gnu/lib/rustlib/x86_64-unknown-linux-gnu/lib/libstd_detect-fb36534c113d2209.rlib" "/opt/rustwide/rustup-home/toolchains/1.54.0-x86_64-unknown-linux-gnu/lib/rustlib/x86_64-unknown-linux-gnu/lib/librustc_demangle-b56b9042c12b6535.rlib" "/opt/rustwide/rustup-home/toolchains/1.54.0-x86_64-unknown-linux-gnu/lib/rustlib/x86_64-unknown-linux-gnu/lib/libhashbrown-491902d6cb3e76df.rlib" "/opt/rustwide/rustup-home/toolchains/1.54.0-x86_64-unknown-linux-gnu/lib/rustlib/x86_64-unknown-linux-gnu/lib/librustc_std_workspace_alloc-61834e0981b8c367.rlib" "/opt/rustwide/rustup-home/toolchains/1.54.0-x86_64-unknown-linux-gnu/lib/rustlib/x86_64-unknown-linux-gnu/lib/libunwind-f78aa99d613a55bc.rlib" "/opt/rustwide/rustup-home/toolchains/1.54.0-x86_64-unknown-linux-gnu/lib/rustlib/x86_64-unknown-linux-gnu/lib/libcfg_if-53ee54cd7fed2c57.rlib" "/opt/rustwide/rustup-home/toolchains/1.54.0-x86_64-unknown-linux-gnu/lib/rustlib/x86_64-unknown-linux-gnu/lib/liblibc-544ecdbd6cda3c58.rlib" "/opt/rustwide/rustup-home/toolchains/1.54.0-x86_64-unknown-linux-gnu/lib/rustlib/x86_64-unknown-linux-gnu/lib/liballoc-379cc252b6943a79.rlib" "/opt/rustwide/rustup-home/toolchains/1.54.0-x86_64-unknown-linux-gnu/lib/rustlib/x86_64-unknown-linux-gnu/lib/librustc_std_workspace_core-8063eea38dcc5e62.rlib" "/opt/rustwide/rustup-home/toolchains/1.54.0-x86_64-unknown-linux-gnu/lib/rustlib/x86_64-unknown-linux-gnu/lib/libcore-5b228734afae15ee.rlib" "-Wl,--end-group" "/opt/rustwide/rustup-home/toolchains/1.54.0-x86_64-unknown-linux-gnu/lib/rustlib/x86_64-unknown-linux-gnu/lib/libcompiler_builtins-d6c7a399d95d173f.rlib" "-Wl,-Bdynamic" "-lgcc_s" "-lutil" "-lrt" "-lpthread" "-lm" "-ldl" "-lc" "-Wl,--eh-frame-hdr" "-Wl,-znoexecstack" "-L" "/opt/rustwide/rustup-home/toolchains/1.54.0-x86_64-unknown-linux-gnu/lib/rustlib/x86_64-unknown-linux-gnu/lib" "-o" "/opt/rustwide/target/debug/deps/rusfuse-ad9d1aa9cff5df45" "-Wl,--gc-sections" "-pie" "-Wl,-zrelro" "-Wl,-znow" "-nodefaultlibs"
[INFO] [stdout]   = note: /usr/bin/ld: cannot find -lfuse3
[INFO] [stdout]           collect2: error: ld returned 1 exit status
[INFO] [stdout]           
[INFO] [stdout] 
[INFO] [stdout] 
[INFO] [stdout] error: aborting due to previous error; 4 warnings emitted
[INFO] [stdout] 
[INFO] [stdout] 
[INFO] [stdout] error: linking with `cc` failed: exit status: 1
[INFO] [stdout]   |
[INFO] [stdout]   = note: "cc" "-m64" "/opt/rustwide/target/debug/examples/inmemory-3904caf372adbd0c.inmemory.28esnyku-cgu.0.rcgu.o" "/opt/rustwide/target/debug/examples/inmemory-3904caf372adbd0c.inmemory.28esnyku-cgu.1.rcgu.o" "/opt/rustwide/target/debug/examples/inmemory-3904caf372adbd0c.inmemory.28esnyku-cgu.10.rcgu.o" "/opt/rustwide/target/debug/examples/inmemory-3904caf372adbd0c.inmemory.28esnyku-cgu.11.rcgu.o" "/opt/rustwide/target/debug/examples/inmemory-3904caf372adbd0c.inmemory.28esnyku-cgu.12.rcgu.o" "/opt/rustwide/target/debug/examples/inmemory-3904caf372adbd0c.inmemory.28esnyku-cgu.13.rcgu.o" "/opt/rustwide/target/debug/examples/inmemory-3904caf372adbd0c.inmemory.28esnyku-cgu.14.rcgu.o" "/opt/rustwide/target/debug/examples/inmemory-3904caf372adbd0c.inmemory.28esnyku-cgu.15.rcgu.o" "/opt/rustwide/target/debug/examples/inmemory-3904caf372adbd0c.inmemory.28esnyku-cgu.2.rcgu.o" "/opt/rustwide/target/debug/examples/inmemory-3904caf372adbd0c.inmemory.28esnyku-cgu.3.rcgu.o" "/opt/rustwide/target/debug/examples/inmemory-3904caf372adbd0c.inmemory.28esnyku-cgu.4.rcgu.o" "/opt/rustwide/target/debug/examples/inmemory-3904caf372adbd0c.inmemory.28esnyku-cgu.5.rcgu.o" "/opt/rustwide/target/debug/examples/inmemory-3904caf372adbd0c.inmemory.28esnyku-cgu.6.rcgu.o" "/opt/rustwide/target/debug/examples/inmemory-3904caf372adbd0c.inmemory.28esnyku-cgu.7.rcgu.o" "/opt/rustwide/target/debug/examples/inmemory-3904caf372adbd0c.inmemory.28esnyku-cgu.8.rcgu.o" "/opt/rustwide/target/debug/examples/inmemory-3904caf372adbd0c.inmemory.28esnyku-cgu.9.rcgu.o" "/opt/rustwide/target/debug/examples/inmemory-3904caf372adbd0c.161nxcmougoeek17.rcgu.o" "-Wl,--as-needed" "-L" "/opt/rustwide/target/debug/deps" "-L" "/opt/rustwide/rustup-home/toolchains/1.54.0-x86_64-unknown-linux-gnu/lib/rustlib/x86_64-unknown-linux-gnu/lib" "-Wl,-Bstatic" "/opt/rustwide/target/debug/deps/libcolored-1ce54954662ee7ad.rlib" "/opt/rustwide/target/debug/deps/librusfuse-3e5a3b5a0d3a0d29.rlib" "/opt/rustwide/target/debug/deps/libenv_logger-37d95d72247f489f.rlib" "/opt/rustwide/target/debug/deps/libatty-0234a7039aaf3ed5.rlib" "/opt/rustwide/target/debug/deps/liblibc-cfc90c497e6200f4.rlib" "/opt/rustwide/target/debug/deps/libtermcolor-01d11b91b4e31953.rlib" "/opt/rustwide/target/debug/deps/libhumantime-a009164c47ff2cdf.rlib" "/opt/rustwide/target/debug/deps/libregex-cca1ed25a01c894f.rlib" "/opt/rustwide/target/debug/deps/libthread_local-771ae223cf4e6817.rlib" "/opt/rustwide/target/debug/deps/liblazy_static-5c53d641eb010a81.rlib" "/opt/rustwide/target/debug/deps/libregex_syntax-56812ef3963caf73.rlib" "/opt/rustwide/target/debug/deps/libaho_corasick-5234701034b12ee4.rlib" "/opt/rustwide/target/debug/deps/libmemchr-9559fd627c3017a7.rlib" "/opt/rustwide/target/debug/deps/liblog-169d8e917efa5ff9.rlib" "/opt/rustwide/target/debug/deps/libcfg_if-e7a28af79b261e75.rlib" "-Wl,--start-group" "/opt/rustwide/rustup-home/toolchains/1.54.0-x86_64-unknown-linux-gnu/lib/rustlib/x86_64-unknown-linux-gnu/lib/libstd-2420485b9e5ef5e1.rlib" "/opt/rustwide/rustup-home/toolchains/1.54.0-x86_64-unknown-linux-gnu/lib/rustlib/x86_64-unknown-linux-gnu/lib/libpanic_unwind-785e3cb61c4b1960.rlib" "/opt/rustwide/rustup-home/toolchains/1.54.0-x86_64-unknown-linux-gnu/lib/rustlib/x86_64-unknown-linux-gnu/lib/libminiz_oxide-087191a88bdaa22d.rlib" "/opt/rustwide/rustup-home/toolchains/1.54.0-x86_64-unknown-linux-gnu/lib/rustlib/x86_64-unknown-linux-gnu/lib/libadler-9981842c02975178.rlib" "/opt/rustwide/rustup-home/toolchains/1.54.0-x86_64-unknown-linux-gnu/lib/rustlib/x86_64-unknown-linux-gnu/lib/libobject-6fb405869b015fde.rlib" "/opt/rustwide/rustup-home/toolchains/1.54.0-x86_64-unknown-linux-gnu/lib/rustlib/x86_64-unknown-linux-gnu/lib/libaddr2line-d05c5c3c56004b7b.rlib" "/opt/rustwide/rustup-home/toolchains/1.54.0-x86_64-unknown-linux-gnu/lib/rustlib/x86_64-unknown-linux-gnu/lib/libgimli-42d74d2097528b38.rlib" "/opt/rustwide/rustup-home/toolchains/1.54.0-x86_64-unknown-linux-gnu/lib/rustlib/x86_64-unknown-linux-gnu/lib/libstd_detect-fb36534c113d2209.rlib" "/opt/rustwide/rustup-home/toolchains/1.54.0-x86_64-unknown-linux-gnu/lib/rustlib/x86_64-unknown-linux-gnu/lib/librustc_demangle-b56b9042c12b6535.rlib" "/opt/rustwide/rustup-home/toolchains/1.54.0-x86_64-unknown-linux-gnu/lib/rustlib/x86_64-unknown-linux-gnu/lib/libhashbrown-491902d6cb3e76df.rlib" "/opt/rustwide/rustup-home/toolchains/1.54.0-x86_64-unknown-linux-gnu/lib/rustlib/x86_64-unknown-linux-gnu/lib/librustc_std_workspace_alloc-61834e0981b8c367.rlib" "/opt/rustwide/rustup-home/toolchains/1.54.0-x86_64-unknown-linux-gnu/lib/rustlib/x86_64-unknown-linux-gnu/lib/libunwind-f78aa99d613a55bc.rlib" "/opt/rustwide/rustup-home/toolchains/1.54.0-x86_64-unknown-linux-gnu/lib/rustlib/x86_64-unknown-linux-gnu/lib/libcfg_if-53ee54cd7fed2c57.rlib" "/opt/rustwide/rustup-home/toolchains/1.54.0-x86_64-unknown-linux-gnu/lib/rustlib/x86_64-unknown-linux-gnu/lib/liblibc-544ecdbd6cda3c58.rlib" "/opt/rustwide/rustup-home/toolchains/1.54.0-x86_64-unknown-linux-gnu/lib/rustlib/x86_64-unknown-linux-gnu/lib/liballoc-379cc252b6943a79.rlib" "/opt/rustwide/rustup-home/toolchains/1.54.0-x86_64-unknown-linux-gnu/lib/rustlib/x86_64-unknown-linux-gnu/lib/librustc_std_workspace_core-8063eea38dcc5e62.rlib" "/opt/rustwide/rustup-home/toolchains/1.54.0-x86_64-unknown-linux-gnu/lib/rustlib/x86_64-unknown-linux-gnu/lib/libcore-5b228734afae15ee.rlib" "-Wl,--end-group" "/opt/rustwide/rustup-home/toolchains/1.54.0-x86_64-unknown-linux-gnu/lib/rustlib/x86_64-unknown-linux-gnu/lib/libcompiler_builtins-d6c7a399d95d173f.rlib" "-Wl,-Bdynamic" "-lfuse3" "-lgcc_s" "-lutil" "-lrt" "-lpthread" "-lm" "-ldl" "-lc" "-Wl,--eh-frame-hdr" "-Wl,-znoexecstack" "-L" "/opt/rustwide/rustup-home/toolchains/1.54.0-x86_64-unknown-linux-gnu/lib/rustlib/x86_64-unknown-linux-gnu/lib" "-o" "/opt/rustwide/target/debug/examples/inmemory-3904caf372adbd0c" "-Wl,--gc-sections" "-pie" "-Wl,-zrelro" "-Wl,-znow" "-nodefaultlibs"
[INFO] [stdout]   = note: /usr/bin/ld: cannot find -lfuse3
[INFO] [stdout]           collect2: error: ld returned 1 exit status
[INFO] [stdout]           
[INFO] [stdout] 
[INFO] [stdout] 
[INFO] [stdout] error: aborting due to previous error; 10 warnings emitted
[INFO] [stdout] 
[INFO] [stdout] 
[INFO] [stderr] error: build failed
[INFO] running `Command { std: "docker" "inspect" "4cc28b0302abe54b6581b78f6a4e73e4d90070d8a9826fcd020e277e819fef43", kill_on_drop: false }`
[INFO] running `Command { std: "docker" "rm" "-f" "4cc28b0302abe54b6581b78f6a4e73e4d90070d8a9826fcd020e277e819fef43", kill_on_drop: false }`
[INFO] [stdout] 4cc28b0302abe54b6581b78f6a4e73e4d90070d8a9826fcd020e277e819fef43
