[INFO] cloning repository https://github.com/oberblastmeister/os_installer
[INFO] running `Command { std: "git" "-c" "credential.helper=" "-c" "credential.helper=/workspace/cargo-home/bin/git-credential-null" "clone" "--bare" "https://github.com/oberblastmeister/os_installer" "/workspace/cache/git-repos/https%3A%2F%2Fgithub.com%2Foberblastmeister%2Fos_installer", kill_on_drop: false }`
[INFO] [stderr] Cloning into bare repository '/workspace/cache/git-repos/https%3A%2F%2Fgithub.com%2Foberblastmeister%2Fos_installer'...
[INFO] running `Command { std: "git" "rev-parse" "HEAD", kill_on_drop: false }`
[INFO] [stdout] 5b5d7efffd56048f078cc36489262481decc7bbe
[INFO] testing oberblastmeister/os_installer against beta-2021-08-01 for beta-1.55-1
[INFO] running `Command { std: "git" "clone" "/workspace/cache/git-repos/https%3A%2F%2Fgithub.com%2Foberblastmeister%2Fos_installer" "/workspace/builds/worker-9/source", kill_on_drop: false }`
[INFO] [stderr] Cloning into '/workspace/builds/worker-9/source'...
[INFO] [stderr] done.
[INFO] validating manifest of git repo https://github.com/oberblastmeister/os_installer on toolchain beta-2021-08-01
[INFO] running `Command { std: "/workspace/cargo-home/bin/cargo" "+beta-2021-08-01" "metadata" "--manifest-path" "Cargo.toml" "--no-deps", kill_on_drop: false }`
[INFO] started tweaking git repo https://github.com/oberblastmeister/os_installer
[INFO] finished tweaking git repo https://github.com/oberblastmeister/os_installer
[INFO] tweaked toml for git repo https://github.com/oberblastmeister/os_installer written to /workspace/builds/worker-9/source/Cargo.toml
[INFO] crate git repo https://github.com/oberblastmeister/os_installer already has a lockfile, it will not be regenerated
[INFO] running `Command { std: "/workspace/cargo-home/bin/cargo" "+beta-2021-08-01" "fetch" "--manifest-path" "Cargo.toml", kill_on_drop: false }`
[INFO] [stderr]  Downloading crates ...
[INFO] [stderr]   Downloaded dialoguer v0.8.0
[INFO] [stderr]   Downloaded xflags-macros v0.2.1
[INFO] [stderr]   Downloaded sudo v0.6.0
[INFO] [stderr]   Downloaded xflags v0.2.1
[INFO] [stderr]   Downloaded xshell-macros v0.1.12
[INFO] [stderr]   Downloaded xshell v0.1.12
[INFO] running `Command { std: "docker" "create" "-v" "/var/lib/crater-agent-workspace/builds/worker-9/target:/opt/rustwide/target:rw,Z" "-v" "/var/lib/crater-agent-workspace/builds/worker-9/source:/opt/rustwide/workdir:ro,Z" "-v" "/var/lib/crater-agent-workspace/cargo-home:/opt/rustwide/cargo-home:ro,Z" "-v" "/var/lib/crater-agent-workspace/rustup-home:/opt/rustwide/rustup-home:ro,Z" "-e" "SOURCE_DIR=/opt/rustwide/workdir" "-e" "CARGO_TARGET_DIR=/opt/rustwide/target" "-e" "CARGO_HOME=/opt/rustwide/cargo-home" "-e" "RUSTUP_HOME=/opt/rustwide/rustup-home" "-w" "/opt/rustwide/workdir" "-m" "1610612736" "--user" "0:0" "--network" "none" "ghcr.io/rust-lang/crates-build-env/linux@sha256:34b6a614d2c27851fe6cbf88fbd1137609cefab8b10d0615aaeb6fd47975d74e" "/opt/rustwide/cargo-home/bin/cargo" "+beta-2021-08-01" "metadata" "--no-deps" "--format-version=1", kill_on_drop: false }`
[INFO] [stderr] WARNING: Your kernel does not support swap limit capabilities or the cgroup is not mounted. Memory limited without swap.
[INFO] [stdout] d1d15f15a11da66228104caf2c3161d87584f79fc41a6cc8bc5a8db82a67d21d
[INFO] running `Command { std: "docker" "start" "-a" "d1d15f15a11da66228104caf2c3161d87584f79fc41a6cc8bc5a8db82a67d21d", kill_on_drop: false }`
[INFO] running `Command { std: "docker" "inspect" "d1d15f15a11da66228104caf2c3161d87584f79fc41a6cc8bc5a8db82a67d21d", kill_on_drop: false }`
[INFO] running `Command { std: "docker" "rm" "-f" "d1d15f15a11da66228104caf2c3161d87584f79fc41a6cc8bc5a8db82a67d21d", kill_on_drop: false }`
[INFO] [stdout] d1d15f15a11da66228104caf2c3161d87584f79fc41a6cc8bc5a8db82a67d21d
[INFO] running `Command { std: "docker" "create" "-v" "/var/lib/crater-agent-workspace/builds/worker-9/target:/opt/rustwide/target:rw,Z" "-v" "/var/lib/crater-agent-workspace/builds/worker-9/source:/opt/rustwide/workdir:ro,Z" "-v" "/var/lib/crater-agent-workspace/cargo-home:/opt/rustwide/cargo-home:ro,Z" "-v" "/var/lib/crater-agent-workspace/rustup-home:/opt/rustwide/rustup-home:ro,Z" "-e" "SOURCE_DIR=/opt/rustwide/workdir" "-e" "CARGO_TARGET_DIR=/opt/rustwide/target" "-e" "CARGO_INCREMENTAL=0" "-e" "RUST_BACKTRACE=full" "-e" "RUSTFLAGS=--cap-lints=warn" "-e" "CARGO_HOME=/opt/rustwide/cargo-home" "-e" "RUSTUP_HOME=/opt/rustwide/rustup-home" "-w" "/opt/rustwide/workdir" "-m" "1610612736" "--user" "0:0" "--network" "none" "ghcr.io/rust-lang/crates-build-env/linux@sha256:34b6a614d2c27851fe6cbf88fbd1137609cefab8b10d0615aaeb6fd47975d74e" "/opt/rustwide/cargo-home/bin/cargo" "+beta-2021-08-01" "build" "--frozen" "--message-format=json", kill_on_drop: false }`
[INFO] [stdout] a97268c30ec1bab0b54c866cfb45776a8d9ed770fe8085ddab5200716a5f239b
[INFO] [stderr] WARNING: Your kernel does not support swap limit capabilities or the cgroup is not mounted. Memory limited without swap.
[INFO] running `Command { std: "docker" "start" "-a" "a97268c30ec1bab0b54c866cfb45776a8d9ed770fe8085ddab5200716a5f239b", kill_on_drop: false }`
[INFO] [stderr]    Compiling libc v0.2.94
[INFO] [stderr]    Compiling serde v1.0.126
[INFO] [stderr]    Compiling anyhow v1.0.40
[INFO] [stderr]    Compiling xshell-macros v0.1.12
[INFO] [stderr]    Compiling dtoa v0.4.8
[INFO] [stderr]    Compiling zeroize v1.3.0
[INFO] [stderr]    Compiling number_prefix v0.4.0
[INFO] [stderr]    Compiling xflags-macros v0.2.1
[INFO] [stderr]    Compiling serde_derive v1.0.126
[INFO] [stderr]    Compiling xshell v0.1.12
[INFO] [stderr]    Compiling xflags v0.2.1
[INFO] [stderr]    Compiling getrandom v0.2.2
[INFO] [stderr]    Compiling terminal_size v0.1.17
[INFO] [stderr]    Compiling sudo v0.6.0
[INFO] [stderr]    Compiling console v0.14.1
[INFO] [stderr]    Compiling rand_core v0.6.2
[INFO] [stderr]    Compiling rand_chacha v0.3.0
[INFO] [stderr]    Compiling indicatif v0.16.0
[INFO] [stderr]    Compiling rand v0.8.3
[INFO] [stderr]    Compiling tempfile v3.2.0
[INFO] [stderr]    Compiling dialoguer v0.8.0
[INFO] [stderr]    Compiling serde_yaml v0.8.17
[INFO] [stderr]    Compiling os_installer v0.1.0 (/opt/rustwide/workdir)
[INFO] [stdout] error[E0423]: expected value, found module `flags`
[INFO] [stdout]    --> src/main.rs:167:11
[INFO] [stdout]     |
[INFO] [stdout] 167 |     match flags.subcommand {
[INFO] [stdout]     |           ^^^^^-----------
[INFO] [stdout]     |           |
[INFO] [stdout]     |           help: use the path separator to refer to an item: `flags::subcommand`
[INFO] [stdout] 
[INFO] [stdout] 
[INFO] [stdout] warning: type `Os_installer` should have an upper camel case name
[INFO] [stdout]   --> src/flags.rs:14:12
[INFO] [stdout]    |
[INFO] [stdout] 14 | pub struct Os_installer {
[INFO] [stdout]    |            ^^^^^^^^^^^^ help: convert the identifier to upper camel case: `OsInstaller`
[INFO] [stdout]    |
[INFO] [stdout]    = note: `#[warn(non_camel_case_types)]` on by default
[INFO] [stdout] 
[INFO] [stdout] 
[INFO] [stdout] warning: type `Os_installerCmd` should have an upper camel case name
[INFO] [stdout]   --> src/flags.rs:19:10
[INFO] [stdout]    |
[INFO] [stdout] 19 | pub enum Os_installerCmd {
[INFO] [stdout]    |          ^^^^^^^^^^^^^^^ help: convert the identifier to upper camel case: `OsInstallerCmd`
[INFO] [stdout] 
[INFO] [stdout] 
[INFO] [stdout] warning: unused import: `Password`
[INFO] [stdout]  --> src/inputs.rs:4:24
[INFO] [stdout]   |
[INFO] [stdout] 4 | use dialoguer::{Input, Password};
[INFO] [stdout]   |                        ^^^^^^^^
[INFO] [stdout]   |
[INFO] [stdout]   = note: `#[warn(unused_imports)]` on by default
[INFO] [stdout] 
[INFO] [stdout] 
[INFO] [stdout] warning: unused import: `cmd_`
[INFO] [stdout]  --> src/packages.rs:1:18
[INFO] [stdout]   |
[INFO] [stdout] 1 | use crate::{cmd, cmd_, inputs::Inputs};
[INFO] [stdout]   |                  ^^^^
[INFO] [stdout] 
[INFO] [stdout] 
[INFO] [stdout] warning: unused import: `Secret`
[INFO] [stdout]   --> src/main.rs:11:22
[INFO] [stdout]    |
[INFO] [stdout] 11 | use inputs::{Inputs, Secret};
[INFO] [stdout]    |                      ^^^^^^
[INFO] [stdout] 
[INFO] [stdout] 
[INFO] [stdout] error[E0599]: no variant or associated item named `InstallPackages` found for enum `Os_installerCmd` in the current scope
[INFO] [stdout]    --> src/main.rs:168:26
[INFO] [stdout]     |
[INFO] [stdout] 168 |         Os_installerCmd::InstallPackages(_) => {
[INFO] [stdout]     |                          ^^^^^^^^^^^^^^^ variant or associated item not found in `Os_installerCmd`
[INFO] [stdout]     | 
[INFO] [stdout]    ::: src/flags.rs:19:1
[INFO] [stdout]     |
[INFO] [stdout] 19  | pub enum Os_installerCmd {
[INFO] [stdout]     | ------------------------ variant or associated item `InstallPackages` not found here
[INFO] [stdout] 
[INFO] [stdout] 
[INFO] [stdout] error[E0599]: no variant or associated item named `InstallAll` found for enum `Os_installerCmd` in the current scope
[INFO] [stdout]    --> src/main.rs:176:26
[INFO] [stdout]     |
[INFO] [stdout] 176 |         Os_installerCmd::InstallAll(_) => {
[INFO] [stdout]     |                          ^^^^^^^^^^ variant or associated item not found in `Os_installerCmd`
[INFO] [stdout]     | 
[INFO] [stdout]    ::: src/flags.rs:19:1
[INFO] [stdout]     |
[INFO] [stdout] 19  | pub enum Os_installerCmd {
[INFO] [stdout]     | ------------------------ variant or associated item `InstallAll` not found here
[INFO] [stdout] 
[INFO] [stdout] 
[INFO] [stdout] error: aborting due to 3 previous errors; 5 warnings emitted
[INFO] [stdout] 
[INFO] [stdout] 
[INFO] [stdout] Some errors have detailed explanations: E0423, E0599.
[INFO] [stdout] 
[INFO] [stdout] For more information about an error, try `rustc --explain E0423`.
[INFO] [stdout] 
[INFO] [stderr] error: could not compile `os_installer` due to 4 previous errors; 5 warnings emitted
[INFO] running `Command { std: "docker" "inspect" "a97268c30ec1bab0b54c866cfb45776a8d9ed770fe8085ddab5200716a5f239b", kill_on_drop: false }`
[INFO] running `Command { std: "docker" "rm" "-f" "a97268c30ec1bab0b54c866cfb45776a8d9ed770fe8085ddab5200716a5f239b", kill_on_drop: false }`
[INFO] [stdout] a97268c30ec1bab0b54c866cfb45776a8d9ed770fe8085ddab5200716a5f239b
