[INFO] cloning repository https://github.com/oasisprotocol/cipher-paratime
[INFO] running `Command { std: "git" "-c" "credential.helper=" "-c" "credential.helper=/workspace/cargo-home/bin/git-credential-null" "clone" "--bare" "https://github.com/oasisprotocol/cipher-paratime" "/workspace/cache/git-repos/https%3A%2F%2Fgithub.com%2Foasisprotocol%2Fcipher-paratime", kill_on_drop: false }`
[INFO] [stderr] Cloning into bare repository '/workspace/cache/git-repos/https%3A%2F%2Fgithub.com%2Foasisprotocol%2Fcipher-paratime'...
[INFO] running `Command { std: "git" "rev-parse" "HEAD", kill_on_drop: false }`
[INFO] [stdout] 110b2c40569efb1595b9b1ed2bfd6db2cc99b8af
[INFO] testing oasisprotocol/cipher-paratime against beta-2021-08-01 for beta-1.55-1
[INFO] running `Command { std: "git" "clone" "/workspace/cache/git-repos/https%3A%2F%2Fgithub.com%2Foasisprotocol%2Fcipher-paratime" "/workspace/builds/worker-4/source", kill_on_drop: false }`
[INFO] [stderr] Cloning into '/workspace/builds/worker-4/source'...
[INFO] [stderr] done.
[INFO] validating manifest of git repo https://github.com/oasisprotocol/cipher-paratime on toolchain beta-2021-08-01
[INFO] running `Command { std: "/workspace/cargo-home/bin/cargo" "+beta-2021-08-01" "metadata" "--manifest-path" "Cargo.toml" "--no-deps", kill_on_drop: false }`
[INFO] removed /workspace/builds/worker-4/source/.cargo/config
[INFO] removed /workspace/builds/worker-4/source/rust-toolchain
[INFO] started tweaking git repo https://github.com/oasisprotocol/cipher-paratime
[INFO] finished tweaking git repo https://github.com/oasisprotocol/cipher-paratime
[INFO] tweaked toml for git repo https://github.com/oasisprotocol/cipher-paratime written to /workspace/builds/worker-4/source/Cargo.toml
[INFO] crate git repo https://github.com/oasisprotocol/cipher-paratime already has a lockfile, it will not be regenerated
[INFO] running `Command { std: "/workspace/cargo-home/bin/cargo" "+beta-2021-08-01" "fetch" "--manifest-path" "Cargo.toml", kill_on_drop: false }`
[INFO] [stderr]     Updating git repository `https://github.com/oasisprotocol/oasis-bridge`
[INFO] [stderr]     Updating git repository `https://github.com/oasisprotocol/oasis-sdk`
[INFO] [stderr]     Updating git repository `https://github.com/oasisprotocol/oasis-core`
[INFO] [stderr]  Downloading crates ...
[INFO] [stderr]   Downloaded der-oid-macro v0.4.0
[INFO] [stderr]   Downloaded serde_repr v0.1.7
[INFO] [stderr]   Downloaded k256 v0.9.6
[INFO] [stderr]   Downloaded pkcs8 v0.7.5
[INFO] [stderr]   Downloaded aead v0.4.2
[INFO] [stderr]   Downloaded poly1305 v0.7.1
[INFO] [stderr]   Downloaded arbitrary v1.0.1
[INFO] [stderr]   Downloaded simple_asn1 v0.5.4
[INFO] [stderr]   Downloaded slog-json v2.4.0
[INFO] [stderr]   Downloaded bech32 v0.8.1
[INFO] [stderr]   Downloaded arc-swap v1.3.0
[INFO] [stderr]   Downloaded spki v0.4.0
[INFO] [stderr]   Downloaded derive_arbitrary v1.0.1
[INFO] [stderr]   Downloaded tendermint v0.19.0
[INFO] [stderr]   Downloaded intrusive-collections v0.8.5
[INFO] [stderr]   Downloaded polyval v0.5.2
[INFO] [stderr]   Downloaded chacha20poly1305 v0.8.0
[INFO] [stderr]   Downloaded aes-gcm v0.9.3
[INFO] [stderr]   Downloaded const-oid v0.6.0
[INFO] [stderr]   Downloaded rusticata-macros v3.1.0
[INFO] [stderr]   Downloaded snow v0.8.0
[INFO] [stderr]   Downloaded honggfuzz v0.5.54
[INFO] [stderr]   Downloaded ctr v0.8.0
[INFO] [stderr]   Downloaded ghash v0.4.3
[INFO] [stderr]   Downloaded chacha20 v0.7.1
[INFO] [stderr]   Downloaded sgx-isa v0.3.3
[INFO] [stderr]   Downloaded deoxysii v0.2.2
[INFO] [stderr]   Downloaded anomaly v0.2.0
[INFO] [stderr]   Downloaded oid-registry v0.1.5
[INFO] [stderr]   Downloaded x509-parser v0.9.2
[INFO] [stderr]   Downloaded sp800-185 v0.2.0
[INFO] [stderr]   Downloaded tendermint-proto v0.19.0
[INFO] [stderr]   Downloaded der-parser v5.1.2
[INFO] [stderr]   Downloaded io-context v0.2.0
[INFO] running `Command { std: "docker" "create" "-v" "/var/lib/crater-agent-workspace/builds/worker-4/target:/opt/rustwide/target:rw,Z" "-v" "/var/lib/crater-agent-workspace/builds/worker-4/source:/opt/rustwide/workdir:ro,Z" "-v" "/var/lib/crater-agent-workspace/cargo-home:/opt/rustwide/cargo-home:ro,Z" "-v" "/var/lib/crater-agent-workspace/rustup-home:/opt/rustwide/rustup-home:ro,Z" "-e" "SOURCE_DIR=/opt/rustwide/workdir" "-e" "CARGO_TARGET_DIR=/opt/rustwide/target" "-e" "CARGO_HOME=/opt/rustwide/cargo-home" "-e" "RUSTUP_HOME=/opt/rustwide/rustup-home" "-w" "/opt/rustwide/workdir" "-m" "1610612736" "--user" "0:0" "--network" "none" "ghcr.io/rust-lang/crates-build-env/linux@sha256:34b6a614d2c27851fe6cbf88fbd1137609cefab8b10d0615aaeb6fd47975d74e" "/opt/rustwide/cargo-home/bin/cargo" "+beta-2021-08-01" "metadata" "--no-deps" "--format-version=1", kill_on_drop: false }`
[INFO] [stderr] WARNING: Your kernel does not support swap limit capabilities or the cgroup is not mounted. Memory limited without swap.
[INFO] [stdout] 60878700c68e1d02eb2fc828731d5aa7f5787947e7f7cfd553c7a2022ec03f4e
[INFO] running `Command { std: "docker" "start" "-a" "60878700c68e1d02eb2fc828731d5aa7f5787947e7f7cfd553c7a2022ec03f4e", kill_on_drop: false }`
[INFO] running `Command { std: "docker" "inspect" "60878700c68e1d02eb2fc828731d5aa7f5787947e7f7cfd553c7a2022ec03f4e", kill_on_drop: false }`
[INFO] running `Command { std: "docker" "rm" "-f" "60878700c68e1d02eb2fc828731d5aa7f5787947e7f7cfd553c7a2022ec03f4e", kill_on_drop: false }`
[INFO] [stdout] 60878700c68e1d02eb2fc828731d5aa7f5787947e7f7cfd553c7a2022ec03f4e
[INFO] running `Command { std: "docker" "create" "-v" "/var/lib/crater-agent-workspace/builds/worker-4/target:/opt/rustwide/target:rw,Z" "-v" "/var/lib/crater-agent-workspace/builds/worker-4/source:/opt/rustwide/workdir:ro,Z" "-v" "/var/lib/crater-agent-workspace/cargo-home:/opt/rustwide/cargo-home:ro,Z" "-v" "/var/lib/crater-agent-workspace/rustup-home:/opt/rustwide/rustup-home:ro,Z" "-e" "SOURCE_DIR=/opt/rustwide/workdir" "-e" "CARGO_TARGET_DIR=/opt/rustwide/target" "-e" "CARGO_INCREMENTAL=0" "-e" "RUST_BACKTRACE=full" "-e" "RUSTFLAGS=--cap-lints=warn" "-e" "CARGO_HOME=/opt/rustwide/cargo-home" "-e" "RUSTUP_HOME=/opt/rustwide/rustup-home" "-w" "/opt/rustwide/workdir" "-m" "1610612736" "--user" "0:0" "--network" "none" "ghcr.io/rust-lang/crates-build-env/linux@sha256:34b6a614d2c27851fe6cbf88fbd1137609cefab8b10d0615aaeb6fd47975d74e" "/opt/rustwide/cargo-home/bin/cargo" "+beta-2021-08-01" "build" "--frozen" "--message-format=json", kill_on_drop: false }`
[INFO] [stdout] 860861e57a86c3958e8f7ae81e3a4edd7ba9a94179c7d549ca5ecc65efdf5de7
[INFO] [stderr] WARNING: Your kernel does not support swap limit capabilities or the cgroup is not mounted. Memory limited without swap.
[INFO] running `Command { std: "docker" "start" "-a" "860861e57a86c3958e8f7ae81e3a4edd7ba9a94179c7d549ca5ecc65efdf5de7", kill_on_drop: false }`
[INFO] [stderr]    Compiling syn v1.0.74
[INFO] [stderr]    Compiling version_check v0.9.3
[INFO] [stderr]    Compiling subtle v2.4.1
[INFO] [stderr]    Compiling serde_derive v1.0.127
[INFO] [stderr]    Compiling serde v1.0.127
[INFO] [stderr]    Compiling cpufeatures v0.1.5
[INFO] [stderr]    Compiling bitflags v1.2.1
[INFO] [stderr]    Compiling radium v0.5.3
[INFO] [stderr]    Compiling lexical-core v0.7.6
[INFO] [stderr]    Compiling funty v1.1.0
[INFO] [stderr]    Compiling byteorder v1.4.3
[INFO] [stderr]    Compiling arrayvec v0.5.2
[INFO] [stderr]    Compiling futures-core v0.3.16
[INFO] [stderr]    Compiling wyz v0.2.0
[INFO] [stderr]    Compiling tap v1.0.1
[INFO] [stderr]    Compiling crossbeam-utils v0.8.5
[INFO] [stderr]    Compiling futures-task v0.3.16
[INFO] [stderr]    Compiling cc v1.0.69
[INFO] [stderr]    Compiling futures-channel v0.3.16
[INFO] [stderr]    Compiling adler v1.0.2
[INFO] [stderr]    Compiling slog v2.7.0
[INFO] [stderr]    Compiling const-oid v0.6.0
[INFO] [stderr]    Compiling gimli v0.24.0
[INFO] [stderr]    Compiling futures-sink v0.3.16
[INFO] [stderr]    Compiling serde_json v1.0.66
[INFO] [stderr]    Compiling object v0.24.0
[INFO] [stderr]    Compiling crossbeam-epoch v0.9.5
[INFO] [stderr]    Compiling rustc-demangle v0.1.20
[INFO] [stderr]    Compiling futures-io v0.3.16
[INFO] [stderr]    Compiling crossbeam-queue v0.3.2
[INFO] [stderr]    Compiling rustversion v1.0.5
[INFO] [stderr]    Compiling async-trait v0.1.51
[INFO] [stderr]    Compiling oid-registry v0.1.5
[INFO] [stderr]    Compiling honggfuzz v0.5.54
[INFO] [stderr]    Compiling arc-swap v1.3.0
[INFO] [stderr]    Compiling half v1.7.1
[INFO] [stderr]    Compiling data-encoding v2.3.2
[INFO] [stderr]    Compiling bech32 v0.8.1
[INFO] [stderr]    Compiling rustc-hex v2.1.0
[INFO] [stderr]    Compiling io-context v0.2.0
[INFO] [stderr]    Compiling num-traits v0.2.14
[INFO] [stderr]    Compiling lazy_static v1.4.0
[INFO] [stderr]    Compiling num-bigint v0.4.0
[INFO] [stderr]    Compiling futures-macro v0.3.16
[INFO] [stderr]    Compiling miniz_oxide v0.4.4
[INFO] [stderr]    Compiling futures-util v0.3.16
[INFO] [stderr]    Compiling memoffset v0.6.4
[INFO] [stderr]    Compiling num-iter v0.1.42
[INFO] [stderr]    Compiling tokio v1.9.0
[INFO] [stderr]    Compiling tinyvec v1.3.1
[INFO] [stderr]    Compiling num-bigint-dig v0.7.0
[INFO] [stderr]    Compiling der v0.4.0
[INFO] [stderr]    Compiling generic-array v0.14.4
[INFO] [stderr]    Compiling nom v6.2.1
[INFO] [stderr]    Compiling pem v0.8.3
[INFO] [stderr]    Compiling getrandom v0.1.16
[INFO] [stderr]    Compiling tiny-keccak v1.5.0
[INFO] [stderr]    Compiling sgx-isa v0.3.3
[INFO] [stderr]    Compiling intrusive-collections v0.8.5
[INFO] [stderr]    Compiling rustc_version v0.3.3
[INFO] [stderr]    Compiling bitvec v0.19.5
[INFO] [stderr]    Compiling crossbeam-channel v0.5.1
[INFO] [stderr]    Compiling rand_core v0.5.1
[INFO] [stderr]    Compiling spki v0.4.0
[INFO] [stderr]    Compiling sp800-185 v0.2.0
[INFO] [stderr]    Compiling unicode-normalization v0.1.19
[INFO] [stderr]    Compiling ff v0.10.0
[INFO] [stderr]    Compiling slog-scope v4.4.0
[INFO] [stderr]    Compiling backtrace v0.3.59
[INFO] [stderr]    Compiling addr2line v0.15.2
[INFO] [stderr]    Compiling pkcs8 v0.7.5
[INFO] [stderr]    Compiling rand_chacha v0.2.2
[INFO] [stderr]    Compiling snow v0.8.0
[INFO] [stderr]    Compiling group v0.10.0
[INFO] [stderr]    Compiling crossbeam-deque v0.8.1
[INFO] [stderr]    Compiling slog-stdlog v4.1.0
[INFO] [stderr]    Compiling digest v0.9.0
[INFO] [stderr]    Compiling universal-hash v0.4.1
[INFO] [stderr]    Compiling cipher v0.3.0
[INFO] [stderr]    Compiling block-buffer v0.9.0
[INFO] [stderr]    Compiling crypto-mac v0.11.1
[INFO] [stderr]    Compiling aead v0.4.2
[INFO] [stderr]    Compiling crypto-mac v0.8.0
[INFO] [stderr]    Compiling num-integer v0.1.44
[INFO] [stderr]    Compiling rand v0.7.3
[INFO] [stderr]    Compiling signature v1.3.1
[INFO] [stderr]    Compiling sha2 v0.9.5
[INFO] [stderr]    Compiling hmac v0.11.0
[INFO] [stderr]    Compiling polyval v0.5.2
[INFO] [stderr]    Compiling poly1305 v0.7.1
[INFO] [stderr]    Compiling ctr v0.8.0
[INFO] [stderr]    Compiling aes v0.7.4
[INFO] [stderr]    Compiling crossbeam v0.8.1
[INFO] [stderr]    Compiling blake2 v0.9.1
[INFO] [stderr]    Compiling idna v0.2.3
[INFO] [stderr]    Compiling ghash v0.4.3
[INFO] [stderr]    Compiling aes-gcm v0.9.3
[INFO] [stderr]    Compiling anomaly v0.2.0
[INFO] [stderr]    Compiling url v2.2.2
[INFO] [stderr]    Compiling rusticata-macros v3.1.0
[INFO] [stderr]    Compiling synstructure v0.12.5
[INFO] [stderr]    Compiling darling_core v0.13.0
[INFO] [stderr]    Compiling zeroize_derive v1.1.0
[INFO] [stderr]    Compiling thiserror-impl v1.0.26
[INFO] [stderr]    Compiling prost-derive v0.7.0
[INFO] [stderr]    Compiling derive_arbitrary v1.0.1
[INFO] [stderr]    Compiling num-derive v0.3.3
[INFO] [stderr]    Compiling serde_repr v0.1.7
[INFO] [stderr]    Compiling impl-trait-for-tuples v0.2.1
[INFO] [stderr]    Compiling darling_macro v0.13.0
[INFO] [stderr]    Compiling zeroize v1.4.1
[INFO] [stderr]    Compiling curve25519-dalek v3.2.0
[INFO] [stderr]    Compiling chacha20 v0.7.1
[INFO] [stderr]    Compiling subtle-encoding v0.5.1
[INFO] [stderr]    Compiling crypto-bigint v0.2.2
[INFO] [stderr]    Compiling arbitrary v1.0.1
[INFO] [stderr]    Compiling chacha20poly1305 v0.8.0
[INFO] [stderr]    Compiling elliptic-curve v0.10.5
[INFO] [stderr]    Compiling thiserror v1.0.26
[INFO] [stderr]    Compiling darling v0.13.0
[INFO] [stderr]    Compiling deoxysii v0.2.2
[INFO] [stderr]    Compiling oasis-runtime-sdk-macros v0.1.0 (https://github.com/oasisprotocol/oasis-sdk?tag=runtime-sdk/v0.1.0#7646b35f)
[INFO] [stderr]    Compiling x25519-dalek v1.1.1
[INFO] [stdout] error: The following target_feature flags must be set: +aes,+ssse3.
[INFO] [stdout]   --> /opt/rustwide/cargo-home/registry/src/github.com-1ecc6299db9ec823/deoxysii-0.2.2/src/lib.rs:27:1
[INFO] [stdout]    |
[INFO] [stdout] 27 | compile_error!("The following target_feature flags must be set: +aes,+ssse3.");
[INFO] [stdout]    | ^^^^^^^^^^^^^^^^^^^^^^^^^^^^^^^^^^^^^^^^^^^^^^^^^^^^^^^^^^^^^^^^^^^^^^^^^^^^^^^
[INFO] [stdout] 
[INFO] [stdout] 
[INFO] [stdout] error[E0554]: `#![feature]` may not be used on the beta release channel
[INFO] [stdout]   --> /opt/rustwide/cargo-home/registry/src/github.com-1ecc6299db9ec823/deoxysii-0.2.2/src/lib.rs:24:1
[INFO] [stdout]    |
[INFO] [stdout] 24 | #![feature(llvm_asm, test)]
[INFO] [stdout]    | ^^^^^^^^^^^^^^^^^^^^^^^^^^^
[INFO] [stdout] 
[INFO] [stdout] 
[INFO] [stdout] error: aborting due to 2 previous errors
[INFO] [stdout] 
[INFO] [stdout] 
[INFO] [stdout] For more information about this error, try `rustc --explain E0554`.
[INFO] [stdout] 
[INFO] [stdout] error[E0554]: `#![feature]` may not be used on the beta release channel
[INFO] [stdout]  --> /opt/rustwide/cargo-home/git/checkouts/oasis-sdk-c51e681916015383/7646b35/runtime-sdk-macros/src/lib.rs:1:1
[INFO] [stdout]   |
[INFO] [stdout] 1 | #![feature(proc_macro_diagnostic)]
[INFO] [stdout]   | ^^^^^^^^^^^^^^^^^^^^^^^^^^^^^^^^^^
[INFO] [stdout] 
[INFO] [stdout] 
[INFO] [stdout] error[E0554]: `#![feature]` may not be used on the beta release channel
[INFO] [stdout]  --> /opt/rustwide/cargo-home/git/checkouts/oasis-sdk-c51e681916015383/7646b35/runtime-sdk-macros/src/lib.rs:2:1
[INFO] [stdout]   |
[INFO] [stdout] 2 | #![feature(bool_to_option)]
[INFO] [stdout]   | ^^^^^^^^^^^^^^^^^^^^^^^^^^^
[INFO] [stdout] 
[INFO] [stdout] 
[INFO] [stderr] error: could not compile `deoxysii` due to 3 previous errors
[INFO] [stderr] warning: build failed, waiting for other jobs to finish...
[INFO] [stdout] error: aborting due to 2 previous errors
[INFO] [stdout] 
[INFO] [stdout] 
[INFO] [stdout] For more information about this error, try `rustc --explain E0554`.
[INFO] [stdout] 
[INFO] [stderr] error: build failed
[INFO] running `Command { std: "docker" "inspect" "860861e57a86c3958e8f7ae81e3a4edd7ba9a94179c7d549ca5ecc65efdf5de7", kill_on_drop: false }`
[INFO] running `Command { std: "docker" "rm" "-f" "860861e57a86c3958e8f7ae81e3a4edd7ba9a94179c7d549ca5ecc65efdf5de7", kill_on_drop: false }`
[INFO] [stdout] 860861e57a86c3958e8f7ae81e3a4edd7ba9a94179c7d549ca5ecc65efdf5de7
