[INFO] cloning repository https://github.com/novolei/hello-rocket
[INFO] running `Command { std: "git" "-c" "credential.helper=" "-c" "credential.helper=/workspace/cargo-home/bin/git-credential-null" "clone" "--bare" "https://github.com/novolei/hello-rocket" "/workspace/cache/git-repos/https%3A%2F%2Fgithub.com%2Fnovolei%2Fhello-rocket", kill_on_drop: false }`
[INFO] [stderr] Cloning into bare repository '/workspace/cache/git-repos/https%3A%2F%2Fgithub.com%2Fnovolei%2Fhello-rocket'...
[INFO] running `Command { std: "git" "rev-parse" "HEAD", kill_on_drop: false }`
[INFO] [stdout] 350826657d9fcf1d7fa1c21fad4fec9892ec167a
[INFO] testing novolei/hello-rocket against 1.54.0 for beta-1.55-1
[INFO] running `Command { std: "git" "clone" "/workspace/cache/git-repos/https%3A%2F%2Fgithub.com%2Fnovolei%2Fhello-rocket" "/workspace/builds/worker-6/source", kill_on_drop: false }`
[INFO] [stderr] Cloning into '/workspace/builds/worker-6/source'...
[INFO] [stderr] done.
[INFO] [stderr] Updating files:  19% (821/4199)
Updating files:  20% (840/4199)
Updating files:  21% (882/4199)
Updating files:  22% (924/4199)
Updating files:  23% (966/4199)
Updating files:  23% (987/4199)
Updating files:  24% (1008/4199)
Updating files:  25% (1050/4199)
Updating files:  26% (1092/4199)
Updating files:  26% (1098/4199)
Updating files:  27% (1134/4199)
Updating files:  27% (1172/4199)
Updating files:  28% (1176/4199)
Updating files:  29% (1218/4199)
Updating files:  29% (1236/4199)
Updating files:  30% (1260/4199)
Updating files:  31% (1302/4199)
Updating files:  31% (1339/4199)
Updating files:  32% (1344/4199)
Updating files:  33% (1386/4199)
Updating files:  34% (1428/4199)
Updating files:  35% (1470/4199)
Updating files:  36% (1512/4199)
Updating files:  37% (1554/4199)
Updating files:  38% (1596/4199)
Updating files:  39% (1638/4199)
Updating files:  40% (1680/4199)
Updating files:  41% (1722/4199)
Updating files:  42% (1764/4199)
Updating files:  43% (1806/4199)
Updating files:  44% (1848/4199)
Updating files:  45% (1890/4199)
Updating files:  46% (1932/4199)
Updating files:  47% (1974/4199)
Updating files:  48% (2016/4199)
Updating files:  49% (2058/4199)
Updating files:  50% (2100/4199)
Updating files:  51% (2142/4199)
Updating files:  52% (2184/4199)
Updating files:  53% (2226/4199)
Updating files:  54% (2268/4199)
Updating files:  54% (2293/4199)
Updating files:  55% (2310/4199)
Updating files:  56% (2352/4199)
Updating files:  57% (2394/4199)
Updating files:  58% (2436/4199)
Updating files:  59% (2478/4199)
Updating files:  60% (2520/4199)
Updating files:  61% (2562/4199)
Updating files:  61% (2575/4199)
Updating files:  62% (2604/4199)
Updating files:  63% (2646/4199)
Updating files:  63% (2678/4199)
Updating files:  64% (2688/4199)
Updating files:  65% (2730/4199)
Updating files:  65% (2743/4199)
Updating files:  66% (2772/4199)
Updating files:  67% (2814/4199)
Updating files:  68% (2856/4199)
Updating files:  69% (2898/4199)
Updating files:  70% (2940/4199)
Updating files:  71% (2982/4199)
Updating files:  72% (3024/4199)
Updating files:  73% (3066/4199)
Updating files:  74% (3108/4199)
Updating files:  75% (3150/4199)
Updating files:  76% (3192/4199)
Updating files:  77% (3234/4199)
Updating files:  78% (3276/4199)
Updating files:  79% (3318/4199)
Updating files:  80% (3360/4199)
Updating files:  81% (3402/4199)
Updating files:  82% (3444/4199)
Updating files:  83% (3486/4199)
Updating files:  84% (3528/4199)
Updating files:  85% (3570/4199)
Updating files:  86% (3612/4199)
Updating files:  86% (3620/4199)
Updating files:  87% (3654/4199)
Updating files:  88% (3696/4199)
Updating files:  89% (3738/4199)
Updating files:  90% (3780/4199)
Updating files:  91% (3822/4199)
Updating files:  92% (3864/4199)
Updating files:  92% (3895/4199)
Updating files:  93% (3906/4199)
Updating files:  94% (3948/4199)
Updating files:  95% (3990/4199)
Updating files:  96% (4032/4199)
Updating files:  96% (4049/4199)
Updating files:  97% (4074/4199)
Updating files:  98% (4116/4199)
Updating files:  99% (4158/4199)
Updating files: 100% (4199/4199)
Updating files: 100% (4199/4199), done.
[INFO] validating manifest of git repo https://github.com/novolei/hello-rocket on toolchain 1.54.0
[INFO] running `Command { std: "/workspace/cargo-home/bin/cargo" "+1.54.0" "metadata" "--manifest-path" "Cargo.toml" "--no-deps", kill_on_drop: false }`
[INFO] started tweaking git repo https://github.com/novolei/hello-rocket
[INFO] finished tweaking git repo https://github.com/novolei/hello-rocket
[INFO] tweaked toml for git repo https://github.com/novolei/hello-rocket written to /workspace/builds/worker-6/source/Cargo.toml
[INFO] crate git repo https://github.com/novolei/hello-rocket already has a lockfile, it will not be regenerated
[INFO] running `Command { std: "/workspace/cargo-home/bin/cargo" "+1.54.0" "fetch" "--manifest-path" "Cargo.toml", kill_on_drop: false }`
[INFO] running `Command { std: "docker" "create" "-v" "/var/lib/crater-agent-workspace/builds/worker-6/target:/opt/rustwide/target:rw,Z" "-v" "/var/lib/crater-agent-workspace/builds/worker-6/source:/opt/rustwide/workdir:ro,Z" "-v" "/var/lib/crater-agent-workspace/cargo-home:/opt/rustwide/cargo-home:ro,Z" "-v" "/var/lib/crater-agent-workspace/rustup-home:/opt/rustwide/rustup-home:ro,Z" "-e" "SOURCE_DIR=/opt/rustwide/workdir" "-e" "CARGO_TARGET_DIR=/opt/rustwide/target" "-e" "CARGO_HOME=/opt/rustwide/cargo-home" "-e" "RUSTUP_HOME=/opt/rustwide/rustup-home" "-w" "/opt/rustwide/workdir" "-m" "1610612736" "--user" "0:0" "--network" "none" "ghcr.io/rust-lang/crates-build-env/linux@sha256:34b6a614d2c27851fe6cbf88fbd1137609cefab8b10d0615aaeb6fd47975d74e" "/opt/rustwide/cargo-home/bin/cargo" "+1.54.0" "metadata" "--no-deps" "--format-version=1", kill_on_drop: false }`
[INFO] [stdout] f4ef66af7a6c1164a36b57b43f76791784fdec8e9fe57388f83b2e5c6483711a
[INFO] [stderr] WARNING: Your kernel does not support swap limit capabilities or the cgroup is not mounted. Memory limited without swap.
[INFO] running `Command { std: "docker" "start" "-a" "f4ef66af7a6c1164a36b57b43f76791784fdec8e9fe57388f83b2e5c6483711a", kill_on_drop: false }`
[INFO] running `Command { std: "docker" "inspect" "f4ef66af7a6c1164a36b57b43f76791784fdec8e9fe57388f83b2e5c6483711a", kill_on_drop: false }`
[INFO] running `Command { std: "docker" "rm" "-f" "f4ef66af7a6c1164a36b57b43f76791784fdec8e9fe57388f83b2e5c6483711a", kill_on_drop: false }`
[INFO] [stdout] f4ef66af7a6c1164a36b57b43f76791784fdec8e9fe57388f83b2e5c6483711a
[INFO] running `Command { std: "docker" "create" "-v" "/var/lib/crater-agent-workspace/builds/worker-6/target:/opt/rustwide/target:rw,Z" "-v" "/var/lib/crater-agent-workspace/builds/worker-6/source:/opt/rustwide/workdir:ro,Z" "-v" "/var/lib/crater-agent-workspace/cargo-home:/opt/rustwide/cargo-home:ro,Z" "-v" "/var/lib/crater-agent-workspace/rustup-home:/opt/rustwide/rustup-home:ro,Z" "-e" "SOURCE_DIR=/opt/rustwide/workdir" "-e" "CARGO_TARGET_DIR=/opt/rustwide/target" "-e" "CARGO_INCREMENTAL=0" "-e" "RUST_BACKTRACE=full" "-e" "RUSTFLAGS=--cap-lints=warn" "-e" "CARGO_HOME=/opt/rustwide/cargo-home" "-e" "RUSTUP_HOME=/opt/rustwide/rustup-home" "-w" "/opt/rustwide/workdir" "-m" "1610612736" "--user" "0:0" "--network" "none" "ghcr.io/rust-lang/crates-build-env/linux@sha256:34b6a614d2c27851fe6cbf88fbd1137609cefab8b10d0615aaeb6fd47975d74e" "/opt/rustwide/cargo-home/bin/cargo" "+1.54.0" "build" "--frozen" "--message-format=json", kill_on_drop: false }`
[INFO] [stderr] WARNING: Your kernel does not support swap limit capabilities or the cgroup is not mounted. Memory limited without swap.
[INFO] [stdout] a7ccad08f881257de31aca484517d89ebbe3d8788642e31b46c79321d3f011b7
[INFO] running `Command { std: "docker" "start" "-a" "a7ccad08f881257de31aca484517d89ebbe3d8788642e31b46c79321d3f011b7", kill_on_drop: false }`
[INFO] [stderr]    Compiling subtle v2.3.0
[INFO] [stderr]    Compiling zeroize v1.1.1
[INFO] [stderr]    Compiling smallvec v1.5.0
[INFO] [stderr]    Compiling pear_codegen v0.1.4
[INFO] [stderr]    Compiling base64 v0.9.3
[INFO] [stderr]    Compiling rocket_codegen v0.4.6
[INFO] [stderr]    Compiling rocket v0.4.6
[INFO] [stderr]    Compiling aes-soft v0.3.3
[INFO] [stderr]    Compiling mime v0.2.6
[INFO] [stderr]    Compiling devise_core v0.2.0
[INFO] [stderr]    Compiling toml v0.4.10
[INFO] [stderr]    Compiling url v1.7.2
[INFO] [stderr]    Compiling sha2 v0.8.2
[INFO] [stderr] error: failed to run custom build command for `pear_codegen v0.1.4`
[INFO] [stderr] 
[INFO] [stderr] Caused by:
[INFO] [stderr]   process didn't exit successfully: `/opt/rustwide/target/debug/build/pear_codegen-6b748e2f788c6e14/build-script-build` (exit status: 101)
[INFO] [stderr]   --- stderr
[INFO] [stderr]   [1;31mError:[0m [1mPear requires a 'dev' or 'nightly' version of rustc.[0m
[INFO] [stderr]   Installed version: [33m1.54.0 (2021-07-26)[0m
[INFO] [stderr]   Minimum required:  [33m1.31.0-nightly (2018-10-05)[0m
[INFO] [stderr]   thread 'main' panicked at 'Aborting compilation due to incompatible compiler.', /opt/rustwide/cargo-home/registry/src/github.com-1ecc6299db9ec823/pear_codegen-0.1.4/build.rs:24:13
[INFO] [stderr]   stack backtrace:
[INFO] [stderr]      0:     0x556b017f9d30 - std::backtrace_rs::backtrace::libunwind::trace::h34055254b57d8e79
[INFO] [stderr]                                  at /rustc/a178d0322ce20e33eac124758e837cbd80a6f633/library/std/src/../../backtrace/src/backtrace/libunwind.rs:90:5
[INFO] [stderr]      1:     0x556b017f9d30 - std::backtrace_rs::backtrace::trace_unsynchronized::h8f1e3fbd9afff6ec
[INFO] [stderr]                                  at /rustc/a178d0322ce20e33eac124758e837cbd80a6f633/library/std/src/../../backtrace/src/backtrace/mod.rs:66:5
[INFO] [stderr]      2:     0x556b017f9d30 - std::sys_common::backtrace::_print_fmt::h3a99a796b770c360
[INFO] [stderr]                                  at /rustc/a178d0322ce20e33eac124758e837cbd80a6f633/library/std/src/sys_common/backtrace.rs:67:5
[INFO] [stderr]      3:     0x556b017f9d30 - <std::sys_common::backtrace::_print::DisplayBacktrace as core::fmt::Display>::fmt::h32d1f94a80615d18
[INFO] [stderr]                                  at /rustc/a178d0322ce20e33eac124758e837cbd80a6f633/library/std/src/sys_common/backtrace.rs:46:22
[INFO] [stderr]      4:     0x556b01816d4c - core::fmt::write::h306731c068f7162c
[INFO] [stderr]                                  at /rustc/a178d0322ce20e33eac124758e837cbd80a6f633/library/core/src/fmt/mod.rs:1110:17
[INFO] [stderr]      5:     0x556b017f7bb5 - std::io::Write::write_fmt::hd2fa90334eee2a21
[INFO] [stderr]                                  at /rustc/a178d0322ce20e33eac124758e837cbd80a6f633/library/std/src/io/mod.rs:1588:15
[INFO] [stderr]      6:     0x556b017fb95b - std::sys_common::backtrace::_print::h5abaa2601a852287
[INFO] [stderr]                                  at /rustc/a178d0322ce20e33eac124758e837cbd80a6f633/library/std/src/sys_common/backtrace.rs:49:5
[INFO] [stderr]      7:     0x556b017fb95b - std::sys_common::backtrace::print::h8d81445442bb638f
[INFO] [stderr]                                  at /rustc/a178d0322ce20e33eac124758e837cbd80a6f633/library/std/src/sys_common/backtrace.rs:36:9
[INFO] [stderr]      8:     0x556b017fb95b - std::panicking::default_hook::{{closure}}::hcfe804496a9fa747
[INFO] [stderr]                                  at /rustc/a178d0322ce20e33eac124758e837cbd80a6f633/library/std/src/panicking.rs:208:50
[INFO] [stderr]      9:     0x556b017fb431 - std::panicking::default_hook::hbea8e3ccf2ba8901
[INFO] [stderr]                                  at /rustc/a178d0322ce20e33eac124758e837cbd80a6f633/library/std/src/panicking.rs:225:9
[INFO] [stderr]     10:     0x556b017fc024 - std::panicking::rust_panic_with_hook::h7ee9e1a2d0f8975a
[INFO] [stderr]                                  at /rustc/a178d0322ce20e33eac124758e837cbd80a6f633/library/std/src/panicking.rs:622:17
[INFO] [stderr]     11:     0x556b017caa8f - std::panicking::begin_panic::{{closure}}::h7166a5ba67cced5a
[INFO] [stderr]                                  at /rustc/a178d0322ce20e33eac124758e837cbd80a6f633/library/std/src/panicking.rs:542:9
[INFO] [stderr]     12:     0x556b017cb538 - std::sys_common::backtrace::__rust_end_short_backtrace::h557e81fe762c4aca
[INFO] [stderr]                                  at /rustc/a178d0322ce20e33eac124758e837cbd80a6f633/library/std/src/sys_common/backtrace.rs:141:18
[INFO] [stderr]     13:     0x556b017ca9d5 - std::panicking::begin_panic::he9e3d83549f71500
[INFO] [stderr]                                  at /rustc/a178d0322ce20e33eac124758e837cbd80a6f633/library/std/src/panicking.rs:541:12
[INFO] [stderr]     14:     0x556b017cc2cd - build_script_build::main::h95d116ef32495c84
[INFO] [stderr]                                  at /opt/rustwide/cargo-home/registry/src/github.com-1ecc6299db9ec823/pear_codegen-0.1.4/build.rs:24:13
[INFO] [stderr]     15:     0x556b017cae5b - core::ops::function::FnOnce::call_once::h10fa1358406fad61
[INFO] [stderr]                                  at /rustc/a178d0322ce20e33eac124758e837cbd80a6f633/library/core/src/ops/function.rs:227:5
[INFO] [stderr]     16:     0x556b017cb57e - std::sys_common::backtrace::__rust_begin_short_backtrace::h6302d736a202d0e0
[INFO] [stderr]                                  at /rustc/a178d0322ce20e33eac124758e837cbd80a6f633/library/std/src/sys_common/backtrace.rs:125:18
[INFO] [stderr]     17:     0x556b017ca6b1 - std::rt::lang_start::{{closure}}::h2d84fba602a1c5be
[INFO] [stderr]                                  at /rustc/a178d0322ce20e33eac124758e837cbd80a6f633/library/std/src/rt.rs:49:18
[INFO] [stderr]     18:     0x556b017fc529 - core::ops::function::impls::<impl core::ops::function::FnOnce<A> for &F>::call_once::h2aabc384aab89b7b
[INFO] [stderr]                                  at /rustc/a178d0322ce20e33eac124758e837cbd80a6f633/library/core/src/ops/function.rs:259:13
[INFO] [stderr]     19:     0x556b017fc529 - std::panicking::try::do_call::hc5fcacb7a85fc7b1
[INFO] [stderr]                                  at /rustc/a178d0322ce20e33eac124758e837cbd80a6f633/library/std/src/panicking.rs:401:40
[INFO] [stderr]     20:     0x556b017fc529 - std::panicking::try::hb5d9603af3abbe3a
[INFO] [stderr]                                  at /rustc/a178d0322ce20e33eac124758e837cbd80a6f633/library/std/src/panicking.rs:365:19
[INFO] [stderr]     21:     0x556b017fc529 - std::panic::catch_unwind::h98fe6ac3925e64b4
[INFO] [stderr]                                  at /rustc/a178d0322ce20e33eac124758e837cbd80a6f633/library/std/src/panic.rs:434:14
[INFO] [stderr]     22:     0x556b017fc529 - std::rt::lang_start_internal::h22ac7383c516f93e
[INFO] [stderr]                                  at /rustc/a178d0322ce20e33eac124758e837cbd80a6f633/library/std/src/rt.rs:34:21
[INFO] [stderr]     23:     0x556b017ca690 - std::rt::lang_start::hbf1e59d2c4b006d1
[INFO] [stderr]                                  at /rustc/a178d0322ce20e33eac124758e837cbd80a6f633/library/std/src/rt.rs:48:5
[INFO] [stderr]     24:     0x556b017cc8cc - main
[INFO] [stderr]     25:     0x7fceb3cf00b3 - __libc_start_main
[INFO] [stderr]     26:     0x556b017c996e - _start
[INFO] [stderr]     27:                0x0 - <unknown>
[INFO] [stderr] warning: build failed, waiting for other jobs to finish...
[INFO] [stdout] error[E0554]: `#![feature]` may not be used on the stable release channel
[INFO] [stdout]  --> /opt/rustwide/cargo-home/registry/src/github.com-1ecc6299db9ec823/devise_core-0.2.0/src/lib.rs:1:1
[INFO] [stdout]   |
[INFO] [stdout] 1 | #![feature(proc_macro_diagnostic, proc_macro_span)]
[INFO] [stdout]   | ^^^^^^^^^^^^^^^^^^^^^^^^^^^^^^^^^^^^^^^^^^^^^^^^^^^
[INFO] [stdout] 
[INFO] [stdout] 
[INFO] [stdout] error[E0554]: `#![feature]` may not be used on the stable release channel
[INFO] [stdout]  --> /opt/rustwide/cargo-home/registry/src/github.com-1ecc6299db9ec823/devise_core-0.2.0/src/lib.rs:2:1
[INFO] [stdout]   |
[INFO] [stdout] 2 | #![feature(crate_visibility_modifier)]
[INFO] [stdout]   | ^^^^^^^^^^^^^^^^^^^^^^^^^^^^^^^^^^^^^^
[INFO] [stdout] 
[INFO] [stdout] 
[INFO] [stdout] error[E0554]: `#![feature]` may not be used on the stable release channel
[INFO] [stdout]  --> /opt/rustwide/cargo-home/registry/src/github.com-1ecc6299db9ec823/devise_core-0.2.0/src/lib.rs:3:1
[INFO] [stdout]   |
[INFO] [stdout] 3 | #![feature(concat_idents)]
[INFO] [stdout]   | ^^^^^^^^^^^^^^^^^^^^^^^^^^
[INFO] [stdout] 
[INFO] [stdout] 
[INFO] [stdout] error: aborting due to 3 previous errors
[INFO] [stdout] 
[INFO] [stdout] 
[INFO] [stdout] For more information about this error, try `rustc --explain E0554`.
[INFO] [stdout] 
[INFO] [stderr] error: build failed
[INFO] running `Command { std: "docker" "inspect" "a7ccad08f881257de31aca484517d89ebbe3d8788642e31b46c79321d3f011b7", kill_on_drop: false }`
[INFO] running `Command { std: "docker" "rm" "-f" "a7ccad08f881257de31aca484517d89ebbe3d8788642e31b46c79321d3f011b7", kill_on_drop: false }`
[INFO] [stdout] a7ccad08f881257de31aca484517d89ebbe3d8788642e31b46c79321d3f011b7
