[INFO] cloning repository https://github.com/nirya-istari/dumb_os
[INFO] running `Command { std: "git" "-c" "credential.helper=" "-c" "credential.helper=/workspace/cargo-home/bin/git-credential-null" "clone" "--bare" "https://github.com/nirya-istari/dumb_os" "/workspace/cache/git-repos/https%3A%2F%2Fgithub.com%2Fnirya-istari%2Fdumb_os", kill_on_drop: false }`
[INFO] [stderr] Cloning into bare repository '/workspace/cache/git-repos/https%3A%2F%2Fgithub.com%2Fnirya-istari%2Fdumb_os'...
[INFO] running `Command { std: "git" "rev-parse" "HEAD", kill_on_drop: false }`
[INFO] [stdout] 19787020e2764e866d4828704b05e0685d79e362
[INFO] testing nirya-istari/dumb_os against beta-2021-08-01 for beta-1.55-1
[INFO] running `Command { std: "git" "clone" "/workspace/cache/git-repos/https%3A%2F%2Fgithub.com%2Fnirya-istari%2Fdumb_os" "/workspace/builds/worker-92/source", kill_on_drop: false }`
[INFO] [stderr] Cloning into '/workspace/builds/worker-92/source'...
[INFO] [stderr] done.
[INFO] validating manifest of git repo https://github.com/nirya-istari/dumb_os on toolchain beta-2021-08-01
[INFO] running `Command { std: "/workspace/cargo-home/bin/cargo" "+beta-2021-08-01" "metadata" "--manifest-path" "Cargo.toml" "--no-deps", kill_on_drop: false }`
[INFO] removed /workspace/builds/worker-92/source/.cargo/config.toml
[INFO] started tweaking git repo https://github.com/nirya-istari/dumb_os
[INFO] finished tweaking git repo https://github.com/nirya-istari/dumb_os
[INFO] tweaked toml for git repo https://github.com/nirya-istari/dumb_os written to /workspace/builds/worker-92/source/Cargo.toml
[INFO] crate git repo https://github.com/nirya-istari/dumb_os already has a lockfile, it will not be regenerated
[INFO] running `Command { std: "/workspace/cargo-home/bin/cargo" "+beta-2021-08-01" "fetch" "--manifest-path" "Cargo.toml", kill_on_drop: false }`
[INFO] [stderr]     Blocking waiting for file lock on package cache
[INFO] [stderr]     Blocking waiting for file lock on package cache
[INFO] [stderr]  Downloading crates ...
[INFO] [stderr]   Downloaded linked_list_allocator v0.8.11
[INFO] [stderr]   Downloaded x86_64 v0.14.0
[INFO] [stderr]   Downloaded acpi v2.3.1
[INFO] [stderr]   Downloaded rsdp v1.1.0
[INFO] [stderr]   Downloaded bootloader v0.10.1
[INFO] running `Command { std: "docker" "create" "-v" "/var/lib/crater-agent-workspace/builds/worker-92/target:/opt/rustwide/target:rw,Z" "-v" "/var/lib/crater-agent-workspace/builds/worker-92/source:/opt/rustwide/workdir:ro,Z" "-v" "/var/lib/crater-agent-workspace/cargo-home:/opt/rustwide/cargo-home:ro,Z" "-v" "/var/lib/crater-agent-workspace/rustup-home:/opt/rustwide/rustup-home:ro,Z" "-e" "SOURCE_DIR=/opt/rustwide/workdir" "-e" "CARGO_TARGET_DIR=/opt/rustwide/target" "-e" "CARGO_HOME=/opt/rustwide/cargo-home" "-e" "RUSTUP_HOME=/opt/rustwide/rustup-home" "-w" "/opt/rustwide/workdir" "-m" "1610612736" "--user" "0:0" "--network" "none" "ghcr.io/rust-lang/crates-build-env/linux@sha256:34b6a614d2c27851fe6cbf88fbd1137609cefab8b10d0615aaeb6fd47975d74e" "/opt/rustwide/cargo-home/bin/cargo" "+beta-2021-08-01" "metadata" "--no-deps" "--format-version=1", kill_on_drop: false }`
[INFO] [stdout] af4653ab73ff5cd06661493f3b8a2425102ca41d44a9e4fe343a6ad290f820e9
[INFO] running `Command { std: "docker" "start" "-a" "af4653ab73ff5cd06661493f3b8a2425102ca41d44a9e4fe343a6ad290f820e9", kill_on_drop: false }`
[INFO] running `Command { std: "docker" "inspect" "af4653ab73ff5cd06661493f3b8a2425102ca41d44a9e4fe343a6ad290f820e9", kill_on_drop: false }`
[INFO] running `Command { std: "docker" "rm" "-f" "af4653ab73ff5cd06661493f3b8a2425102ca41d44a9e4fe343a6ad290f820e9", kill_on_drop: false }`
[INFO] [stdout] af4653ab73ff5cd06661493f3b8a2425102ca41d44a9e4fe343a6ad290f820e9
[INFO] running `Command { std: "docker" "create" "-v" "/var/lib/crater-agent-workspace/builds/worker-92/target:/opt/rustwide/target:rw,Z" "-v" "/var/lib/crater-agent-workspace/builds/worker-92/source:/opt/rustwide/workdir:ro,Z" "-v" "/var/lib/crater-agent-workspace/cargo-home:/opt/rustwide/cargo-home:ro,Z" "-v" "/var/lib/crater-agent-workspace/rustup-home:/opt/rustwide/rustup-home:ro,Z" "-e" "SOURCE_DIR=/opt/rustwide/workdir" "-e" "CARGO_TARGET_DIR=/opt/rustwide/target" "-e" "CARGO_INCREMENTAL=0" "-e" "RUST_BACKTRACE=full" "-e" "RUSTFLAGS=--cap-lints=warn" "-e" "CARGO_HOME=/opt/rustwide/cargo-home" "-e" "RUSTUP_HOME=/opt/rustwide/rustup-home" "-w" "/opt/rustwide/workdir" "-m" "1610612736" "--user" "0:0" "--network" "none" "ghcr.io/rust-lang/crates-build-env/linux@sha256:34b6a614d2c27851fe6cbf88fbd1137609cefab8b10d0615aaeb6fd47975d74e" "/opt/rustwide/cargo-home/bin/cargo" "+beta-2021-08-01" "build" "--frozen" "--message-format=json", kill_on_drop: false }`
[INFO] [stdout] e9cd02f740c64a31a09a298fc4b651ca35d2c16d8006b8d36c0608245627aa15
[INFO] running `Command { std: "docker" "start" "-a" "e9cd02f740c64a31a09a298fc4b651ca35d2c16d8006b8d36c0608245627aa15", kill_on_drop: false }`
[INFO] [stderr]    Compiling autocfg v1.0.1
[INFO] [stderr]    Compiling scopeguard v1.1.0
[INFO] [stderr]    Compiling proc-macro2 v1.0.26
[INFO] [stderr]    Compiling ucd-trie v0.1.3
[INFO] [stderr]    Compiling unicode-xid v0.2.1
[INFO] [stderr]    Compiling syn v1.0.70
[INFO] [stderr]    Compiling proc-macro-hack v0.5.19
[INFO] [stderr]    Compiling proc-macro-nested v0.1.7
[INFO] [stderr]    Compiling rand_core v0.6.2
[INFO] [stderr]    Compiling futures-core v0.3.14
[INFO] [stderr]    Compiling futures-sink v0.3.14
[INFO] [stderr]    Compiling ppv-lite86 v0.2.10
[INFO] [stderr]    Compiling futures-task v0.3.14
[INFO] [stderr]    Compiling bootloader v0.10.1
[INFO] [stderr]    Compiling pin-project-lite v0.2.6
[INFO] [stderr]    Compiling pin-utils v0.1.0
[INFO] [stderr]    Compiling serde v1.0.125
[INFO] [stderr]    Compiling x86_64 v0.14.0
[INFO] [stderr]    Compiling spin v0.5.2
[INFO] [stderr]    Compiling bit_field v0.9.0
[INFO] [stderr]    Compiling cpuio v0.3.0
[INFO] [stderr]    Compiling conquer-util v0.3.0
[INFO] [stderr]    Compiling futures-io v0.3.14
[INFO] [stderr]    Compiling bit_field v0.10.1
[INFO] [stderr]    Compiling volatile v0.4.4
[INFO] [stderr]    Compiling volatile v0.2.7
[INFO] [stderr]    Compiling byteorder v1.4.3
[INFO] [stderr]    Compiling smallvec v1.6.1
[INFO] [stderr]    Compiling ux v0.1.3
[INFO] [stderr]    Compiling pc-keyboard v0.5.1
[INFO] [stderr]    Compiling rsdp v1.1.0
[INFO] [stdout] error[E0557]: feature has been removed
[INFO] [stdout]  --> /opt/rustwide/cargo-home/registry/src/github.com-1ecc6299db9ec823/cpuio-0.3.0/src/lib.rs:4:22
[INFO] [stdout]   |
[INFO] [stdout] 4 | #![feature(llvm_asm, const_fn)]
[INFO] [stdout]   |                      ^^^^^^^^ feature has been removed
[INFO] [stdout]   |
[INFO] [stdout]   = note: split into finer-grained feature gates
[INFO] [stdout] 
[INFO] [stdout] 
[INFO] [stdout] error[E0554]: `#![feature]` may not be used on the beta release channel
[INFO] [stdout]  --> /opt/rustwide/cargo-home/registry/src/github.com-1ecc6299db9ec823/cpuio-0.3.0/src/lib.rs:4:1
[INFO] [stdout]   |
[INFO] [stdout] 4 | #![feature(llvm_asm, const_fn)]
[INFO] [stdout]   | ^^^^^^^^^^^^^^^^^^^^^^^^^^^^^^^
[INFO] [stdout] 
[INFO] [stdout] 
[INFO] [stderr]    Compiling futures-channel v0.3.14
[INFO] [stderr]    Compiling pest v2.1.3
[INFO] [stdout] error: aborting due to 2 previous errors
[INFO] [stdout] 
[INFO] [stdout] 
[INFO] [stdout] Some errors have detailed explanations: E0554, E0557.
[INFO] [stdout] 
[INFO] [stdout] For more information about an error, try `rustc --explain E0554`.
[INFO] [stdout] 
[INFO] [stderr] error: could not compile `cpuio` due to 3 previous errors
[INFO] [stderr] warning: build failed, waiting for other jobs to finish...
[INFO] [stdout] error[E0554]: `#![feature]` may not be used on the beta release channel
[INFO] [stdout]   --> /opt/rustwide/cargo-home/registry/src/github.com-1ecc6299db9ec823/rsdp-1.1.0/src/lib.rs:10:1
[INFO] [stdout]    |
[INFO] [stdout] 10 | #![feature(unsafe_block_in_unsafe_fn)]
[INFO] [stdout]    | ^^^^^^^^^^^^^^^^^^^^^^^^^^^^^^^^^^^^^^ help: remove the attribute
[INFO] [stdout]    |
[INFO] [stdout]    = help: the feature `unsafe_block_in_unsafe_fn` has been stable since 1.52.0 and no longer requires an attribute to enable
[INFO] [stdout] 
[INFO] [stdout] 
[INFO] [stdout] error: aborting due to previous error
[INFO] [stdout] 
[INFO] [stdout] 
[INFO] [stdout] For more information about this error, try `rustc --explain E0554`.
[INFO] [stdout] 
[INFO] [stderr] error: build failed
[INFO] running `Command { std: "docker" "inspect" "e9cd02f740c64a31a09a298fc4b651ca35d2c16d8006b8d36c0608245627aa15", kill_on_drop: false }`
[INFO] running `Command { std: "docker" "rm" "-f" "e9cd02f740c64a31a09a298fc4b651ca35d2c16d8006b8d36c0608245627aa15", kill_on_drop: false }`
[INFO] [stdout] e9cd02f740c64a31a09a298fc4b651ca35d2c16d8006b8d36c0608245627aa15
