[INFO] cloning repository https://github.com/nirnaeth/checkout
[INFO] running `Command { std: "git" "-c" "credential.helper=" "-c" "credential.helper=/workspace/cargo-home/bin/git-credential-null" "clone" "--bare" "https://github.com/nirnaeth/checkout" "/workspace/cache/git-repos/https%3A%2F%2Fgithub.com%2Fnirnaeth%2Fcheckout", kill_on_drop: false }`
[INFO] [stderr] Cloning into bare repository '/workspace/cache/git-repos/https%3A%2F%2Fgithub.com%2Fnirnaeth%2Fcheckout'...
[INFO] running `Command { std: "git" "rev-parse" "HEAD", kill_on_drop: false }`
[INFO] [stdout] 11658a349c08beefe9156c8ba6a89f60b86bf587
[INFO] testing nirnaeth/checkout against 1.54.0 for beta-1.55-1
[INFO] running `Command { std: "git" "clone" "/workspace/cache/git-repos/https%3A%2F%2Fgithub.com%2Fnirnaeth%2Fcheckout" "/workspace/builds/worker-106/source", kill_on_drop: false }`
[INFO] [stderr] Cloning into '/workspace/builds/worker-106/source'...
[INFO] [stderr] done.
[INFO] validating manifest of git repo https://github.com/nirnaeth/checkout on toolchain 1.54.0
[INFO] running `Command { std: "/workspace/cargo-home/bin/cargo" "+1.54.0" "metadata" "--manifest-path" "Cargo.toml" "--no-deps", kill_on_drop: false }`
[INFO] started tweaking git repo https://github.com/nirnaeth/checkout
[INFO] finished tweaking git repo https://github.com/nirnaeth/checkout
[INFO] tweaked toml for git repo https://github.com/nirnaeth/checkout written to /workspace/builds/worker-106/source/Cargo.toml
[INFO] crate git repo https://github.com/nirnaeth/checkout already has a lockfile, it will not be regenerated
[INFO] running `Command { std: "/workspace/cargo-home/bin/cargo" "+1.54.0" "fetch" "--manifest-path" "Cargo.toml", kill_on_drop: false }`
[INFO] [stderr]     Blocking waiting for file lock on package cache
[INFO] running `Command { std: "docker" "create" "-v" "/var/lib/crater-agent-workspace/builds/worker-106/target:/opt/rustwide/target:rw,Z" "-v" "/var/lib/crater-agent-workspace/builds/worker-106/source:/opt/rustwide/workdir:ro,Z" "-v" "/var/lib/crater-agent-workspace/cargo-home:/opt/rustwide/cargo-home:ro,Z" "-v" "/var/lib/crater-agent-workspace/rustup-home:/opt/rustwide/rustup-home:ro,Z" "-e" "SOURCE_DIR=/opt/rustwide/workdir" "-e" "CARGO_TARGET_DIR=/opt/rustwide/target" "-e" "CARGO_HOME=/opt/rustwide/cargo-home" "-e" "RUSTUP_HOME=/opt/rustwide/rustup-home" "-w" "/opt/rustwide/workdir" "-m" "1610612736" "--user" "0:0" "--network" "none" "ghcr.io/rust-lang/crates-build-env/linux@sha256:34b6a614d2c27851fe6cbf88fbd1137609cefab8b10d0615aaeb6fd47975d74e" "/opt/rustwide/cargo-home/bin/cargo" "+1.54.0" "metadata" "--no-deps" "--format-version=1", kill_on_drop: false }`
[INFO] [stdout] 7dbdd98dd49d27b6202d6a80ae63518779117c2e6e79b0fd89b93e1d4bad4a34
[INFO] running `Command { std: "docker" "start" "-a" "7dbdd98dd49d27b6202d6a80ae63518779117c2e6e79b0fd89b93e1d4bad4a34", kill_on_drop: false }`
[INFO] running `Command { std: "docker" "inspect" "7dbdd98dd49d27b6202d6a80ae63518779117c2e6e79b0fd89b93e1d4bad4a34", kill_on_drop: false }`
[INFO] running `Command { std: "docker" "rm" "-f" "7dbdd98dd49d27b6202d6a80ae63518779117c2e6e79b0fd89b93e1d4bad4a34", kill_on_drop: false }`
[INFO] [stdout] 7dbdd98dd49d27b6202d6a80ae63518779117c2e6e79b0fd89b93e1d4bad4a34
[INFO] running `Command { std: "docker" "create" "-v" "/var/lib/crater-agent-workspace/builds/worker-106/target:/opt/rustwide/target:rw,Z" "-v" "/var/lib/crater-agent-workspace/builds/worker-106/source:/opt/rustwide/workdir:ro,Z" "-v" "/var/lib/crater-agent-workspace/cargo-home:/opt/rustwide/cargo-home:ro,Z" "-v" "/var/lib/crater-agent-workspace/rustup-home:/opt/rustwide/rustup-home:ro,Z" "-e" "SOURCE_DIR=/opt/rustwide/workdir" "-e" "CARGO_TARGET_DIR=/opt/rustwide/target" "-e" "CARGO_INCREMENTAL=0" "-e" "RUST_BACKTRACE=full" "-e" "RUSTFLAGS=--cap-lints=warn" "-e" "CARGO_HOME=/opt/rustwide/cargo-home" "-e" "RUSTUP_HOME=/opt/rustwide/rustup-home" "-w" "/opt/rustwide/workdir" "-m" "1610612736" "--user" "0:0" "--network" "none" "ghcr.io/rust-lang/crates-build-env/linux@sha256:34b6a614d2c27851fe6cbf88fbd1137609cefab8b10d0615aaeb6fd47975d74e" "/opt/rustwide/cargo-home/bin/cargo" "+1.54.0" "build" "--frozen" "--message-format=json", kill_on_drop: false }`
[INFO] [stdout] 81be0fa45c603d8e8ca27833cf71afabed704db2389a7ef09897d61fcfb181ed
[INFO] running `Command { std: "docker" "start" "-a" "81be0fa45c603d8e8ca27833cf71afabed704db2389a7ef09897d61fcfb181ed", kill_on_drop: false }`
[INFO] [stderr]     Blocking waiting for file lock on package cache
[INFO] [stderr]    Compiling checkout v0.1.0 (/opt/rustwide/workdir)
[INFO] [stdout] error[E0557]: feature has been removed
[INFO] [stdout]  --> src/main.rs:1:28
[INFO] [stdout]   |
[INFO] [stdout] 1 | #![feature(slice_patterns, advanced_slice_patterns)]
[INFO] [stdout]   |                            ^^^^^^^^^^^^^^^^^^^^^^^ feature has been removed
[INFO] [stdout]   |
[INFO] [stdout]   = note: merged into `#![feature(slice_patterns)]`
[INFO] [stdout] 
[INFO] [stdout] 
[INFO] [stdout] error[E0554]: `#![feature]` may not be used on the stable release channel
[INFO] [stdout]  --> src/main.rs:1:1
[INFO] [stdout]   |
[INFO] [stdout] 1 | #![feature(slice_patterns, advanced_slice_patterns)]
[INFO] [stdout]   | ^^^^^^^^^^^^^^^^^^^^^^^^^^^^^^^^^^^^^^^^^^^^^^^^^^^^
[INFO] [stdout]   |
[INFO] [stdout]   = help: the feature `slice_patterns` has been stable since 1.42.0 and no longer requires an attribute to enable
[INFO] [stdout] 
[INFO] [stdout] 
[INFO] [stdout] error[E0601]: `main` function not found in crate `checkout`
[INFO] [stdout]   --> src/main.rs:1:1
[INFO] [stdout]    |
[INFO] [stdout] 1  | / #![feature(slice_patterns, advanced_slice_patterns)]
[INFO] [stdout] 2  | | type Product = u32;
[INFO] [stdout] 3  | |
[INFO] [stdout] 4  | | const PRODUCT_A: u32 = 50;
[INFO] [stdout] ...  |
[INFO] [stdout] 57 | |     assert_eq!(total_price(basket), 145);
[INFO] [stdout] 58 | | }
[INFO] [stdout]    | |_^ consider adding a `main` function to `src/main.rs`
[INFO] [stdout] 
[INFO] [stdout] 
[INFO] [stdout] error: aborting due to 3 previous errors
[INFO] [stdout] 
[INFO] [stdout] 
[INFO] [stdout] Some errors have detailed explanations: E0554, E0557, E0601.
[INFO] [stdout] 
[INFO] [stdout] For more information about an error, try `rustc --explain E0554`.
[INFO] [stdout] 
[INFO] [stderr] error: could not compile `checkout`
[INFO] [stderr] 
[INFO] [stderr] To learn more, run the command again with --verbose.
[INFO] running `Command { std: "docker" "inspect" "81be0fa45c603d8e8ca27833cf71afabed704db2389a7ef09897d61fcfb181ed", kill_on_drop: false }`
[INFO] running `Command { std: "docker" "rm" "-f" "81be0fa45c603d8e8ca27833cf71afabed704db2389a7ef09897d61fcfb181ed", kill_on_drop: false }`
[INFO] [stdout] 81be0fa45c603d8e8ca27833cf71afabed704db2389a7ef09897d61fcfb181ed
