[INFO] cloning repository https://github.com/nimiq/core-rs
[INFO] running `Command { std: "git" "-c" "credential.helper=" "-c" "credential.helper=/workspace/cargo-home/bin/git-credential-null" "clone" "--bare" "https://github.com/nimiq/core-rs" "/workspace/cache/git-repos/https%3A%2F%2Fgithub.com%2Fnimiq%2Fcore-rs", kill_on_drop: false }`
[INFO] [stderr] Cloning into bare repository '/workspace/cache/git-repos/https%3A%2F%2Fgithub.com%2Fnimiq%2Fcore-rs'...
[INFO] running `Command { std: "git" "rev-parse" "HEAD", kill_on_drop: false }`
[INFO] [stdout] 49cd9d293e00bac84516c5e03c2cde2994eea2a6
[INFO] testing nimiq/core-rs against beta-2021-08-01 for beta-1.55-1
[INFO] running `Command { std: "git" "clone" "/workspace/cache/git-repos/https%3A%2F%2Fgithub.com%2Fnimiq%2Fcore-rs" "/workspace/builds/worker-49/source", kill_on_drop: false }`
[INFO] [stderr] Cloning into '/workspace/builds/worker-49/source'...
[INFO] [stderr] done.
[INFO] validating manifest of git repo https://github.com/nimiq/core-rs on toolchain beta-2021-08-01
[INFO] running `Command { std: "/workspace/cargo-home/bin/cargo" "+beta-2021-08-01" "metadata" "--manifest-path" "Cargo.toml" "--no-deps", kill_on_drop: false }`
[INFO] started tweaking git repo https://github.com/nimiq/core-rs
[INFO] finished tweaking git repo https://github.com/nimiq/core-rs
[INFO] tweaked toml for git repo https://github.com/nimiq/core-rs written to /workspace/builds/worker-49/source/Cargo.toml
[INFO] running `Command { std: "/workspace/cargo-home/bin/cargo" "+beta-2021-08-01" "generate-lockfile" "--manifest-path" "Cargo.toml" "-Zno-index-update", kill_on_drop: false }`
[INFO] running `Command { std: "/workspace/cargo-home/bin/cargo" "+beta-2021-08-01" "fetch" "--manifest-path" "Cargo.toml", kill_on_drop: false }`
[INFO] [stderr]  Downloading crates ...
[INFO] [stderr]   Downloaded os_type v2.3.0
[INFO] [stderr]   Downloaded weak-table v0.2.4
[INFO] [stderr]   Downloaded curve25519-dalek v3.2.0
[INFO] [stderr]   Downloaded tokio-tungstenite v0.8.0
[INFO] running `Command { std: "docker" "create" "-v" "/var/lib/crater-agent-workspace/builds/worker-49/target:/opt/rustwide/target:rw,Z" "-v" "/var/lib/crater-agent-workspace/builds/worker-49/source:/opt/rustwide/workdir:ro,Z" "-v" "/var/lib/crater-agent-workspace/cargo-home:/opt/rustwide/cargo-home:ro,Z" "-v" "/var/lib/crater-agent-workspace/rustup-home:/opt/rustwide/rustup-home:ro,Z" "-e" "SOURCE_DIR=/opt/rustwide/workdir" "-e" "CARGO_TARGET_DIR=/opt/rustwide/target" "-e" "CARGO_HOME=/opt/rustwide/cargo-home" "-e" "RUSTUP_HOME=/opt/rustwide/rustup-home" "-w" "/opt/rustwide/workdir" "-m" "1610612736" "--user" "0:0" "--network" "none" "ghcr.io/rust-lang/crates-build-env/linux@sha256:34b6a614d2c27851fe6cbf88fbd1137609cefab8b10d0615aaeb6fd47975d74e" "/opt/rustwide/cargo-home/bin/cargo" "+beta-2021-08-01" "metadata" "--no-deps" "--format-version=1", kill_on_drop: false }`
[INFO] [stdout] b184ef8de2653e87b7f739368dd5cbe344531555775260f5f32ed64843286721
[INFO] running `Command { std: "docker" "start" "-a" "b184ef8de2653e87b7f739368dd5cbe344531555775260f5f32ed64843286721", kill_on_drop: false }`
[INFO] running `Command { std: "docker" "inspect" "b184ef8de2653e87b7f739368dd5cbe344531555775260f5f32ed64843286721", kill_on_drop: false }`
[INFO] running `Command { std: "docker" "rm" "-f" "b184ef8de2653e87b7f739368dd5cbe344531555775260f5f32ed64843286721", kill_on_drop: false }`
[INFO] [stdout] b184ef8de2653e87b7f739368dd5cbe344531555775260f5f32ed64843286721
[INFO] running `Command { std: "docker" "create" "-v" "/var/lib/crater-agent-workspace/builds/worker-49/target:/opt/rustwide/target:rw,Z" "-v" "/var/lib/crater-agent-workspace/builds/worker-49/source:/opt/rustwide/workdir:ro,Z" "-v" "/var/lib/crater-agent-workspace/cargo-home:/opt/rustwide/cargo-home:ro,Z" "-v" "/var/lib/crater-agent-workspace/rustup-home:/opt/rustwide/rustup-home:ro,Z" "-e" "SOURCE_DIR=/opt/rustwide/workdir" "-e" "CARGO_TARGET_DIR=/opt/rustwide/target" "-e" "CARGO_INCREMENTAL=0" "-e" "RUST_BACKTRACE=full" "-e" "RUSTFLAGS=--cap-lints=warn" "-e" "CARGO_HOME=/opt/rustwide/cargo-home" "-e" "RUSTUP_HOME=/opt/rustwide/rustup-home" "-w" "/opt/rustwide/workdir" "-m" "1610612736" "--user" "0:0" "--network" "none" "ghcr.io/rust-lang/crates-build-env/linux@sha256:34b6a614d2c27851fe6cbf88fbd1137609cefab8b10d0615aaeb6fd47975d74e" "/opt/rustwide/cargo-home/bin/cargo" "+beta-2021-08-01" "build" "--frozen" "--message-format=json", kill_on_drop: false }`
[INFO] [stdout] 3330ca1ccdd6feb6367ddae33b0fee4b6cc792f2f7c92ebc54f9874c8acd1a6e
[INFO] running `Command { std: "docker" "start" "-a" "3330ca1ccdd6feb6367ddae33b0fee4b6cc792f2f7c92ebc54f9874c8acd1a6e", kill_on_drop: false }`
[INFO] [stderr]    Compiling autocfg v1.0.1
[INFO] [stderr]    Compiling libc v0.2.98
[INFO] [stderr]    Compiling byteorder v1.4.3
[INFO] [stderr]    Compiling cc v1.0.69
[INFO] [stderr]    Compiling cfg-if v0.1.10
[INFO] [stderr]    Compiling semver-parser v0.7.0
[INFO] [stderr]    Compiling proc-macro2 v1.0.28
[INFO] [stderr]    Compiling futures v0.1.31
[INFO] [stderr]    Compiling unicode-xid v0.2.2
[INFO] [stderr]    Compiling maybe-uninit v2.0.0
[INFO] [stderr]    Compiling syn v1.0.74
[INFO] [stderr]    Compiling either v1.6.1
[INFO] [stderr]    Compiling rand_core v0.4.2
[INFO] [stderr]    Compiling typenum v1.13.0
[INFO] [stderr]    Compiling memchr v2.4.0
[INFO] [stderr]    Compiling slab v0.4.4
[INFO] [stderr]    Compiling version_check v0.9.3
[INFO] [stderr]    Compiling autocfg v0.1.7
[INFO] [stderr]    Compiling adler v1.0.2
[INFO] [stderr]    Compiling gimli v0.25.0
[INFO] [stderr]    Compiling rustc-demangle v0.1.20
[INFO] [stderr]    Compiling serde_derive v1.0.127
[INFO] [stderr]    Compiling failure_derive v0.1.8
[INFO] [stderr]    Compiling serde v1.0.127
[INFO] [stderr]    Compiling byte-tools v0.3.1
[INFO] [stderr]    Compiling proc-macro2 v0.4.30
[INFO] [stderr]    Compiling opaque-debug v0.2.3
[INFO] [stderr]    Compiling fake-simd v0.1.2
[INFO] [stderr]    Compiling unicode-xid v0.1.0
[INFO] [stderr]    Compiling arrayvec v0.4.12
[INFO] [stderr]    Compiling subtle v2.4.1
[INFO] [stderr]    Compiling nodrop v0.1.14
[INFO] [stderr]    Compiling syn v0.15.44
[INFO] [stderr]    Compiling constant_time_eq v0.1.5
[INFO] [stderr]    Compiling fixedbitset v0.1.9
[INFO] [stderr]    Compiling ordermap v0.3.5
[INFO] [stderr]    Compiling nimiq-macros v0.2.0 (/opt/rustwide/workdir/macros)
[INFO] [stderr]    Compiling stable_deref_trait v1.2.0
[INFO] [stderr]    Compiling hex v0.3.2
[INFO] [stderr]    Compiling scopeguard v0.3.3
[INFO] [stderr]    Compiling signature v1.3.1
[INFO] [stderr]    Compiling cpufeatures v0.1.5
[INFO] [stderr]    Compiling data-encoding v2.3.2
[INFO] [stderr]    Compiling percent-encoding v1.0.1
[INFO] [stderr]    Compiling bit-vec v0.5.1
[INFO] [stderr]    Compiling nimiq-collections v0.2.0 (/opt/rustwide/workdir/collections)
[INFO] [stderr]    Compiling gcc v0.3.55
[INFO] [stderr]    Compiling openssl v0.10.35
[INFO] [stderr]    Compiling httparse v1.4.1
[INFO] [stderr]    Compiling once_cell v1.8.0
[INFO] [stderr]    Compiling supercow v0.1.0
[INFO] [stderr]    Compiling openssl-probe v0.1.4
[INFO] [stderr]    Compiling atomic v0.4.6
[INFO] [stderr]    Compiling bitflags v0.9.1
[INFO] [stderr]    Compiling hashbrown v0.11.2
[INFO] [stderr]    Compiling serde_json v1.0.66
[INFO] [stderr]    Compiling encoding_rs v0.8.28
[INFO] [stderr]    Compiling mime v0.3.16
[INFO] [stderr]    Compiling dtoa v0.4.8
[INFO] [stderr]    Compiling utf-8 v0.7.6
[INFO] [stderr]    Compiling regex-syntax v0.6.25
[INFO] [stderr]    Compiling weak-table v0.2.4
[INFO] [stderr]    Compiling unicode-width v0.1.8
[INFO] [stderr]    Compiling vec_map v0.8.2
[INFO] [stderr]    Compiling json v0.11.15
[INFO] [stderr]    Compiling ansi_term v0.11.0
[INFO] [stderr]    Compiling strsim v0.8.0
[INFO] [stderr]    Compiling log v0.4.14
[INFO] [stderr]    Compiling lock_api v0.3.4
[INFO] [stderr]    Compiling bitflags v1.2.1
[INFO] [stderr]    Compiling getrandom v0.1.16
[INFO] [stderr]    Compiling tinyvec v1.3.1
[INFO] [stderr]    Compiling unicode-bidi v0.3.5
[INFO] [stderr]    Compiling foreign-types v0.3.2
[INFO] [stderr]    Compiling form_urlencoded v1.0.1
[INFO] [stderr]    Compiling ryu v1.0.5
[INFO] [stderr]    Compiling crc32fast v1.2.1
[INFO] [stderr]    Compiling try_from v0.3.2
[INFO] [stderr]    Compiling semver v0.9.0
[INFO] [stdout] error[E0554]: `#![feature]` may not be used on the beta release channel
[INFO] [stdout]  --> collections/src/lib.rs:2:1
[INFO] [stdout]   |
[INFO] [stdout] 2 | #![feature(box_into_raw_non_null)]
[INFO] [stdout]   | ^^^^^^^^^^^^^^^^^^^^^^^^^^^^^^^^^^
[INFO] [stdout] 
[INFO] [stdout] 
[INFO] [stdout] error[E0554]: `#![feature]` may not be used on the beta release channel
[INFO] [stdout]  --> collections/src/lib.rs:3:1
[INFO] [stdout]   |
[INFO] [stdout] 3 | #![feature(specialization)]
[INFO] [stdout]   | ^^^^^^^^^^^^^^^^^^^^^^^^^^^
[INFO] [stdout] 
[INFO] [stdout] 
[INFO] [stdout] warning: the feature `specialization` is incomplete and may not be safe to use and/or cause compiler crashes
[INFO] [stdout]  --> collections/src/lib.rs:3:12
[INFO] [stdout]   |
[INFO] [stdout] 3 | #![feature(specialization)]
[INFO] [stdout]   |            ^^^^^^^^^^^^^^
[INFO] [stdout]   |
[INFO] [stdout]   = note: `#[warn(incomplete_features)]` on by default
[INFO] [stdout]   = note: see issue #31844 <https://github.com/rust-lang/rust/issues/31844> for more information
[INFO] [stdout]   = help: consider using `min_specialization` instead, which is more stable and complete
[INFO] [stdout] 
[INFO] [stdout] 
[INFO] [stdout] error[E0599]: no function or associated item named `into_raw_non_null` found for struct `Box<_, _>` in the current scope
[INFO] [stdout]    --> collections/src/linked_list.rs:141:34
[INFO] [stdout]     |
[INFO] [stdout] 141 |             let node = Some(Box::into_raw_non_null(node));
[INFO] [stdout]     |                                  ^^^^^^^^^^^^^^^^^ function or associated item not found in `Box<_, _>`
[INFO] [stdout] 
[INFO] [stdout] 
[INFO] [stdout] error[E0599]: no function or associated item named `into_raw_non_null` found for struct `Box<_, _>` in the current scope
[INFO] [stdout]    --> collections/src/linked_list.rs:176:34
[INFO] [stdout]     |
[INFO] [stdout] 176 |             let node = Some(Box::into_raw_non_null(node));
[INFO] [stdout]     |                                  ^^^^^^^^^^^^^^^^^ function or associated item not found in `Box<_, _>`
[INFO] [stdout] 
[INFO] [stdout] 
[INFO] [stdout] error[E0599]: no function or associated item named `into_raw_non_null` found for struct `Box<_, _>` in the current scope
[INFO] [stdout]    --> collections/src/linked_list.rs:914:38
[INFO] [stdout]     |
[INFO] [stdout] 914 |                 let node = Some(Box::into_raw_non_null(Box::new(Node {
[INFO] [stdout]     |                                      ^^^^^^^^^^^^^^^^^ function or associated item not found in `Box<_, _>`
[INFO] [stdout] 
[INFO] [stdout] 
[INFO] [stdout] error: aborting due to 5 previous errors; 1 warning emitted
[INFO] [stdout] 
[INFO] [stdout] 
[INFO] [stdout] Some errors have detailed explanations: E0554, E0599.
[INFO] [stdout] 
[INFO] [stdout] For more information about an error, try `rustc --explain E0554`.
[INFO] [stdout] 
[INFO] [stderr] error: could not compile `nimiq-collections` due to 6 previous errors; 1 warning emitted
[INFO] [stderr] warning: build failed, waiting for other jobs to finish...
[INFO] [stderr] error: build failed
[INFO] running `Command { std: "docker" "inspect" "3330ca1ccdd6feb6367ddae33b0fee4b6cc792f2f7c92ebc54f9874c8acd1a6e", kill_on_drop: false }`
[INFO] running `Command { std: "docker" "rm" "-f" "3330ca1ccdd6feb6367ddae33b0fee4b6cc792f2f7c92ebc54f9874c8acd1a6e", kill_on_drop: false }`
[INFO] [stdout] 3330ca1ccdd6feb6367ddae33b0fee4b6cc792f2f7c92ebc54f9874c8acd1a6e
