[INFO] cloning repository https://github.com/ngraham20/rust-roguelike
[INFO] running `Command { std: "git" "-c" "credential.helper=" "-c" "credential.helper=/workspace/cargo-home/bin/git-credential-null" "clone" "--bare" "https://github.com/ngraham20/rust-roguelike" "/workspace/cache/git-repos/https%3A%2F%2Fgithub.com%2Fngraham20%2Frust-roguelike", kill_on_drop: false }`
[INFO] [stderr] Cloning into bare repository '/workspace/cache/git-repos/https%3A%2F%2Fgithub.com%2Fngraham20%2Frust-roguelike'...
[INFO] running `Command { std: "git" "rev-parse" "HEAD", kill_on_drop: false }`
[INFO] [stdout] f9b4e87894129a99fe52d868232677062e71adf4
[INFO] testing ngraham20/rust-roguelike against 1.54.0 for beta-1.55-1
[INFO] running `Command { std: "git" "clone" "/workspace/cache/git-repos/https%3A%2F%2Fgithub.com%2Fngraham20%2Frust-roguelike" "/workspace/builds/worker-32/source", kill_on_drop: false }`
[INFO] [stderr] Cloning into '/workspace/builds/worker-32/source'...
[INFO] [stderr] done.
[INFO] validating manifest of git repo https://github.com/ngraham20/rust-roguelike on toolchain 1.54.0
[INFO] running `Command { std: "/workspace/cargo-home/bin/cargo" "+1.54.0" "metadata" "--manifest-path" "Cargo.toml" "--no-deps", kill_on_drop: false }`
[INFO] started tweaking git repo https://github.com/ngraham20/rust-roguelike
[INFO] finished tweaking git repo https://github.com/ngraham20/rust-roguelike
[INFO] tweaked toml for git repo https://github.com/ngraham20/rust-roguelike written to /workspace/builds/worker-32/source/Cargo.toml
[INFO] crate git repo https://github.com/ngraham20/rust-roguelike already has a lockfile, it will not be regenerated
[INFO] running `Command { std: "/workspace/cargo-home/bin/cargo" "+1.54.0" "fetch" "--manifest-path" "Cargo.toml", kill_on_drop: false }`
[INFO] [stderr]     Blocking waiting for file lock on package cache
[INFO] [stderr]     Blocking waiting for file lock on package cache
[INFO] running `Command { std: "docker" "create" "-v" "/var/lib/crater-agent-workspace/builds/worker-32/target:/opt/rustwide/target:rw,Z" "-v" "/var/lib/crater-agent-workspace/builds/worker-32/source:/opt/rustwide/workdir:ro,Z" "-v" "/var/lib/crater-agent-workspace/cargo-home:/opt/rustwide/cargo-home:ro,Z" "-v" "/var/lib/crater-agent-workspace/rustup-home:/opt/rustwide/rustup-home:ro,Z" "-e" "SOURCE_DIR=/opt/rustwide/workdir" "-e" "CARGO_TARGET_DIR=/opt/rustwide/target" "-e" "CARGO_HOME=/opt/rustwide/cargo-home" "-e" "RUSTUP_HOME=/opt/rustwide/rustup-home" "-w" "/opt/rustwide/workdir" "-m" "1610612736" "--user" "0:0" "--network" "none" "ghcr.io/rust-lang/crates-build-env/linux@sha256:34b6a614d2c27851fe6cbf88fbd1137609cefab8b10d0615aaeb6fd47975d74e" "/opt/rustwide/cargo-home/bin/cargo" "+1.54.0" "metadata" "--no-deps" "--format-version=1", kill_on_drop: false }`
[INFO] [stdout] ef3f9d27c7796a01b3b93323ae2d8991dd02996925367e135fe02fbe339ff507
[INFO] running `Command { std: "docker" "start" "-a" "ef3f9d27c7796a01b3b93323ae2d8991dd02996925367e135fe02fbe339ff507", kill_on_drop: false }`
[INFO] running `Command { std: "docker" "inspect" "ef3f9d27c7796a01b3b93323ae2d8991dd02996925367e135fe02fbe339ff507", kill_on_drop: false }`
[INFO] running `Command { std: "docker" "rm" "-f" "ef3f9d27c7796a01b3b93323ae2d8991dd02996925367e135fe02fbe339ff507", kill_on_drop: false }`
[INFO] [stdout] ef3f9d27c7796a01b3b93323ae2d8991dd02996925367e135fe02fbe339ff507
[INFO] running `Command { std: "docker" "create" "-v" "/var/lib/crater-agent-workspace/builds/worker-32/target:/opt/rustwide/target:rw,Z" "-v" "/var/lib/crater-agent-workspace/builds/worker-32/source:/opt/rustwide/workdir:ro,Z" "-v" "/var/lib/crater-agent-workspace/cargo-home:/opt/rustwide/cargo-home:ro,Z" "-v" "/var/lib/crater-agent-workspace/rustup-home:/opt/rustwide/rustup-home:ro,Z" "-e" "SOURCE_DIR=/opt/rustwide/workdir" "-e" "CARGO_TARGET_DIR=/opt/rustwide/target" "-e" "CARGO_INCREMENTAL=0" "-e" "RUST_BACKTRACE=full" "-e" "RUSTFLAGS=--cap-lints=warn" "-e" "CARGO_HOME=/opt/rustwide/cargo-home" "-e" "RUSTUP_HOME=/opt/rustwide/rustup-home" "-w" "/opt/rustwide/workdir" "-m" "1610612736" "--user" "0:0" "--network" "none" "ghcr.io/rust-lang/crates-build-env/linux@sha256:34b6a614d2c27851fe6cbf88fbd1137609cefab8b10d0615aaeb6fd47975d74e" "/opt/rustwide/cargo-home/bin/cargo" "+1.54.0" "build" "--frozen" "--message-format=json", kill_on_drop: false }`
[INFO] [stdout] 41107d17f10ee7d732f76ea23ed8a5c05fb04b845eed67226bdd447e248feec3
[INFO] running `Command { std: "docker" "start" "-a" "41107d17f10ee7d732f76ea23ed8a5c05fb04b845eed67226bdd447e248feec3", kill_on_drop: false }`
[INFO] [stderr]     Blocking waiting for file lock on package cache
[INFO] [stderr]    Compiling libc v0.2.67
[INFO] [stderr]    Compiling lazy_static v0.1.16
[INFO] [stderr]    Compiling bitflags v0.1.1
[INFO] [stderr]    Compiling tcod-sys v5.0.1
[INFO] [stderr]    Compiling rand v0.4.6
[INFO] [stderr]    Compiling rand v0.3.23
[INFO] [stderr]    Compiling tcod v0.15.0
[INFO] [stderr]    Compiling roguelike v0.1.0 (/opt/rustwide/workdir)
[INFO] [stdout] error[E0432]: unresolved import `crate::map::Game`
[INFO] [stdout]  --> src/user_input.rs:4:5
[INFO] [stdout]   |
[INFO] [stdout] 4 | use crate::map::Game;
[INFO] [stdout]   |     ^^^^^^^^^^^^^^^^ no `Game` in `map`
[INFO] [stdout] 
[INFO] [stdout] 
[INFO] [stdout] error[E0412]: cannot find type `Map` in this scope
[INFO] [stdout]  --> src/game.rs:2:14
[INFO] [stdout]   |
[INFO] [stdout] 2 |     pub map: Map,
[INFO] [stdout]   |              ^^^ not found in this scope
[INFO] [stdout]   |
[INFO] [stdout] help: consider importing one of these items
[INFO] [stdout]   |
[INFO] [stdout] 1 | use core::iter::Map;
[INFO] [stdout]   |
[INFO] [stdout] 1 | use crate::Map;
[INFO] [stdout]   |
[INFO] [stdout] 1 | use std::iter::Map;
[INFO] [stdout]   |
[INFO] [stdout] 1 | use tcod::Map;
[INFO] [stdout]   |
[INFO] [stdout] 
[INFO] [stdout] 
[INFO] [stdout] error[E0412]: cannot find type `Messages` in this scope
[INFO] [stdout]  --> src/game.rs:3:19
[INFO] [stdout]   |
[INFO] [stdout] 3 |     pub messages: Messages,
[INFO] [stdout]   |                   ^^^^^^^^ not found in this scope
[INFO] [stdout]   |
[INFO] [stdout] help: consider importing one of these items
[INFO] [stdout]   |
[INFO] [stdout] 1 | use crate::Messages;
[INFO] [stdout]   |
[INFO] [stdout] 1 | use std::os::unix::net::Messages;
[INFO] [stdout]   |
[INFO] [stdout] 
[INFO] [stdout] 
[INFO] [stdout] error[E0422]: cannot find struct, variant or union type `Game` in this scope
[INFO] [stdout]   --> src/main.rs:40:20
[INFO] [stdout]    |
[INFO] [stdout] 40 |     let mut game = Game {
[INFO] [stdout]    |                    ^^^^ not found in this scope
[INFO] [stdout]    |
[INFO] [stdout] help: consider importing this struct
[INFO] [stdout]    |
[INFO] [stdout] 9  | use crate::game::Game;
[INFO] [stdout]    |
[INFO] [stdout] 
[INFO] [stdout] 
[INFO] [stdout] warning: unused imports: `Event`, `Key`, `self`
[INFO] [stdout]  --> src/user_input.rs:8:19
[INFO] [stdout]   |
[INFO] [stdout] 8 | use tcod::input::{self, Event, Key, Mouse};
[INFO] [stdout]   |                   ^^^^  ^^^^^  ^^^
[INFO] [stdout]   |
[INFO] [stdout]   = note: `#[warn(unused_imports)]` on by default
[INFO] [stdout] 
[INFO] [stdout] 
[INFO] [stdout] warning: the item `Key` is imported redundantly
[INFO] [stdout]   --> src/user_input.rs:30:9
[INFO] [stdout]    |
[INFO] [stdout] 8  | use tcod::input::{self, Event, Key, Mouse};
[INFO] [stdout]    |                                --- the item `Key` is already imported here
[INFO] [stdout] ...
[INFO] [stdout] 30 |     use tcod::input::Key;
[INFO] [stdout]    |         ^^^^^^^^^^^^^^^^
[INFO] [stdout] 
[INFO] [stdout] 
[INFO] [stdout] warning: unused import: `crate::screen::Messages`
[INFO] [stdout]  --> src/map.rs:1:5
[INFO] [stdout]   |
[INFO] [stdout] 1 | use crate::screen::Messages;
[INFO] [stdout]   |     ^^^^^^^^^^^^^^^^^^^^^^^
[INFO] [stdout] 
[INFO] [stdout] 
[INFO] [stdout] error: aborting due to 4 previous errors; 3 warnings emitted
[INFO] [stdout] 
[INFO] [stdout] 
[INFO] [stdout] Some errors have detailed explanations: E0412, E0422, E0432.
[INFO] [stdout] 
[INFO] [stdout] For more information about an error, try `rustc --explain E0412`.
[INFO] [stdout] 
[INFO] [stderr] error: could not compile `roguelike`
[INFO] [stderr] 
[INFO] [stderr] To learn more, run the command again with --verbose.
[INFO] running `Command { std: "docker" "inspect" "41107d17f10ee7d732f76ea23ed8a5c05fb04b845eed67226bdd447e248feec3", kill_on_drop: false }`
[INFO] running `Command { std: "docker" "rm" "-f" "41107d17f10ee7d732f76ea23ed8a5c05fb04b845eed67226bdd447e248feec3", kill_on_drop: false }`
[INFO] [stdout] 41107d17f10ee7d732f76ea23ed8a5c05fb04b845eed67226bdd447e248feec3
