[INFO] cloning repository https://github.com/ngoclinh93qt/openjph-ffi
[INFO] running `Command { std: "git" "-c" "credential.helper=" "-c" "credential.helper=/workspace/cargo-home/bin/git-credential-null" "clone" "--bare" "https://github.com/ngoclinh93qt/openjph-ffi" "/workspace/cache/git-repos/https%3A%2F%2Fgithub.com%2Fngoclinh93qt%2Fopenjph-ffi", kill_on_drop: false }`
[INFO] [stderr] Cloning into bare repository '/workspace/cache/git-repos/https%3A%2F%2Fgithub.com%2Fngoclinh93qt%2Fopenjph-ffi'...
[INFO] running `Command { std: "git" "rev-parse" "HEAD", kill_on_drop: false }`
[INFO] [stdout] fab500b612e75db246807f6d4f8971fcd7841746
[INFO] testing ngoclinh93qt/openjph-ffi against beta-2021-08-01 for beta-1.55-1
[INFO] running `Command { std: "git" "clone" "/workspace/cache/git-repos/https%3A%2F%2Fgithub.com%2Fngoclinh93qt%2Fopenjph-ffi" "/workspace/builds/worker-84/source", kill_on_drop: false }`
[INFO] [stderr] Cloning into '/workspace/builds/worker-84/source'...
[INFO] [stderr] done.
[INFO] validating manifest of git repo https://github.com/ngoclinh93qt/openjph-ffi on toolchain beta-2021-08-01
[INFO] running `Command { std: "/workspace/cargo-home/bin/cargo" "+beta-2021-08-01" "metadata" "--manifest-path" "Cargo.toml" "--no-deps", kill_on_drop: false }`
[INFO] started tweaking git repo https://github.com/ngoclinh93qt/openjph-ffi
[INFO] finished tweaking git repo https://github.com/ngoclinh93qt/openjph-ffi
[INFO] tweaked toml for git repo https://github.com/ngoclinh93qt/openjph-ffi written to /workspace/builds/worker-84/source/Cargo.toml
[INFO] crate git repo https://github.com/ngoclinh93qt/openjph-ffi already has a lockfile, it will not be regenerated
[INFO] running `Command { std: "/workspace/cargo-home/bin/cargo" "+beta-2021-08-01" "fetch" "--manifest-path" "Cargo.toml", kill_on_drop: false }`
[INFO] [stderr]     Blocking waiting for file lock on package cache
[INFO] [stderr]     Blocking waiting for file lock on package cache
[INFO] [stderr]  Downloading crates ...
[INFO] [stderr]   Downloaded time v0.3.0
[INFO] running `Command { std: "docker" "create" "-v" "/var/lib/crater-agent-workspace/builds/worker-84/target:/opt/rustwide/target:rw,Z" "-v" "/var/lib/crater-agent-workspace/builds/worker-84/source:/opt/rustwide/workdir:ro,Z" "-v" "/var/lib/crater-agent-workspace/cargo-home:/opt/rustwide/cargo-home:ro,Z" "-v" "/var/lib/crater-agent-workspace/rustup-home:/opt/rustwide/rustup-home:ro,Z" "-e" "SOURCE_DIR=/opt/rustwide/workdir" "-e" "CARGO_TARGET_DIR=/opt/rustwide/target" "-e" "CARGO_HOME=/opt/rustwide/cargo-home" "-e" "RUSTUP_HOME=/opt/rustwide/rustup-home" "-w" "/opt/rustwide/workdir" "-m" "1610612736" "--user" "0:0" "--network" "none" "ghcr.io/rust-lang/crates-build-env/linux@sha256:34b6a614d2c27851fe6cbf88fbd1137609cefab8b10d0615aaeb6fd47975d74e" "/opt/rustwide/cargo-home/bin/cargo" "+beta-2021-08-01" "metadata" "--no-deps" "--format-version=1", kill_on_drop: false }`
[INFO] [stdout] 2db453ed888bb50f6042c50f52d8b5431ffcb61ae90bac88961d792c37a69fca
[INFO] running `Command { std: "docker" "start" "-a" "2db453ed888bb50f6042c50f52d8b5431ffcb61ae90bac88961d792c37a69fca", kill_on_drop: false }`
[INFO] running `Command { std: "docker" "inspect" "2db453ed888bb50f6042c50f52d8b5431ffcb61ae90bac88961d792c37a69fca", kill_on_drop: false }`
[INFO] running `Command { std: "docker" "rm" "-f" "2db453ed888bb50f6042c50f52d8b5431ffcb61ae90bac88961d792c37a69fca", kill_on_drop: false }`
[INFO] [stdout] 2db453ed888bb50f6042c50f52d8b5431ffcb61ae90bac88961d792c37a69fca
[INFO] running `Command { std: "docker" "create" "-v" "/var/lib/crater-agent-workspace/builds/worker-84/target:/opt/rustwide/target:rw,Z" "-v" "/var/lib/crater-agent-workspace/builds/worker-84/source:/opt/rustwide/workdir:ro,Z" "-v" "/var/lib/crater-agent-workspace/cargo-home:/opt/rustwide/cargo-home:ro,Z" "-v" "/var/lib/crater-agent-workspace/rustup-home:/opt/rustwide/rustup-home:ro,Z" "-e" "SOURCE_DIR=/opt/rustwide/workdir" "-e" "CARGO_TARGET_DIR=/opt/rustwide/target" "-e" "CARGO_INCREMENTAL=0" "-e" "RUST_BACKTRACE=full" "-e" "RUSTFLAGS=--cap-lints=warn" "-e" "CARGO_HOME=/opt/rustwide/cargo-home" "-e" "RUSTUP_HOME=/opt/rustwide/rustup-home" "-w" "/opt/rustwide/workdir" "-m" "1610612736" "--user" "0:0" "--network" "none" "ghcr.io/rust-lang/crates-build-env/linux@sha256:34b6a614d2c27851fe6cbf88fbd1137609cefab8b10d0615aaeb6fd47975d74e" "/opt/rustwide/cargo-home/bin/cargo" "+beta-2021-08-01" "build" "--frozen" "--message-format=json", kill_on_drop: false }`
[INFO] [stdout] 012900a9640ebe44633d3fa86d0911a2d75ac8d9db6d41104732f4a2f0d84d67
[INFO] running `Command { std: "docker" "start" "-a" "012900a9640ebe44633d3fa86d0911a2d75ac8d9db6d41104732f4a2f0d84d67", kill_on_drop: false }`
[INFO] [stderr]    Compiling crossbeam-utils v0.8.5
[INFO] [stderr]    Compiling memchr v2.4.0
[INFO] [stderr]    Compiling crossbeam-epoch v0.9.5
[INFO] [stderr]    Compiling scopeguard v1.1.0
[INFO] [stderr]    Compiling version_check v0.9.3
[INFO] [stderr]    Compiling glob v0.3.0
[INFO] [stderr]    Compiling rayon-core v1.9.1
[INFO] [stderr]    Compiling proc-macro2 v1.0.27
[INFO] [stderr]    Compiling regex-syntax v0.6.25
[INFO] [stderr]    Compiling quick-error v1.2.3
[INFO] [stderr]    Compiling bindgen v0.53.3
[INFO] [stderr]    Compiling termcolor v1.1.2
[INFO] [stderr]    Compiling adler32 v1.2.0
[INFO] [stderr]    Compiling crc32fast v1.2.1
[INFO] [stderr]    Compiling either v1.6.1
[INFO] [stderr]    Compiling adler v1.0.2
[INFO] [stderr]    Compiling peeking_take_while v0.1.2
[INFO] [stderr]    Compiling byteorder v1.4.3
[INFO] [stderr]    Compiling lazycell v1.3.0
[INFO] [stderr]    Compiling shlex v0.1.1
[INFO] [stderr]    Compiling weezl v0.1.5
[INFO] [stderr]    Compiling rustc-hash v1.1.0
[INFO] [stderr]    Compiling color_quant v1.1.0
[INFO] [stderr]    Compiling bytemuck v1.7.0
[INFO] [stderr]    Compiling scoped_threadpool v0.1.9
[INFO] [stderr]    Compiling time v0.3.0
[INFO] [stderr]    Compiling memoffset v0.6.4
[INFO] [stderr]    Compiling num-traits v0.2.14
[INFO] [stderr]    Compiling rayon v1.5.1
[INFO] [stderr]    Compiling num-integer v0.1.44
[INFO] [stderr]    Compiling miniz_oxide v0.4.4
[INFO] [stderr]    Compiling num-iter v0.1.42
[INFO] [stderr]    Compiling num-rational v0.3.2
[INFO] [stderr]    Compiling jobserver v0.1.22
[INFO] [stderr]    Compiling atty v0.2.14
[INFO] [stderr]    Compiling which v3.1.1
[INFO] [stderr]    Compiling clap v2.33.3
[INFO] [stderr]    Compiling humantime v1.3.0
[INFO] [stderr]    Compiling clang-sys v0.29.3
[INFO] [stderr]    Compiling gif v0.11.2
[INFO] [stderr]    Compiling miniz_oxide v0.3.7
[INFO] [stderr]    Compiling deflate v0.8.6
[INFO] [stderr]    Compiling nom v5.1.2
[INFO] [stderr]    Compiling cc v1.0.69
[INFO] [stderr]    Compiling crossbeam-channel v0.5.1
[INFO] [stderr]    Compiling aho-corasick v0.7.18
[INFO] [stderr]    Compiling libloading v0.5.2
[INFO] [stderr]    Compiling quote v1.0.9
[INFO] [stderr]    Compiling regex v1.5.4
[INFO] [stderr]    Compiling png v0.16.8
[INFO] [stderr]    Compiling crossbeam-deque v0.8.0
[INFO] [stderr]    Compiling env_logger v0.7.1
[INFO] [stderr]    Compiling cexpr v0.4.0
[INFO] [stderr]    Compiling jpeg-decoder v0.1.22
[INFO] [stderr]    Compiling tiff v0.6.1
[INFO] [stderr]    Compiling image v0.23.14
[INFO] [stderr]    Compiling openjph_ffi v0.1.0 (/opt/rustwide/workdir)
[INFO] [stderr] The following warnings were emitted during compilation:
[INFO] [stderr] 
[INFO] [stderr] warning: c++: error: unrecognized command line option '-stdlib=libc++'
[INFO] [stderr] warning: c++: error: unrecognized command line option '-stdlib=libc++'
[INFO] [stderr] warning: c++: error: unrecognized command line option '-stdlib=libc++'
[INFO] [stderr] warning: c++: error: unrecognized command line option '-stdlib=libc++'
[INFO] [stderr] warning: c++: error: unrecognized command line option '-stdlib=libc++'
[INFO] [stderr] warning: c++: error: unrecognized command line option '-stdlib=libc++'
[INFO] [stderr] warning: c++: error: unrecognized command line option '-stdlib=libc++'
[INFO] [stderr] warning: c++: error: unrecognized command line option '-stdlib=libc++'
[INFO] [stderr] warning: c++: error: unrecognized command line option '-stdlib=libc++'
[INFO] [stderr] warning: c++: error: unrecognized command line option '-stdlib=libc++'
[INFO] [stderr] warning: c++: error: unrecognized command line option '-stdlib=libc++'
[INFO] [stderr] warning: c++: error: unrecognized command line option '-stdlib=libc++'
[INFO] [stderr] warning: c++: error: unrecognized command line option '-stdlib=libc++'
[INFO] [stderr] warning: c++: error: unrecognized command line option '-stdlib=libc++'
[INFO] [stderr] warning: c++: error: unrecognized command line option '-stdlib=libc++'
[INFO] [stderr] warning: c++: error: unrecognized command line option '-stdlib=libc++'
[INFO] [stderr] 
[INFO] [stderr] error: failed to run custom build command for `openjph_ffi v0.1.0 (/opt/rustwide/workdir)`
[INFO] [stderr] 
[INFO] [stderr] Caused by:
[INFO] [stderr]   process didn't exit successfully: `/opt/rustwide/target/debug/build/openjph_ffi-979d375d7d243489/build-script-build` (exit status: 1)
[INFO] [stderr]   --- stdout
[INFO] [stderr]   TARGET = Some("x86_64-unknown-linux-gnu")
[INFO] [stderr]   OPT_LEVEL = Some("0")
[INFO] [stderr]   HOST = Some("x86_64-unknown-linux-gnu")
[INFO] [stderr]   CXX_x86_64-unknown-linux-gnu = None
[INFO] [stderr]   CXX_x86_64_unknown_linux_gnu = None
[INFO] [stderr]   HOST_CXX = None
[INFO] [stderr]   CXX = None
[INFO] [stderr]   CXXFLAGS_x86_64-unknown-linux-gnu = None
[INFO] [stderr]   CXXFLAGS_x86_64_unknown_linux_gnu = None
[INFO] [stderr]   HOST_CXXFLAGS = None
[INFO] [stderr]   CXXFLAGS = None
[INFO] [stderr]   CRATE_CC_NO_DEFAULTS = None
[INFO] [stderr]   DEBUG = Some("true")
[INFO] [stderr]   CARGO_CFG_TARGET_FEATURE = Some("fxsr,sse,sse2")
[INFO] [stderr]   running: "c++" "-O0" "-ffunction-sections" "-fdata-sections" "-fPIC" "-g" "-fno-omit-frame-pointer" "-m64" "-stdlib=libc++" "-I" "vendor/openjph/src/core" "-I" "vendor/openjph/src/core/codestream" "-I" "vendor/openjph/src/core/coding" "-I" "vendor/openjph/src/core/others" "-I" "vendor/openjph/src/core/transform" "-I" "vendor/openjph/src/core/common" "-std=c++17" "-mavx" "-mavx2" "-o" "/opt/rustwide/target/debug/build/openjph_ffi-c1f6b1fc43aab139/out/vendor/openjph/src/core/codestream/ojph_codestream.o" "-c" "vendor/openjph/src/core/codestream/ojph_codestream.cpp"
[INFO] [stderr]   running: "c++" "-O0" "-ffunction-sections" "-fdata-sections" "-fPIC" "-g" "-fno-omit-frame-pointer" "-m64" "-stdlib=libc++" "-I" "vendor/openjph/src/core" "-I" "vendor/openjph/src/core/codestream" "-I" "vendor/openjph/src/core/coding" "-I" "vendor/openjph/src/core/others" "-I" "vendor/openjph/src/core/transform" "-I" "vendor/openjph/src/core/common" "-std=c++17" "-mavx" "-mavx2" "-o" "/opt/rustwide/target/debug/build/openjph_ffi-c1f6b1fc43aab139/out/vendor/openjph/src/core/codestream/ojph_htj2kcompress.o" "-c" "vendor/openjph/src/core/codestream/ojph_htj2kcompress.cpp"
[INFO] [stderr]   running: "c++" "-O0" "-ffunction-sections" "-fdata-sections" "-fPIC" "-g" "-fno-omit-frame-pointer" "-m64" "-stdlib=libc++" "-I" "vendor/openjph/src/core" "-I" "vendor/openjph/src/core/codestream" "-I" "vendor/openjph/src/core/coding" "-I" "vendor/openjph/src/core/others" "-I" "vendor/openjph/src/core/transform" "-I" "vendor/openjph/src/core/common" "-std=c++17" "-mavx" "-mavx2" "-o" "/opt/rustwide/target/debug/build/openjph_ffi-c1f6b1fc43aab139/out/vendor/openjph/src/core/transform/ojph_colour.o" "-c" "vendor/openjph/src/core/transform/ojph_colour.cpp"
[INFO] [stderr]   running: "c++" "-O0" "-ffunction-sections" "-fdata-sections" "-fPIC" "-g" "-fno-omit-frame-pointer" "-m64" "-stdlib=libc++" "-I" "vendor/openjph/src/core" "-I" "vendor/openjph/src/core/codestream" "-I" "vendor/openjph/src/core/coding" "-I" "vendor/openjph/src/core/others" "-I" "vendor/openjph/src/core/transform" "-I" "vendor/openjph/src/core/common" "-std=c++17" "-mavx" "-mavx2" "-o" "/opt/rustwide/target/debug/build/openjph_ffi-c1f6b1fc43aab139/out/vendor/openjph/src/core/others/ojph_file.o" "-c" "vendor/openjph/src/core/others/ojph_file.cpp"
[INFO] [stderr]   cargo:warning=c++: error: unrecognized command line option '-stdlib=libc++'
[INFO] [stderr]   exit status: 1
[INFO] [stderr]   running: "c++" "-O0" "-ffunction-sections" "-fdata-sections" "-fPIC" "-g" "-fno-omit-frame-pointer" "-m64" "-stdlib=libc++" "-I" "vendor/openjph/src/core" "-I" "vendor/openjph/src/core/codestream" "-I" "vendor/openjph/src/core/coding" "-I" "vendor/openjph/src/core/others" "-I" "vendor/openjph/src/core/transform" "-I" "vendor/openjph/src/core/common" "-std=c++17" "-mavx" "-mavx2" "-o" "/opt/rustwide/target/debug/build/openjph_ffi-c1f6b1fc43aab139/out/vendor/openjph/src/core/transform/ojph_colour_avx.o" "-c" "vendor/openjph/src/core/transform/ojph_colour_avx.cpp"
[INFO] [stderr]   running: "c++" "-O0" "-ffunction-sections" "-fdata-sections" "-fPIC" "-g" "-fno-omit-frame-pointer" "-m64" "-stdlib=libc++" "-I" "vendor/openjph/src/core" "-I" "vendor/openjph/src/core/codestream" "-I" "vendor/openjph/src/core/coding" "-I" "vendor/openjph/src/core/others" "-I" "vendor/openjph/src/core/transform" "-I" "vendor/openjph/src/core/common" "-std=c++17" "-mavx" "-mavx2" "-o" "/opt/rustwide/target/debug/build/openjph_ffi-c1f6b1fc43aab139/out/vendor/openjph/src/core/transform/ojph_colour_avx2.o" "-c" "vendor/openjph/src/core/transform/ojph_colour_avx2.cpp"
[INFO] [stderr]   running: "c++" "-O0" "-ffunction-sections" "-fdata-sections" "-fPIC" "-g" "-fno-omit-frame-pointer" "-m64" "-stdlib=libc++" "-I" "vendor/openjph/src/core" "-I" "vendor/openjph/src/core/codestream" "-I" "vendor/openjph/src/core/coding" "-I" "vendor/openjph/src/core/others" "-I" "vendor/openjph/src/core/transform" "-I" "vendor/openjph/src/core/common" "-std=c++17" "-mavx" "-mavx2" "-o" "/opt/rustwide/target/debug/build/openjph_ffi-c1f6b1fc43aab139/out/vendor/openjph/src/core/others/ojph_message.o" "-c" "vendor/openjph/src/core/others/ojph_message.cpp"
[INFO] [stderr]   running: "c++" "-O0" "-ffunction-sections" "-fdata-sections" "-fPIC" "-g" "-fno-omit-frame-pointer" "-m64" "-stdlib=libc++" "-I" "vendor/openjph/src/core" "-I" "vendor/openjph/src/core/codestream" "-I" "vendor/openjph/src/core/coding" "-I" "vendor/openjph/src/core/others" "-I" "vendor/openjph/src/core/transform" "-I" "vendor/openjph/src/core/common" "-std=c++17" "-mavx" "-mavx2" "-o" "/opt/rustwide/target/debug/build/openjph_ffi-c1f6b1fc43aab139/out/vendor/openjph/src/core/others/ojph_arch.o" "-c" "vendor/openjph/src/core/others/ojph_arch.cpp"
[INFO] [stderr]   cargo:warning=c++: error: unrecognized command line option '-stdlib=libc++'
[INFO] [stderr]   cargo:warning=c++: error: unrecognized command line option '-stdlib=libc++'
[INFO] [stderr]   cargo:warning=c++: error: unrecognized command line option '-stdlib=libc++'
[INFO] [stderr]   running: "c++" "-O0" "-ffunction-sections" "-fdata-sections" "-fPIC" "-g" "-fno-omit-frame-pointer" "-m64" "-stdlib=libc++" "-I" "vendor/openjph/src/core" "-I" "vendor/openjph/src/core/codestream" "-I" "vendor/openjph/src/core/coding" "-I" "vendor/openjph/src/core/others" "-I" "vendor/openjph/src/core/transform" "-I" "vendor/openjph/src/core/common" "-std=c++17" "-mavx" "-mavx2" "-o" "/opt/rustwide/target/debug/build/openjph_ffi-c1f6b1fc43aab139/out/vendor/openjph/src/core/coding/ojph_block_decoder.o" "-c" "vendor/openjph/src/core/coding/ojph_block_decoder.cpp"
[INFO] [stderr]   running: "c++" "-O0" "-ffunction-sections" "-fdata-sections" "-fPIC" "-g" "-fno-omit-frame-pointer" "-m64" "-stdlib=libc++" "-I" "vendor/openjph/src/core" "-I" "vendor/openjph/src/core/codestream" "-I" "vendor/openjph/src/core/coding" "-I" "vendor/openjph/src/core/others" "-I" "vendor/openjph/src/core/transform" "-I" "vendor/openjph/src/core/common" "-std=c++17" "-mavx" "-mavx2" "-o" "/opt/rustwide/target/debug/build/openjph_ffi-c1f6b1fc43aab139/out/vendor/openjph/src/core/codestream/ojph_htj2kdecompress.o" "-c" "vendor/openjph/src/core/codestream/ojph_htj2kdecompress.cpp"
[INFO] [stderr]   exit status: 1
[INFO] [stderr]   cargo:warning=c++: error: unrecognized command line option '-stdlib=libc++'
[INFO] [stderr]   cargo:warning=c++: error: unrecognized command line option '-stdlib=libc++'
[INFO] [stderr]   exit status: 1
[INFO] [stderr]   exit status: 1
[INFO] [stderr]   running: "c++" "-O0" "-ffunction-sections" "-fdata-sections" "-fPIC" "-g" "-fno-omit-frame-pointer" "-m64" "-stdlib=libc++" "-I" "vendor/openjph/src/core" "-I" "vendor/openjph/src/core/codestream" "-I" "vendor/openjph/src/core/coding" "-I" "vendor/openjph/src/core/others" "-I" "vendor/openjph/src/core/transform" "-I" "vendor/openjph/src/core/common" "-std=c++17" "-mavx" "-mavx2" "-o" "/opt/rustwide/target/debug/build/openjph_ffi-c1f6b1fc43aab139/out/vendor/openjph/src/core/transform/ojph_colour_sse2.o" "-c" "vendor/openjph/src/core/transform/ojph_colour_sse2.cpp"
[INFO] [stderr]   exit status: 1
[INFO] [stderr]   exit status: 1
[INFO] [stderr]   cargo:warning=c++: error: unrecognized command line option '-stdlib=libc++'
[INFO] [stderr]   exit status: 1
[INFO] [stderr]   running: "c++" "-O0" "-ffunction-sections" "-fdata-sections" "-fPIC" "-g" "-fno-omit-frame-pointer" "-m64" "-stdlib=libc++" "-I" "vendor/openjph/src/core" "-I" "vendor/openjph/src/core/codestream" "-I" "vendor/openjph/src/core/coding" "-I" "vendor/openjph/src/core/others" "-I" "vendor/openjph/src/core/transform" "-I" "vendor/openjph/src/core/common" "-std=c++17" "-mavx" "-mavx2" "-o" "/opt/rustwide/target/debug/build/openjph_ffi-c1f6b1fc43aab139/out/vendor/openjph/src/core/transform/ojph_transform_avx.o" "-c" "vendor/openjph/src/core/transform/ojph_transform_avx.cpp"
[INFO] [stderr]   running: "c++" "-O0" "-ffunction-sections" "-fdata-sections" "-fPIC" "-g" "-fno-omit-frame-pointer" "-m64" "-stdlib=libc++" "-I" "vendor/openjph/src/core" "-I" "vendor/openjph/src/core/codestream" "-I" "vendor/openjph/src/core/coding" "-I" "vendor/openjph/src/core/others" "-I" "vendor/openjph/src/core/transform" "-I" "vendor/openjph/src/core/common" "-std=c++17" "-mavx" "-mavx2" "-o" "/opt/rustwide/target/debug/build/openjph_ffi-c1f6b1fc43aab139/out/vendor/openjph/src/core/coding/ojph_block_encoder.o" "-c" "vendor/openjph/src/core/coding/ojph_block_encoder.cpp"
[INFO] [stderr]   running: "c++" "-O0" "-ffunction-sections" "-fdata-sections" "-fPIC" "-g" "-fno-omit-frame-pointer" "-m64" "-stdlib=libc++" "-I" "vendor/openjph/src/core" "-I" "vendor/openjph/src/core/codestream" "-I" "vendor/openjph/src/core/coding" "-I" "vendor/openjph/src/core/others" "-I" "vendor/openjph/src/core/transform" "-I" "vendor/openjph/src/core/common" "-std=c++17" "-mavx" "-mavx2" "-o" "/opt/rustwide/target/debug/build/openjph_ffi-c1f6b1fc43aab139/out/vendor/openjph/src/core/transform/ojph_colour_sse.o" "-c" "vendor/openjph/src/core/transform/ojph_colour_sse.cpp"
[INFO] [stderr]   running: "c++" "-O0" "-ffunction-sections" "-fdata-sections" "-fPIC" "-g" "-fno-omit-frame-pointer" "-m64" "-stdlib=libc++" "-I" "vendor/openjph/src/core" "-I" "vendor/openjph/src/core/codestream" "-I" "vendor/openjph/src/core/coding" "-I" "vendor/openjph/src/core/others" "-I" "vendor/openjph/src/core/transform" "-I" "vendor/openjph/src/core/common" "-std=c++17" "-mavx" "-mavx2" "-o" "/opt/rustwide/target/debug/build/openjph_ffi-c1f6b1fc43aab139/out/vendor/openjph/src/core/codestream/ojph_params.o" "-c" "vendor/openjph/src/core/codestream/ojph_params.cpp"
[INFO] [stderr]   running: "c++" "-O0" "-ffunction-sections" "-fdata-sections" "-fPIC" "-g" "-fno-omit-frame-pointer" "-m64" "-stdlib=libc++" "-I" "vendor/openjph/src/core" "-I" "vendor/openjph/src/core/codestream" "-I" "vendor/openjph/src/core/coding" "-I" "vendor/openjph/src/core/others" "-I" "vendor/openjph/src/core/transform" "-I" "vendor/openjph/src/core/common" "-std=c++17" "-mavx" "-mavx2" "-o" "/opt/rustwide/target/debug/build/openjph_ffi-c1f6b1fc43aab139/out/vendor/openjph/src/core/others/ojph_mem.o" "-c" "vendor/openjph/src/core/others/ojph_mem.cpp"
[INFO] [stderr]   cargo:warning=c++: error: unrecognized command line option '-stdlib=libc++'
[INFO] [stderr]   exit status: 1
[INFO] [stderr]   cargo:warning=c++: error: unrecognized command line option '-stdlib=libc++'
[INFO] [stderr]   exit status: 1
[INFO] [stderr]   cargo:warning=c++: error: unrecognized command line option '-stdlib=libc++'
[INFO] [stderr]   exit status: 1
[INFO] [stderr]   cargo:warning=c++: error: unrecognized command line option '-stdlib=libc++'
[INFO] [stderr]   exit status: 1
[INFO] [stderr]   cargo:warning=c++: error: unrecognized command line option '-stdlib=libc++'
[INFO] [stderr]   cargo:warning=c++: error: unrecognized command line option '-stdlib=libc++'
[INFO] [stderr]   exit status: 1
[INFO] [stderr]   exit status: 1
[INFO] [stderr]   cargo:warning=c++: error: unrecognized command line option '-stdlib=libc++'
[INFO] [stderr]   exit status: 1
[INFO] [stderr]   cargo:warning=c++: error: unrecognized command line option '-stdlib=libc++'
[INFO] [stderr]   exit status: 1
[INFO] [stderr]   cargo:warning=c++: error: unrecognized command line option '-stdlib=libc++'
[INFO] [stderr]   exit status: 1
[INFO] [stderr] 
[INFO] [stderr]   --- stderr
[INFO] [stderr] 
[INFO] [stderr] 
[INFO] [stderr]   error occurred: Command "c++" "-O0" "-ffunction-sections" "-fdata-sections" "-fPIC" "-g" "-fno-omit-frame-pointer" "-m64" "-stdlib=libc++" "-I" "vendor/openjph/src/core" "-I" "vendor/openjph/src/core/codestream" "-I" "vendor/openjph/src/core/coding" "-I" "vendor/openjph/src/core/others" "-I" "vendor/openjph/src/core/transform" "-I" "vendor/openjph/src/core/common" "-std=c++17" "-mavx" "-mavx2" "-o" "/opt/rustwide/target/debug/build/openjph_ffi-c1f6b1fc43aab139/out/vendor/openjph/src/core/codestream/ojph_codestream.o" "-c" "vendor/openjph/src/core/codestream/ojph_codestream.cpp" with args "c++" did not execute successfully (status code exit status: 1).
[INFO] [stderr] 
[INFO] [stderr] 
[INFO] [stderr] warning: build failed, waiting for other jobs to finish...
[INFO] [stderr] error: build failed
[INFO] running `Command { std: "docker" "inspect" "012900a9640ebe44633d3fa86d0911a2d75ac8d9db6d41104732f4a2f0d84d67", kill_on_drop: false }`
[INFO] running `Command { std: "docker" "rm" "-f" "012900a9640ebe44633d3fa86d0911a2d75ac8d9db6d41104732f4a2f0d84d67", kill_on_drop: false }`
[INFO] [stdout] 012900a9640ebe44633d3fa86d0911a2d75ac8d9db6d41104732f4a2f0d84d67
