[INFO] cloning repository https://github.com/nginxinc/ngx-istio-mixer
[INFO] running `Command { std: "git" "-c" "credential.helper=" "-c" "credential.helper=/workspace/cargo-home/bin/git-credential-null" "clone" "--bare" "https://github.com/nginxinc/ngx-istio-mixer" "/workspace/cache/git-repos/https%3A%2F%2Fgithub.com%2Fnginxinc%2Fngx-istio-mixer", kill_on_drop: false }`
[INFO] [stderr] Cloning into bare repository '/workspace/cache/git-repos/https%3A%2F%2Fgithub.com%2Fnginxinc%2Fngx-istio-mixer'...
[INFO] running `Command { std: "git" "rev-parse" "HEAD", kill_on_drop: false }`
[INFO] [stdout] 54cbbf166de46f9e039ba20ca1e9d11cae6c7854
[INFO] testing nginxinc/ngx-istio-mixer against beta-2021-08-01 for beta-1.55-1
[INFO] running `Command { std: "git" "clone" "/workspace/cache/git-repos/https%3A%2F%2Fgithub.com%2Fnginxinc%2Fngx-istio-mixer" "/workspace/builds/worker-10/source", kill_on_drop: false }`
[INFO] [stderr] Cloning into '/workspace/builds/worker-10/source'...
[INFO] [stderr] done.
[INFO] validating manifest of git repo https://github.com/nginxinc/ngx-istio-mixer on toolchain beta-2021-08-01
[INFO] running `Command { std: "/workspace/cargo-home/bin/cargo" "+beta-2021-08-01" "metadata" "--manifest-path" "Cargo.toml" "--no-deps", kill_on_drop: false }`
[INFO] removed /workspace/builds/worker-10/source/.cargo/config
[INFO] started tweaking git repo https://github.com/nginxinc/ngx-istio-mixer
[INFO] finished tweaking git repo https://github.com/nginxinc/ngx-istio-mixer
[INFO] tweaked toml for git repo https://github.com/nginxinc/ngx-istio-mixer written to /workspace/builds/worker-10/source/Cargo.toml
[INFO] crate git repo https://github.com/nginxinc/ngx-istio-mixer already has a lockfile, it will not be regenerated
[INFO] running `Command { std: "/workspace/cargo-home/bin/cargo" "+beta-2021-08-01" "fetch" "--manifest-path" "Cargo.toml", kill_on_drop: false }`
[INFO] [stderr]     Blocking waiting for file lock on package cache
[INFO] [stderr]     Updating git repository `https://github.com/nginmesh/ngx-rust.git`
[INFO] [stderr]  Downloading crates ...
[INFO] [stderr]   Downloaded protoc-rust-grpc v0.2.1
[INFO] [stderr]   Downloaded tls-api v0.1.10
[INFO] [stderr]   Downloaded tokio-tls-api v0.1.10
[INFO] [stderr]   Downloaded grpc-compiler v0.2.1
[INFO] [stderr]   Downloaded grpc v0.2.1
[INFO] [stderr]   Downloaded tls-api-stub v0.1.10
[INFO] [stderr]   Downloaded protoc v1.4.2
[INFO] [stderr]   Downloaded httpbis v0.4.1
[INFO] [stderr]   Downloaded protoc-rust v1.4.2
[INFO] [stderr]   Downloaded serde v1.0.18
[INFO] [stderr]   Downloaded protobuf v1.4.2
[INFO] running `Command { std: "docker" "create" "-v" "/var/lib/crater-agent-workspace/builds/worker-10/target:/opt/rustwide/target:rw,Z" "-v" "/var/lib/crater-agent-workspace/builds/worker-10/source:/opt/rustwide/workdir:ro,Z" "-v" "/var/lib/crater-agent-workspace/cargo-home:/opt/rustwide/cargo-home:ro,Z" "-v" "/var/lib/crater-agent-workspace/rustup-home:/opt/rustwide/rustup-home:ro,Z" "-e" "SOURCE_DIR=/opt/rustwide/workdir" "-e" "CARGO_TARGET_DIR=/opt/rustwide/target" "-e" "CARGO_HOME=/opt/rustwide/cargo-home" "-e" "RUSTUP_HOME=/opt/rustwide/rustup-home" "-w" "/opt/rustwide/workdir" "-m" "1610612736" "--user" "0:0" "--network" "none" "ghcr.io/rust-lang/crates-build-env/linux@sha256:34b6a614d2c27851fe6cbf88fbd1137609cefab8b10d0615aaeb6fd47975d74e" "/opt/rustwide/cargo-home/bin/cargo" "+beta-2021-08-01" "metadata" "--no-deps" "--format-version=1", kill_on_drop: false }`
[INFO] [stdout] 4445d151aa5dbd7c277b9e9cd773bc61a724252ca9a733b1b799d409dd4ad694
[INFO] running `Command { std: "docker" "start" "-a" "4445d151aa5dbd7c277b9e9cd773bc61a724252ca9a733b1b799d409dd4ad694", kill_on_drop: false }`
[INFO] running `Command { std: "docker" "inspect" "4445d151aa5dbd7c277b9e9cd773bc61a724252ca9a733b1b799d409dd4ad694", kill_on_drop: false }`
[INFO] running `Command { std: "docker" "rm" "-f" "4445d151aa5dbd7c277b9e9cd773bc61a724252ca9a733b1b799d409dd4ad694", kill_on_drop: false }`
[INFO] [stdout] 4445d151aa5dbd7c277b9e9cd773bc61a724252ca9a733b1b799d409dd4ad694
[INFO] running `Command { std: "docker" "create" "-v" "/var/lib/crater-agent-workspace/builds/worker-10/target:/opt/rustwide/target:rw,Z" "-v" "/var/lib/crater-agent-workspace/builds/worker-10/source:/opt/rustwide/workdir:ro,Z" "-v" "/var/lib/crater-agent-workspace/cargo-home:/opt/rustwide/cargo-home:ro,Z" "-v" "/var/lib/crater-agent-workspace/rustup-home:/opt/rustwide/rustup-home:ro,Z" "-e" "SOURCE_DIR=/opt/rustwide/workdir" "-e" "CARGO_TARGET_DIR=/opt/rustwide/target" "-e" "CARGO_INCREMENTAL=0" "-e" "RUST_BACKTRACE=full" "-e" "RUSTFLAGS=--cap-lints=warn" "-e" "CARGO_HOME=/opt/rustwide/cargo-home" "-e" "RUSTUP_HOME=/opt/rustwide/rustup-home" "-w" "/opt/rustwide/workdir" "-m" "1610612736" "--user" "0:0" "--network" "none" "ghcr.io/rust-lang/crates-build-env/linux@sha256:34b6a614d2c27851fe6cbf88fbd1137609cefab8b10d0615aaeb6fd47975d74e" "/opt/rustwide/cargo-home/bin/cargo" "+beta-2021-08-01" "build" "--frozen" "--message-format=json", kill_on_drop: false }`
[INFO] [stdout] 285af574f4ac1be33b81d82b810c4364ef93eb016f638ec42a920926d3197e78
[INFO] running `Command { std: "docker" "start" "-a" "285af574f4ac1be33b81d82b810c4364ef93eb016f638ec42a920926d3197e78", kill_on_drop: false }`
[INFO] [stderr]    Compiling libc v0.2.33
[INFO] [stderr]    Compiling log v0.3.8
[INFO] [stderr]    Compiling byteorder v1.1.0
[INFO] [stderr]    Compiling cfg-if v0.1.2
[INFO] [stderr]    Compiling lazy_static v0.2.9
[INFO] [stderr]    Compiling rustc-serialize v0.3.24
[INFO] [stderr]    Compiling futures v0.1.16
[INFO] [stderr]    Compiling term v0.4.6
[INFO] [stderr]    Compiling unicode-xid v0.0.4
[INFO] [stderr]    Compiling bitflags v0.9.1
[INFO] [stderr]    Compiling bitflags v0.8.2
[INFO] [stderr]    Compiling slab v0.3.0
[INFO] [stderr]    Compiling lazycell v0.5.1
[INFO] [stderr]    Compiling scoped-tls v0.1.0
[INFO] [stderr]    Compiling slab v0.4.0
[INFO] [stderr]    Compiling glob v0.2.11
[INFO] [stderr]    Compiling version_check v0.1.3
[INFO] [stderr]    Compiling libloading v0.4.2
[INFO] [stderr]    Compiling unicode-width v0.1.4
[INFO] [stderr]    Compiling utf8-ranges v1.0.0
[INFO] [stderr]    Compiling regex-syntax v0.4.1
[INFO] [stderr]    Compiling strsim v0.6.0
[INFO] [stderr]    Compiling ansi_term v0.9.0
[INFO] [stderr]    Compiling semver v0.1.20
[INFO] [stderr]    Compiling cc v1.0.3
[INFO] [stderr]    Compiling pkg-config v0.3.9
[INFO] [stderr]    Compiling vec_map v0.8.0
[INFO] [stderr]    Compiling safemem v0.2.0
[INFO] [stderr]    Compiling peeking_take_while v0.1.2
[INFO] [stderr]    Compiling siphasher v0.2.2
[INFO] [stderr]    Compiling openssl v0.9.20
[INFO] [stderr]    Compiling build_const v0.2.0
[INFO] [stderr]    Compiling percent-encoding v1.0.0
[INFO] [stderr]    Compiling matches v0.1.6
[INFO] [stderr]    Compiling crc-core v0.1.0
[INFO] [stderr]    Compiling foreign-types v0.2.0
[INFO] [stderr]    Compiling smallvec v0.2.1
[INFO] [stderr]    Compiling take v0.1.0
[INFO] [stderr]    Compiling unicode-normalization v0.1.5
[INFO] [stderr]    Compiling language-tags v0.2.2
[INFO] [stderr]    Compiling dtoa v0.4.2
[INFO] [stderr]    Compiling serde v1.0.18
[INFO] [stderr]    Compiling httparse v1.2.3
[INFO] [stderr]    Compiling itoa v0.3.4
[INFO] [stderr]    Compiling num-traits v0.1.40
[INFO] [stderr]    Compiling adler32 v1.0.2
[INFO] [stderr]    Compiling unreachable v1.0.0
[INFO] [stderr]    Compiling iovec v0.1.1
[INFO] [stderr]    Compiling rand v0.3.17
[INFO] [stderr]    Compiling memchr v1.0.2
[INFO] [stderr]    Compiling atty v0.2.3
[INFO] [stderr]    Compiling num_cpus v1.7.0
[INFO] [stderr]    Compiling which v1.0.3
[INFO] [stderr]    Compiling time v0.1.38
[INFO] [stderr]    Compiling net2 v0.2.31
[INFO] [stderr]    Compiling textwrap v0.9.0
[INFO] [stderr]    Compiling base64 v0.6.0
[INFO] [stderr]    Compiling tls-api v0.1.10
[INFO] [stderr]    Compiling protoc v1.4.2
[INFO] [stderr]    Compiling base64 v0.7.0
[INFO] [stderr]    Compiling clang-sys v0.19.0
[INFO] [stderr]    Compiling bytes v0.4.5
[INFO] [stderr]    Compiling mio v0.6.11
[INFO] [stderr]    Compiling aho-corasick v0.6.3
[INFO] [stderr]    Compiling nom v3.2.1
[INFO] [stderr]    Compiling thread_local v0.3.4
[INFO] [stderr]    Compiling unicode-bidi v0.3.4
[INFO] [stderr]    Compiling crc v1.5.0
[INFO] [stderr]    Compiling tls-api-stub v0.1.10
[INFO] [stderr]    Compiling rustc_version v0.1.7
[INFO] [stderr]    Compiling clap v2.27.1
[INFO] [stderr]    Compiling unicase v1.4.2
[INFO] [stderr]    Compiling syntex_pos v0.58.1
[INFO] [stderr]    Compiling regex v0.2.2
[INFO] [stderr]    Compiling unicase v2.0.0
[INFO] [stderr]    Compiling protobuf v1.4.2
[INFO] [stderr]    Compiling tempdir v0.3.5
[INFO] [stderr]    Compiling uuid v0.5.1
[INFO] [stderr]    Compiling idna v0.1.4
[INFO] [stderr]    Compiling syntex_errors v0.58.1
[INFO] [stderr]    Compiling openssl-sys v0.9.20
[INFO] [stderr]    Compiling tokio-io v0.1.3
[INFO] [stderr]    Compiling futures-cpupool v0.1.7
[INFO] [stderr]    Compiling tokio-service v0.1.0
[INFO] [stderr]    Compiling tokio-timer v0.1.2
[INFO] [stderr]    Compiling relay v0.1.0
[INFO] [stderr]    Compiling libflate v0.1.12
[INFO] [stderr]    Compiling url v1.6.0
[INFO] [stderr]    Compiling phf_shared v0.7.21
[INFO] [stderr]    Compiling cexpr v0.2.2
[INFO] [stderr]    Compiling syntex_syntax v0.58.1
[INFO] [stderr]    Compiling mime v0.3.5
[INFO] [stderr]    Compiling env_logger v0.4.3
[INFO] [stderr] error: failed to run custom build command for `openssl-sys v0.9.20`
[INFO] [stderr] 
[INFO] [stderr] Caused by:
[INFO] [stderr]   process didn't exit successfully: `/opt/rustwide/target/debug/build/openssl-sys-1f88f28609d10b65/build-script-build` (exit status: 101)
[INFO] [stderr]   --- stdout
[INFO] [stderr]   cargo:rerun-if-env-changed=X86_64_UNKNOWN_LINUX_GNU_OPENSSL_LIB_DIR
[INFO] [stderr]   cargo:rerun-if-env-changed=OPENSSL_LIB_DIR
[INFO] [stderr]   cargo:rerun-if-env-changed=X86_64_UNKNOWN_LINUX_GNU_OPENSSL_INCLUDE_DIR
[INFO] [stderr]   cargo:rerun-if-env-changed=OPENSSL_INCLUDE_DIR
[INFO] [stderr]   cargo:rerun-if-env-changed=X86_64_UNKNOWN_LINUX_GNU_OPENSSL_DIR
[INFO] [stderr]   cargo:rerun-if-env-changed=OPENSSL_DIR
[INFO] [stderr]   cargo:rustc-link-lib=ssl
[INFO] [stderr]   cargo:rustc-link-lib=crypto
[INFO] [stderr]   OPT_LEVEL = Some("0")
[INFO] [stderr]   TARGET = Some("x86_64-unknown-linux-gnu")
[INFO] [stderr]   HOST = Some("x86_64-unknown-linux-gnu")
[INFO] [stderr]   TARGET = Some("x86_64-unknown-linux-gnu")
[INFO] [stderr]   TARGET = Some("x86_64-unknown-linux-gnu")
[INFO] [stderr]   HOST = Some("x86_64-unknown-linux-gnu")
[INFO] [stderr]   CC_x86_64-unknown-linux-gnu = None
[INFO] [stderr]   CC_x86_64_unknown_linux_gnu = None
[INFO] [stderr]   HOST_CC = None
[INFO] [stderr]   CC = None
[INFO] [stderr]   HOST = Some("x86_64-unknown-linux-gnu")
[INFO] [stderr]   TARGET = Some("x86_64-unknown-linux-gnu")
[INFO] [stderr]   HOST = Some("x86_64-unknown-linux-gnu")
[INFO] [stderr]   CFLAGS_x86_64-unknown-linux-gnu = None
[INFO] [stderr]   CFLAGS_x86_64_unknown_linux_gnu = None
[INFO] [stderr]   HOST_CFLAGS = None
[INFO] [stderr]   CFLAGS = None
[INFO] [stderr]   DEBUG = Some("true")
[INFO] [stderr]   running: "cc" "-O0" "-ffunction-sections" "-fdata-sections" "-fPIC" "-g" "-m64" "-Wall" "-Wextra" "-E" "/opt/rustwide/target/debug/build/openssl-sys-ab832682a5b04faa/out/expando.c"
[INFO] [stderr]   exit status: 0
[INFO] [stderr]   cargo:rustc-cfg=osslconf="OPENSSL_NO_SSL3_METHOD"
[INFO] [stderr]   cargo:conf=OPENSSL_NO_SSL3_METHOD
[INFO] [stderr] 
[INFO] [stderr]   --- stderr
[INFO] [stderr]   thread 'main' panicked at '
[INFO] [stderr] 
[INFO] [stderr]   This crate is only compatible with OpenSSL 1.0.1, 1.0.2, and 1.1.0, or LibreSSL
[INFO] [stderr]   2.5 and 2.6.0, but a different version of OpenSSL was found. The build is now
[INFO] [stderr]   aborting due to this version mismatch.
[INFO] [stderr] 
[INFO] [stderr]   ', /opt/rustwide/cargo-home/registry/src/github.com-1ecc6299db9ec823/openssl-sys-0.9.20/build.rs:497:9
[INFO] [stderr]   stack backtrace:
[INFO] [stderr]      0:     0x56027905b750 - std::backtrace_rs::backtrace::libunwind::trace::hff4d1766e93f64f1
[INFO] [stderr]                                  at /rustc/53fd98ca776cb875bc9e5514f56b52eb74f9e7a9/library/std/src/../../backtrace/src/backtrace/libunwind.rs:90:5
[INFO] [stderr]      1:     0x56027905b750 - std::backtrace_rs::backtrace::trace_unsynchronized::h56bbc8eb78770bcb
[INFO] [stderr]                                  at /rustc/53fd98ca776cb875bc9e5514f56b52eb74f9e7a9/library/std/src/../../backtrace/src/backtrace/mod.rs:66:5
[INFO] [stderr]      2:     0x56027905b750 - std::sys_common::backtrace::_print_fmt::h5c8e75464faca780
[INFO] [stderr]                                  at /rustc/53fd98ca776cb875bc9e5514f56b52eb74f9e7a9/library/std/src/sys_common/backtrace.rs:67:5
[INFO] [stderr]      3:     0x56027905b750 - <std::sys_common::backtrace::_print::DisplayBacktrace as core::fmt::Display>::fmt::h48b88277def8b362
[INFO] [stderr]                                  at /rustc/53fd98ca776cb875bc9e5514f56b52eb74f9e7a9/library/std/src/sys_common/backtrace.rs:46:22
[INFO] [stderr]      4:     0x56027907a5fc - core::fmt::write::h3381b3176fe2b3d3
[INFO] [stderr]                                  at /rustc/53fd98ca776cb875bc9e5514f56b52eb74f9e7a9/library/core/src/fmt/mod.rs:1115:17
[INFO] [stderr]      5:     0x560279058be5 - std::io::Write::write_fmt::hd42607e5d8e44db0
[INFO] [stderr]                                  at /rustc/53fd98ca776cb875bc9e5514f56b52eb74f9e7a9/library/std/src/io/mod.rs:1665:15
[INFO] [stderr]      6:     0x56027905d85b - std::sys_common::backtrace::_print::ha537687d6c17dd0d
[INFO] [stderr]                                  at /rustc/53fd98ca776cb875bc9e5514f56b52eb74f9e7a9/library/std/src/sys_common/backtrace.rs:49:5
[INFO] [stderr]      7:     0x56027905d85b - std::sys_common::backtrace::print::h61376ae57d131d72
[INFO] [stderr]                                  at /rustc/53fd98ca776cb875bc9e5514f56b52eb74f9e7a9/library/std/src/sys_common/backtrace.rs:36:9
[INFO] [stderr]      8:     0x56027905d85b - std::panicking::default_hook::{{closure}}::h0f7208c0b9644a54
[INFO] [stderr]                                  at /rustc/53fd98ca776cb875bc9e5514f56b52eb74f9e7a9/library/std/src/panicking.rs:208:50
[INFO] [stderr]      9:     0x56027905d331 - std::panicking::default_hook::hdac7fc06578c14ce
[INFO] [stderr]                                  at /rustc/53fd98ca776cb875bc9e5514f56b52eb74f9e7a9/library/std/src/panicking.rs:225:9
[INFO] [stderr]     10:     0x56027905df24 - std::panicking::rust_panic_with_hook::h72b21c283da3d1ef
[INFO] [stderr]                                  at /rustc/53fd98ca776cb875bc9e5514f56b52eb74f9e7a9/library/std/src/panicking.rs:622:17
[INFO] [stderr]     11:     0x560279042453 - std::panicking::begin_panic::{{closure}}::hdb22433634f96256
[INFO] [stderr]                                  at /rustc/53fd98ca776cb875bc9e5514f56b52eb74f9e7a9/library/std/src/panicking.rs:542:9
[INFO] [stderr]     12:     0x560279030789 - std::sys_common::backtrace::__rust_end_short_backtrace::h8aa1e090e3424642
[INFO] [stderr]                                  at /rustc/53fd98ca776cb875bc9e5514f56b52eb74f9e7a9/library/std/src/sys_common/backtrace.rs:141:18
[INFO] [stderr]     13:     0x560279042389 - std::panicking::begin_panic::h86b5dbb057925297
[INFO] [stderr]                                  at /rustc/53fd98ca776cb875bc9e5514f56b52eb74f9e7a9/library/std/src/panicking.rs:541:12
[INFO] [stderr]     14:     0x560278fe8ec0 - build_script_build::validate_headers::h0c7df35a46337fff
[INFO] [stderr]                                  at /opt/rustwide/cargo-home/registry/src/github.com-1ecc6299db9ec823/openssl-sys-0.9.20/build.rs:497:9
[INFO] [stderr]     15:     0x560278fe6efb - build_script_build::try_pkg_config::ha9c12083bdd07cd9
[INFO] [stderr]                                  at /opt/rustwide/cargo-home/registry/src/github.com-1ecc6299db9ec823/openssl-sys-0.9.20/build.rs:241:5
[INFO] [stderr]     16:     0x560278fe6020 - build_script_build::find_openssl_dir::h1b8fce78ceb228c1
[INFO] [stderr]                                  at /opt/rustwide/cargo-home/registry/src/github.com-1ecc6299db9ec823/openssl-sys-0.9.20/build.rs:123:5
[INFO] [stderr]     17:     0x560278fe5c63 - build_script_build::main::{{closure}}::h30424da408f6f6d9
[INFO] [stderr]                                  at /opt/rustwide/cargo-home/registry/src/github.com-1ecc6299db9ec823/openssl-sys-0.9.20/build.rs:59:64
[INFO] [stderr]     18:     0x560278fea50d - core::option::Option<T>::unwrap_or_else::h7d99b438ee99bb58
[INFO] [stderr]                                  at /rustc/53fd98ca776cb875bc9e5514f56b52eb74f9e7a9/library/core/src/option.rs:763:21
[INFO] [stderr]     19:     0x560278fe4b7a - build_script_build::main::hb9340b4e05845f16
[INFO] [stderr]                                  at /opt/rustwide/cargo-home/registry/src/github.com-1ecc6299db9ec823/openssl-sys-0.9.20/build.rs:59:27
[INFO] [stderr]     20:     0x560278fec89b - core::ops::function::FnOnce::call_once::hde27244d22360e6a
[INFO] [stderr]                                  at /rustc/53fd98ca776cb875bc9e5514f56b52eb74f9e7a9/library/core/src/ops/function.rs:227:5
[INFO] [stderr]     21:     0x560278fee5fe - std::sys_common::backtrace::__rust_begin_short_backtrace::h21b1b9fa394bec45
[INFO] [stderr]                                  at /rustc/53fd98ca776cb875bc9e5514f56b52eb74f9e7a9/library/std/src/sys_common/backtrace.rs:125:18
[INFO] [stderr]     22:     0x560278fee691 - std::rt::lang_start::{{closure}}::h0c4d3ef871e4fc0c
[INFO] [stderr]                                  at /rustc/53fd98ca776cb875bc9e5514f56b52eb74f9e7a9/library/std/src/rt.rs:63:18
[INFO] [stderr]     23:     0x56027905e42a - core::ops::function::impls::<impl core::ops::function::FnOnce<A> for &F>::call_once::ha88a7d1a4d24e549
[INFO] [stderr]                                  at /rustc/53fd98ca776cb875bc9e5514f56b52eb74f9e7a9/library/core/src/ops/function.rs:259:13
[INFO] [stderr]     24:     0x56027905e42a - std::panicking::try::do_call::hd3b1d7740607ccc7
[INFO] [stderr]                                  at /rustc/53fd98ca776cb875bc9e5514f56b52eb74f9e7a9/library/std/src/panicking.rs:401:40
[INFO] [stderr]     25:     0x56027905e42a - std::panicking::try::h0ee8c65ac7461507
[INFO] [stderr]                                  at /rustc/53fd98ca776cb875bc9e5514f56b52eb74f9e7a9/library/std/src/panicking.rs:365:19
[INFO] [stderr]     26:     0x56027905e42a - std::panic::catch_unwind::head47f0de4ccd838
[INFO] [stderr]                                  at /rustc/53fd98ca776cb875bc9e5514f56b52eb74f9e7a9/library/std/src/panic.rs:434:14
[INFO] [stderr]     27:     0x56027905e42a - std::rt::lang_start_internal::{{closure}}::hbc7de8ec820ac085
[INFO] [stderr]                                  at /rustc/53fd98ca776cb875bc9e5514f56b52eb74f9e7a9/library/std/src/rt.rs:45:48
[INFO] [stderr]     28:     0x56027905e42a - std::panicking::try::do_call::h2609e52e8bad4a7b
[INFO] [stderr]                                  at /rustc/53fd98ca776cb875bc9e5514f56b52eb74f9e7a9/library/std/src/panicking.rs:401:40
[INFO] [stderr]     29:     0x56027905e42a - std::panicking::try::hd0929f0b603e0389
[INFO] [stderr]                                  at /rustc/53fd98ca776cb875bc9e5514f56b52eb74f9e7a9/library/std/src/panicking.rs:365:19
[INFO] [stderr]     30:     0x56027905e42a - std::panic::catch_unwind::h27902b81c3e47571
[INFO] [stderr]                                  at /rustc/53fd98ca776cb875bc9e5514f56b52eb74f9e7a9/library/std/src/panic.rs:434:14
[INFO] [stderr]     31:     0x56027905e42a - std::rt::lang_start_internal::h3fb2d794dd391e3e
[INFO] [stderr]                                  at /rustc/53fd98ca776cb875bc9e5514f56b52eb74f9e7a9/library/std/src/rt.rs:45:20
[INFO] [stderr]     32:     0x560278fee660 - std::rt::lang_start::haf61215946a28e4d
[INFO] [stderr]                                  at /rustc/53fd98ca776cb875bc9e5514f56b52eb74f9e7a9/library/std/src/rt.rs:62:5
[INFO] [stderr]     33:     0x560278fe9d9c - main
[INFO] [stderr]     34:     0x7f16597f80b3 - __libc_start_main
[INFO] [stderr]     35:     0x560278fe0a4e - _start
[INFO] [stderr]     36:                0x0 - <unknown>
[INFO] [stderr] warning: build failed, waiting for other jobs to finish...
[INFO] [stdout] error[E0423]: expected function, tuple struct or tuple variant, found struct `ast::Name`
[INFO] [stdout]    --> /opt/rustwide/cargo-home/registry/src/github.com-1ecc6299db9ec823/syntex_syntax-0.58.1/src/symbol.rs:146:27
[INFO] [stdout]     |
[INFO] [stdout] 146 |                       name: ast::Name($index),
[INFO] [stdout]     |                             ^^^^^^^^^
[INFO] [stdout] ...
[INFO] [stdout] 165 | / declare_keywords! {
[INFO] [stdout] 166 | |     // Invalid identifier
[INFO] [stdout] 167 | |     (0,  Invalid,        "")
[INFO] [stdout] 168 | |
[INFO] [stdout] ...   |
[INFO] [stdout] 231 | |     (56, CrateRoot, "{{root}}")
[INFO] [stdout] 232 | | }
[INFO] [stdout]     | |_- in this macro invocation
[INFO] [stdout]     |
[INFO] [stdout]     = note: this error originates in the macro `declare_keywords` (in Nightly builds, run with -Z macro-backtrace for more info)
[INFO] [stdout] 
[INFO] [stdout] 
[INFO] [stdout] error[E0713]: borrow may still be in use when destructor runs
[INFO] [stdout]    --> /opt/rustwide/cargo-home/registry/src/github.com-1ecc6299db9ec823/url-1.6.0/src/form_urlencoded.rs:261:40
[INFO] [stdout]     |
[INFO] [stdout] 259 | impl<'a> Target for ::UrlQuery<'a> {
[INFO] [stdout]     |      -- lifetime `'a` defined here
[INFO] [stdout] 260 |     fn as_mut_string(&mut self) -> &mut String { &mut self.url.serialization }
[INFO] [stdout] 261 |     fn finish(self) -> &'a mut ::Url { self.url }
[INFO] [stdout]     |                                        ^^^^^^^^ - here, drop of `self` needs exclusive access to `*self.url`, because the type `UrlQuery<'_>` implements the `Drop` trait
[INFO] [stdout]     |                                        |
[INFO] [stdout]     |                                        returning this value requires that `*self.url` is borrowed for `'a`
[INFO] [stdout] 
[INFO] [stdout] 
[INFO] [stdout] error: aborting due to previous error
[INFO] [stdout] 
[INFO] [stdout] 
[INFO] [stdout] For more information about this error, try `rustc --explain E0713`.
[INFO] [stdout] 
[INFO] [stdout] error: aborting due to previous error
[INFO] [stdout] 
[INFO] [stdout] 
[INFO] [stdout] For more information about this error, try `rustc --explain E0423`.
[INFO] [stdout] 
[INFO] [stderr] error: build failed
[INFO] running `Command { std: "docker" "inspect" "285af574f4ac1be33b81d82b810c4364ef93eb016f638ec42a920926d3197e78", kill_on_drop: false }`
[INFO] running `Command { std: "docker" "rm" "-f" "285af574f4ac1be33b81d82b810c4364ef93eb016f638ec42a920926d3197e78", kill_on_drop: false }`
[INFO] [stdout] 285af574f4ac1be33b81d82b810c4364ef93eb016f638ec42a920926d3197e78
