[INFO] cloning repository https://github.com/ndmitchell/interpret
[INFO] running `Command { std: "git" "-c" "credential.helper=" "-c" "credential.helper=/workspace/cargo-home/bin/git-credential-null" "clone" "--bare" "https://github.com/ndmitchell/interpret" "/workspace/cache/git-repos/https%3A%2F%2Fgithub.com%2Fndmitchell%2Finterpret", kill_on_drop: false }`
[INFO] [stderr] Cloning into bare repository '/workspace/cache/git-repos/https%3A%2F%2Fgithub.com%2Fndmitchell%2Finterpret'...
[INFO] running `Command { std: "git" "rev-parse" "HEAD", kill_on_drop: false }`
[INFO] [stdout] 4d52500fc29f8d3e767ffe307c34b0e1611b03ed
[INFO] testing ndmitchell/interpret against beta-2021-08-01 for beta-1.55-1
[INFO] running `Command { std: "git" "clone" "/workspace/cache/git-repos/https%3A%2F%2Fgithub.com%2Fndmitchell%2Finterpret" "/workspace/builds/worker-82/source", kill_on_drop: false }`
[INFO] [stderr] Cloning into '/workspace/builds/worker-82/source'...
[INFO] [stderr] done.
[INFO] validating manifest of git repo https://github.com/ndmitchell/interpret on toolchain beta-2021-08-01
[INFO] running `Command { std: "/workspace/cargo-home/bin/cargo" "+beta-2021-08-01" "metadata" "--manifest-path" "Cargo.toml" "--no-deps", kill_on_drop: false }`
[INFO] removed /workspace/builds/worker-82/source/rust-toolchain
[INFO] started tweaking git repo https://github.com/ndmitchell/interpret
[INFO] finished tweaking git repo https://github.com/ndmitchell/interpret
[INFO] tweaked toml for git repo https://github.com/ndmitchell/interpret written to /workspace/builds/worker-82/source/Cargo.toml
[INFO] crate git repo https://github.com/ndmitchell/interpret already has a lockfile, it will not be regenerated
[INFO] running `Command { std: "/workspace/cargo-home/bin/cargo" "+beta-2021-08-01" "fetch" "--manifest-path" "Cargo.toml", kill_on_drop: false }`
[INFO] [stderr]     Blocking waiting for file lock on package cache
[INFO] [stderr]     Blocking waiting for file lock on package cache
[INFO] running `Command { std: "docker" "create" "-v" "/var/lib/crater-agent-workspace/builds/worker-82/target:/opt/rustwide/target:rw,Z" "-v" "/var/lib/crater-agent-workspace/builds/worker-82/source:/opt/rustwide/workdir:ro,Z" "-v" "/var/lib/crater-agent-workspace/cargo-home:/opt/rustwide/cargo-home:ro,Z" "-v" "/var/lib/crater-agent-workspace/rustup-home:/opt/rustwide/rustup-home:ro,Z" "-e" "SOURCE_DIR=/opt/rustwide/workdir" "-e" "CARGO_TARGET_DIR=/opt/rustwide/target" "-e" "CARGO_HOME=/opt/rustwide/cargo-home" "-e" "RUSTUP_HOME=/opt/rustwide/rustup-home" "-w" "/opt/rustwide/workdir" "-m" "1610612736" "--user" "0:0" "--network" "none" "ghcr.io/rust-lang/crates-build-env/linux@sha256:34b6a614d2c27851fe6cbf88fbd1137609cefab8b10d0615aaeb6fd47975d74e" "/opt/rustwide/cargo-home/bin/cargo" "+beta-2021-08-01" "metadata" "--no-deps" "--format-version=1", kill_on_drop: false }`
[INFO] [stdout] 6ec5fab453eb6112ee48d56702a691fdf8167184b5fabaefeb27d9a2078cdb73
[INFO] running `Command { std: "docker" "start" "-a" "6ec5fab453eb6112ee48d56702a691fdf8167184b5fabaefeb27d9a2078cdb73", kill_on_drop: false }`
[INFO] running `Command { std: "docker" "inspect" "6ec5fab453eb6112ee48d56702a691fdf8167184b5fabaefeb27d9a2078cdb73", kill_on_drop: false }`
[INFO] running `Command { std: "docker" "rm" "-f" "6ec5fab453eb6112ee48d56702a691fdf8167184b5fabaefeb27d9a2078cdb73", kill_on_drop: false }`
[INFO] [stdout] 6ec5fab453eb6112ee48d56702a691fdf8167184b5fabaefeb27d9a2078cdb73
[INFO] running `Command { std: "docker" "create" "-v" "/var/lib/crater-agent-workspace/builds/worker-82/target:/opt/rustwide/target:rw,Z" "-v" "/var/lib/crater-agent-workspace/builds/worker-82/source:/opt/rustwide/workdir:ro,Z" "-v" "/var/lib/crater-agent-workspace/cargo-home:/opt/rustwide/cargo-home:ro,Z" "-v" "/var/lib/crater-agent-workspace/rustup-home:/opt/rustwide/rustup-home:ro,Z" "-e" "SOURCE_DIR=/opt/rustwide/workdir" "-e" "CARGO_TARGET_DIR=/opt/rustwide/target" "-e" "CARGO_INCREMENTAL=0" "-e" "RUST_BACKTRACE=full" "-e" "RUSTFLAGS=--cap-lints=warn" "-e" "CARGO_HOME=/opt/rustwide/cargo-home" "-e" "RUSTUP_HOME=/opt/rustwide/rustup-home" "-w" "/opt/rustwide/workdir" "-m" "1610612736" "--user" "0:0" "--network" "none" "ghcr.io/rust-lang/crates-build-env/linux@sha256:34b6a614d2c27851fe6cbf88fbd1137609cefab8b10d0615aaeb6fd47975d74e" "/opt/rustwide/cargo-home/bin/cargo" "+beta-2021-08-01" "build" "--frozen" "--message-format=json", kill_on_drop: false }`
[INFO] [stdout] e83ce27feecb52133c31db3f7ca56e2ca7c31711d09fd75a67d85a7f70cc4e4f
[INFO] running `Command { std: "docker" "start" "-a" "e83ce27feecb52133c31db3f7ca56e2ca7c31711d09fd75a67d85a7f70cc4e4f", kill_on_drop: false }`
[INFO] [stderr]    Compiling autocfg v1.0.1
[INFO] [stderr]    Compiling serde v1.0.118
[INFO] [stderr]    Compiling libc v0.2.81
[INFO] [stderr]    Compiling const_fn v0.4.4
[INFO] [stderr]    Compiling proc-macro2 v1.0.24
[INFO] [stderr]    Compiling byteorder v1.3.4
[INFO] [stderr]    Compiling ryu v1.0.5
[INFO] [stderr]    Compiling memchr v2.3.4
[INFO] [stderr]    Compiling rayon-core v1.9.0
[INFO] [stderr]    Compiling unicode-xid v0.2.1
[INFO] [stderr]    Compiling scopeguard v1.1.0
[INFO] [stderr]    Compiling itoa v0.4.6
[INFO] [stderr]    Compiling either v1.6.1
[INFO] [stderr]    Compiling serde_json v1.0.60
[INFO] [stderr]    Compiling syn v1.0.54
[INFO] [stderr]    Compiling serde_derive v1.0.118
[INFO] [stderr]    Compiling same-file v1.0.6
[INFO] [stderr]    Compiling half v1.6.0
[INFO] [stderr]    Compiling regex-syntax v0.6.21
[INFO] [stderr]    Compiling oorandom v11.1.3
[INFO] [stderr]    Compiling textwrap v0.11.0
[INFO] [stderr]    Compiling cast v0.2.3
[INFO] [stderr]    Compiling num_cpus v1.13.0
[INFO] [stderr]    Compiling atty v0.2.14
[INFO] [stderr]    Compiling itertools v0.9.0
[INFO] [stderr]    Compiling clap v2.33.3
[INFO] [stderr]    Compiling crossbeam-utils v0.8.1
[INFO] [stderr]    Compiling memoffset v0.6.1
[INFO] [stderr]    Compiling num-traits v0.2.14
[INFO] [stderr]    Compiling rayon v1.5.0
[INFO] [stderr]    Compiling walkdir v2.3.1
[INFO] [stderr]    Compiling serde_cbor v0.11.1
[INFO] [stderr]    Compiling regex v1.4.2
[INFO] [stderr]    Compiling csv-core v0.1.10
[INFO] [stderr]    Compiling regex-automata v0.1.9
[INFO] [stderr]    Compiling bstr v0.2.14
[INFO] [stderr]    Compiling plotters v0.2.15
[INFO] [stderr]    Compiling quote v1.0.7
[INFO] [stderr]    Compiling criterion-plot v0.4.3
[INFO] [stderr]    Compiling crossbeam-epoch v0.9.1
[INFO] [stderr]    Compiling crossbeam-channel v0.5.0
[INFO] [stderr]    Compiling tinytemplate v1.1.0
[INFO] [stderr]    Compiling csv v1.1.5
[INFO] [stderr]    Compiling crossbeam-deque v0.8.0
[INFO] [stderr]    Compiling criterion v0.3.3
[INFO] [stderr]    Compiling interpret v0.1.0 (/opt/rustwide/workdir)
[INFO] [stdout] error[E0554]: `#![feature]` may not be used on the beta release channel
[INFO] [stdout]  --> src/lib.rs:1:1
[INFO] [stdout]   |
[INFO] [stdout] 1 | #![feature(box_patterns)]
[INFO] [stdout]   | ^^^^^^^^^^^^^^^^^^^^^^^^^
[INFO] [stdout] 
[INFO] [stdout] 
[INFO] [stdout] error[E0554]: `#![feature]` may not be used on the beta release channel
[INFO] [stdout]  --> src/lib.rs:2:1
[INFO] [stdout]   |
[INFO] [stdout] 2 | #![feature(test)]
[INFO] [stdout]   | ^^^^^^^^^^^^^^^^^
[INFO] [stdout] 
[INFO] [stdout] 
[INFO] [stdout] error[E0658]: use of unstable library feature 'bench_black_box'
[INFO] [stdout]  --> src/lib.rs:4:21
[INFO] [stdout]   |
[INFO] [stdout] 4 | use std::{any::Any, hint::black_box};
[INFO] [stdout]   |                     ^^^^^^^^^^^^^^^
[INFO] [stdout]   |
[INFO] [stdout]   = note: see issue #64102 <https://github.com/rust-lang/rust/issues/64102> for more information
[INFO] [stdout] 
[INFO] [stdout] 
[INFO] [stdout] error[E0658]: use of unstable library feature 'bench_black_box'
[INFO] [stdout]   --> src/lib.rs:34:20
[INFO] [stdout]    |
[INFO] [stdout] 34 |         (self.run)(black_box(self.arg.as_ref()))
[INFO] [stdout]    |                    ^^^^^^^^^
[INFO] [stdout]    |
[INFO] [stdout]    = note: see issue #64102 <https://github.com/rust-lang/rust/issues/64102> for more information
[INFO] [stdout] 
[INFO] [stdout] 
[INFO] [stdout] error: aborting due to 4 previous errors
[INFO] [stdout] 
[INFO] [stdout] 
[INFO] [stderr] error: could not compile `interpret` due to 5 previous errors
[INFO] [stdout] Some errors have detailed explanations: E0554, E0658.
[INFO] [stdout] 
[INFO] [stderr] warning: build failed, waiting for other jobs to finish...
[INFO] [stdout] For more information about an error, try `rustc --explain E0554`.
[INFO] [stdout] 
[INFO] [stderr] error: build failed
[INFO] running `Command { std: "docker" "inspect" "e83ce27feecb52133c31db3f7ca56e2ca7c31711d09fd75a67d85a7f70cc4e4f", kill_on_drop: false }`
[INFO] running `Command { std: "docker" "rm" "-f" "e83ce27feecb52133c31db3f7ca56e2ca7c31711d09fd75a67d85a7f70cc4e4f", kill_on_drop: false }`
[INFO] [stdout] e83ce27feecb52133c31db3f7ca56e2ca7c31711d09fd75a67d85a7f70cc4e4f
