[INFO] cloning repository https://github.com/nanomad/chip8emu-rs
[INFO] running `Command { std: "git" "-c" "credential.helper=" "-c" "credential.helper=/workspace/cargo-home/bin/git-credential-null" "clone" "--bare" "https://github.com/nanomad/chip8emu-rs" "/workspace/cache/git-repos/https%3A%2F%2Fgithub.com%2Fnanomad%2Fchip8emu-rs", kill_on_drop: false }`
[INFO] [stderr] Cloning into bare repository '/workspace/cache/git-repos/https%3A%2F%2Fgithub.com%2Fnanomad%2Fchip8emu-rs'...
[INFO] running `Command { std: "git" "rev-parse" "HEAD", kill_on_drop: false }`
[INFO] [stdout] 2bc1d3bc3bee48c769950f9229342acc8e1ddbbb
[INFO] testing nanomad/chip8emu-rs against 1.54.0 for beta-1.55-1
[INFO] running `Command { std: "git" "clone" "/workspace/cache/git-repos/https%3A%2F%2Fgithub.com%2Fnanomad%2Fchip8emu-rs" "/workspace/builds/worker-69/source", kill_on_drop: false }`
[INFO] [stderr] Cloning into '/workspace/builds/worker-69/source'...
[INFO] [stderr] done.
[INFO] validating manifest of git repo https://github.com/nanomad/chip8emu-rs on toolchain 1.54.0
[INFO] running `Command { std: "/workspace/cargo-home/bin/cargo" "+1.54.0" "metadata" "--manifest-path" "Cargo.toml" "--no-deps", kill_on_drop: false }`
[INFO] started tweaking git repo https://github.com/nanomad/chip8emu-rs
[INFO] finished tweaking git repo https://github.com/nanomad/chip8emu-rs
[INFO] tweaked toml for git repo https://github.com/nanomad/chip8emu-rs written to /workspace/builds/worker-69/source/Cargo.toml
[INFO] crate git repo https://github.com/nanomad/chip8emu-rs already has a lockfile, it will not be regenerated
[INFO] running `Command { std: "/workspace/cargo-home/bin/cargo" "+1.54.0" "fetch" "--manifest-path" "Cargo.toml", kill_on_drop: false }`
[INFO] [stderr]     Blocking waiting for file lock on package cache
[INFO] [stderr]  Downloading crates ...
[INFO] [stderr]   Downloaded syntex_pos v0.44.0
[INFO] [stderr]   Downloaded multimap v0.3.0
[INFO] [stderr]   Downloaded syntex_errors v0.44.0
[INFO] [stderr]   Downloaded syntex_syntax v0.44.1
[INFO] [stderr]   Downloaded minifb v0.9.0
[INFO] [stderr]   Downloaded diff v0.1.9
[INFO] [stderr]   Downloaded clippy_lints v0.0.106
[INFO] [stderr]   Downloaded clippy v0.0.106
[INFO] [stderr]   Downloaded strings v0.0.1
[INFO] [stderr]   Downloaded rustfmt v0.6.3
[INFO] running `Command { std: "docker" "create" "-v" "/var/lib/crater-agent-workspace/builds/worker-69/target:/opt/rustwide/target:rw,Z" "-v" "/var/lib/crater-agent-workspace/builds/worker-69/source:/opt/rustwide/workdir:ro,Z" "-v" "/var/lib/crater-agent-workspace/cargo-home:/opt/rustwide/cargo-home:ro,Z" "-v" "/var/lib/crater-agent-workspace/rustup-home:/opt/rustwide/rustup-home:ro,Z" "-e" "SOURCE_DIR=/opt/rustwide/workdir" "-e" "CARGO_TARGET_DIR=/opt/rustwide/target" "-e" "CARGO_HOME=/opt/rustwide/cargo-home" "-e" "RUSTUP_HOME=/opt/rustwide/rustup-home" "-w" "/opt/rustwide/workdir" "-m" "1610612736" "--user" "0:0" "--network" "none" "ghcr.io/rust-lang/crates-build-env/linux@sha256:34b6a614d2c27851fe6cbf88fbd1137609cefab8b10d0615aaeb6fd47975d74e" "/opt/rustwide/cargo-home/bin/cargo" "+1.54.0" "metadata" "--no-deps" "--format-version=1", kill_on_drop: false }`
[INFO] [stdout] bd82c2be90553e3dd1f663eb48f3ccaa6ccee104302581c4d6238ac77fbba59e
[INFO] running `Command { std: "docker" "start" "-a" "bd82c2be90553e3dd1f663eb48f3ccaa6ccee104302581c4d6238ac77fbba59e", kill_on_drop: false }`
[INFO] running `Command { std: "docker" "inspect" "bd82c2be90553e3dd1f663eb48f3ccaa6ccee104302581c4d6238ac77fbba59e", kill_on_drop: false }`
[INFO] running `Command { std: "docker" "rm" "-f" "bd82c2be90553e3dd1f663eb48f3ccaa6ccee104302581c4d6238ac77fbba59e", kill_on_drop: false }`
[INFO] [stdout] bd82c2be90553e3dd1f663eb48f3ccaa6ccee104302581c4d6238ac77fbba59e
[INFO] running `Command { std: "docker" "create" "-v" "/var/lib/crater-agent-workspace/builds/worker-69/target:/opt/rustwide/target:rw,Z" "-v" "/var/lib/crater-agent-workspace/builds/worker-69/source:/opt/rustwide/workdir:ro,Z" "-v" "/var/lib/crater-agent-workspace/cargo-home:/opt/rustwide/cargo-home:ro,Z" "-v" "/var/lib/crater-agent-workspace/rustup-home:/opt/rustwide/rustup-home:ro,Z" "-e" "SOURCE_DIR=/opt/rustwide/workdir" "-e" "CARGO_TARGET_DIR=/opt/rustwide/target" "-e" "CARGO_INCREMENTAL=0" "-e" "RUST_BACKTRACE=full" "-e" "RUSTFLAGS=--cap-lints=warn" "-e" "CARGO_HOME=/opt/rustwide/cargo-home" "-e" "RUSTUP_HOME=/opt/rustwide/rustup-home" "-w" "/opt/rustwide/workdir" "-m" "1610612736" "--user" "0:0" "--network" "none" "ghcr.io/rust-lang/crates-build-env/linux@sha256:34b6a614d2c27851fe6cbf88fbd1137609cefab8b10d0615aaeb6fd47975d74e" "/opt/rustwide/cargo-home/bin/cargo" "+1.54.0" "build" "--frozen" "--message-format=json", kill_on_drop: false }`
[INFO] [stdout] 8a2bb29395d5c24ba8d225cff7646ddf6d6c11408520114cdebba3459af4a32a
[INFO] running `Command { std: "docker" "start" "-a" "8a2bb29395d5c24ba8d225cff7646ddf6d6c11408520114cdebba3459af4a32a", kill_on_drop: false }`
[INFO] [stderr]    Compiling libc v0.2.19
[INFO] [stderr]    Compiling winapi-build v0.1.1
[INFO] [stderr]    Compiling winapi v0.2.8
[INFO] [stderr]    Compiling gcc v0.3.41
[INFO] [stderr]    Compiling libc v0.1.12
[INFO] [stderr]    Compiling kernel32-sys v0.2.2
[INFO] [stderr]    Compiling dylib v0.0.1
[INFO] [stderr]    Compiling rand v0.3.15
[INFO] [stderr]    Compiling x11-dl v2.2.1
[INFO] [stderr]    Compiling minifb v0.9.0
[INFO] [stderr]    Compiling time v0.1.35
[INFO] [stderr]    Compiling chip8emu-rs v0.1.0 (/opt/rustwide/workdir)
[INFO] [stdout] error[E0437]: type `Err` is not a member of trait `TryFrom`
[INFO] [stdout]   --> src/instruction.rs:38:5
[INFO] [stdout]    |
[INFO] [stdout] 38 |     type Err = String;
[INFO] [stdout]    |     ^^^^^^^^^^^^^^^^^^ not a member of trait `TryFrom`
[INFO] [stdout] 
[INFO] [stdout] 
[INFO] [stdout] error[E0437]: type `Err` is not a member of trait `TryFrom`
[INFO] [stdout]   --> src/debugger/command.rs:19:5
[INFO] [stdout]    |
[INFO] [stdout] 19 |     type Err = String;
[INFO] [stdout]    |     ^^^^^^^^^^^^^^^^^^ not a member of trait `TryFrom`
[INFO] [stdout] 
[INFO] [stdout] 
[INFO] [stdout] error[E0437]: type `Err` is not a member of trait `TryFrom`
[INFO] [stdout]   --> src/peripherals.rs:26:5
[INFO] [stdout]    |
[INFO] [stdout] 26 |     type Err = String;
[INFO] [stdout]    |     ^^^^^^^^^^^^^^^^^^ not a member of trait `TryFrom`
[INFO] [stdout] 
[INFO] [stdout] 
[INFO] [stdout] error[E0554]: `#![feature]` may not be used on the stable release channel
[INFO] [stdout]  --> src/main.rs:1:1
[INFO] [stdout]   |
[INFO] [stdout] 1 | #![feature(try_from)]
[INFO] [stdout]   | ^^^^^^^^^^^^^^^^^^^^^
[INFO] [stdout] 
[INFO] [stdout] 
[INFO] [stdout] warning: unnecessary parentheses around block return value
[INFO] [stdout]    --> src/debugger/debugger.rs:168:9
[INFO] [stdout]     |
[INFO] [stdout] 168 |         (!self.breakpoints.is_empty() && self.breakpoints.contains(&loc))
[INFO] [stdout]     |         ^^^^^^^^^^^^^^^^^^^^^^^^^^^^^^^^^^^^^^^^^^^^^^^^^^^^^^^^^^^^^^^^^ help: remove these parentheses
[INFO] [stdout]     |
[INFO] [stdout]     = note: `#[warn(unused_parens)]` on by default
[INFO] [stdout] 
[INFO] [stdout] 
[INFO] [stdout] error[E0220]: associated type `Err` not found for `Self`
[INFO] [stdout]   --> src/instruction.rs:39:52
[INFO] [stdout]    |
[INFO] [stdout] 39 |     fn try_from(opcode: u16) -> Result<Self, Self::Err> {
[INFO] [stdout]    |                                                    ^^^ associated type `Err` not found
[INFO] [stdout] 
[INFO] [stdout] 
[INFO] [stdout] error[E0220]: associated type `Err` not found for `Self`
[INFO] [stdout]   --> src/debugger/command.rs:20:53
[INFO] [stdout]    |
[INFO] [stdout] 20 |     fn try_from(text: String) -> Result<Self, Self::Err> {
[INFO] [stdout]    |                                                     ^^^ associated type `Err` not found
[INFO] [stdout] 
[INFO] [stdout] 
[INFO] [stdout] error[E0220]: associated type `Err` not found for `Self`
[INFO] [stdout]   --> src/peripherals.rs:27:48
[INFO] [stdout]    |
[INFO] [stdout] 27 |     fn try_from(val: u8) -> Result<Self, Self::Err> {
[INFO] [stdout]    |                                                ^^^ associated type `Err` not found
[INFO] [stdout] 
[INFO] [stdout] 
[INFO] [stdout] error: aborting due to 7 previous errors; 1 warning emitted
[INFO] [stdout] 
[INFO] [stdout] 
[INFO] [stdout] Some errors have detailed explanations: E0220, E0437, E0554.
[INFO] [stdout] 
[INFO] [stdout] For more information about an error, try `rustc --explain E0220`.
[INFO] [stdout] 
[INFO] [stderr] error: could not compile `chip8emu-rs`
[INFO] [stderr] 
[INFO] [stderr] To learn more, run the command again with --verbose.
[INFO] running `Command { std: "docker" "inspect" "8a2bb29395d5c24ba8d225cff7646ddf6d6c11408520114cdebba3459af4a32a", kill_on_drop: false }`
[INFO] running `Command { std: "docker" "rm" "-f" "8a2bb29395d5c24ba8d225cff7646ddf6d6c11408520114cdebba3459af4a32a", kill_on_drop: false }`
[INFO] [stdout] 8a2bb29395d5c24ba8d225cff7646ddf6d6c11408520114cdebba3459af4a32a
