[INFO] cloning repository https://github.com/nametake/relly
[INFO] running `Command { std: "git" "-c" "credential.helper=" "-c" "credential.helper=/workspace/cargo-home/bin/git-credential-null" "clone" "--bare" "https://github.com/nametake/relly" "/workspace/cache/git-repos/https%3A%2F%2Fgithub.com%2Fnametake%2Frelly", kill_on_drop: false }`
[INFO] [stderr] Cloning into bare repository '/workspace/cache/git-repos/https%3A%2F%2Fgithub.com%2Fnametake%2Frelly'...
[INFO] running `Command { std: "git" "rev-parse" "HEAD", kill_on_drop: false }`
[INFO] [stdout] 8d314c79636e387beb142365bcca15e029abc9c0
[INFO] testing nametake/relly against beta-2021-08-01 for beta-1.55-1
[INFO] running `Command { std: "git" "clone" "/workspace/cache/git-repos/https%3A%2F%2Fgithub.com%2Fnametake%2Frelly" "/workspace/builds/worker-45/source", kill_on_drop: false }`
[INFO] [stderr] Cloning into '/workspace/builds/worker-45/source'...
[INFO] [stderr] done.
[INFO] validating manifest of git repo https://github.com/nametake/relly on toolchain beta-2021-08-01
[INFO] running `Command { std: "/workspace/cargo-home/bin/cargo" "+beta-2021-08-01" "metadata" "--manifest-path" "Cargo.toml" "--no-deps", kill_on_drop: false }`
[INFO] started tweaking git repo https://github.com/nametake/relly
[INFO] finished tweaking git repo https://github.com/nametake/relly
[INFO] tweaked toml for git repo https://github.com/nametake/relly written to /workspace/builds/worker-45/source/Cargo.toml
[INFO] crate git repo https://github.com/nametake/relly already has a lockfile, it will not be regenerated
[INFO] running `Command { std: "/workspace/cargo-home/bin/cargo" "+beta-2021-08-01" "fetch" "--manifest-path" "Cargo.toml", kill_on_drop: false }`
[INFO] [stderr]     Blocking waiting for file lock on package cache
[INFO] [stderr]     Blocking waiting for file lock on package cache
[INFO] running `Command { std: "docker" "create" "-v" "/var/lib/crater-agent-workspace/builds/worker-45/target:/opt/rustwide/target:rw,Z" "-v" "/var/lib/crater-agent-workspace/builds/worker-45/source:/opt/rustwide/workdir:ro,Z" "-v" "/var/lib/crater-agent-workspace/cargo-home:/opt/rustwide/cargo-home:ro,Z" "-v" "/var/lib/crater-agent-workspace/rustup-home:/opt/rustwide/rustup-home:ro,Z" "-e" "SOURCE_DIR=/opt/rustwide/workdir" "-e" "CARGO_TARGET_DIR=/opt/rustwide/target" "-e" "CARGO_HOME=/opt/rustwide/cargo-home" "-e" "RUSTUP_HOME=/opt/rustwide/rustup-home" "-w" "/opt/rustwide/workdir" "-m" "1610612736" "--user" "0:0" "--network" "none" "ghcr.io/rust-lang/crates-build-env/linux@sha256:34b6a614d2c27851fe6cbf88fbd1137609cefab8b10d0615aaeb6fd47975d74e" "/opt/rustwide/cargo-home/bin/cargo" "+beta-2021-08-01" "metadata" "--no-deps" "--format-version=1", kill_on_drop: false }`
[INFO] [stdout] 29ea91a122be20deb61a32bc646255cf6174abc5952c6b8f46fb1c18b6a94e26
[INFO] running `Command { std: "docker" "start" "-a" "29ea91a122be20deb61a32bc646255cf6174abc5952c6b8f46fb1c18b6a94e26", kill_on_drop: false }`
[INFO] running `Command { std: "docker" "inspect" "29ea91a122be20deb61a32bc646255cf6174abc5952c6b8f46fb1c18b6a94e26", kill_on_drop: false }`
[INFO] running `Command { std: "docker" "rm" "-f" "29ea91a122be20deb61a32bc646255cf6174abc5952c6b8f46fb1c18b6a94e26", kill_on_drop: false }`
[INFO] [stdout] 29ea91a122be20deb61a32bc646255cf6174abc5952c6b8f46fb1c18b6a94e26
[INFO] running `Command { std: "docker" "create" "-v" "/var/lib/crater-agent-workspace/builds/worker-45/target:/opt/rustwide/target:rw,Z" "-v" "/var/lib/crater-agent-workspace/builds/worker-45/source:/opt/rustwide/workdir:ro,Z" "-v" "/var/lib/crater-agent-workspace/cargo-home:/opt/rustwide/cargo-home:ro,Z" "-v" "/var/lib/crater-agent-workspace/rustup-home:/opt/rustwide/rustup-home:ro,Z" "-e" "SOURCE_DIR=/opt/rustwide/workdir" "-e" "CARGO_TARGET_DIR=/opt/rustwide/target" "-e" "CARGO_INCREMENTAL=0" "-e" "RUST_BACKTRACE=full" "-e" "RUSTFLAGS=--cap-lints=warn" "-e" "CARGO_HOME=/opt/rustwide/cargo-home" "-e" "RUSTUP_HOME=/opt/rustwide/rustup-home" "-w" "/opt/rustwide/workdir" "-m" "1610612736" "--user" "0:0" "--network" "none" "ghcr.io/rust-lang/crates-build-env/linux@sha256:34b6a614d2c27851fe6cbf88fbd1137609cefab8b10d0615aaeb6fd47975d74e" "/opt/rustwide/cargo-home/bin/cargo" "+beta-2021-08-01" "build" "--frozen" "--message-format=json", kill_on_drop: false }`
[INFO] [stdout] 44cfef6faae49062385167a5b5e7275fc4d6acbd6770b62e5b049eb27f3441a5
[INFO] running `Command { std: "docker" "start" "-a" "44cfef6faae49062385167a5b5e7275fc4d6acbd6770b62e5b049eb27f3441a5", kill_on_drop: false }`
[INFO] [stderr]    Compiling relly v0.1.0 (/opt/rustwide/workdir)
[INFO] [stdout] error[E0599]: no function or associated item named `default` found for struct `BufferId` in the current scope
[INFO] [stdout]   --> src/buffer_pool.rs:44:40
[INFO] [stdout]    |
[INFO] [stdout] 10 | pub struct BufferId(usize);
[INFO] [stdout]    | --------------------------- function or associated item `default` not found for this
[INFO] [stdout] ...
[INFO] [stdout] 44 |         let next_victim_id = BufferId::default();
[INFO] [stdout]    |                                        ^^^^^^^ function or associated item not found in `BufferId`
[INFO] [stdout]    |
[INFO] [stdout]    = help: items from traits can only be used if the trait is implemented and in scope
[INFO] [stdout]    = note: the following trait defines an item `default`, perhaps you need to implement it:
[INFO] [stdout]            candidate #1: `Default`
[INFO] [stdout] 
[INFO] [stdout] 
[INFO] [stdout] error[E0277]: the trait bound `Frame: Default` is not satisfied
[INFO] [stdout]    --> src/buffer_pool.rs:43:9
[INFO] [stdout]     |
[INFO] [stdout] 43  |           buffers.resize_with(pool_size, Default::default);
[INFO] [stdout]     |           ^^^^^^^^^^^^^^^^^^^^^^^^^^^^^^^^^^^^^^^^^^^^^^^^ the trait `Default` is not implemented for `Frame`
[INFO] [stdout] 
[INFO] [stdout] 
[INFO] [stdout] error[E0277]: the trait bound `Frame: Default` is not satisfied
[INFO] [stdout]    --> src/buffer_pool.rs:43:40
[INFO] [stdout]     |
[INFO] [stdout] 43  |         buffers.resize_with(pool_size, Default::default);
[INFO] [stdout]     |                                        ^^^^^^^^^^^^^^^^ the trait `Default` is not implemented for `Frame`
[INFO] [stdout]     |
[INFO] [stdout] note: required by `std::default::Default::default`
[INFO] [stdout] 
[INFO] [stdout] 
[INFO] [stdout] error: aborting due to 3 previous errors
[INFO] [stdout] 
[INFO] [stdout] 
[INFO] [stdout] Some errors have detailed explanations: E0277, E0599.
[INFO] [stdout] 
[INFO] [stdout] For more information about an error, try `rustc --explain E0277`.
[INFO] [stdout] 
[INFO] [stderr] error: could not compile `relly` due to 4 previous errors
[INFO] running `Command { std: "docker" "inspect" "44cfef6faae49062385167a5b5e7275fc4d6acbd6770b62e5b049eb27f3441a5", kill_on_drop: false }`
[INFO] running `Command { std: "docker" "rm" "-f" "44cfef6faae49062385167a5b5e7275fc4d6acbd6770b62e5b049eb27f3441a5", kill_on_drop: false }`
[INFO] [stdout] 44cfef6faae49062385167a5b5e7275fc4d6acbd6770b62e5b049eb27f3441a5
