[INFO] cloning repository https://github.com/mystal/ggj-2018
[INFO] running `Command { std: "git" "-c" "credential.helper=" "-c" "credential.helper=/workspace/cargo-home/bin/git-credential-null" "clone" "--bare" "https://github.com/mystal/ggj-2018" "/workspace/cache/git-repos/https%3A%2F%2Fgithub.com%2Fmystal%2Fggj-2018", kill_on_drop: false }`
[INFO] [stderr] Cloning into bare repository '/workspace/cache/git-repos/https%3A%2F%2Fgithub.com%2Fmystal%2Fggj-2018'...
[INFO] running `Command { std: "git" "rev-parse" "HEAD", kill_on_drop: false }`
[INFO] [stdout] 12f5285762dce81e875395384cde1f29abd6de31
[INFO] testing mystal/ggj-2018 against beta-2021-08-01 for beta-1.55-1
[INFO] running `Command { std: "git" "clone" "/workspace/cache/git-repos/https%3A%2F%2Fgithub.com%2Fmystal%2Fggj-2018" "/workspace/builds/worker-66/source", kill_on_drop: false }`
[INFO] [stderr] Cloning into '/workspace/builds/worker-66/source'...
[INFO] [stderr] done.
[INFO] validating manifest of git repo https://github.com/mystal/ggj-2018 on toolchain beta-2021-08-01
[INFO] running `Command { std: "/workspace/cargo-home/bin/cargo" "+beta-2021-08-01" "metadata" "--manifest-path" "Cargo.toml" "--no-deps", kill_on_drop: false }`
[INFO] started tweaking git repo https://github.com/mystal/ggj-2018
[INFO] finished tweaking git repo https://github.com/mystal/ggj-2018
[INFO] tweaked toml for git repo https://github.com/mystal/ggj-2018 written to /workspace/builds/worker-66/source/Cargo.toml
[INFO] crate git repo https://github.com/mystal/ggj-2018 already has a lockfile, it will not be regenerated
[INFO] running `Command { std: "/workspace/cargo-home/bin/cargo" "+beta-2021-08-01" "fetch" "--manifest-path" "Cargo.toml", kill_on_drop: false }`
[INFO] [stderr]     Blocking waiting for file lock on package cache
[INFO] [stderr]     Blocking waiting for file lock on package cache
[INFO] [stderr]  Downloading crates ...
[INFO] [stderr]   Downloaded ears v0.4.0
[INFO] [stderr]   Downloaded base64 v0.1.1
[INFO] [stderr]   Downloaded tiled v0.7.3
[INFO] running `Command { std: "docker" "create" "-v" "/var/lib/crater-agent-workspace/builds/worker-66/target:/opt/rustwide/target:rw,Z" "-v" "/var/lib/crater-agent-workspace/builds/worker-66/source:/opt/rustwide/workdir:ro,Z" "-v" "/var/lib/crater-agent-workspace/cargo-home:/opt/rustwide/cargo-home:ro,Z" "-v" "/var/lib/crater-agent-workspace/rustup-home:/opt/rustwide/rustup-home:ro,Z" "-e" "SOURCE_DIR=/opt/rustwide/workdir" "-e" "CARGO_TARGET_DIR=/opt/rustwide/target" "-e" "CARGO_HOME=/opt/rustwide/cargo-home" "-e" "RUSTUP_HOME=/opt/rustwide/rustup-home" "-w" "/opt/rustwide/workdir" "-m" "1610612736" "--user" "0:0" "--network" "none" "ghcr.io/rust-lang/crates-build-env/linux@sha256:34b6a614d2c27851fe6cbf88fbd1137609cefab8b10d0615aaeb6fd47975d74e" "/opt/rustwide/cargo-home/bin/cargo" "+beta-2021-08-01" "metadata" "--no-deps" "--format-version=1", kill_on_drop: false }`
[INFO] [stdout] 7ebc1c1919b7186467813536aa9492645bd2598756f1012d69b105d5a052acad
[INFO] running `Command { std: "docker" "start" "-a" "7ebc1c1919b7186467813536aa9492645bd2598756f1012d69b105d5a052acad", kill_on_drop: false }`
[INFO] running `Command { std: "docker" "inspect" "7ebc1c1919b7186467813536aa9492645bd2598756f1012d69b105d5a052acad", kill_on_drop: false }`
[INFO] running `Command { std: "docker" "rm" "-f" "7ebc1c1919b7186467813536aa9492645bd2598756f1012d69b105d5a052acad", kill_on_drop: false }`
[INFO] [stdout] 7ebc1c1919b7186467813536aa9492645bd2598756f1012d69b105d5a052acad
[INFO] running `Command { std: "docker" "create" "-v" "/var/lib/crater-agent-workspace/builds/worker-66/target:/opt/rustwide/target:rw,Z" "-v" "/var/lib/crater-agent-workspace/builds/worker-66/source:/opt/rustwide/workdir:ro,Z" "-v" "/var/lib/crater-agent-workspace/cargo-home:/opt/rustwide/cargo-home:ro,Z" "-v" "/var/lib/crater-agent-workspace/rustup-home:/opt/rustwide/rustup-home:ro,Z" "-e" "SOURCE_DIR=/opt/rustwide/workdir" "-e" "CARGO_TARGET_DIR=/opt/rustwide/target" "-e" "CARGO_INCREMENTAL=0" "-e" "RUST_BACKTRACE=full" "-e" "RUSTFLAGS=--cap-lints=warn" "-e" "CARGO_HOME=/opt/rustwide/cargo-home" "-e" "RUSTUP_HOME=/opt/rustwide/rustup-home" "-w" "/opt/rustwide/workdir" "-m" "1610612736" "--user" "0:0" "--network" "none" "ghcr.io/rust-lang/crates-build-env/linux@sha256:34b6a614d2c27851fe6cbf88fbd1137609cefab8b10d0615aaeb6fd47975d74e" "/opt/rustwide/cargo-home/bin/cargo" "+beta-2021-08-01" "build" "--frozen" "--message-format=json", kill_on_drop: false }`
[INFO] [stdout] b871c0cde49a246b3e01ddf1e603033d2c641ac7fe1f8f166ccd9e0b741c1a85
[INFO] running `Command { std: "docker" "start" "-a" "b871c0cde49a246b3e01ddf1e603033d2c641ac7fe1f8f166ccd9e0b741c1a85", kill_on_drop: false }`
[INFO] [stderr]    Compiling libc v0.2.36
[INFO] [stderr]    Compiling num-traits v0.1.42
[INFO] [stderr]    Compiling cc v1.0.4
[INFO] [stderr]    Compiling bitflags v1.0.1
[INFO] [stderr]    Compiling cfg-if v0.1.2
[INFO] [stderr]    Compiling lazy_static v0.2.11
[INFO] [stderr]    Compiling khronos_api v2.0.0
[INFO] [stderr]    Compiling scopeguard v0.3.3
[INFO] [stderr]    Compiling rayon-core v1.3.0
[INFO] [stderr]    Compiling either v1.4.0
[INFO] [stderr]    Compiling adler32 v1.0.2
[INFO] [stderr]    Compiling byteorder v1.2.1
[INFO] [stderr]    Compiling sdl2-sys v0.30.0
[INFO] [stderr]    Compiling bitflags v0.7.0
[INFO] [stderr]    Compiling rustc-demangle v0.1.5
[INFO] [stderr]    Compiling lzw v0.10.0
[INFO] [stderr]    Compiling nodrop v0.1.12
[INFO] [stderr]    Compiling byteorder v0.4.2
[INFO] [stderr]    Compiling smallvec v0.4.4
[INFO] [stderr]    Compiling fnv v1.0.6
[INFO] [stderr]    Compiling color_quant v1.0.0
[INFO] [stderr]    Compiling ears v0.4.0
[INFO] [stderr]    Compiling linked-hash-map v0.5.0
[INFO] [stderr]    Compiling scoped_threadpool v0.1.8
[INFO] [stderr]    Compiling approx v0.1.1
[INFO] [stderr]    Compiling ansi_term v0.10.2
[INFO] [stderr]    Compiling base64 v0.1.1
[INFO] [stderr]    Compiling maybe-owned v0.3.0
[INFO] [stderr]    Compiling textwrap v0.9.0
[INFO] [stderr]    Compiling xml-rs v0.3.6
[INFO] [stderr]    Compiling xml-rs v0.7.0
[INFO] [stderr]    Compiling inflate v0.3.3
[INFO] [stderr]    Compiling stb_truetype v0.2.1
[INFO] [stderr]    Compiling deflate v0.7.17
[INFO] [stderr]    Compiling coco v0.1.1
[INFO] [stderr]    Compiling log v0.4.1
[INFO] [stderr]    Compiling gif v0.9.2
[INFO] [stderr]    Compiling arrayvec v0.4.7
[INFO] [stderr]    Compiling backtrace-sys v0.1.16
[INFO] [stderr]    Compiling miniz-sys v0.1.10
[INFO] [stderr]    Compiling rand v0.3.20
[INFO] [stderr]    Compiling num_cpus v1.8.0
[INFO] [stderr]    Compiling atty v0.2.6
[INFO] [stderr]    Compiling num-integer v0.1.35
[INFO] [stderr]    Compiling enum_primitive v0.1.1
[INFO] [stderr]    Compiling moving-average v0.1.0 (https://github.com/mystal/moving-average#cb646c66)
[INFO] [stderr]    Compiling clap v2.29.2
[INFO] [stderr]    Compiling rusttype v0.2.3
[INFO] [stderr]    Compiling log v0.3.9
[INFO] [stderr]    Compiling num-iter v0.1.34
[INFO] [stderr]    Compiling num-rational v0.1.41
[INFO] [stderr]    Compiling gl_generator v0.6.1
[INFO] [stdout] error[E0311]: the parameter type `K` may not live long enough
[INFO] [stdout]   --> /opt/rustwide/cargo-home/registry/src/github.com-1ecc6299db9ec823/rusttype-0.2.3/src/support/bst/map.rs:81:19
[INFO] [stdout]    |
[INFO] [stdout] 81 |             match node.force() {
[INFO] [stdout]    |                   ^^^^
[INFO] [stdout]    |
[INFO] [stdout] note: the parameter type `K` must be valid for the anonymous lifetime defined on the function body at 78:37...
[INFO] [stdout]   --> /opt/rustwide/cargo-home/registry/src/github.com-1ecc6299db9ec823/rusttype-0.2.3/src/support/bst/map.rs:78:37
[INFO] [stdout]    |
[INFO] [stdout] 78 |                 node: node::NodeRef<marker::Immut, K, V, marker::LeafOrInternal>)
[INFO] [stdout]    |                                     ^^^^^^^^^^^^^
[INFO] [stdout] 
[INFO] [stdout] 
[INFO] [stdout] error[E0311]: the parameter type `V` may not live long enough
[INFO] [stdout]   --> /opt/rustwide/cargo-home/registry/src/github.com-1ecc6299db9ec823/rusttype-0.2.3/src/support/bst/map.rs:81:19
[INFO] [stdout]    |
[INFO] [stdout] 81 |             match node.force() {
[INFO] [stdout]    |                   ^^^^
[INFO] [stdout]    |
[INFO] [stdout] note: the parameter type `V` must be valid for the anonymous lifetime defined on the function body at 78:37...
[INFO] [stdout]   --> /opt/rustwide/cargo-home/registry/src/github.com-1ecc6299db9ec823/rusttype-0.2.3/src/support/bst/map.rs:78:37
[INFO] [stdout]    |
[INFO] [stdout] 78 |                 node: node::NodeRef<marker::Immut, K, V, marker::LeafOrInternal>)
[INFO] [stdout]    |                                     ^^^^^^^^^^^^^
[INFO] [stdout] 
[INFO] [stdout] 
[INFO] [stderr]    Compiling num v0.1.41
[INFO] [stderr]    Compiling png v0.11.0
[INFO] [stdout] error: aborting due to 2 previous errors
[INFO] [stdout] 
[INFO] [stdout] 
[INFO] [stderr] error: could not compile `rusttype` due to 3 previous errors
[INFO] [stderr] warning: build failed, waiting for other jobs to finish...
[INFO] [stdout] error: linking with `cc` failed: exit status: 1
[INFO] [stdout]   |
[INFO] [stdout]   = note: "cc" "-Wl,--version-script=/tmp/rustcUAkqxI/list" "-m64" "/opt/rustwide/target/debug/deps/ears-db6f8dfb945a0fc7.ears.7e2cef06-cgu.0.rcgu.o" "/opt/rustwide/target/debug/deps/ears-db6f8dfb945a0fc7.ears.7e2cef06-cgu.1.rcgu.o" "/opt/rustwide/target/debug/deps/ears-db6f8dfb945a0fc7.ears.7e2cef06-cgu.10.rcgu.o" "/opt/rustwide/target/debug/deps/ears-db6f8dfb945a0fc7.ears.7e2cef06-cgu.11.rcgu.o" "/opt/rustwide/target/debug/deps/ears-db6f8dfb945a0fc7.ears.7e2cef06-cgu.12.rcgu.o" "/opt/rustwide/target/debug/deps/ears-db6f8dfb945a0fc7.ears.7e2cef06-cgu.13.rcgu.o" "/opt/rustwide/target/debug/deps/ears-db6f8dfb945a0fc7.ears.7e2cef06-cgu.14.rcgu.o" "/opt/rustwide/target/debug/deps/ears-db6f8dfb945a0fc7.ears.7e2cef06-cgu.15.rcgu.o" "/opt/rustwide/target/debug/deps/ears-db6f8dfb945a0fc7.ears.7e2cef06-cgu.2.rcgu.o" "/opt/rustwide/target/debug/deps/ears-db6f8dfb945a0fc7.ears.7e2cef06-cgu.3.rcgu.o" "/opt/rustwide/target/debug/deps/ears-db6f8dfb945a0fc7.ears.7e2cef06-cgu.4.rcgu.o" "/opt/rustwide/target/debug/deps/ears-db6f8dfb945a0fc7.ears.7e2cef06-cgu.5.rcgu.o" "/opt/rustwide/target/debug/deps/ears-db6f8dfb945a0fc7.ears.7e2cef06-cgu.6.rcgu.o" "/opt/rustwide/target/debug/deps/ears-db6f8dfb945a0fc7.ears.7e2cef06-cgu.7.rcgu.o" "/opt/rustwide/target/debug/deps/ears-db6f8dfb945a0fc7.ears.7e2cef06-cgu.8.rcgu.o" "/opt/rustwide/target/debug/deps/ears-db6f8dfb945a0fc7.ears.7e2cef06-cgu.9.rcgu.o" "/opt/rustwide/target/debug/deps/ears-db6f8dfb945a0fc7.2kfaem3n5md9av2g.rcgu.o" "-Wl,--as-needed" "-L" "/opt/rustwide/target/debug/deps" "-L" "/usr/local/opt/openal-soft/lib" "-L" "/usr/local/lib" "-L" "/opt/rustwide/rustup-home/toolchains/beta-2021-08-01-x86_64-unknown-linux-gnu/lib/rustlib/x86_64-unknown-linux-gnu/lib" "-lopenal" "-lsndfile" "-Wl,-Bstatic" "-Wl,--whole-archive" "/opt/rustwide/target/debug/deps/liblazy_static-941278a3890dcd94.rlib" "-Wl,--no-whole-archive" "-Wl,--whole-archive" "/opt/rustwide/target/debug/deps/liblibc-30f6f2d677672f5c.rlib" "-Wl,--no-whole-archive" "-Wl,--start-group" "-L" "/opt/rustwide/rustup-home/toolchains/beta-2021-08-01-x86_64-unknown-linux-gnu/lib/rustlib/x86_64-unknown-linux-gnu/lib" "-Wl,-Bdynamic" "-lstd-197d933f09d9a590" "-Wl,--end-group" "-Wl,-Bstatic" "/opt/rustwide/rustup-home/toolchains/beta-2021-08-01-x86_64-unknown-linux-gnu/lib/rustlib/x86_64-unknown-linux-gnu/lib/libcompiler_builtins-a9a3b2ad67977f47.rlib" "-Wl,-Bdynamic" "-lutil" "-lgcc_s" "-lutil" "-lrt" "-lpthread" "-lm" "-ldl" "-lc" "-Wl,--eh-frame-hdr" "-Wl,-znoexecstack" "-L" "/opt/rustwide/rustup-home/toolchains/beta-2021-08-01-x86_64-unknown-linux-gnu/lib/rustlib/x86_64-unknown-linux-gnu/lib" "-o" "/opt/rustwide/target/debug/deps/libears-db6f8dfb945a0fc7.so" "-shared" "-Wl,-zrelro" "-Wl,-znow" "-nodefaultlibs"
[INFO] [stdout]   = note: /usr/bin/ld: cannot find -lsndfile
[INFO] [stdout]           collect2: error: ld returned 1 exit status
[INFO] [stdout]           
[INFO] [stdout] 
[INFO] [stdout] 
[INFO] [stdout] error: aborting due to previous error
[INFO] [stdout] 
[INFO] [stdout] 
[INFO] [stderr] error: build failed
[INFO] running `Command { std: "docker" "inspect" "b871c0cde49a246b3e01ddf1e603033d2c641ac7fe1f8f166ccd9e0b741c1a85", kill_on_drop: false }`
[INFO] running `Command { std: "docker" "rm" "-f" "b871c0cde49a246b3e01ddf1e603033d2c641ac7fe1f8f166ccd9e0b741c1a85", kill_on_drop: false }`
[INFO] [stdout] b871c0cde49a246b3e01ddf1e603033d2c641ac7fe1f8f166ccd9e0b741c1a85
