[INFO] cloning repository https://github.com/muumlover/mc_auto_fish
[INFO] running `Command { std: "git" "-c" "credential.helper=" "-c" "credential.helper=/workspace/cargo-home/bin/git-credential-null" "clone" "--bare" "https://github.com/muumlover/mc_auto_fish" "/workspace/cache/git-repos/https%3A%2F%2Fgithub.com%2Fmuumlover%2Fmc_auto_fish", kill_on_drop: false }`
[INFO] [stderr] Cloning into bare repository '/workspace/cache/git-repos/https%3A%2F%2Fgithub.com%2Fmuumlover%2Fmc_auto_fish'...
[INFO] running `Command { std: "git" "rev-parse" "HEAD", kill_on_drop: false }`
[INFO] [stdout] fb6a0d17a627e8a9a817adc5f1a374eca98e3162
[INFO] testing muumlover/mc_auto_fish against 1.54.0 for beta-1.55-1
[INFO] running `Command { std: "git" "clone" "/workspace/cache/git-repos/https%3A%2F%2Fgithub.com%2Fmuumlover%2Fmc_auto_fish" "/workspace/builds/worker-9/source", kill_on_drop: false }`
[INFO] [stderr] Cloning into '/workspace/builds/worker-9/source'...
[INFO] [stderr] done.
[INFO] validating manifest of git repo https://github.com/muumlover/mc_auto_fish on toolchain 1.54.0
[INFO] running `Command { std: "/workspace/cargo-home/bin/cargo" "+1.54.0" "metadata" "--manifest-path" "Cargo.toml" "--no-deps", kill_on_drop: false }`
[INFO] started tweaking git repo https://github.com/muumlover/mc_auto_fish
[INFO] finished tweaking git repo https://github.com/muumlover/mc_auto_fish
[INFO] tweaked toml for git repo https://github.com/muumlover/mc_auto_fish written to /workspace/builds/worker-9/source/Cargo.toml
[INFO] crate git repo https://github.com/muumlover/mc_auto_fish already has a lockfile, it will not be regenerated
[INFO] running `Command { std: "/workspace/cargo-home/bin/cargo" "+1.54.0" "fetch" "--manifest-path" "Cargo.toml", kill_on_drop: false }`
[INFO] [stderr]     Blocking waiting for file lock on package cache
[INFO] [stderr]     Blocking waiting for file lock on package cache
[INFO] running `Command { std: "docker" "create" "-v" "/var/lib/crater-agent-workspace/builds/worker-9/target:/opt/rustwide/target:rw,Z" "-v" "/var/lib/crater-agent-workspace/builds/worker-9/source:/opt/rustwide/workdir:ro,Z" "-v" "/var/lib/crater-agent-workspace/cargo-home:/opt/rustwide/cargo-home:ro,Z" "-v" "/var/lib/crater-agent-workspace/rustup-home:/opt/rustwide/rustup-home:ro,Z" "-e" "SOURCE_DIR=/opt/rustwide/workdir" "-e" "CARGO_TARGET_DIR=/opt/rustwide/target" "-e" "CARGO_HOME=/opt/rustwide/cargo-home" "-e" "RUSTUP_HOME=/opt/rustwide/rustup-home" "-w" "/opt/rustwide/workdir" "-m" "1610612736" "--user" "0:0" "--network" "none" "ghcr.io/rust-lang/crates-build-env/linux@sha256:34b6a614d2c27851fe6cbf88fbd1137609cefab8b10d0615aaeb6fd47975d74e" "/opt/rustwide/cargo-home/bin/cargo" "+1.54.0" "metadata" "--no-deps" "--format-version=1", kill_on_drop: false }`
[INFO] [stdout] c122240fcf7771aaca05bcbcdade02b6da4e6e3e071eb38f070fbb39cda534e3
[INFO] running `Command { std: "docker" "start" "-a" "c122240fcf7771aaca05bcbcdade02b6da4e6e3e071eb38f070fbb39cda534e3", kill_on_drop: false }`
[INFO] running `Command { std: "docker" "inspect" "c122240fcf7771aaca05bcbcdade02b6da4e6e3e071eb38f070fbb39cda534e3", kill_on_drop: false }`
[INFO] running `Command { std: "docker" "rm" "-f" "c122240fcf7771aaca05bcbcdade02b6da4e6e3e071eb38f070fbb39cda534e3", kill_on_drop: false }`
[INFO] [stdout] c122240fcf7771aaca05bcbcdade02b6da4e6e3e071eb38f070fbb39cda534e3
[INFO] running `Command { std: "docker" "create" "-v" "/var/lib/crater-agent-workspace/builds/worker-9/target:/opt/rustwide/target:rw,Z" "-v" "/var/lib/crater-agent-workspace/builds/worker-9/source:/opt/rustwide/workdir:ro,Z" "-v" "/var/lib/crater-agent-workspace/cargo-home:/opt/rustwide/cargo-home:ro,Z" "-v" "/var/lib/crater-agent-workspace/rustup-home:/opt/rustwide/rustup-home:ro,Z" "-e" "SOURCE_DIR=/opt/rustwide/workdir" "-e" "CARGO_TARGET_DIR=/opt/rustwide/target" "-e" "CARGO_INCREMENTAL=0" "-e" "RUST_BACKTRACE=full" "-e" "RUSTFLAGS=--cap-lints=warn" "-e" "CARGO_HOME=/opt/rustwide/cargo-home" "-e" "RUSTUP_HOME=/opt/rustwide/rustup-home" "-w" "/opt/rustwide/workdir" "-m" "1610612736" "--user" "0:0" "--network" "none" "ghcr.io/rust-lang/crates-build-env/linux@sha256:34b6a614d2c27851fe6cbf88fbd1137609cefab8b10d0615aaeb6fd47975d74e" "/opt/rustwide/cargo-home/bin/cargo" "+1.54.0" "build" "--frozen" "--message-format=json", kill_on_drop: false }`
[INFO] [stdout] 8b57fb49235b3d6580b34f4e6e7ec88768ba373b477d18990e25495c1fc21caa
[INFO] running `Command { std: "docker" "start" "-a" "8b57fb49235b3d6580b34f4e6e7ec88768ba373b477d18990e25495c1fc21caa", kill_on_drop: false }`
[INFO] [stderr]     Blocking waiting for file lock on package cache
[INFO] [stderr]    Compiling winapi v0.3.8
[INFO] [stderr]    Compiling mc_auto_fish v0.1.0 (/opt/rustwide/workdir)
[INFO] [stdout] error[E0433]: failed to resolve: could not find `windows` in `os`
[INFO] [stdout]  --> src/main.rs:7:14
[INFO] [stdout]   |
[INFO] [stdout] 7 | use std::os::windows::prelude::*;
[INFO] [stdout]   |              ^^^^^^^ could not find `windows` in `os`
[INFO] [stdout] 
[INFO] [stdout] 
[INFO] [stdout] error[E0433]: failed to resolve: could not find `shared` in `winapi`
[INFO] [stdout]   --> src/main.rs:11:5
[INFO] [stdout]    |
[INFO] [stdout] 11 |     shared::{minwindef::LPARAM, windef::HWND},
[INFO] [stdout]    |     ^^^^^^ could not find `shared` in `winapi`
[INFO] [stdout] 
[INFO] [stdout] 
[INFO] [stdout] error[E0433]: failed to resolve: could not find `um` in `winapi`
[INFO] [stdout]   --> src/main.rs:12:5
[INFO] [stdout]    |
[INFO] [stdout] 12 |     um::{
[INFO] [stdout]    |     ^^ could not find `um` in `winapi`
[INFO] [stdout] 
[INFO] [stdout] 
[INFO] [stdout] error[E0433]: failed to resolve: could not find `um` in `winapi`
[INFO] [stdout]   --> src/main.rs:53:17
[INFO] [stdout]    |
[INFO] [stdout] 53 |     use winapi::um::winuser::{MB_OK, MessageBoxW};
[INFO] [stdout]    |                 ^^ could not find `um` in `winapi`
[INFO] [stdout] 
[INFO] [stdout] 
[INFO] [stdout] error[E0412]: cannot find type `HWND` in this scope
[INFO] [stdout]   --> src/main.rs:19:44
[INFO] [stdout]    |
[INFO] [stdout] 19 | extern "system" fn enum_windows_proc(hwnd: HWND, l_param: LPARAM) -> i32 {
[INFO] [stdout]    |                                            ^^^^ not found in this scope
[INFO] [stdout] 
[INFO] [stdout] 
[INFO] [stdout] error[E0412]: cannot find type `LPARAM` in this scope
[INFO] [stdout]   --> src/main.rs:19:59
[INFO] [stdout]    |
[INFO] [stdout] 19 | extern "system" fn enum_windows_proc(hwnd: HWND, l_param: LPARAM) -> i32 {
[INFO] [stdout]    |                                                           ^^^^^^ not found in this scope
[INFO] [stdout] 
[INFO] [stdout] 
[INFO] [stdout] error[E0425]: cannot find function, tuple struct or tuple variant `GetWindowTextW` in this scope
[INFO] [stdout]   --> src/main.rs:22:19
[INFO] [stdout]    |
[INFO] [stdout] 22 |         let len = GetWindowTextW(hwnd, lp_string.as_mut_ptr(), 128);
[INFO] [stdout]    |                   ^^^^^^^^^^^^^^ not found in this scope
[INFO] [stdout] 
[INFO] [stdout] 
[INFO] [stdout] error[E0412]: cannot find type `HWND` in this scope
[INFO] [stdout]   --> src/main.rs:34:12
[INFO] [stdout]    |
[INFO] [stdout] 34 |     h_wnd: HWND
[INFO] [stdout]    |            ^^^^ not found in this scope
[INFO] [stdout] 
[INFO] [stdout] 
[INFO] [stdout] error[E0412]: cannot find type `HWND` in this scope
[INFO] [stdout]   --> src/main.rs:40:25
[INFO] [stdout]    |
[INFO] [stdout] 40 |             h_wnd: 0 as HWND
[INFO] [stdout]    |                         ^^^^ not found in this scope
[INFO] [stdout] 
[INFO] [stdout] 
[INFO] [stdout] error[E0425]: cannot find function, tuple struct or tuple variant `EnumWindows` in this scope
[INFO] [stdout]   --> src/main.rs:45:13
[INFO] [stdout]    |
[INFO] [stdout] 45 |             EnumWindows(Some(enum_windows_proc), self as *mut McClient as LPARAM)
[INFO] [stdout]    |             ^^^^^^^^^^^ not found in this scope
[INFO] [stdout] 
[INFO] [stdout] 
[INFO] [stdout] error[E0412]: cannot find type `LPARAM` in this scope
[INFO] [stdout]   --> src/main.rs:45:75
[INFO] [stdout]    |
[INFO] [stdout] 45 |             EnumWindows(Some(enum_windows_proc), self as *mut McClient as LPARAM)
[INFO] [stdout]    |                                                                           ^^^^^^ not found in this scope
[INFO] [stdout] 
[INFO] [stdout] 
[INFO] [stdout] error[E0425]: cannot find function, tuple struct or tuple variant `MessageBoxW` in this scope
[INFO] [stdout]   --> src/main.rs:56:9
[INFO] [stdout]    |
[INFO] [stdout] 56 |         MessageBoxW(null_mut(), wide.as_ptr(), wide.as_ptr(), MB_OK)
[INFO] [stdout]    |         ^^^^^^^^^^^ not found in this scope
[INFO] [stdout] 
[INFO] [stdout] 
[INFO] [stdout] error[E0425]: cannot find value `MB_OK` in this scope
[INFO] [stdout]   --> src/main.rs:56:63
[INFO] [stdout]    |
[INFO] [stdout] 56 |         MessageBoxW(null_mut(), wide.as_ptr(), wide.as_ptr(), MB_OK)
[INFO] [stdout]    |                                                               ^^^^^ not found in this scope
[INFO] [stdout] 
[INFO] [stdout] 
[INFO] [stdout] error[E0599]: no function or associated item named `from_wide` found for struct `OsString` in the current scope
[INFO] [stdout]   --> src/main.rs:23:31
[INFO] [stdout]    |
[INFO] [stdout] 23 |         let title = OsString::from_wide(&lp_string[..len as usize]);
[INFO] [stdout]    |                               ^^^^^^^^^ function or associated item not found in `OsString`
[INFO] [stdout] 
[INFO] [stdout] 
[INFO] [stdout] error[E0599]: no method named `encode_wide` found for reference `&OsStr` in the current scope
[INFO] [stdout]   --> src/main.rs:54:42
[INFO] [stdout]    |
[INFO] [stdout] 54 |     let wide: Vec<u16> = OsStr::new(msg).encode_wide().chain(once(0)).collect();
[INFO] [stdout]    |                                          ^^^^^^^^^^^ method not found in `&OsStr`
[INFO] [stdout] 
[INFO] [stdout] 
[INFO] [stdout] error: aborting due to 15 previous errors
[INFO] [stdout] 
[INFO] [stdout] 
[INFO] [stdout] Some errors have detailed explanations: E0412, E0425, E0433, E0599.
[INFO] [stdout] 
[INFO] [stdout] For more information about an error, try `rustc --explain E0412`.
[INFO] [stdout] 
[INFO] [stderr] error: could not compile `mc_auto_fish`
[INFO] [stderr] 
[INFO] [stderr] To learn more, run the command again with --verbose.
[INFO] running `Command { std: "docker" "inspect" "8b57fb49235b3d6580b34f4e6e7ec88768ba373b477d18990e25495c1fc21caa", kill_on_drop: false }`
[INFO] running `Command { std: "docker" "rm" "-f" "8b57fb49235b3d6580b34f4e6e7ec88768ba373b477d18990e25495c1fc21caa", kill_on_drop: false }`
[INFO] [stdout] 8b57fb49235b3d6580b34f4e6e7ec88768ba373b477d18990e25495c1fc21caa
