[INFO] cloning repository https://github.com/mthom26/bevy-rapier-panic
[INFO] running `Command { std: "git" "-c" "credential.helper=" "-c" "credential.helper=/workspace/cargo-home/bin/git-credential-null" "clone" "--bare" "https://github.com/mthom26/bevy-rapier-panic" "/workspace/cache/git-repos/https%3A%2F%2Fgithub.com%2Fmthom26%2Fbevy-rapier-panic", kill_on_drop: false }`
[INFO] [stderr] Cloning into bare repository '/workspace/cache/git-repos/https%3A%2F%2Fgithub.com%2Fmthom26%2Fbevy-rapier-panic'...
[INFO] running `Command { std: "git" "rev-parse" "HEAD", kill_on_drop: false }`
[INFO] [stdout] 175edb6fcd81748165871a8dfe6e6b7ced509ba5
[INFO] testing mthom26/bevy-rapier-panic against beta-2021-08-01 for beta-1.55-1
[INFO] running `Command { std: "git" "clone" "/workspace/cache/git-repos/https%3A%2F%2Fgithub.com%2Fmthom26%2Fbevy-rapier-panic" "/workspace/builds/worker-15/source", kill_on_drop: false }`
[INFO] [stderr] Cloning into '/workspace/builds/worker-15/source'...
[INFO] [stderr] done.
[INFO] validating manifest of git repo https://github.com/mthom26/bevy-rapier-panic on toolchain beta-2021-08-01
[INFO] running `Command { std: "/workspace/cargo-home/bin/cargo" "+beta-2021-08-01" "metadata" "--manifest-path" "Cargo.toml" "--no-deps", kill_on_drop: false }`
[INFO] removed /workspace/builds/worker-15/source/.cargo/config
[INFO] started tweaking git repo https://github.com/mthom26/bevy-rapier-panic
[INFO] finished tweaking git repo https://github.com/mthom26/bevy-rapier-panic
[INFO] tweaked toml for git repo https://github.com/mthom26/bevy-rapier-panic written to /workspace/builds/worker-15/source/Cargo.toml
[INFO] crate git repo https://github.com/mthom26/bevy-rapier-panic already has a lockfile, it will not be regenerated
[INFO] running `Command { std: "/workspace/cargo-home/bin/cargo" "+beta-2021-08-01" "fetch" "--manifest-path" "Cargo.toml", kill_on_drop: false }`
[INFO] [stderr]  Downloading crates ...
[INFO] [stderr]   Downloaded cart-tmp-winit v0.22.2
[INFO] [stderr]   Downloaded cmake v0.1.44
[INFO] [stderr]   Downloaded generational-arena v0.2.8
[INFO] [stderr]   Downloaded gfx-backend-vulkan v0.6.1
[INFO] [stderr]   Downloaded bevy_winit v0.1.3
[INFO] [stderr]   Downloaded bevy_pbr v0.1.3
[INFO] [stderr]   Downloaded inplace_it v0.3.2
[INFO] [stderr]   Downloaded gfx-backend-empty v0.6.0
[INFO] [stderr]   Downloaded gfx-backend-dx11 v0.6.0
[INFO] [stderr]   Downloaded gfx-hal v0.6.0
[INFO] [stderr]   Downloaded gfx-auxil v0.5.0
[INFO] [stderr]   Downloaded bevy_ui v0.1.3
[INFO] [stderr]   Downloaded bevy_scene v0.1.3
[INFO] [stderr]   Downloaded wgpu-types v0.6.0
[INFO] [stderr]   Downloaded owned_ttf_parser v0.8.0
[INFO] [stderr]   Downloaded bevy_app v0.1.3
[INFO] [stderr]   Downloaded hexasphere v0.1.6
[INFO] [stderr]   Downloaded bevy_ron v0.1.3
[INFO] [stderr]   Downloaded bevy_math v0.1.3
[INFO] [stderr]   Downloaded bevy_diagnostic v0.1.3
[INFO] [stderr]   Downloaded bevy_audio v0.1.3
[INFO] [stderr]   Downloaded bevy_text v0.1.3
[INFO] [stderr]   Downloaded spirv_cross v0.20.0
[INFO] [stderr]   Downloaded bevy_hecs v0.1.3
[INFO] [stderr]   Downloaded fixedbitset v0.3.0
[INFO] [stderr]   Downloaded rectangle-pack v0.1.6
[INFO] [stderr]   Downloaded ab_glyph_rasterizer v0.1.2
[INFO] [stderr]   Downloaded wgpu v0.6.0
[INFO] [stderr]   Downloaded range-alloc v0.1.1
[INFO] [stderr]   Downloaded bevy v0.1.3
[INFO] [stderr]   Downloaded guillotiere v0.5.2
[INFO] [stderr]   Downloaded euclid v0.20.14
[INFO] [stderr]   Downloaded pollster v0.2.0
[INFO] [stderr]   Downloaded wgpu-core v0.6.0
[INFO] [stderr]   Downloaded gfx-backend-metal v0.6.1
[INFO] [stderr]   Downloaded nalgebra v0.22.0
[INFO] [stderr]   Downloaded metal v0.20.0
[INFO] [stderr]   Downloaded bevy_property v0.1.3
[INFO] [stderr]   Downloaded simba v0.2.0
[INFO] [stderr]   Downloaded ab_glyph v0.2.5
[INFO] [stderr]   Downloaded inotify v0.8.3
[INFO] [stderr]   Downloaded glam v0.9.3
[INFO] [stderr]   Downloaded image v0.23.8
[INFO] [stderr]   Downloaded notify v5.0.0-pre.3
[INFO] [stderr]   Downloaded bevy_gltf v0.1.3
[INFO] [stderr]   Downloaded bevy-glsl-to-spirv v0.1.7
[INFO] [stderr]   Downloaded bevy_property_derive v0.1.3
[INFO] [stderr]   Downloaded bevy_asset v0.1.3
[INFO] [stderr]   Downloaded x11 v2.18.2
[INFO] [stderr]   Downloaded ttf-parser v0.8.2
[INFO] [stderr]   Downloaded gfx-backend-dx12 v0.6.2
[INFO] [stderr]   Downloaded bevy_hecs_macros v0.1.3
[INFO] [stderr]   Downloaded bevy_type_registry v0.1.3
[INFO] [stderr]   Downloaded bevy_core v0.1.3
[INFO] [stderr]   Downloaded bevy_sprite v0.1.3
[INFO] [stderr]   Downloaded core-graphics-types v0.1.0
[INFO] [stderr]   Downloaded core-foundation-sys v0.8.0
[INFO] [stderr]   Downloaded bevy_derive v0.1.3
[INFO] [stderr]   Downloaded core-foundation v0.9.0
[INFO] [stderr]   Downloaded gfx-memory v0.2.0
[INFO] [stderr]   Downloaded rapier2d v0.1.3
[INFO] [stderr]   Downloaded naga v0.2.0
[INFO] [stderr]   Downloaded bevy_render v0.1.3
[INFO] [stderr]   Downloaded bevy_input v0.1.3
[INFO] [stderr]   Downloaded bevy_rapier2d v0.1.1
[INFO] [stderr]   Downloaded bevy_transform v0.1.3
[INFO] [stderr]   Downloaded gfx-descriptor v0.2.0
[INFO] [stderr]   Downloaded bevy_ecs v0.1.3
[INFO] [stderr]   Downloaded bit-vec v0.6.2
[INFO] [stderr]   Downloaded bytemuck v1.3.1
[INFO] [stderr]   Downloaded bevy_wgpu v0.1.3
[INFO] [stderr]   Downloaded bevy_window v0.1.3
[INFO] [stderr]   Downloaded ncollide2d v0.24.0
[INFO] [stderr]   Downloaded packed_simd v0.3.3
[INFO] running `Command { std: "docker" "create" "-v" "/var/lib/crater-agent-workspace/builds/worker-15/target:/opt/rustwide/target:rw,Z" "-v" "/var/lib/crater-agent-workspace/builds/worker-15/source:/opt/rustwide/workdir:ro,Z" "-v" "/var/lib/crater-agent-workspace/cargo-home:/opt/rustwide/cargo-home:ro,Z" "-v" "/var/lib/crater-agent-workspace/rustup-home:/opt/rustwide/rustup-home:ro,Z" "-e" "SOURCE_DIR=/opt/rustwide/workdir" "-e" "CARGO_TARGET_DIR=/opt/rustwide/target" "-e" "CARGO_HOME=/opt/rustwide/cargo-home" "-e" "RUSTUP_HOME=/opt/rustwide/rustup-home" "-w" "/opt/rustwide/workdir" "-m" "1610612736" "--user" "0:0" "--network" "none" "ghcr.io/rust-lang/crates-build-env/linux@sha256:34b6a614d2c27851fe6cbf88fbd1137609cefab8b10d0615aaeb6fd47975d74e" "/opt/rustwide/cargo-home/bin/cargo" "+beta-2021-08-01" "metadata" "--no-deps" "--format-version=1", kill_on_drop: false }`
[INFO] [stdout] 056a85a955cb88d2c58b555333a22830310d35852aac424bc816b6cd7549255b
[INFO] running `Command { std: "docker" "start" "-a" "056a85a955cb88d2c58b555333a22830310d35852aac424bc816b6cd7549255b", kill_on_drop: false }`
[INFO] running `Command { std: "docker" "inspect" "056a85a955cb88d2c58b555333a22830310d35852aac424bc816b6cd7549255b", kill_on_drop: false }`
[INFO] running `Command { std: "docker" "rm" "-f" "056a85a955cb88d2c58b555333a22830310d35852aac424bc816b6cd7549255b", kill_on_drop: false }`
[INFO] [stdout] 056a85a955cb88d2c58b555333a22830310d35852aac424bc816b6cd7549255b
[INFO] running `Command { std: "docker" "create" "-v" "/var/lib/crater-agent-workspace/builds/worker-15/target:/opt/rustwide/target:rw,Z" "-v" "/var/lib/crater-agent-workspace/builds/worker-15/source:/opt/rustwide/workdir:ro,Z" "-v" "/var/lib/crater-agent-workspace/cargo-home:/opt/rustwide/cargo-home:ro,Z" "-v" "/var/lib/crater-agent-workspace/rustup-home:/opt/rustwide/rustup-home:ro,Z" "-e" "SOURCE_DIR=/opt/rustwide/workdir" "-e" "CARGO_TARGET_DIR=/opt/rustwide/target" "-e" "CARGO_INCREMENTAL=0" "-e" "RUST_BACKTRACE=full" "-e" "RUSTFLAGS=--cap-lints=warn" "-e" "CARGO_HOME=/opt/rustwide/cargo-home" "-e" "RUSTUP_HOME=/opt/rustwide/rustup-home" "-w" "/opt/rustwide/workdir" "-m" "1610612736" "--user" "0:0" "--network" "none" "ghcr.io/rust-lang/crates-build-env/linux@sha256:34b6a614d2c27851fe6cbf88fbd1137609cefab8b10d0615aaeb6fd47975d74e" "/opt/rustwide/cargo-home/bin/cargo" "+beta-2021-08-01" "build" "--frozen" "--message-format=json", kill_on_drop: false }`
[INFO] [stdout] dc47b962880897c01f97acd72413cdbb83b3c418472533e75c0adc73c90e6787
[INFO] running `Command { std: "docker" "start" "-a" "dc47b962880897c01f97acd72413cdbb83b3c418472533e75c0adc73c90e6787", kill_on_drop: false }`
[INFO] [stderr]    Compiling autocfg v1.0.1
[INFO] [stderr]    Compiling libc v0.2.76
[INFO] [stderr]    Compiling proc-macro2 v1.0.19
[INFO] [stderr]    Compiling syn v1.0.39
[INFO] [stderr]    Compiling serde_derive v1.0.115
[INFO] [stderr]    Compiling serde v1.0.115
[INFO] [stderr]    Compiling spin v0.5.2
[INFO] [stderr]    Compiling bitflags v1.2.1
[INFO] [stderr]    Compiling scopeguard v1.1.0
[INFO] [stderr]    Compiling getrandom v0.1.14
[INFO] [stderr]    Compiling maybe-uninit v2.0.0
[INFO] [stderr]    Compiling log v0.4.11
[INFO] [stderr]    Compiling ppv-lite86 v0.2.9
[INFO] [stderr]    Compiling ahash v0.3.8
[INFO] [stderr]    Compiling rayon-core v1.8.0
[INFO] [stderr]    Compiling libloading v0.6.3
[INFO] [stderr]    Compiling either v1.6.0
[INFO] [stderr]    Compiling glam v0.9.3
[INFO] [stderr]    Compiling downcast-rs v1.2.0
[INFO] [stderr]    Compiling byteorder v1.3.4
[INFO] [stderr]    Compiling cc v1.0.59
[INFO] [stderr]    Compiling fixedbitset v0.3.0
[INFO] [stderr]    Compiling pkg-config v0.3.18
[INFO] [stderr]    Compiling Inflector v0.11.4
[INFO] [stderr]    Compiling base64 v0.12.3
[INFO] [stderr]    Compiling lazycell v1.3.0
[INFO] [stderr]    Compiling proc-macro-hack v0.5.18
[INFO] [stderr]    Compiling same-file v1.0.6
[INFO] [stderr]    Compiling once_cell v1.4.1
[INFO] [stderr]    Compiling anyhow v1.0.32
[INFO] [stderr]    Compiling adler32 v1.2.0
[INFO] [stderr]    Compiling anymap v0.12.1
[INFO] [stderr]    Compiling remove_dir_all v0.5.3
[INFO] [stderr]    Compiling bytemuck v1.3.1
[INFO] [stderr]    Compiling pin-project-internal v0.4.23
[INFO] [stderr]    Compiling scoped_threadpool v0.1.9
[INFO] [stderr]    Compiling proc-macro-nested v0.1.6
[INFO] [stderr]    Compiling memchr v2.3.3
[INFO] [stderr]    Compiling ryu v1.0.5
[INFO] [stderr]    Compiling arrayvec v0.5.1
[INFO] [stderr]    Compiling futures-sink v0.3.5
[INFO] [stderr]    Compiling futures-core v0.3.5
[INFO] [stderr]    Compiling futures-io v0.3.5
[INFO] [stderr]    Compiling packed_simd v0.3.3
[INFO] [stderr]    Compiling atom v0.3.5
[INFO] [stderr]    Compiling pin-utils v0.1.0
[INFO] [stderr]    Compiling serde_json v1.0.57
[INFO] [stderr]    Compiling typenum v1.12.0
[INFO] [stderr]    Compiling inplace_it v0.3.2
[INFO] [stderr]    Compiling libm v0.1.4
[INFO] [stderr]    Compiling cpal v0.11.0
[INFO] [stderr]    Compiling inflections v1.1.1
[INFO] [stderr]    Compiling svg_fmt v0.4.1
[INFO] [stderr]    Compiling ttf-parser v0.8.2
[INFO] [stderr]    Compiling itoa v0.4.6
[INFO] [stderr]    Compiling cart-tmp-winit v0.22.2
[INFO] [stderr]    Compiling percent-encoding v2.1.0
[INFO] [stderr]    Compiling copyless v0.1.5
[INFO] [stderr]    Compiling ab_glyph_rasterizer v0.1.2
[INFO] [stderr]    Compiling rawpointer v0.2.1
[INFO] [stderr]    Compiling rectangle-pack v0.1.6
[INFO] [stderr]    Compiling fixedbitset v0.2.0
[INFO] [stderr]    Compiling typed-arena v2.0.1
[INFO] [stderr]    Compiling slotmap v0.4.0
[INFO] [stderr]    Compiling pollster v0.2.0
[INFO] [stderr]    Compiling bit-vec v0.6.2
[INFO] [stderr]    Compiling rustc-hash v1.1.0
[INFO] [stderr]    Compiling vec_map v0.8.2
[INFO] [stderr]    Compiling cache-padded v1.1.1
[INFO] [stderr]    Compiling generational-arena v0.2.8
[INFO] [stderr]    Compiling miniz_oxide v0.3.7
[INFO] [stderr]    Compiling lazy_static v1.4.0
[INFO] [stderr]    Compiling lock_api v0.3.4
[INFO] [stderr]    Compiling lock_api v0.4.1
[INFO] [stderr]    Compiling walkdir v2.3.1
[INFO] [stderr]    Compiling futures-task v0.3.5
[INFO] [stderr]    Compiling futures-channel v0.3.5
[INFO] [stderr]    Compiling hibitset v0.6.3
[INFO] [stderr]    Compiling matrixmultiply v0.2.3
[INFO] [stderr]    Compiling crc32fast v1.2.0
[INFO] [stderr]    Compiling cmake v0.1.44
[INFO] [stderr]    Compiling crossbeam-utils v0.7.2
[INFO] [stderr]    Compiling num-traits v0.2.12
[INFO] [stderr]    Compiling memoffset v0.5.5
[INFO] [stderr]    Compiling hashbrown v0.8.2
[INFO] [stderr]    Compiling crossbeam-epoch v0.8.2
[INFO] [stderr]    Compiling rayon v1.4.0
[INFO] [stderr]    Compiling num-integer v0.1.43
[INFO] [stderr]    Compiling num-iter v0.1.41
[INFO] [stderr]    Compiling num-rational v0.3.0
[INFO] [stderr]    Compiling num-complex v0.2.4
[INFO] [stderr]    Compiling indexmap v1.5.1
[INFO] [stderr]    Compiling num-rational v0.2.4
[INFO] [stderr]    Compiling concurrent-queue v1.2.2
[INFO] [stderr]    Compiling tracing-core v0.1.15
[INFO] [stdout] error[E0557]: feature has been removed
[INFO] [stdout]    --> /opt/rustwide/cargo-home/registry/src/github.com-1ecc6299db9ec823/packed_simd-0.3.3/src/lib.rs:204:5
[INFO] [stdout]     |
[INFO] [stdout] 204 |     const_fn,
[INFO] [stdout]     |     ^^^^^^^^ feature has been removed
[INFO] [stdout]     |
[INFO] [stdout]     = note: split into finer-grained feature gates
[INFO] [stdout] 
[INFO] [stdout] 
[INFO] [stderr]    Compiling alsa-sys v0.1.2
[INFO] [stderr]    Compiling x11 v2.18.2
[INFO] [stderr]    Compiling x11-dl v2.18.5
[INFO] [stderr]    Compiling ash v0.31.0
[INFO] [stderr]    Compiling wgpu-types v0.6.0
[INFO] [stderr]    Compiling tracing v0.1.19
[INFO] [stderr]    Compiling paste-impl v0.1.18
[INFO] [stderr]    Compiling deflate v0.8.6
[INFO] [stderr]    Compiling fxhash v0.2.1
[INFO] [stderr]    Compiling quote v1.0.7
[INFO] [stderr]    Compiling bevy-glsl-to-spirv v0.1.7
[INFO] [stderr]    Compiling spirv-reflect v0.2.3
[INFO] [stderr]    Compiling minimp3-sys v0.3.2
[INFO] [stderr]    Compiling png v0.16.7
[INFO] [stderr]    Compiling generic-array v0.13.2
[INFO] [stdout] error[E0432]: unresolved import `crate::arch::x86_64::__m64`
[INFO] [stdout]   --> /opt/rustwide/cargo-home/registry/src/github.com-1ecc6299db9ec823/packed_simd-0.3.3/src/api/into_bits/arch_specific.rs:51:15
[INFO] [stdout]    |
[INFO] [stdout] 51 |               $($arch_ty),*
[INFO] [stdout]    |                 ^^^^^^^^ no `__m64` in `arch::x86_64`
[INFO] [stdout] ...
[INFO] [stdout] 86 | / impl_arch!(
[INFO] [stdout] 87 | |     [x86["x86"]: __m64], [x86_64["x86_64"]: __m64],
[INFO] [stdout] 88 | |     [arm["arm"]: int8x8_t, uint8x8_t, poly8x8_t, int16x4_t, uint16x4_t,
[INFO] [stdout] 89 | |      poly16x4_t, int32x2_t, uint32x2_t, float32x2_t, int64x1_t,
[INFO] [stdout] ...  |
[INFO] [stdout] 96 | |     test: test_v64
[INFO] [stdout] 97 | | );
[INFO] [stdout]    | |__- in this macro invocation
[INFO] [stdout]    |
[INFO] [stdout]    = note: this error originates in the macro `impl_arch` (in Nightly builds, run with -Z macro-backtrace for more info)
[INFO] [stdout] 
[INFO] [stdout] 
[INFO] [stdout] error[E0432]: unresolved import `crate::arch::x86_64::_mm_movemask_pi8`
[INFO] [stdout]   --> /opt/rustwide/cargo-home/registry/src/github.com-1ecc6299db9ec823/packed_simd-0.3.3/src/codegen/reductions/mask/x86/sse.rs:47:21
[INFO] [stdout]    |
[INFO] [stdout] 47 |                 use crate::arch::x86_64::_mm_movemask_pi8;
[INFO] [stdout]    |                     ^^^^^^^^^^^^^^^^^^^^^----------------
[INFO] [stdout]    |                     |                    |
[INFO] [stdout]    |                     |                    help: a similar name exists in the module: `_mm_movemask_epi8`
[INFO] [stdout]    |                     no `_mm_movemask_pi8` in `arch::x86_64`
[INFO] [stdout]    | 
[INFO] [stdout]   ::: /opt/rustwide/cargo-home/registry/src/github.com-1ecc6299db9ec823/packed_simd-0.3.3/src/codegen/reductions/mask.rs:41:1
[INFO] [stdout]    |
[INFO] [stdout] 41 | impl_mask_reductions!(m8x8);
[INFO] [stdout]    | ---------------------------- in this macro invocation
[INFO] [stdout]    |
[INFO] [stdout]    = note: this error originates in the macro `x86_m8x8_sse_impl` (in Nightly builds, run with -Z macro-backtrace for more info)
[INFO] [stdout] 
[INFO] [stdout] 
[INFO] [stdout] error[E0432]: unresolved import `crate::arch::x86_64::_mm_movemask_pi8`
[INFO] [stdout]   --> /opt/rustwide/cargo-home/registry/src/github.com-1ecc6299db9ec823/packed_simd-0.3.3/src/codegen/reductions/mask/x86/sse.rs:62:21
[INFO] [stdout]    |
[INFO] [stdout] 62 |                 use crate::arch::x86_64::_mm_movemask_pi8;
[INFO] [stdout]    |                     ^^^^^^^^^^^^^^^^^^^^^----------------
[INFO] [stdout]    |                     |                    |
[INFO] [stdout]    |                     |                    help: a similar name exists in the module: `_mm_movemask_epi8`
[INFO] [stdout]    |                     no `_mm_movemask_pi8` in `arch::x86_64`
[INFO] [stdout]    | 
[INFO] [stdout]   ::: /opt/rustwide/cargo-home/registry/src/github.com-1ecc6299db9ec823/packed_simd-0.3.3/src/codegen/reductions/mask.rs:41:1
[INFO] [stdout]    |
[INFO] [stdout] 41 | impl_mask_reductions!(m8x8);
[INFO] [stdout]    | ---------------------------- in this macro invocation
[INFO] [stdout]    |
[INFO] [stdout]    = note: this error originates in the macro `x86_m8x8_sse_impl` (in Nightly builds, run with -Z macro-backtrace for more info)
[INFO] [stdout] 
[INFO] [stdout] 
[INFO] [stdout] error[E0432]: unresolved import `crate::arch::x86_64::_mm_movemask_pi8`
[INFO] [stdout]   --> /opt/rustwide/cargo-home/registry/src/github.com-1ecc6299db9ec823/packed_simd-0.3.3/src/codegen/reductions/mask/x86/sse.rs:47:21
[INFO] [stdout]    |
[INFO] [stdout] 47 |                 use crate::arch::x86_64::_mm_movemask_pi8;
[INFO] [stdout]    |                     ^^^^^^^^^^^^^^^^^^^^^----------------
[INFO] [stdout]    |                     |                    |
[INFO] [stdout]    |                     |                    help: a similar name exists in the module: `_mm_movemask_epi8`
[INFO] [stdout]    |                     no `_mm_movemask_pi8` in `arch::x86_64`
[INFO] [stdout]    | 
[INFO] [stdout]   ::: /opt/rustwide/cargo-home/registry/src/github.com-1ecc6299db9ec823/packed_simd-0.3.3/src/codegen/reductions/mask.rs:47:1
[INFO] [stdout]    |
[INFO] [stdout] 47 | impl_mask_reductions!(m16x4);
[INFO] [stdout]    | ----------------------------- in this macro invocation
[INFO] [stdout]    |
[INFO] [stdout]    = note: this error originates in the macro `x86_m8x8_sse_impl` (in Nightly builds, run with -Z macro-backtrace for more info)
[INFO] [stdout] 
[INFO] [stdout] 
[INFO] [stderr]    Compiling num_cpus v1.13.0
[INFO] [stderr]    Compiling net2 v0.2.34
[INFO] [stderr]    Compiling iovec v0.1.4
[INFO] [stderr]    Compiling inotify-sys v0.1.3
[INFO] [stderr]    Compiling filetime v0.2.12
[INFO] [stderr]    Compiling raw-window-handle v0.3.3
[INFO] [stderr]    Compiling time v0.1.44
[INFO] [stderr]    Compiling slice-deque v0.3.0
[INFO] [stdout] error[E0432]: unresolved import `crate::arch::x86_64::_mm_movemask_pi8`
[INFO] [stdout]   --> /opt/rustwide/cargo-home/registry/src/github.com-1ecc6299db9ec823/packed_simd-0.3.3/src/codegen/reductions/mask/x86/sse.rs:62:21
[INFO] [stdout]    |
[INFO] [stdout] 62 |                 use crate::arch::x86_64::_mm_movemask_pi8;
[INFO] [stdout]    |                     ^^^^^^^^^^^^^^^^^^^^^----------------
[INFO] [stdout]    |                     |                    |
[INFO] [stdout]    |                     |                    help: a similar name exists in the module: `_mm_movemask_epi8`
[INFO] [stdout]    |                     no `_mm_movemask_pi8` in `arch::x86_64`
[INFO] [stdout]    | 
[INFO] [stdout]   ::: /opt/rustwide/cargo-home/registry/src/github.com-1ecc6299db9ec823/packed_simd-0.3.3/src/codegen/reductions/mask.rs:47:1
[INFO] [stdout]    |
[INFO] [stdout] 47 | impl_mask_reductions!(m16x4);
[INFO] [stdout]    | ----------------------------- in this macro invocation
[INFO] [stdout]    |
[INFO] [stdout]    = note: this error originates in the macro `x86_m8x8_sse_impl` (in Nightly builds, run with -Z macro-backtrace for more info)
[INFO] [stdout] 
[INFO] [stdout] 
[INFO] [stdout] error[E0432]: unresolved import `crate::arch::x86_64::_mm_movemask_pi8`
[INFO] [stdout]   --> /opt/rustwide/cargo-home/registry/src/github.com-1ecc6299db9ec823/packed_simd-0.3.3/src/codegen/reductions/mask/x86/sse.rs:47:21
[INFO] [stdout]    |
[INFO] [stdout] 47 |                 use crate::arch::x86_64::_mm_movemask_pi8;
[INFO] [stdout]    |                     ^^^^^^^^^^^^^^^^^^^^^----------------
[INFO] [stdout]    |                     |                    |
[INFO] [stdout]    |                     |                    help: a similar name exists in the module: `_mm_movemask_epi8`
[INFO] [stdout]    |                     no `_mm_movemask_pi8` in `arch::x86_64`
[INFO] [stdout]    | 
[INFO] [stdout]   ::: /opt/rustwide/cargo-home/registry/src/github.com-1ecc6299db9ec823/packed_simd-0.3.3/src/codegen/reductions/mask.rs:52:1
[INFO] [stdout]    |
[INFO] [stdout] 52 | impl_mask_reductions!(m32x2);
[INFO] [stdout]    | ----------------------------- in this macro invocation
[INFO] [stdout]    |
[INFO] [stdout]    = note: this error originates in the macro `x86_m8x8_sse_impl` (in Nightly builds, run with -Z macro-backtrace for more info)
[INFO] [stdout] 
[INFO] [stdout] 
[INFO] [stdout] error[E0432]: unresolved import `crate::arch::x86_64::_mm_movemask_pi8`
[INFO] [stdout]   --> /opt/rustwide/cargo-home/registry/src/github.com-1ecc6299db9ec823/packed_simd-0.3.3/src/codegen/reductions/mask/x86/sse.rs:62:21
[INFO] [stdout]    |
[INFO] [stdout] 62 |                 use crate::arch::x86_64::_mm_movemask_pi8;
[INFO] [stdout]    |                     ^^^^^^^^^^^^^^^^^^^^^----------------
[INFO] [stdout]    |                     |                    |
[INFO] [stdout]    |                     |                    help: a similar name exists in the module: `_mm_movemask_epi8`
[INFO] [stdout]    |                     no `_mm_movemask_pi8` in `arch::x86_64`
[INFO] [stdout]    | 
[INFO] [stdout]   ::: /opt/rustwide/cargo-home/registry/src/github.com-1ecc6299db9ec823/packed_simd-0.3.3/src/codegen/reductions/mask.rs:52:1
[INFO] [stdout]    |
[INFO] [stdout] 52 | impl_mask_reductions!(m32x2);
[INFO] [stdout]    | ----------------------------- in this macro invocation
[INFO] [stdout]    |
[INFO] [stdout]    = note: this error originates in the macro `x86_m8x8_sse_impl` (in Nightly builds, run with -Z macro-backtrace for more info)
[INFO] [stdout] 
[INFO] [stdout] 
[INFO] [stderr]    Compiling owned_ttf_parser v0.8.0
[INFO] [stderr]    Compiling stretch v0.3.2
[INFO] [stderr]    Compiling gfx-hal v0.6.0
[INFO] [stderr]    Compiling ab_glyph v0.2.5
[INFO] [stderr]    Compiling inotify v0.8.3
[INFO] [stderr]    Compiling paste v0.1.18
[INFO] [stdout] error[E0554]: `#![feature]` may not be used on the beta release channel
[INFO] [stdout]    --> /opt/rustwide/cargo-home/registry/src/github.com-1ecc6299db9ec823/packed_simd-0.3.3/src/lib.rs:202:1
[INFO] [stdout]     |
[INFO] [stdout] 202 | / #![feature(
[INFO] [stdout] 203 | |     repr_simd,
[INFO] [stdout] 204 | |     const_fn,
[INFO] [stdout] 205 | |     platform_intrinsics,
[INFO] [stdout] ...   |
[INFO] [stdout] 215 | |     custom_inner_attributes
[INFO] [stdout] 216 | | )]
[INFO] [stdout]     | |__^
[INFO] [stdout] 
[INFO] [stdout] 
[INFO] [stderr]    Compiling rand_core v0.5.1
[INFO] [stderr]    Compiling mio v0.6.22
[INFO] [stderr]    Compiling minimp3 v0.3.5
[INFO] [stderr]    Compiling crossbeam-channel v0.4.3
[INFO] [stderr]    Compiling crossbeam-queue v0.2.3
[INFO] [stderr]    Compiling petgraph v0.5.1
[INFO] [stderr]    Compiling instant v0.1.6
[INFO] [stderr]    Compiling rand_chacha v0.2.2
[INFO] [stderr]    Compiling crossbeam-deque v0.7.3
[INFO] [stderr]    Compiling spirv_headers v1.5.0
[INFO] [stderr]    Compiling euclid v0.20.14
[INFO] [stderr]    Compiling approx v0.3.2
[INFO] [stderr]    Compiling mio-extras v2.0.6
[INFO] [stderr]    Compiling crossbeam v0.7.3
[INFO] [stderr]    Compiling notify v5.0.0-pre.3
[INFO] [stderr]    Compiling rand v0.7.3
[INFO] [stderr] error: could not compile `ash`
[INFO] [stderr] 
[INFO] [stderr] Caused by:
[INFO] [stderr]   process didn't exit successfully: `rustc --crate-name ash --edition=2018 /opt/rustwide/cargo-home/registry/src/github.com-1ecc6299db9ec823/ash-0.31.0/src/lib.rs --error-format=json --json=diagnostic-rendered-ansi,artifacts --crate-type lib --emit=dep-info,metadata,link -C embed-bitcode=no -C debuginfo=2 --cfg 'feature="default"' --cfg 'feature="libloading"' -C metadata=acb68b5d91815388 -C extra-filename=-acb68b5d91815388 --out-dir /opt/rustwide/target/debug/deps -L dependency=/opt/rustwide/target/debug/deps --extern libloading=/opt/rustwide/target/debug/deps/liblibloading-88993182e1f4db88.rmeta --cap-lints allow --cap-lints=warn` (signal: 9, SIGKILL: kill)
[INFO] [stderr] warning: build failed, waiting for other jobs to finish...
[INFO] [stdout] error: aborting due to 9 previous errors
[INFO] [stdout] 
[INFO] [stdout] 
[INFO] [stdout] Some errors have detailed explanations: E0432, E0554, E0557.
[INFO] [stdout] 
[INFO] [stdout] For more information about an error, try `rustc --explain E0432`.
[INFO] [stdout] 
[INFO] [stderr] error: build failed
[INFO] running `Command { std: "docker" "inspect" "dc47b962880897c01f97acd72413cdbb83b3c418472533e75c0adc73c90e6787", kill_on_drop: false }`
[INFO] running `Command { std: "docker" "rm" "-f" "dc47b962880897c01f97acd72413cdbb83b3c418472533e75c0adc73c90e6787", kill_on_drop: false }`
[INFO] [stdout] dc47b962880897c01f97acd72413cdbb83b3c418472533e75c0adc73c90e6787
