[INFO] cloning repository https://github.com/msiglreith/tanya
[INFO] running `Command { std: "git" "-c" "credential.helper=" "-c" "credential.helper=/workspace/cargo-home/bin/git-credential-null" "clone" "--bare" "https://github.com/msiglreith/tanya" "/workspace/cache/git-repos/https%3A%2F%2Fgithub.com%2Fmsiglreith%2Ftanya", kill_on_drop: false }`
[INFO] [stderr] Cloning into bare repository '/workspace/cache/git-repos/https%3A%2F%2Fgithub.com%2Fmsiglreith%2Ftanya'...
[INFO] running `Command { std: "git" "rev-parse" "HEAD", kill_on_drop: false }`
[INFO] [stdout] 239f7c971c58061205b4add2dcc047614fc3a656
[INFO] testing msiglreith/tanya against beta-2021-08-01 for beta-1.55-1
[INFO] running `Command { std: "git" "clone" "/workspace/cache/git-repos/https%3A%2F%2Fgithub.com%2Fmsiglreith%2Ftanya" "/workspace/builds/worker-9/source", kill_on_drop: false }`
[INFO] [stderr] Cloning into '/workspace/builds/worker-9/source'...
[INFO] [stderr] done.
[INFO] validating manifest of git repo https://github.com/msiglreith/tanya on toolchain beta-2021-08-01
[INFO] running `Command { std: "/workspace/cargo-home/bin/cargo" "+beta-2021-08-01" "metadata" "--manifest-path" "Cargo.toml" "--no-deps", kill_on_drop: false }`
[INFO] started tweaking git repo https://github.com/msiglreith/tanya
[INFO] removed 0 missing examples
[INFO] finished tweaking git repo https://github.com/msiglreith/tanya
[INFO] tweaked toml for git repo https://github.com/msiglreith/tanya written to /workspace/builds/worker-9/source/Cargo.toml
[INFO] crate git repo https://github.com/msiglreith/tanya already has a lockfile, it will not be regenerated
[INFO] running `Command { std: "/workspace/cargo-home/bin/cargo" "+beta-2021-08-01" "fetch" "--manifest-path" "Cargo.toml", kill_on_drop: false }`
[INFO] [stderr]     Updating git repository `https://github.com/msiglreith/rayon.git`
[INFO] [stderr]     Updating git repository `https://github.com/msiglreith/grr.git`
[INFO] [stderr]  Downloading crates ...
[INFO] [stderr]   Downloaded cocoa v0.17.0
[INFO] [stderr]   Downloaded cexpr v0.2.3
[INFO] [stderr]   Downloaded glutin v0.18.0
[INFO] [stderr]   Downloaded core-graphics v0.16.0
[INFO] [stderr]   Downloaded gl_generator v0.7.0
[INFO] [stderr]   Downloaded core-foundation v0.6.2
[INFO] [stderr]   Downloaded winit v0.17.2
[INFO] [stderr]   Downloaded futures-io-preview v0.3.0-alpha.7
[INFO] [stderr]   Downloaded futures-channel-preview v0.3.0-alpha.7
[INFO] [stderr]   Downloaded futures-core-preview v0.3.0-alpha.7
[INFO] [stderr]   Downloaded futures-sink-preview v0.3.0-alpha.7
[INFO] [stderr]   Downloaded random_color v0.4.4
[INFO] [stderr]   Downloaded vk-sync v0.1.2
[INFO] [stderr]   Downloaded futures-executor-preview v0.3.0-alpha.7
[INFO] [stderr]   Downloaded syn v0.15.7
[INFO] [stderr]   Downloaded which v1.0.5
[INFO] [stderr]   Downloaded indextree v3.0.0
[INFO] [stderr]   Downloaded smithay-client-toolkit v0.3.0
[INFO] [stderr]   Downloaded clang-sys v0.23.0
[INFO] [stderr]   Downloaded nom v3.2.1
[INFO] [stderr]   Downloaded proc-macro2 v0.3.5
[INFO] [stderr]   Downloaded futures-util-preview v0.3.0-alpha.7
[INFO] [stderr]   Downloaded pin-utils v0.1.0-alpha.3
[INFO] [stderr]   Downloaded gleam v0.6.4
[INFO] [stderr]   Downloaded lock_api v0.1.4
[INFO] [stderr]   Downloaded wayland-commons v0.20.12
[INFO] [stderr]   Downloaded wayland-client v0.20.12
[INFO] [stderr]   Downloaded wayland-scanner v0.20.12
[INFO] [stderr]   Downloaded wayland-sys v0.20.12
[INFO] [stderr]   Downloaded ash v0.26.0
[INFO] [stderr]   Downloaded futures-preview v0.3.0-alpha.7
[INFO] [stderr]   Downloaded yoga v0.3.0
[INFO] [stderr]   Downloaded bindgen v0.37.4
[INFO] [stderr]   Downloaded wayland-protocols v0.20.12
[INFO] running `Command { std: "docker" "create" "-v" "/var/lib/crater-agent-workspace/builds/worker-9/target:/opt/rustwide/target:rw,Z" "-v" "/var/lib/crater-agent-workspace/builds/worker-9/source:/opt/rustwide/workdir:ro,Z" "-v" "/var/lib/crater-agent-workspace/cargo-home:/opt/rustwide/cargo-home:ro,Z" "-v" "/var/lib/crater-agent-workspace/rustup-home:/opt/rustwide/rustup-home:ro,Z" "-e" "SOURCE_DIR=/opt/rustwide/workdir" "-e" "CARGO_TARGET_DIR=/opt/rustwide/target" "-e" "CARGO_HOME=/opt/rustwide/cargo-home" "-e" "RUSTUP_HOME=/opt/rustwide/rustup-home" "-w" "/opt/rustwide/workdir" "-m" "1610612736" "--user" "0:0" "--network" "none" "ghcr.io/rust-lang/crates-build-env/linux@sha256:34b6a614d2c27851fe6cbf88fbd1137609cefab8b10d0615aaeb6fd47975d74e" "/opt/rustwide/cargo-home/bin/cargo" "+beta-2021-08-01" "metadata" "--no-deps" "--format-version=1", kill_on_drop: false }`
[INFO] [stdout] 27aabb78d37cad30aec27208dcae0e7d8fbdba738de1b2f5315e0a639e9c516e
[INFO] running `Command { std: "docker" "start" "-a" "27aabb78d37cad30aec27208dcae0e7d8fbdba738de1b2f5315e0a639e9c516e", kill_on_drop: false }`
[INFO] running `Command { std: "docker" "inspect" "27aabb78d37cad30aec27208dcae0e7d8fbdba738de1b2f5315e0a639e9c516e", kill_on_drop: false }`
[INFO] running `Command { std: "docker" "rm" "-f" "27aabb78d37cad30aec27208dcae0e7d8fbdba738de1b2f5315e0a639e9c516e", kill_on_drop: false }`
[INFO] [stdout] 27aabb78d37cad30aec27208dcae0e7d8fbdba738de1b2f5315e0a639e9c516e
[INFO] running `Command { std: "docker" "create" "-v" "/var/lib/crater-agent-workspace/builds/worker-9/target:/opt/rustwide/target:rw,Z" "-v" "/var/lib/crater-agent-workspace/builds/worker-9/source:/opt/rustwide/workdir:ro,Z" "-v" "/var/lib/crater-agent-workspace/cargo-home:/opt/rustwide/cargo-home:ro,Z" "-v" "/var/lib/crater-agent-workspace/rustup-home:/opt/rustwide/rustup-home:ro,Z" "-e" "SOURCE_DIR=/opt/rustwide/workdir" "-e" "CARGO_TARGET_DIR=/opt/rustwide/target" "-e" "CARGO_INCREMENTAL=0" "-e" "RUST_BACKTRACE=full" "-e" "RUSTFLAGS=--cap-lints=warn" "-e" "CARGO_HOME=/opt/rustwide/cargo-home" "-e" "RUSTUP_HOME=/opt/rustwide/rustup-home" "-w" "/opt/rustwide/workdir" "-m" "1610612736" "--user" "0:0" "--network" "none" "ghcr.io/rust-lang/crates-build-env/linux@sha256:34b6a614d2c27851fe6cbf88fbd1137609cefab8b10d0615aaeb6fd47975d74e" "/opt/rustwide/cargo-home/bin/cargo" "+beta-2021-08-01" "build" "--frozen" "--message-format=json", kill_on_drop: false }`
[INFO] [stdout] 88573f859214ec4f3587fb68cef0f2aa5034f330d35efff639d04aa980a08f7d
[INFO] running `Command { std: "docker" "start" "-a" "88573f859214ec4f3587fb68cef0f2aa5034f330d35efff639d04aa980a08f7d", kill_on_drop: false }`
[INFO] [stderr]    Compiling libc v0.2.43
[INFO] [stderr]    Compiling cfg-if v0.1.5
[INFO] [stderr]    Compiling cc v1.0.25
[INFO] [stderr]    Compiling bitflags v1.0.4
[INFO] [stderr]    Compiling void v1.0.2
[INFO] [stderr]    Compiling proc-macro2 v0.4.19
[INFO] [stderr]    Compiling either v1.5.0
[INFO] [stderr]    Compiling glob v0.2.11
[INFO] [stderr]    Compiling ucd-util v0.1.1
[INFO] [stderr]    Compiling regex v1.0.5
[INFO] [stderr]    Compiling utf8-ranges v1.0.1
[INFO] [stderr]    Compiling rand_core v0.3.0
[INFO] [stderr]    Compiling quick-error v1.2.2
[INFO] [stderr]    Compiling unicode-width v0.1.5
[INFO] [stderr]    Compiling downcast-rs v1.0.3
[INFO] [stderr]    Compiling nodrop v0.1.12
[INFO] [stderr]    Compiling pin-utils v0.1.0-alpha.3
[INFO] [stderr]    Compiling bindgen v0.37.4
[INFO] [stderr]    Compiling slab v0.4.1
[INFO] [stderr]    Compiling termcolor v1.0.4
[INFO] [stderr]    Compiling strsim v0.7.0
[INFO] [stderr]    Compiling vec_map v0.8.1
[INFO] [stderr]    Compiling rayon-core v1.4.1 (https://github.com/msiglreith/rayon.git?branch=futures#6ebe1620)
[INFO] [stderr]    Compiling failure_derive v0.1.2
[INFO] [stderr]    Compiling nix v0.11.0
[INFO] [stderr]    Compiling memoffset v0.2.1
[INFO] [stderr]    Compiling peeking_take_while v0.1.2
[INFO] [stderr]    Compiling rustc-demangle v0.1.9
[INFO] [stderr]    Compiling rayon v1.0.2 (https://github.com/msiglreith/rayon.git?branch=futures#6ebe1620)
[INFO] [stderr]    Compiling lazy_static v0.2.11
[INFO] [stderr]    Compiling winapi v0.3.6
[INFO] [stderr]    Compiling tanya-ecs v0.1.0 (/opt/rustwide/workdir/libecs)
[INFO] [stdout] error[E0554]: `#![feature]` may not be used on the beta release channel
[INFO] [stdout]  --> /opt/rustwide/cargo-home/registry/src/github.com-1ecc6299db9ec823/pin-utils-0.1.0-alpha.3/src/lib.rs:3:1
[INFO] [stdout]   |
[INFO] [stdout] 3 | #![feature(pin)]
[INFO] [stdout]   | ^^^^^^^^^^^^^^^^
[INFO] [stdout] 
[INFO] [stdout] 
[INFO] [stdout] error: aborting due to previous error
[INFO] [stdout] 
[INFO] [stdout] 
[INFO] [stderr]    Compiling lazy_static v1.1.0
[INFO] [stdout] For more information about this error, try `rustc --explain E0554`.
[INFO] [stdout] 
[INFO] [stderr] error: could not compile `pin-utils` due to 2 previous errors
[INFO] [stderr] warning: build failed, waiting for other jobs to finish...
[INFO] [stdout] error[E0554]: `#![feature]` may not be used on the beta release channel
[INFO] [stdout]  --> libecs/src/lib.rs:1:1
[INFO] [stdout]   |
[INFO] [stdout] 1 | #![feature(generic_associated_types)]
[INFO] [stdout]   | ^^^^^^^^^^^^^^^^^^^^^^^^^^^^^^^^^^^^^
[INFO] [stdout] 
[INFO] [stdout] 
[INFO] [stdout] warning: unused import: `Any`
[INFO] [stdout]  --> libecs/src/component.rs:3:16
[INFO] [stdout]   |
[INFO] [stdout] 3 | use std::any::{Any, TypeId};
[INFO] [stdout]   |                ^^^
[INFO] [stdout]   |
[INFO] [stdout]   = note: `#[warn(unused_imports)]` on by default
[INFO] [stdout] 
[INFO] [stdout] 
[INFO] [stdout] warning: trait objects without an explicit `dyn` are deprecated
[INFO] [stdout]   --> libecs/src/component.rs:14:27
[INFO] [stdout]    |
[INFO] [stdout] 14 | type Components = Vec<Box<Storage>>;
[INFO] [stdout]    |                           ^^^^^^^ help: use `dyn`: `dyn Storage`
[INFO] [stdout]    |
[INFO] [stdout]    = note: `#[warn(bare_trait_objects)]` on by default
[INFO] [stdout]    = warning: this is accepted in the current edition (Rust 2018) but is a hard error in Rust 2021!
[INFO] [stdout]    = note: for more information, see issue #80165 <https://github.com/rust-lang/rust/issues/80165>
[INFO] [stdout] 
[INFO] [stdout] 
[INFO] [stdout] error[E0496]: lifetime name `'a` shadows a lifetime name that is already in scope
[INFO] [stdout]   --> libecs/src/component.rs:87:22
[INFO] [stdout]    |
[INFO] [stdout] 86 | pub trait IComponentGroup<'a>: 'static {
[INFO] [stdout]    |                           -- first declared here
[INFO] [stdout] 87 |     type BuildStream<'a>;
[INFO] [stdout]    |                      ^^ lifetime `'a` already in scope
[INFO] [stdout] 
[INFO] [stdout] 
[INFO] [stdout] error[E0107]: missing generics for associated type `IComponentGroup::BuildStream`
[INFO] [stdout]   --> libecs/src/lib.rs:40:20
[INFO] [stdout]    |
[INFO] [stdout] 40 |         stream: G::BuildStream,
[INFO] [stdout]    |                    ^^^^^^^^^^^ expected 1 lifetime argument
[INFO] [stdout]    |
[INFO] [stdout] note: associated type defined here, with 1 lifetime parameter: `'a`
[INFO] [stdout]   --> libecs/src/component.rs:87:10
[INFO] [stdout]    |
[INFO] [stdout] 87 |     type BuildStream<'a>;
[INFO] [stdout]    |          ^^^^^^^^^^^ --
[INFO] [stdout] help: add missing lifetime argument
[INFO] [stdout]    |
[INFO] [stdout] 40 |         stream: G::BuildStream<'a>,
[INFO] [stdout]    |                    ^^^^^^^^^^^^^^^
[INFO] [stdout] 
[INFO] [stdout] 
[INFO] [stdout] error[E0107]: missing generics for associated type `IComponentGroup::BuildStream`
[INFO] [stdout]   --> libecs/src/component.rs:90:24
[INFO] [stdout]    |
[INFO] [stdout] 90 |         stream: &Self::BuildStream,
[INFO] [stdout]    |                        ^^^^^^^^^^^ expected 1 lifetime argument
[INFO] [stdout]    |
[INFO] [stdout] note: associated type defined here, with 1 lifetime parameter: `'a`
[INFO] [stdout]   --> libecs/src/component.rs:87:10
[INFO] [stdout]    |
[INFO] [stdout] 87 |     type BuildStream<'a>;
[INFO] [stdout]    |          ^^^^^^^^^^^ --
[INFO] [stdout] help: add missing lifetime argument
[INFO] [stdout]    |
[INFO] [stdout] 90 |         stream: &Self::BuildStream<'a>,
[INFO] [stdout]    |                        ^^^^^^^^^^^^^^^
[INFO] [stdout] 
[INFO] [stdout] 
[INFO] [stdout] error[E0107]: missing generics for associated type `IComponentGroup::BuildStream`
[INFO] [stdout]    --> libecs/src/component.rs:105:24
[INFO] [stdout]     |
[INFO] [stdout] 105 |         stream: &Self::BuildStream,
[INFO] [stdout]     |                        ^^^^^^^^^^^ expected 1 lifetime argument
[INFO] [stdout]     |
[INFO] [stdout] note: associated type defined here, with 1 lifetime parameter: `'a`
[INFO] [stdout]    --> libecs/src/component.rs:87:10
[INFO] [stdout]     |
[INFO] [stdout] 87  |     type BuildStream<'a>;
[INFO] [stdout]     |          ^^^^^^^^^^^ --
[INFO] [stdout] help: add missing lifetime argument
[INFO] [stdout]     |
[INFO] [stdout] 105 |         stream: &Self::BuildStream<'a>,
[INFO] [stdout]     |                        ^^^^^^^^^^^^^^^
[INFO] [stdout] 
[INFO] [stdout] 
[INFO] [stdout] error[E0107]: missing generics for associated type `IComponentGroup::BuildStream`
[INFO] [stdout]    --> libecs/src/component.rs:130:24
[INFO] [stdout]     |
[INFO] [stdout] 130 |         stream: &Self::BuildStream,
[INFO] [stdout]     |                        ^^^^^^^^^^^ expected 1 lifetime argument
[INFO] [stdout]     |
[INFO] [stdout] note: associated type defined here, with 1 lifetime parameter: `'a`
[INFO] [stdout]    --> libecs/src/component.rs:87:10
[INFO] [stdout]     |
[INFO] [stdout] 87  |     type BuildStream<'a>;
[INFO] [stdout]     |          ^^^^^^^^^^^ --
[INFO] [stdout] help: add missing lifetime argument
[INFO] [stdout]     |
[INFO] [stdout] 130 |         stream: &Self::BuildStream<'a>,
[INFO] [stdout]     |                        ^^^^^^^^^^^^^^^
[INFO] [stdout] 
[INFO] [stdout] 
[INFO] [stdout] error: aborting due to 6 previous errors; 2 warnings emitted
[INFO] [stdout] 
[INFO] [stdout] 
[INFO] [stdout] Some errors have detailed explanations: E0107, E0496, E0554.
[INFO] [stdout] 
[INFO] [stdout] For more information about an error, try `rustc --explain E0107`.
[INFO] [stdout] 
[INFO] [stderr] error: build failed
[INFO] running `Command { std: "docker" "inspect" "88573f859214ec4f3587fb68cef0f2aa5034f330d35efff639d04aa980a08f7d", kill_on_drop: false }`
[INFO] running `Command { std: "docker" "rm" "-f" "88573f859214ec4f3587fb68cef0f2aa5034f330d35efff639d04aa980a08f7d", kill_on_drop: false }`
[INFO] [stdout] 88573f859214ec4f3587fb68cef0f2aa5034f330d35efff639d04aa980a08f7d
