[INFO] cloning repository https://github.com/mschwaig/tflite-rs-not-building
[INFO] running `Command { std: "git" "-c" "credential.helper=" "-c" "credential.helper=/workspace/cargo-home/bin/git-credential-null" "clone" "--bare" "https://github.com/mschwaig/tflite-rs-not-building" "/workspace/cache/git-repos/https%3A%2F%2Fgithub.com%2Fmschwaig%2Ftflite-rs-not-building", kill_on_drop: false }`
[INFO] [stderr] Cloning into bare repository '/workspace/cache/git-repos/https%3A%2F%2Fgithub.com%2Fmschwaig%2Ftflite-rs-not-building'...
[INFO] running `Command { std: "git" "rev-parse" "HEAD", kill_on_drop: false }`
[INFO] [stdout] 4fea674813224d8a91cfa0fa3c4c941f4bf63f75
[INFO] testing mschwaig/tflite-rs-not-building against beta-2021-08-01 for beta-1.55-1
[INFO] running `Command { std: "git" "clone" "/workspace/cache/git-repos/https%3A%2F%2Fgithub.com%2Fmschwaig%2Ftflite-rs-not-building" "/workspace/builds/worker-15/source", kill_on_drop: false }`
[INFO] [stderr] Cloning into '/workspace/builds/worker-15/source'...
[INFO] [stderr] done.
[INFO] validating manifest of git repo https://github.com/mschwaig/tflite-rs-not-building on toolchain beta-2021-08-01
[INFO] running `Command { std: "/workspace/cargo-home/bin/cargo" "+beta-2021-08-01" "metadata" "--manifest-path" "Cargo.toml" "--no-deps", kill_on_drop: false }`
[INFO] started tweaking git repo https://github.com/mschwaig/tflite-rs-not-building
[INFO] finished tweaking git repo https://github.com/mschwaig/tflite-rs-not-building
[INFO] tweaked toml for git repo https://github.com/mschwaig/tflite-rs-not-building written to /workspace/builds/worker-15/source/Cargo.toml
[INFO] crate git repo https://github.com/mschwaig/tflite-rs-not-building already has a lockfile, it will not be regenerated
[INFO] running `Command { std: "/workspace/cargo-home/bin/cargo" "+beta-2021-08-01" "fetch" "--manifest-path" "Cargo.toml", kill_on_drop: false }`
[INFO] [stderr]     Updating git repository `https://github.com/mschwaig/tflite-rs.git`
[INFO] [stderr]     Updating git submodule `https://github.com/mschwaig/tflite-rs-downloads`
[INFO] [stderr]     Updating git submodule `https://github.com/mschwaig/tensorflow.git`
[INFO] [stderr]  Downloading crates ...
[INFO] [stderr]   Downloaded cpp_macros v0.5.6
[INFO] [stderr]   Downloaded cpp_common v0.5.6
[INFO] [stderr]   Downloaded bindgen v0.55.1
[INFO] [stderr]   Downloaded if_rust_version v1.0.0
[INFO] [stderr]   Downloaded cpp v0.5.6
[INFO] [stderr]   Downloaded cpp_build v0.5.6
[INFO] running `Command { std: "docker" "create" "-v" "/var/lib/crater-agent-workspace/builds/worker-15/target:/opt/rustwide/target:rw,Z" "-v" "/var/lib/crater-agent-workspace/builds/worker-15/source:/opt/rustwide/workdir:ro,Z" "-v" "/var/lib/crater-agent-workspace/cargo-home:/opt/rustwide/cargo-home:ro,Z" "-v" "/var/lib/crater-agent-workspace/rustup-home:/opt/rustwide/rustup-home:ro,Z" "-e" "SOURCE_DIR=/opt/rustwide/workdir" "-e" "CARGO_TARGET_DIR=/opt/rustwide/target" "-e" "CARGO_HOME=/opt/rustwide/cargo-home" "-e" "RUSTUP_HOME=/opt/rustwide/rustup-home" "-w" "/opt/rustwide/workdir" "-m" "1610612736" "--user" "0:0" "--network" "none" "ghcr.io/rust-lang/crates-build-env/linux@sha256:34b6a614d2c27851fe6cbf88fbd1137609cefab8b10d0615aaeb6fd47975d74e" "/opt/rustwide/cargo-home/bin/cargo" "+beta-2021-08-01" "metadata" "--no-deps" "--format-version=1", kill_on_drop: false }`
[INFO] [stdout] 1c710d1cc6bc1ababed131ccb688a87cf3150a2192b4a996b0545447d6d4b7ba
[INFO] running `Command { std: "docker" "start" "-a" "1c710d1cc6bc1ababed131ccb688a87cf3150a2192b4a996b0545447d6d4b7ba", kill_on_drop: false }`
[INFO] running `Command { std: "docker" "inspect" "1c710d1cc6bc1ababed131ccb688a87cf3150a2192b4a996b0545447d6d4b7ba", kill_on_drop: false }`
[INFO] running `Command { std: "docker" "rm" "-f" "1c710d1cc6bc1ababed131ccb688a87cf3150a2192b4a996b0545447d6d4b7ba", kill_on_drop: false }`
[INFO] [stdout] 1c710d1cc6bc1ababed131ccb688a87cf3150a2192b4a996b0545447d6d4b7ba
[INFO] running `Command { std: "docker" "create" "-v" "/var/lib/crater-agent-workspace/builds/worker-15/target:/opt/rustwide/target:rw,Z" "-v" "/var/lib/crater-agent-workspace/builds/worker-15/source:/opt/rustwide/workdir:ro,Z" "-v" "/var/lib/crater-agent-workspace/cargo-home:/opt/rustwide/cargo-home:ro,Z" "-v" "/var/lib/crater-agent-workspace/rustup-home:/opt/rustwide/rustup-home:ro,Z" "-e" "SOURCE_DIR=/opt/rustwide/workdir" "-e" "CARGO_TARGET_DIR=/opt/rustwide/target" "-e" "CARGO_INCREMENTAL=0" "-e" "RUST_BACKTRACE=full" "-e" "RUSTFLAGS=--cap-lints=warn" "-e" "CARGO_HOME=/opt/rustwide/cargo-home" "-e" "RUSTUP_HOME=/opt/rustwide/rustup-home" "-w" "/opt/rustwide/workdir" "-m" "1610612736" "--user" "0:0" "--network" "none" "ghcr.io/rust-lang/crates-build-env/linux@sha256:34b6a614d2c27851fe6cbf88fbd1137609cefab8b10d0615aaeb6fd47975d74e" "/opt/rustwide/cargo-home/bin/cargo" "+beta-2021-08-01" "build" "--frozen" "--message-format=json", kill_on_drop: false }`
[INFO] [stdout] 6d93a48074e70f3630434f25a041320c95c8038a2c5ada08d42cbdb669f16da7
[INFO] running `Command { std: "docker" "start" "-a" "6d93a48074e70f3630434f25a041320c95c8038a2c5ada08d42cbdb669f16da7", kill_on_drop: false }`
[INFO] [stderr]    Compiling memchr v2.4.0
[INFO] [stderr]    Compiling proc-macro2 v1.0.26
[INFO] [stderr]    Compiling libc v0.2.94
[INFO] [stderr]    Compiling syn v1.0.72
[INFO] [stderr]    Compiling version_check v0.9.3
[INFO] [stderr]    Compiling glob v0.3.0
[INFO] [stderr]    Compiling regex-syntax v0.6.25
[INFO] [stderr]    Compiling log v0.4.14
[INFO] [stderr]    Compiling quick-error v1.2.3
[INFO] [stderr]    Compiling termcolor v1.1.2
[INFO] [stderr]    Compiling bindgen v0.55.1
[INFO] [stderr]    Compiling strsim v0.8.0
[INFO] [stderr]    Compiling if_rust_version v1.0.0
[INFO] [stderr]    Compiling peeking_take_while v0.1.2
[INFO] [stderr]    Compiling cc v1.0.67
[INFO] [stderr]    Compiling shlex v0.1.1
[INFO] [stderr]    Compiling fs_extra v1.2.0
[INFO] [stderr]    Compiling byteorder v1.4.3
[INFO] [stderr]    Compiling maybe-owned v0.3.4
[INFO] [stderr]    Compiling textwrap v0.11.0
[INFO] [stderr]    Compiling libloading v0.7.0
[INFO] [stderr]    Compiling humantime v1.3.0
[INFO] [stderr]    Compiling nom v5.1.2
[INFO] [stderr]    Compiling clang-sys v1.2.0
[INFO] [stderr]    Compiling aho-corasick v0.7.18
[INFO] [stderr]    Compiling quote v1.0.9
[INFO] [stderr]    Compiling atty v0.2.14
[INFO] [stderr]    Compiling which v3.1.1
[INFO] [stderr]    Compiling clap v2.33.3
[INFO] [stderr]    Compiling regex v1.5.4
[INFO] [stderr]    Compiling cexpr v0.4.0
[INFO] [stderr]    Compiling env_logger v0.7.1
[INFO] [stderr]    Compiling cpp_common v0.5.6
[INFO] [stderr]    Compiling cpp_build v0.5.6
[INFO] [stderr]    Compiling thiserror-impl v1.0.24
[INFO] [stderr]    Compiling cpp_macros v0.5.6
[INFO] [stderr]    Compiling tflite v0.9.5 (https://github.com/mschwaig/tflite-rs.git?branch=stop-rewriting-flattbuffers-test#c1699560)
[INFO] [stderr]    Compiling cpp v0.5.6
[INFO] [stderr]    Compiling thiserror v1.0.24
[INFO] [stderr] error: failed to run custom build command for `tflite v0.9.5 (https://github.com/mschwaig/tflite-rs.git?branch=stop-rewriting-flattbuffers-test#c1699560)`
[INFO] [stderr] 
[INFO] [stderr] Caused by:
[INFO] [stderr]   process didn't exit successfully: `/opt/rustwide/target/debug/build/tflite-2140731e7e87893c/build-script-build` (exit status: 101)
[INFO] [stderr]   --- stdout
[INFO] [stderr]   TARGET = Some("x86_64-unknown-linux-gnu")
[INFO] [stderr]   HOST = Some("x86_64-unknown-linux-gnu")
[INFO] [stderr]   CXX_x86_64-unknown-linux-gnu = None
[INFO] [stderr]   CXX_x86_64_unknown_linux_gnu = None
[INFO] [stderr]   HOST_CXX = None
[INFO] [stderr]   CXX = None
[INFO] [stderr]   CXXFLAGS_x86_64-unknown-linux-gnu = None
[INFO] [stderr]   CXXFLAGS_x86_64_unknown_linux_gnu = None
[INFO] [stderr]   HOST_CXXFLAGS = None
[INFO] [stderr]   CXXFLAGS = None
[INFO] [stderr]   CRATE_CC_NO_DEFAULTS = None
[INFO] [stderr]   CARGO_CFG_TARGET_FEATURE = Some("fxsr,sse,sse2")
[INFO] [stderr]   running: "c++" "-O0" "-ffunction-sections" "-fdata-sections" "-fPIC" "-g" "-fno-omit-frame-pointer" "-m64" "-I" "/opt/rustwide/cargo-home/git/checkouts/tflite-rs-761d8e5ecfbeed72/c169956" "-I" "/opt/rustwide/cargo-home/git/checkouts/tflite-rs-761d8e5ecfbeed72/c169956/submodules/tensorflow" "-I" "/opt/rustwide/cargo-home/git/checkouts/tflite-rs-761d8e5ecfbeed72/c169956/submodules/downloads/flatbuffers/include" "-Wall" "-Wextra" "-fPIC" "-std=c++14" "-Wno-sign-compare" "-DGEMMLOWP_ALLOW_SLOW_SCALAR_FALLBACK" "-DFLATBUFFERS_POLYMORPHIC_NATIVETABLE" "-o" "/opt/rustwide/target/debug/build/tflite-2f56834fa74b60a2/out/rust_cpp/cpp_closures.o" "-c" "/opt/rustwide/target/debug/build/tflite-2f56834fa74b60a2/out/rust_cpp/cpp_closures.cpp"
[INFO] [stderr]   exit status: 0
[INFO] [stderr]   AR_x86_64-unknown-linux-gnu = None
[INFO] [stderr]   AR_x86_64_unknown_linux_gnu = None
[INFO] [stderr]   HOST_AR = None
[INFO] [stderr]   AR = None
[INFO] [stderr]   running: "ar" "cq" "/opt/rustwide/target/debug/build/tflite-2f56834fa74b60a2/out/librust_cpp_generated.a" "/opt/rustwide/target/debug/build/tflite-2f56834fa74b60a2/out/rust_cpp/cpp_closures.o"
[INFO] [stderr]   exit status: 0
[INFO] [stderr]   running: "ar" "s" "/opt/rustwide/target/debug/build/tflite-2f56834fa74b60a2/out/librust_cpp_generated.a"
[INFO] [stderr]   exit status: 0
[INFO] [stderr]   cargo:rustc-link-lib=static=rust_cpp_generated
[INFO] [stderr]   cargo:rustc-link-search=native=/opt/rustwide/target/debug/build/tflite-2f56834fa74b60a2/out
[INFO] [stderr]   CXXSTDLIB_x86_64-unknown-linux-gnu = None
[INFO] [stderr]   CXXSTDLIB_x86_64_unknown_linux_gnu = None
[INFO] [stderr]   HOST_CXXSTDLIB = None
[INFO] [stderr]   CXXSTDLIB = None
[INFO] [stderr]   cargo:rustc-link-lib=stdc++
[INFO] [stderr]   Moving tflite source
[INFO] [stderr]   Moving source took 2.664865514s
[INFO] [stderr]   Building tflite
[INFO] [stderr]   cargo:rerun-if-env-changed=TFLITE_RS_MAKE_TARGET
[INFO] [stderr]   cargo:rerun-if-env-changed=TFLITE_RS_MAKE_TARGET_ARCH
[INFO] [stderr]   cargo:rerun-if-env-changed=TFLITE_RS_MAKE_TARGET_TOOLCHAIN_PREFIX
[INFO] [stderr]   cargo:rerun-if-env-changed=TFLITE_RS_MAKE_EXTRA_CFLAGS
[INFO] [stderr]   g++ -O3 -DNDEBUG -fPIC  --std=c++11 -fPIC -DGEMMLOWP_ALLOW_SLOW_SCALAR_FALLBACK -pthread -I. -I/opt/rustwide/target/debug/build/tflite-2f56834fa74b60a2/out/tensorflow/tensorflow/lite/tools/make/../../../../../ -I/opt/rustwide/target/debug/build/tflite-2f56834fa74b60a2/out/tensorflow/tensorflow/lite/tools/make/../../../../../../ -I/opt/rustwide/target/debug/build/tflite-2f56834fa74b60a2/out/tensorflow/tensorflow/lite/tools/make/downloads/ -I/opt/rustwide/target/debug/build/tflite-2f56834fa74b60a2/out/tensorflow/tensorflow/lite/tools/make/downloads/eigen -I/opt/rustwide/target/debug/build/tflite-2f56834fa74b60a2/out/tensorflow/tensorflow/lite/tools/make/downloads/absl -I/opt/rustwide/target/debug/build/tflite-2f56834fa74b60a2/out/tensorflow/tensorflow/lite/tools/make/downloads/gemmlowp -I/opt/rustwide/target/debug/build/tflite-2f56834fa74b60a2/out/tensorflow/tensorflow/lite/tools/make/downloads/neon_2_sse -I/opt/rustwide/target/debug/build/tflite-2f56834fa74b60a2/out/tensorflow/tensorflow/lite/tools/make/downloads/farmhash/src -I/opt/rustwide/target/debug/build/tflite-2f56834fa74b60a2/out/tensorflow/tensorflow/lite/tools/make/downloads/flatbuffers/include -I -I/usr/local/include -c tensorflow/lite/allocation.cc -o /opt/rustwide/target/debug/build/tflite-2f56834fa74b60a2/out/tensorflow/tensorflow/lite/tools/make/gen/linux_x86_64/obj/tensorflow/lite/allocation.o
[INFO] [stderr]   g++ -O3 -DNDEBUG -fPIC  --std=c++11 -fPIC -DGEMMLOWP_ALLOW_SLOW_SCALAR_FALLBACK -pthread -I. -I/opt/rustwide/target/debug/build/tflite-2f56834fa74b60a2/out/tensorflow/tensorflow/lite/tools/make/../../../../../ -I/opt/rustwide/target/debug/build/tflite-2f56834fa74b60a2/out/tensorflow/tensorflow/lite/tools/make/../../../../../../ -I/opt/rustwide/target/debug/build/tflite-2f56834fa74b60a2/out/tensorflow/tensorflow/lite/tools/make/downloads/ -I/opt/rustwide/target/debug/build/tflite-2f56834fa74b60a2/out/tensorflow/tensorflow/lite/tools/make/downloads/eigen -I/opt/rustwide/target/debug/build/tflite-2f56834fa74b60a2/out/tensorflow/tensorflow/lite/tools/make/downloads/absl -I/opt/rustwide/target/debug/build/tflite-2f56834fa74b60a2/out/tensorflow/tensorflow/lite/tools/make/downloads/gemmlowp -I/opt/rustwide/target/debug/build/tflite-2f56834fa74b60a2/out/tensorflow/tensorflow/lite/tools/make/downloads/neon_2_sse -I/opt/rustwide/target/debug/build/tflite-2f56834fa74b60a2/out/tensorflow/tensorflow/lite/tools/make/downloads/farmhash/src -I/opt/rustwide/target/debug/build/tflite-2f56834fa74b60a2/out/tensorflow/tensorflow/lite/tools/make/downloads/flatbuffers/include -I -I/usr/local/include -c tensorflow/lite/arena_planner.cc -o /opt/rustwide/target/debug/build/tflite-2f56834fa74b60a2/out/tensorflow/tensorflow/lite/tools/make/gen/linux_x86_64/obj/tensorflow/lite/arena_planner.o
[INFO] [stderr]   gcc -O3 -DNDEBUG -fPIC  -fPIC -DGEMMLOWP_ALLOW_SLOW_SCALAR_FALLBACK -pthread     -I. -I/opt/rustwide/target/debug/build/tflite-2f56834fa74b60a2/out/tensorflow/tensorflow/lite/tools/make/../../../../../ -I/opt/rustwide/target/debug/build/tflite-2f56834fa74b60a2/out/tensorflow/tensorflow/lite/tools/make/../../../../../../ -I/opt/rustwide/target/debug/build/tflite-2f56834fa74b60a2/out/tensorflow/tensorflow/lite/tools/make/downloads/ -I/opt/rustwide/target/debug/build/tflite-2f56834fa74b60a2/out/tensorflow/tensorflow/lite/tools/make/downloads/eigen -I/opt/rustwide/target/debug/build/tflite-2f56834fa74b60a2/out/tensorflow/tensorflow/lite/tools/make/downloads/absl -I/opt/rustwide/target/debug/build/tflite-2f56834fa74b60a2/out/tensorflow/tensorflow/lite/tools/make/downloads/gemmlowp -I/opt/rustwide/target/debug/build/tflite-2f56834fa74b60a2/out/tensorflow/tensorflow/lite/tools/make/downloads/neon_2_sse -I/opt/rustwide/target/debug/build/tflite-2f56834fa74b60a2/out/tensorflow/tensorflow/lite/tools/make/downloads/farmhash/src -I/opt/rustwide/target/debug/build/tflite-2f56834fa74b60a2/out/tensorflow/tensorflow/lite/tools/make/downloads/flatbuffers/include -I -I/usr/local/include -c tensorflow/lite/c/c_api_internal.c -o /opt/rustwide/target/debug/build/tflite-2f56834fa74b60a2/out/tensorflow/tensorflow/lite/tools/make/gen/linux_x86_64/obj/tensorflow/lite/c/c_api_internal.o
[INFO] [stderr]   g++ -O3 -DNDEBUG -fPIC  --std=c++11 -fPIC -DGEMMLOWP_ALLOW_SLOW_SCALAR_FALLBACK -pthread -I. -I/opt/rustwide/target/debug/build/tflite-2f56834fa74b60a2/out/tensorflow/tensorflow/lite/tools/make/../../../../../ -I/opt/rustwide/target/debug/build/tflite-2f56834fa74b60a2/out/tensorflow/tensorflow/lite/tools/make/../../../../../../ -I/opt/rustwide/target/debug/build/tflite-2f56834fa74b60a2/out/tensorflow/tensorflow/lite/tools/make/downloads/ -I/opt/rustwide/target/debug/build/tflite-2f56834fa74b60a2/out/tensorflow/tensorflow/lite/tools/make/downloads/eigen -I/opt/rustwide/target/debug/build/tflite-2f56834fa74b60a2/out/tensorflow/tensorflow/lite/tools/make/downloads/absl -I/opt/rustwide/target/debug/build/tflite-2f56834fa74b60a2/out/tensorflow/tensorflow/lite/tools/make/downloads/gemmlowp -I/opt/rustwide/target/debug/build/tflite-2f56834fa74b60a2/out/tensorflow/tensorflow/lite/tools/make/downloads/neon_2_sse -I/opt/rustwide/target/debug/build/tflite-2f56834fa74b60a2/out/tensorflow/tensorflow/lite/tools/make/downloads/farmhash/src -I/opt/rustwide/target/debug/build/tflite-2f56834fa74b60a2/out/tensorflow/tensorflow/lite/tools/make/downloads/flatbuffers/include -I -I/usr/local/include -c tensorflow/lite/core/api/error_reporter.cc -o /opt/rustwide/target/debug/build/tflite-2f56834fa74b60a2/out/tensorflow/tensorflow/lite/tools/make/gen/linux_x86_64/obj/tensorflow/lite/core/api/error_reporter.o
[INFO] [stderr]   g++ -O3 -DNDEBUG -fPIC  --std=c++11 -fPIC -DGEMMLOWP_ALLOW_SLOW_SCALAR_FALLBACK -pthread -I. -I/opt/rustwide/target/debug/build/tflite-2f56834fa74b60a2/out/tensorflow/tensorflow/lite/tools/make/../../../../../ -I/opt/rustwide/target/debug/build/tflite-2f56834fa74b60a2/out/tensorflow/tensorflow/lite/tools/make/../../../../../../ -I/opt/rustwide/target/debug/build/tflite-2f56834fa74b60a2/out/tensorflow/tensorflow/lite/tools/make/downloads/ -I/opt/rustwide/target/debug/build/tflite-2f56834fa74b60a2/out/tensorflow/tensorflow/lite/tools/make/downloads/eigen -I/opt/rustwide/target/debug/build/tflite-2f56834fa74b60a2/out/tensorflow/tensorflow/lite/tools/make/downloads/absl -I/opt/rustwide/target/debug/build/tflite-2f56834fa74b60a2/out/tensorflow/tensorflow/lite/tools/make/downloads/gemmlowp -I/opt/rustwide/target/debug/build/tflite-2f56834fa74b60a2/out/tensorflow/tensorflow/lite/tools/make/downloads/neon_2_sse -I/opt/rustwide/target/debug/build/tflite-2f56834fa74b60a2/out/tensorflow/tensorflow/lite/tools/make/downloads/farmhash/src -I/opt/rustwide/target/debug/build/tflite-2f56834fa74b60a2/out/tensorflow/tensorflow/lite/tools/make/downloads/flatbuffers/include -I -I/usr/local/include -c tensorflow/lite/core/api/flatbuffer_conversions.cc -o /opt/rustwide/target/debug/build/tflite-2f56834fa74b60a2/out/tensorflow/tensorflow/lite/tools/make/gen/linux_x86_64/obj/tensorflow/lite/core/api/flatbuffer_conversions.o
[INFO] [stderr]   g++ -O3 -DNDEBUG -fPIC  --std=c++11 -fPIC -DGEMMLOWP_ALLOW_SLOW_SCALAR_FALLBACK -pthread -I. -I/opt/rustwide/target/debug/build/tflite-2f56834fa74b60a2/out/tensorflow/tensorflow/lite/tools/make/../../../../../ -I/opt/rustwide/target/debug/build/tflite-2f56834fa74b60a2/out/tensorflow/tensorflow/lite/tools/make/../../../../../../ -I/opt/rustwide/target/debug/build/tflite-2f56834fa74b60a2/out/tensorflow/tensorflow/lite/tools/make/downloads/ -I/opt/rustwide/target/debug/build/tflite-2f56834fa74b60a2/out/tensorflow/tensorflow/lite/tools/make/downloads/eigen -I/opt/rustwide/target/debug/build/tflite-2f56834fa74b60a2/out/tensorflow/tensorflow/lite/tools/make/downloads/absl -I/opt/rustwide/target/debug/build/tflite-2f56834fa74b60a2/out/tensorflow/tensorflow/lite/tools/make/downloads/gemmlowp -I/opt/rustwide/target/debug/build/tflite-2f56834fa74b60a2/out/tensorflow/tensorflow/lite/tools/make/downloads/neon_2_sse -I/opt/rustwide/target/debug/build/tflite-2f56834fa74b60a2/out/tensorflow/tensorflow/lite/tools/make/downloads/farmhash/src -I/opt/rustwide/target/debug/build/tflite-2f56834fa74b60a2/out/tensorflow/tensorflow/lite/tools/make/downloads/flatbuffers/include -I -I/usr/local/include -c tensorflow/lite/core/api/op_resolver.cc -o /opt/rustwide/target/debug/build/tflite-2f56834fa74b60a2/out/tensorflow/tensorflow/lite/tools/make/gen/linux_x86_64/obj/tensorflow/lite/core/api/op_resolver.o
[INFO] [stderr]   g++ -O3 -DNDEBUG -fPIC  --std=c++11 -fPIC -DGEMMLOWP_ALLOW_SLOW_SCALAR_FALLBACK -pthread -I. -I/opt/rustwide/target/debug/build/tflite-2f56834fa74b60a2/out/tensorflow/tensorflow/lite/tools/make/../../../../../ -I/opt/rustwide/target/debug/build/tflite-2f56834fa74b60a2/out/tensorflow/tensorflow/lite/tools/make/../../../../../../ -I/opt/rustwide/target/debug/build/tflite-2f56834fa74b60a2/out/tensorflow/tensorflow/lite/tools/make/downloads/ -I/opt/rustwide/target/debug/build/tflite-2f56834fa74b60a2/out/tensorflow/tensorflow/lite/tools/make/downloads/eigen -I/opt/rustwide/target/debug/build/tflite-2f56834fa74b60a2/out/tensorflow/tensorflow/lite/tools/make/downloads/absl -I/opt/rustwide/target/debug/build/tflite-2f56834fa74b60a2/out/tensorflow/tensorflow/lite/tools/make/downloads/gemmlowp -I/opt/rustwide/target/debug/build/tflite-2f56834fa74b60a2/out/tensorflow/tensorflow/lite/tools/make/downloads/neon_2_sse -I/opt/rustwide/target/debug/build/tflite-2f56834fa74b60a2/out/tensorflow/tensorflow/lite/tools/make/downloads/farmhash/src -I/opt/rustwide/target/debug/build/tflite-2f56834fa74b60a2/out/tensorflow/tensorflow/lite/tools/make/downloads/flatbuffers/include -I -I/usr/local/include -c tensorflow/lite/core/subgraph.cc -o /opt/rustwide/target/debug/build/tflite-2f56834fa74b60a2/out/tensorflow/tensorflow/lite/tools/make/gen/linux_x86_64/obj/tensorflow/lite/core/subgraph.o
[INFO] [stderr]   g++ -O3 -DNDEBUG -fPIC  --std=c++11 -fPIC -DGEMMLOWP_ALLOW_SLOW_SCALAR_FALLBACK -pthread -I. -I/opt/rustwide/target/debug/build/tflite-2f56834fa74b60a2/out/tensorflow/tensorflow/lite/tools/make/../../../../../ -I/opt/rustwide/target/debug/build/tflite-2f56834fa74b60a2/out/tensorflow/tensorflow/lite/tools/make/../../../../../../ -I/opt/rustwide/target/debug/build/tflite-2f56834fa74b60a2/out/tensorflow/tensorflow/lite/tools/make/downloads/ -I/opt/rustwide/target/debug/build/tflite-2f56834fa74b60a2/out/tensorflow/tensorflow/lite/tools/make/downloads/eigen -I/opt/rustwide/target/debug/build/tflite-2f56834fa74b60a2/out/tensorflow/tensorflow/lite/tools/make/downloads/absl -I/opt/rustwide/target/debug/build/tflite-2f56834fa74b60a2/out/tensorflow/tensorflow/lite/tools/make/downloads/gemmlowp -I/opt/rustwide/target/debug/build/tflite-2f56834fa74b60a2/out/tensorflow/tensorflow/lite/tools/make/downloads/neon_2_sse -I/opt/rustwide/target/debug/build/tflite-2f56834fa74b60a2/out/tensorflow/tensorflow/lite/tools/make/downloads/farmhash/src -I/opt/rustwide/target/debug/build/tflite-2f56834fa74b60a2/out/tensorflow/tensorflow/lite/tools/make/downloads/flatbuffers/include -I -I/usr/local/include -c tensorflow/lite/experimental/resource_variable/resource_variable.cc -o /opt/rustwide/target/debug/build/tflite-2f56834fa74b60a2/out/tensorflow/tensorflow/lite/tools/make/gen/linux_x86_64/obj/tensorflow/lite/experimental/resource_variable/*.o
[INFO] [stderr]   g++ -O3 -DNDEBUG -fPIC  --std=c++11 -fPIC -DGEMMLOWP_ALLOW_SLOW_SCALAR_FALLBACK -pthread -I. -I/opt/rustwide/target/debug/build/tflite-2f56834fa74b60a2/out/tensorflow/tensorflow/lite/tools/make/../../../../../ -I/opt/rustwide/target/debug/build/tflite-2f56834fa74b60a2/out/tensorflow/tensorflow/lite/tools/make/../../../../../../ -I/opt/rustwide/target/debug/build/tflite-2f56834fa74b60a2/out/tensorflow/tensorflow/lite/tools/make/downloads/ -I/opt/rustwide/target/debug/build/tflite-2f56834fa74b60a2/out/tensorflow/tensorflow/lite/tools/make/downloads/eigen -I/opt/rustwide/target/debug/build/tflite-2f56834fa74b60a2/out/tensorflow/tensorflow/lite/tools/make/downloads/absl -I/opt/rustwide/target/debug/build/tflite-2f56834fa74b60a2/out/tensorflow/tensorflow/lite/tools/make/downloads/gemmlowp -I/opt/rustwide/target/debug/build/tflite-2f56834fa74b60a2/out/tensorflow/tensorflow/lite/tools/make/downloads/neon_2_sse -I/opt/rustwide/target/debug/build/tflite-2f56834fa74b60a2/out/tensorflow/tensorflow/lite/tools/make/downloads/farmhash/src -I/opt/rustwide/target/debug/build/tflite-2f56834fa74b60a2/out/tensorflow/tensorflow/lite/tools/make/downloads/flatbuffers/include -I -I/usr/local/include -c tensorflow/lite/experimental/ruy/allocator.cc -o /opt/rustwide/target/debug/build/tflite-2f56834fa74b60a2/out/tensorflow/tensorflow/lite/tools/make/gen/linux_x86_64/obj/tensorflow/lite/experimental/ruy/allocator.o
[INFO] [stderr]   g++ -O3 -DNDEBUG -fPIC  --std=c++11 -fPIC -DGEMMLOWP_ALLOW_SLOW_SCALAR_FALLBACK -pthread -I. -I/opt/rustwide/target/debug/build/tflite-2f56834fa74b60a2/out/tensorflow/tensorflow/lite/tools/make/../../../../../ -I/opt/rustwide/target/debug/build/tflite-2f56834fa74b60a2/out/tensorflow/tensorflow/lite/tools/make/../../../../../../ -I/opt/rustwide/target/debug/build/tflite-2f56834fa74b60a2/out/tensorflow/tensorflow/lite/tools/make/downloads/ -I/opt/rustwide/target/debug/build/tflite-2f56834fa74b60a2/out/tensorflow/tensorflow/lite/tools/make/downloads/eigen -I/opt/rustwide/target/debug/build/tflite-2f56834fa74b60a2/out/tensorflow/tensorflow/lite/tools/make/downloads/absl -I/opt/rustwide/target/debug/build/tflite-2f56834fa74b60a2/out/tensorflow/tensorflow/lite/tools/make/downloads/gemmlowp -I/opt/rustwide/target/debug/build/tflite-2f56834fa74b60a2/out/tensorflow/tensorflow/lite/tools/make/downloads/neon_2_sse -I/opt/rustwide/target/debug/build/tflite-2f56834fa74b60a2/out/tensorflow/tensorflow/lite/tools/make/downloads/farmhash/src -I/opt/rustwide/target/debug/build/tflite-2f56834fa74b60a2/out/tensorflow/tensorflow/lite/tools/make/downloads/flatbuffers/include -I -I/usr/local/include -c tensorflow/lite/experimental/ruy/block_map.cc -o /opt/rustwide/target/debug/build/tflite-2f56834fa74b60a2/out/tensorflow/tensorflow/lite/tools/make/gen/linux_x86_64/obj/tensorflow/lite/experimental/ruy/block_map.o
[INFO] [stderr]   g++ -O3 -DNDEBUG -fPIC  --std=c++11 -fPIC -DGEMMLOWP_ALLOW_SLOW_SCALAR_FALLBACK -pthread -I. -I/opt/rustwide/target/debug/build/tflite-2f56834fa74b60a2/out/tensorflow/tensorflow/lite/tools/make/../../../../../ -I/opt/rustwide/target/debug/build/tflite-2f56834fa74b60a2/out/tensorflow/tensorflow/lite/tools/make/../../../../../../ -I/opt/rustwide/target/debug/build/tflite-2f56834fa74b60a2/out/tensorflow/tensorflow/lite/tools/make/downloads/ -I/opt/rustwide/target/debug/build/tflite-2f56834fa74b60a2/out/tensorflow/tensorflow/lite/tools/make/downloads/eigen -I/opt/rustwide/target/debug/build/tflite-2f56834fa74b60a2/out/tensorflow/tensorflow/lite/tools/make/downloads/absl -I/opt/rustwide/target/debug/build/tflite-2f56834fa74b60a2/out/tensorflow/tensorflow/lite/tools/make/downloads/gemmlowp -I/opt/rustwide/target/debug/build/tflite-2f56834fa74b60a2/out/tensorflow/tensorflow/lite/tools/make/downloads/neon_2_sse -I/opt/rustwide/target/debug/build/tflite-2f56834fa74b60a2/out/tensorflow/tensorflow/lite/tools/make/downloads/farmhash/src -I/opt/rustwide/target/debug/build/tflite-2f56834fa74b60a2/out/tensorflow/tensorflow/lite/tools/make/downloads/flatbuffers/include -I -I/usr/local/include -c tensorflow/lite/experimental/ruy/blocking_counter.cc -o /opt/rustwide/target/debug/build/tflite-2f56834fa74b60a2/out/tensorflow/tensorflow/lite/tools/make/gen/linux_x86_64/obj/tensorflow/lite/experimental/ruy/blocking_counter.o
[INFO] [stderr]   g++ -O3 -DNDEBUG -fPIC  --std=c++11 -fPIC -DGEMMLOWP_ALLOW_SLOW_SCALAR_FALLBACK -pthread -I. -I/opt/rustwide/target/debug/build/tflite-2f56834fa74b60a2/out/tensorflow/tensorflow/lite/tools/make/../../../../../ -I/opt/rustwide/target/debug/build/tflite-2f56834fa74b60a2/out/tensorflow/tensorflow/lite/tools/make/../../../../../../ -I/opt/rustwide/target/debug/build/tflite-2f56834fa74b60a2/out/tensorflow/tensorflow/lite/tools/make/downloads/ -I/opt/rustwide/target/debug/build/tflite-2f56834fa74b60a2/out/tensorflow/tensorflow/lite/tools/make/downloads/eigen -I/opt/rustwide/target/debug/build/tflite-2f56834fa74b60a2/out/tensorflow/tensorflow/lite/tools/make/downloads/absl -I/opt/rustwide/target/debug/build/tflite-2f56834fa74b60a2/out/tensorflow/tensorflow/lite/tools/make/downloads/gemmlowp -I/opt/rustwide/target/debug/build/tflite-2f56834fa74b60a2/out/tensorflow/tensorflow/lite/tools/make/downloads/neon_2_sse -I/opt/rustwide/target/debug/build/tflite-2f56834fa74b60a2/out/tensorflow/tensorflow/lite/tools/make/downloads/farmhash/src -I/opt/rustwide/target/debug/build/tflite-2f56834fa74b60a2/out/tensorflow/tensorflow/lite/tools/make/downloads/flatbuffers/include -I -I/usr/local/include -c tensorflow/lite/experimental/ruy/context.cc -o /opt/rustwide/target/debug/build/tflite-2f56834fa74b60a2/out/tensorflow/tensorflow/lite/tools/make/gen/linux_x86_64/obj/tensorflow/lite/experimental/ruy/context.o
[INFO] [stderr]   g++ -O3 -DNDEBUG -fPIC  --std=c++11 -fPIC -DGEMMLOWP_ALLOW_SLOW_SCALAR_FALLBACK -pthread -I. -I/opt/rustwide/target/debug/build/tflite-2f56834fa74b60a2/out/tensorflow/tensorflow/lite/tools/make/../../../../../ -I/opt/rustwide/target/debug/build/tflite-2f56834fa74b60a2/out/tensorflow/tensorflow/lite/tools/make/../../../../../../ -I/opt/rustwide/target/debug/build/tflite-2f56834fa74b60a2/out/tensorflow/tensorflow/lite/tools/make/downloads/ -I/opt/rustwide/target/debug/build/tflite-2f56834fa74b60a2/out/tensorflow/tensorflow/lite/tools/make/downloads/eigen -I/opt/rustwide/target/debug/build/tflite-2f56834fa74b60a2/out/tensorflow/tensorflow/lite/tools/make/downloads/absl -I/opt/rustwide/target/debug/build/tflite-2f56834fa74b60a2/out/tensorflow/tensorflow/lite/tools/make/downloads/gemmlowp -I/opt/rustwide/target/debug/build/tflite-2f56834fa74b60a2/out/tensorflow/tensorflow/lite/tools/make/downloads/neon_2_sse -I/opt/rustwide/target/debug/build/tflite-2f56834fa74b60a2/out/tensorflow/tensorflow/lite/tools/make/downloads/farmhash/src -I/opt/rustwide/target/debug/build/tflite-2f56834fa74b60a2/out/tensorflow/tensorflow/lite/tools/make/downloads/flatbuffers/include -I -I/usr/local/include -c tensorflow/lite/experimental/ruy/detect_dotprod.cc -o /opt/rustwide/target/debug/build/tflite-2f56834fa74b60a2/out/tensorflow/tensorflow/lite/tools/make/gen/linux_x86_64/obj/tensorflow/lite/experimental/ruy/detect_dotprod.o
[INFO] [stderr]   g++ -O3 -DNDEBUG -fPIC  --std=c++11 -fPIC -DGEMMLOWP_ALLOW_SLOW_SCALAR_FALLBACK -pthread -I. -I/opt/rustwide/target/debug/build/tflite-2f56834fa74b60a2/out/tensorflow/tensorflow/lite/tools/make/../../../../../ -I/opt/rustwide/target/debug/build/tflite-2f56834fa74b60a2/out/tensorflow/tensorflow/lite/tools/make/../../../../../../ -I/opt/rustwide/target/debug/build/tflite-2f56834fa74b60a2/out/tensorflow/tensorflow/lite/tools/make/downloads/ -I/opt/rustwide/target/debug/build/tflite-2f56834fa74b60a2/out/tensorflow/tensorflow/lite/tools/make/downloads/eigen -I/opt/rustwide/target/debug/build/tflite-2f56834fa74b60a2/out/tensorflow/tensorflow/lite/tools/make/downloads/absl -I/opt/rustwide/target/debug/build/tflite-2f56834fa74b60a2/out/tensorflow/tensorflow/lite/tools/make/downloads/gemmlowp -I/opt/rustwide/target/debug/build/tflite-2f56834fa74b60a2/out/tensorflow/tensorflow/lite/tools/make/downloads/neon_2_sse -I/opt/rustwide/target/debug/build/tflite-2f56834fa74b60a2/out/tensorflow/tensorflow/lite/tools/make/downloads/farmhash/src -I/opt/rustwide/target/debug/build/tflite-2f56834fa74b60a2/out/tensorflow/tensorflow/lite/tools/make/downloads/flatbuffers/include -I -I/usr/local/include -c tensorflow/lite/experimental/ruy/kernel_arm32.cc -o /opt/rustwide/target/debug/build/tflite-2f56834fa74b60a2/out/tensorflow/tensorflow/lite/tools/make/gen/linux_x86_64/obj/tensorflow/lite/experimental/ruy/kernel_arm32.o
[INFO] [stderr]   g++ -O3 -DNDEBUG -fPIC  --std=c++11 -fPIC -DGEMMLOWP_ALLOW_SLOW_SCALAR_FALLBACK -pthread -I. -I/opt/rustwide/target/debug/build/tflite-2f56834fa74b60a2/out/tensorflow/tensorflow/lite/tools/make/../../../../../ -I/opt/rustwide/target/debug/build/tflite-2f56834fa74b60a2/out/tensorflow/tensorflow/lite/tools/make/../../../../../../ -I/opt/rustwide/target/debug/build/tflite-2f56834fa74b60a2/out/tensorflow/tensorflow/lite/tools/make/downloads/ -I/opt/rustwide/target/debug/build/tflite-2f56834fa74b60a2/out/tensorflow/tensorflow/lite/tools/make/downloads/eigen -I/opt/rustwide/target/debug/build/tflite-2f56834fa74b60a2/out/tensorflow/tensorflow/lite/tools/make/downloads/absl -I/opt/rustwide/target/debug/build/tflite-2f56834fa74b60a2/out/tensorflow/tensorflow/lite/tools/make/downloads/gemmlowp -I/opt/rustwide/target/debug/build/tflite-2f56834fa74b60a2/out/tensorflow/tensorflow/lite/tools/make/downloads/neon_2_sse -I/opt/rustwide/target/debug/build/tflite-2f56834fa74b60a2/out/tensorflow/tensorflow/lite/tools/make/downloads/farmhash/src -I/opt/rustwide/target/debug/build/tflite-2f56834fa74b60a2/out/tensorflow/tensorflow/lite/tools/make/downloads/flatbuffers/include -I -I/usr/local/include -c tensorflow/lite/experimental/ruy/kernel_arm64.cc -o /opt/rustwide/target/debug/build/tflite-2f56834fa74b60a2/out/tensorflow/tensorflow/lite/tools/make/gen/linux_x86_64/obj/tensorflow/lite/experimental/ruy/kernel_arm64.o
[INFO] [stderr]   g++ -O3 -DNDEBUG -fPIC  --std=c++11 -fPIC -DGEMMLOWP_ALLOW_SLOW_SCALAR_FALLBACK -pthread -I. -I/opt/rustwide/target/debug/build/tflite-2f56834fa74b60a2/out/tensorflow/tensorflow/lite/tools/make/../../../../../ -I/opt/rustwide/target/debug/build/tflite-2f56834fa74b60a2/out/tensorflow/tensorflow/lite/tools/make/../../../../../../ -I/opt/rustwide/target/debug/build/tflite-2f56834fa74b60a2/out/tensorflow/tensorflow/lite/tools/make/downloads/ -I/opt/rustwide/target/debug/build/tflite-2f56834fa74b60a2/out/tensorflow/tensorflow/lite/tools/make/downloads/eigen -I/opt/rustwide/target/debug/build/tflite-2f56834fa74b60a2/out/tensorflow/tensorflow/lite/tools/make/downloads/absl -I/opt/rustwide/target/debug/build/tflite-2f56834fa74b60a2/out/tensorflow/tensorflow/lite/tools/make/downloads/gemmlowp -I/opt/rustwide/target/debug/build/tflite-2f56834fa74b60a2/out/tensorflow/tensorflow/lite/tools/make/downloads/neon_2_sse -I/opt/rustwide/target/debug/build/tflite-2f56834fa74b60a2/out/tensorflow/tensorflow/lite/tools/make/downloads/farmhash/src -I/opt/rustwide/target/debug/build/tflite-2f56834fa74b60a2/out/tensorflow/tensorflow/lite/tools/make/downloads/flatbuffers/include -I -I/usr/local/include -c tensorflow/lite/experimental/ruy/pack_arm.cc -o /opt/rustwide/target/debug/build/tflite-2f56834fa74b60a2/out/tensorflow/tensorflow/lite/tools/make/gen/linux_x86_64/obj/tensorflow/lite/experimental/ruy/pack_arm.o
[INFO] [stderr]   g++ -O3 -DNDEBUG -fPIC  --std=c++11 -fPIC -DGEMMLOWP_ALLOW_SLOW_SCALAR_FALLBACK -pthread -I. -I/opt/rustwide/target/debug/build/tflite-2f56834fa74b60a2/out/tensorflow/tensorflow/lite/tools/make/../../../../../ -I/opt/rustwide/target/debug/build/tflite-2f56834fa74b60a2/out/tensorflow/tensorflow/lite/tools/make/../../../../../../ -I/opt/rustwide/target/debug/build/tflite-2f56834fa74b60a2/out/tensorflow/tensorflow/lite/tools/make/downloads/ -I/opt/rustwide/target/debug/build/tflite-2f56834fa74b60a2/out/tensorflow/tensorflow/lite/tools/make/downloads/eigen -I/opt/rustwide/target/debug/build/tflite-2f56834fa74b60a2/out/tensorflow/tensorflow/lite/tools/make/downloads/absl -I/opt/rustwide/target/debug/build/tflite-2f56834fa74b60a2/out/tensorflow/tensorflow/lite/tools/make/downloads/gemmlowp -I/opt/rustwide/target/debug/build/tflite-2f56834fa74b60a2/out/tensorflow/tensorflow/lite/tools/make/downloads/neon_2_sse -I/opt/rustwide/target/debug/build/tflite-2f56834fa74b60a2/out/tensorflow/tensorflow/lite/tools/make/downloads/farmhash/src -I/opt/rustwide/target/debug/build/tflite-2f56834fa74b60a2/out/tensorflow/tensorflow/lite/tools/make/downloads/flatbuffers/include -I -I/usr/local/include -c tensorflow/lite/experimental/ruy/pmu.cc -o /opt/rustwide/target/debug/build/tflite-2f56834fa74b60a2/out/tensorflow/tensorflow/lite/tools/make/gen/linux_x86_64/obj/tensorflow/lite/experimental/ruy/pmu.o
[INFO] [stderr]   g++ -O3 -DNDEBUG -fPIC  --std=c++11 -fPIC -DGEMMLOWP_ALLOW_SLOW_SCALAR_FALLBACK -pthread -I. -I/opt/rustwide/target/debug/build/tflite-2f56834fa74b60a2/out/tensorflow/tensorflow/lite/tools/make/../../../../../ -I/opt/rustwide/target/debug/build/tflite-2f56834fa74b60a2/out/tensorflow/tensorflow/lite/tools/make/../../../../../../ -I/opt/rustwide/target/debug/build/tflite-2f56834fa74b60a2/out/tensorflow/tensorflow/lite/tools/make/downloads/ -I/opt/rustwide/target/debug/build/tflite-2f56834fa74b60a2/out/tensorflow/tensorflow/lite/tools/make/downloads/eigen -I/opt/rustwide/target/debug/build/tflite-2f56834fa74b60a2/out/tensorflow/tensorflow/lite/tools/make/downloads/absl -I/opt/rustwide/target/debug/build/tflite-2f56834fa74b60a2/out/tensorflow/tensorflow/lite/tools/make/downloads/gemmlowp -I/opt/rustwide/target/debug/build/tflite-2f56834fa74b60a2/out/tensorflow/tensorflow/lite/tools/make/downloads/neon_2_sse -I/opt/rustwide/target/debug/build/tflite-2f56834fa74b60a2/out/tensorflow/tensorflow/lite/tools/make/downloads/farmhash/src -I/opt/rustwide/target/debug/build/tflite-2f56834fa74b60a2/out/tensorflow/tensorflow/lite/tools/make/downloads/flatbuffers/include -I -I/usr/local/include -c tensorflow/lite/experimental/ruy/thread_pool.cc -o /opt/rustwide/target/debug/build/tflite-2f56834fa74b60a2/out/tensorflow/tensorflow/lite/tools/make/gen/linux_x86_64/obj/tensorflow/lite/experimental/ruy/thread_pool.o
[INFO] [stderr]   g++ -O3 -DNDEBUG -fPIC  --std=c++11 -fPIC -DGEMMLOWP_ALLOW_SLOW_SCALAR_FALLBACK -pthread -I. -I/opt/rustwide/target/debug/build/tflite-2f56834fa74b60a2/out/tensorflow/tensorflow/lite/tools/make/../../../../../ -I/opt/rustwide/target/debug/build/tflite-2f56834fa74b60a2/out/tensorflow/tensorflow/lite/tools/make/../../../../../../ -I/opt/rustwide/target/debug/build/tflite-2f56834fa74b60a2/out/tensorflow/tensorflow/lite/tools/make/downloads/ -I/opt/rustwide/target/debug/build/tflite-2f56834fa74b60a2/out/tensorflow/tensorflow/lite/tools/make/downloads/eigen -I/opt/rustwide/target/debug/build/tflite-2f56834fa74b60a2/out/tensorflow/tensorflow/lite/tools/make/downloads/absl -I/opt/rustwide/target/debug/build/tflite-2f56834fa74b60a2/out/tensorflow/tensorflow/lite/tools/make/downloads/gemmlowp -I/opt/rustwide/target/debug/build/tflite-2f56834fa74b60a2/out/tensorflow/tensorflow/lite/tools/make/downloads/neon_2_sse -I/opt/rustwide/target/debug/build/tflite-2f56834fa74b60a2/out/tensorflow/tensorflow/lite/tools/make/downloads/farmhash/src -I/opt/rustwide/target/debug/build/tflite-2f56834fa74b60a2/out/tensorflow/tensorflow/lite/tools/make/downloads/flatbuffers/include -I -I/usr/local/include -c tensorflow/lite/experimental/ruy/trmul.cc -o /opt/rustwide/target/debug/build/tflite-2f56834fa74b60a2/out/tensorflow/tensorflow/lite/tools/make/gen/linux_x86_64/obj/tensorflow/lite/experimental/ruy/trmul.o
[INFO] [stderr]   g++ -O3 -DNDEBUG -fPIC  --std=c++11 -fPIC -DGEMMLOWP_ALLOW_SLOW_SCALAR_FALLBACK -pthread -I. -I/opt/rustwide/target/debug/build/tflite-2f56834fa74b60a2/out/tensorflow/tensorflow/lite/tools/make/../../../../../ -I/opt/rustwide/target/debug/build/tflite-2f56834fa74b60a2/out/tensorflow/tensorflow/lite/tools/make/../../../../../../ -I/opt/rustwide/target/debug/build/tflite-2f56834fa74b60a2/out/tensorflow/tensorflow/lite/tools/make/downloads/ -I/opt/rustwide/target/debug/build/tflite-2f56834fa74b60a2/out/tensorflow/tensorflow/lite/tools/make/downloads/eigen -I/opt/rustwide/target/debug/build/tflite-2f56834fa74b60a2/out/tensorflow/tensorflow/lite/tools/make/downloads/absl -I/opt/rustwide/target/debug/build/tflite-2f56834fa74b60a2/out/tensorflow/tensorflow/lite/tools/make/downloads/gemmlowp -I/opt/rustwide/target/debug/build/tflite-2f56834fa74b60a2/out/tensorflow/tensorflow/lite/tools/make/downloads/neon_2_sse -I/opt/rustwide/target/debug/build/tflite-2f56834fa74b60a2/out/tensorflow/tensorflow/lite/tools/make/downloads/farmhash/src -I/opt/rustwide/target/debug/build/tflite-2f56834fa74b60a2/out/tensorflow/tensorflow/lite/tools/make/downloads/flatbuffers/include -I -I/usr/local/include -c tensorflow/lite/experimental/ruy/tune.cc -o /opt/rustwide/target/debug/build/tflite-2f56834fa74b60a2/out/tensorflow/tensorflow/lite/tools/make/gen/linux_x86_64/obj/tensorflow/lite/experimental/ruy/tune.o
[INFO] [stderr]   g++ -O3 -DNDEBUG -fPIC  --std=c++11 -fPIC -DGEMMLOWP_ALLOW_SLOW_SCALAR_FALLBACK -pthread -I. -I/opt/rustwide/target/debug/build/tflite-2f56834fa74b60a2/out/tensorflow/tensorflow/lite/tools/make/../../../../../ -I/opt/rustwide/target/debug/build/tflite-2f56834fa74b60a2/out/tensorflow/tensorflow/lite/tools/make/../../../../../../ -I/opt/rustwide/target/debug/build/tflite-2f56834fa74b60a2/out/tensorflow/tensorflow/lite/tools/make/downloads/ -I/opt/rustwide/target/debug/build/tflite-2f56834fa74b60a2/out/tensorflow/tensorflow/lite/tools/make/downloads/eigen -I/opt/rustwide/target/debug/build/tflite-2f56834fa74b60a2/out/tensorflow/tensorflow/lite/tools/make/downloads/absl -I/opt/rustwide/target/debug/build/tflite-2f56834fa74b60a2/out/tensorflow/tensorflow/lite/tools/make/downloads/gemmlowp -I/opt/rustwide/target/debug/build/tflite-2f56834fa74b60a2/out/tensorflow/tensorflow/lite/tools/make/downloads/neon_2_sse -I/opt/rustwide/target/debug/build/tflite-2f56834fa74b60a2/out/tensorflow/tensorflow/lite/tools/make/downloads/farmhash/src -I/opt/rustwide/target/debug/build/tflite-2f56834fa74b60a2/out/tensorflow/tensorflow/lite/tools/make/downloads/flatbuffers/include -I -I/usr/local/include -c tensorflow/lite/experimental/ruy/trace.cc -o /opt/rustwide/target/debug/build/tflite-2f56834fa74b60a2/out/tensorflow/tensorflow/lite/tools/make/gen/linux_x86_64/obj/tensorflow/lite/experimental/ruy/trace.o
[INFO] [stderr]   g++ -O3 -DNDEBUG -fPIC  --std=c++11 -fPIC -DGEMMLOWP_ALLOW_SLOW_SCALAR_FALLBACK -pthread -I. -I/opt/rustwide/target/debug/build/tflite-2f56834fa74b60a2/out/tensorflow/tensorflow/lite/tools/make/../../../../../ -I/opt/rustwide/target/debug/build/tflite-2f56834fa74b60a2/out/tensorflow/tensorflow/lite/tools/make/../../../../../../ -I/opt/rustwide/target/debug/build/tflite-2f56834fa74b60a2/out/tensorflow/tensorflow/lite/tools/make/downloads/ -I/opt/rustwide/target/debug/build/tflite-2f56834fa74b60a2/out/tensorflow/tensorflow/lite/tools/make/downloads/eigen -I/opt/rustwide/target/debug/build/tflite-2f56834fa74b60a2/out/tensorflow/tensorflow/lite/tools/make/downloads/absl -I/opt/rustwide/target/debug/build/tflite-2f56834fa74b60a2/out/tensorflow/tensorflow/lite/tools/make/downloads/gemmlowp -I/opt/rustwide/target/debug/build/tflite-2f56834fa74b60a2/out/tensorflow/tensorflow/lite/tools/make/downloads/neon_2_sse -I/opt/rustwide/target/debug/build/tflite-2f56834fa74b60a2/out/tensorflow/tensorflow/lite/tools/make/downloads/farmhash/src -I/opt/rustwide/target/debug/build/tflite-2f56834fa74b60a2/out/tensorflow/tensorflow/lite/tools/make/downloads/flatbuffers/include -I -I/usr/local/include -c tensorflow/lite/experimental/ruy/wait.cc -o /opt/rustwide/target/debug/build/tflite-2f56834fa74b60a2/out/tensorflow/tensorflow/lite/tools/make/gen/linux_x86_64/obj/tensorflow/lite/experimental/ruy/wait.o
[INFO] [stderr]   g++ -O3 -DNDEBUG -fPIC  --std=c++11 -fPIC -DGEMMLOWP_ALLOW_SLOW_SCALAR_FALLBACK -pthread -I. -I/opt/rustwide/target/debug/build/tflite-2f56834fa74b60a2/out/tensorflow/tensorflow/lite/tools/make/../../../../../ -I/opt/rustwide/target/debug/build/tflite-2f56834fa74b60a2/out/tensorflow/tensorflow/lite/tools/make/../../../../../../ -I/opt/rustwide/target/debug/build/tflite-2f56834fa74b60a2/out/tensorflow/tensorflow/lite/tools/make/downloads/ -I/opt/rustwide/target/debug/build/tflite-2f56834fa74b60a2/out/tensorflow/tensorflow/lite/tools/make/downloads/eigen -I/opt/rustwide/target/debug/build/tflite-2f56834fa74b60a2/out/tensorflow/tensorflow/lite/tools/make/downloads/absl -I/opt/rustwide/target/debug/build/tflite-2f56834fa74b60a2/out/tensorflow/tensorflow/lite/tools/make/downloads/gemmlowp -I/opt/rustwide/target/debug/build/tflite-2f56834fa74b60a2/out/tensorflow/tensorflow/lite/tools/make/downloads/neon_2_sse -I/opt/rustwide/target/debug/build/tflite-2f56834fa74b60a2/out/tensorflow/tensorflow/lite/tools/make/downloads/farmhash/src -I/opt/rustwide/target/debug/build/tflite-2f56834fa74b60a2/out/tensorflow/tensorflow/lite/tools/make/downloads/flatbuffers/include -I -I/usr/local/include -c tensorflow/lite/external_cpu_backend_context.cc -o /opt/rustwide/target/debug/build/tflite-2f56834fa74b60a2/out/tensorflow/tensorflow/lite/tools/make/gen/linux_x86_64/obj/tensorflow/lite/external_cpu_backend_context.o
[INFO] [stderr]   g++ -O3 -DNDEBUG -fPIC  --std=c++11 -fPIC -DGEMMLOWP_ALLOW_SLOW_SCALAR_FALLBACK -pthread -I. -I/opt/rustwide/target/debug/build/tflite-2f56834fa74b60a2/out/tensorflow/tensorflow/lite/tools/make/../../../../../ -I/opt/rustwide/target/debug/build/tflite-2f56834fa74b60a2/out/tensorflow/tensorflow/lite/tools/make/../../../../../../ -I/opt/rustwide/target/debug/build/tflite-2f56834fa74b60a2/out/tensorflow/tensorflow/lite/tools/make/downloads/ -I/opt/rustwide/target/debug/build/tflite-2f56834fa74b60a2/out/tensorflow/tensorflow/lite/tools/make/downloads/eigen -I/opt/rustwide/target/debug/build/tflite-2f56834fa74b60a2/out/tensorflow/tensorflow/lite/tools/make/downloads/absl -I/opt/rustwide/target/debug/build/tflite-2f56834fa74b60a2/out/tensorflow/tensorflow/lite/tools/make/downloads/gemmlowp -I/opt/rustwide/target/debug/build/tflite-2f56834fa74b60a2/out/tensorflow/tensorflow/lite/tools/make/downloads/neon_2_sse -I/opt/rustwide/target/debug/build/tflite-2f56834fa74b60a2/out/tensorflow/tensorflow/lite/tools/make/downloads/farmhash/src -I/opt/rustwide/target/debug/build/tflite-2f56834fa74b60a2/out/tensorflow/tensorflow/lite/tools/make/downloads/flatbuffers/include -I -I/usr/local/include -c tensorflow/lite/graph_info.cc -o /opt/rustwide/target/debug/build/tflite-2f56834fa74b60a2/out/tensorflow/tensorflow/lite/tools/make/gen/linux_x86_64/obj/tensorflow/lite/graph_info.o
[INFO] [stderr]   g++ -O3 -DNDEBUG -fPIC  --std=c++11 -fPIC -DGEMMLOWP_ALLOW_SLOW_SCALAR_FALLBACK -pthread -I. -I/opt/rustwide/target/debug/build/tflite-2f56834fa74b60a2/out/tensorflow/tensorflow/lite/tools/make/../../../../../ -I/opt/rustwide/target/debug/build/tflite-2f56834fa74b60a2/out/tensorflow/tensorflow/lite/tools/make/../../../../../../ -I/opt/rustwide/target/debug/build/tflite-2f56834fa74b60a2/out/tensorflow/tensorflow/lite/tools/make/downloads/ -I/opt/rustwide/target/debug/build/tflite-2f56834fa74b60a2/out/tensorflow/tensorflow/lite/tools/make/downloads/eigen -I/opt/rustwide/target/debug/build/tflite-2f56834fa74b60a2/out/tensorflow/tensorflow/lite/tools/make/downloads/absl -I/opt/rustwide/target/debug/build/tflite-2f56834fa74b60a2/out/tensorflow/tensorflow/lite/tools/make/downloads/gemmlowp -I/opt/rustwide/target/debug/build/tflite-2f56834fa74b60a2/out/tensorflow/tensorflow/lite/tools/make/downloads/neon_2_sse -I/opt/rustwide/target/debug/build/tflite-2f56834fa74b60a2/out/tensorflow/tensorflow/lite/tools/make/downloads/farmhash/src -I/opt/rustwide/target/debug/build/tflite-2f56834fa74b60a2/out/tensorflow/tensorflow/lite/tools/make/downloads/flatbuffers/include -I -I/usr/local/include -c tensorflow/lite/interpreter.cc -o /opt/rustwide/target/debug/build/tflite-2f56834fa74b60a2/out/tensorflow/tensorflow/lite/tools/make/gen/linux_x86_64/obj/tensorflow/lite/interpreter.o
[INFO] [stderr]   g++ -O3 -DNDEBUG -fPIC  --std=c++11 -fPIC -DGEMMLOWP_ALLOW_SLOW_SCALAR_FALLBACK -pthread -I. -I/opt/rustwide/target/debug/build/tflite-2f56834fa74b60a2/out/tensorflow/tensorflow/lite/tools/make/../../../../../ -I/opt/rustwide/target/debug/build/tflite-2f56834fa74b60a2/out/tensorflow/tensorflow/lite/tools/make/../../../../../../ -I/opt/rustwide/target/debug/build/tflite-2f56834fa74b60a2/out/tensorflow/tensorflow/lite/tools/make/downloads/ -I/opt/rustwide/target/debug/build/tflite-2f56834fa74b60a2/out/tensorflow/tensorflow/lite/tools/make/downloads/eigen -I/opt/rustwide/target/debug/build/tflite-2f56834fa74b60a2/out/tensorflow/tensorflow/lite/tools/make/downloads/absl -I/opt/rustwide/target/debug/build/tflite-2f56834fa74b60a2/out/tensorflow/tensorflow/lite/tools/make/downloads/gemmlowp -I/opt/rustwide/target/debug/build/tflite-2f56834fa74b60a2/out/tensorflow/tensorflow/lite/tools/make/downloads/neon_2_sse -I/opt/rustwide/target/debug/build/tflite-2f56834fa74b60a2/out/tensorflow/tensorflow/lite/tools/make/downloads/farmhash/src -I/opt/rustwide/target/debug/build/tflite-2f56834fa74b60a2/out/tensorflow/tensorflow/lite/tools/make/downloads/flatbuffers/include -I -I/usr/local/include -c tensorflow/lite/kernels/activations.cc -o /opt/rustwide/target/debug/build/tflite-2f56834fa74b60a2/out/tensorflow/tensorflow/lite/tools/make/gen/linux_x86_64/obj/tensorflow/lite/kernels/activations.o
[INFO] [stderr]   g++ -O3 -DNDEBUG -fPIC  --std=c++11 -fPIC -DGEMMLOWP_ALLOW_SLOW_SCALAR_FALLBACK -pthread -I. -I/opt/rustwide/target/debug/build/tflite-2f56834fa74b60a2/out/tensorflow/tensorflow/lite/tools/make/../../../../../ -I/opt/rustwide/target/debug/build/tflite-2f56834fa74b60a2/out/tensorflow/tensorflow/lite/tools/make/../../../../../../ -I/opt/rustwide/target/debug/build/tflite-2f56834fa74b60a2/out/tensorflow/tensorflow/lite/tools/make/downloads/ -I/opt/rustwide/target/debug/build/tflite-2f56834fa74b60a2/out/tensorflow/tensorflow/lite/tools/make/downloads/eigen -I/opt/rustwide/target/debug/build/tflite-2f56834fa74b60a2/out/tensorflow/tensorflow/lite/tools/make/downloads/absl -I/opt/rustwide/target/debug/build/tflite-2f56834fa74b60a2/out/tensorflow/tensorflow/lite/tools/make/downloads/gemmlowp -I/opt/rustwide/target/debug/build/tflite-2f56834fa74b60a2/out/tensorflow/tensorflow/lite/tools/make/downloads/neon_2_sse -I/opt/rustwide/target/debug/build/tflite-2f56834fa74b60a2/out/tensorflow/tensorflow/lite/tools/make/downloads/farmhash/src -I/opt/rustwide/target/debug/build/tflite-2f56834fa74b60a2/out/tensorflow/tensorflow/lite/tools/make/downloads/flatbuffers/include -I -I/usr/local/include -c tensorflow/lite/kernels/add.cc -o /opt/rustwide/target/debug/build/tflite-2f56834fa74b60a2/out/tensorflow/tensorflow/lite/tools/make/gen/linux_x86_64/obj/tensorflow/lite/kernels/add.o
[INFO] [stderr]   g++ -O3 -DNDEBUG -fPIC  --std=c++11 -fPIC -DGEMMLOWP_ALLOW_SLOW_SCALAR_FALLBACK -pthread -I. -I/opt/rustwide/target/debug/build/tflite-2f56834fa74b60a2/out/tensorflow/tensorflow/lite/tools/make/../../../../../ -I/opt/rustwide/target/debug/build/tflite-2f56834fa74b60a2/out/tensorflow/tensorflow/lite/tools/make/../../../../../../ -I/opt/rustwide/target/debug/build/tflite-2f56834fa74b60a2/out/tensorflow/tensorflow/lite/tools/make/downloads/ -I/opt/rustwide/target/debug/build/tflite-2f56834fa74b60a2/out/tensorflow/tensorflow/lite/tools/make/downloads/eigen -I/opt/rustwide/target/debug/build/tflite-2f56834fa74b60a2/out/tensorflow/tensorflow/lite/tools/make/downloads/absl -I/opt/rustwide/target/debug/build/tflite-2f56834fa74b60a2/out/tensorflow/tensorflow/lite/tools/make/downloads/gemmlowp -I/opt/rustwide/target/debug/build/tflite-2f56834fa74b60a2/out/tensorflow/tensorflow/lite/tools/make/downloads/neon_2_sse -I/opt/rustwide/target/debug/build/tflite-2f56834fa74b60a2/out/tensorflow/tensorflow/lite/tools/make/downloads/farmhash/src -I/opt/rustwide/target/debug/build/tflite-2f56834fa74b60a2/out/tensorflow/tensorflow/lite/tools/make/downloads/flatbuffers/include -I -I/usr/local/include -c tensorflow/lite/kernels/arg_min_max.cc -o /opt/rustwide/target/debug/build/tflite-2f56834fa74b60a2/out/tensorflow/tensorflow/lite/tools/make/gen/linux_x86_64/obj/tensorflow/lite/kernels/arg_min_max.o
[INFO] [stderr]   g++ -O3 -DNDEBUG -fPIC  --std=c++11 -fPIC -DGEMMLOWP_ALLOW_SLOW_SCALAR_FALLBACK -pthread -I. -I/opt/rustwide/target/debug/build/tflite-2f56834fa74b60a2/out/tensorflow/tensorflow/lite/tools/make/../../../../../ -I/opt/rustwide/target/debug/build/tflite-2f56834fa74b60a2/out/tensorflow/tensorflow/lite/tools/make/../../../../../../ -I/opt/rustwide/target/debug/build/tflite-2f56834fa74b60a2/out/tensorflow/tensorflow/lite/tools/make/downloads/ -I/opt/rustwide/target/debug/build/tflite-2f56834fa74b60a2/out/tensorflow/tensorflow/lite/tools/make/downloads/eigen -I/opt/rustwide/target/debug/build/tflite-2f56834fa74b60a2/out/tensorflow/tensorflow/lite/tools/make/downloads/absl -I/opt/rustwide/target/debug/build/tflite-2f56834fa74b60a2/out/tensorflow/tensorflow/lite/tools/make/downloads/gemmlowp -I/opt/rustwide/target/debug/build/tflite-2f56834fa74b60a2/out/tensorflow/tensorflow/lite/tools/make/downloads/neon_2_sse -I/opt/rustwide/target/debug/build/tflite-2f56834fa74b60a2/out/tensorflow/tensorflow/lite/tools/make/downloads/farmhash/src -I/opt/rustwide/target/debug/build/tflite-2f56834fa74b60a2/out/tensorflow/tensorflow/lite/tools/make/downloads/flatbuffers/include -I -I/usr/local/include -c tensorflow/lite/kernels/assign_variable.cc -o /opt/rustwide/target/debug/build/tflite-2f56834fa74b60a2/out/tensorflow/tensorflow/lite/tools/make/gen/linux_x86_64/obj/tensorflow/lite/kernels/assign_variable.o
[INFO] [stderr]   g++ -O3 -DNDEBUG -fPIC  --std=c++11 -fPIC -DGEMMLOWP_ALLOW_SLOW_SCALAR_FALLBACK -pthread -I. -I/opt/rustwide/target/debug/build/tflite-2f56834fa74b60a2/out/tensorflow/tensorflow/lite/tools/make/../../../../../ -I/opt/rustwide/target/debug/build/tflite-2f56834fa74b60a2/out/tensorflow/tensorflow/lite/tools/make/../../../../../../ -I/opt/rustwide/target/debug/build/tflite-2f56834fa74b60a2/out/tensorflow/tensorflow/lite/tools/make/downloads/ -I/opt/rustwide/target/debug/build/tflite-2f56834fa74b60a2/out/tensorflow/tensorflow/lite/tools/make/downloads/eigen -I/opt/rustwide/target/debug/build/tflite-2f56834fa74b60a2/out/tensorflow/tensorflow/lite/tools/make/downloads/absl -I/opt/rustwide/target/debug/build/tflite-2f56834fa74b60a2/out/tensorflow/tensorflow/lite/tools/make/downloads/gemmlowp -I/opt/rustwide/target/debug/build/tflite-2f56834fa74b60a2/out/tensorflow/tensorflow/lite/tools/make/downloads/neon_2_sse -I/opt/rustwide/target/debug/build/tflite-2f56834fa74b60a2/out/tensorflow/tensorflow/lite/tools/make/downloads/farmhash/src -I/opt/rustwide/target/debug/build/tflite-2f56834fa74b60a2/out/tensorflow/tensorflow/lite/tools/make/downloads/flatbuffers/include -I -I/usr/local/include -c tensorflow/lite/kernels/add_n.cc -o /opt/rustwide/target/debug/build/tflite-2f56834fa74b60a2/out/tensorflow/tensorflow/lite/tools/make/gen/linux_x86_64/obj/tensorflow/lite/kernels/add_n.o
[INFO] [stderr]   g++ -O3 -DNDEBUG -fPIC  --std=c++11 -fPIC -DGEMMLOWP_ALLOW_SLOW_SCALAR_FALLBACK -pthread -I. -I/opt/rustwide/target/debug/build/tflite-2f56834fa74b60a2/out/tensorflow/tensorflow/lite/tools/make/../../../../../ -I/opt/rustwide/target/debug/build/tflite-2f56834fa74b60a2/out/tensorflow/tensorflow/lite/tools/make/../../../../../../ -I/opt/rustwide/target/debug/build/tflite-2f56834fa74b60a2/out/tensorflow/tensorflow/lite/tools/make/downloads/ -I/opt/rustwide/target/debug/build/tflite-2f56834fa74b60a2/out/tensorflow/tensorflow/lite/tools/make/downloads/eigen -I/opt/rustwide/target/debug/build/tflite-2f56834fa74b60a2/out/tensorflow/tensorflow/lite/tools/make/downloads/absl -I/opt/rustwide/target/debug/build/tflite-2f56834fa74b60a2/out/tensorflow/tensorflow/lite/tools/make/downloads/gemmlowp -I/opt/rustwide/target/debug/build/tflite-2f56834fa74b60a2/out/tensorflow/tensorflow/lite/tools/make/downloads/neon_2_sse -I/opt/rustwide/target/debug/build/tflite-2f56834fa74b60a2/out/tensorflow/tensorflow/lite/tools/make/downloads/farmhash/src -I/opt/rustwide/target/debug/build/tflite-2f56834fa74b60a2/out/tensorflow/tensorflow/lite/tools/make/downloads/flatbuffers/include -I -I/usr/local/include -c tensorflow/lite/kernels/audio_spectrogram.cc -o /opt/rustwide/target/debug/build/tflite-2f56834fa74b60a2/out/tensorflow/tensorflow/lite/tools/make/gen/linux_x86_64/obj/tensorflow/lite/kernels/audio_spectrogram.o
[INFO] [stderr]   g++ -O3 -DNDEBUG -fPIC  --std=c++11 -fPIC -DGEMMLOWP_ALLOW_SLOW_SCALAR_FALLBACK -pthread -I. -I/opt/rustwide/target/debug/build/tflite-2f56834fa74b60a2/out/tensorflow/tensorflow/lite/tools/make/../../../../../ -I/opt/rustwide/target/debug/build/tflite-2f56834fa74b60a2/out/tensorflow/tensorflow/lite/tools/make/../../../../../../ -I/opt/rustwide/target/debug/build/tflite-2f56834fa74b60a2/out/tensorflow/tensorflow/lite/tools/make/downloads/ -I/opt/rustwide/target/debug/build/tflite-2f56834fa74b60a2/out/tensorflow/tensorflow/lite/tools/make/downloads/eigen -I/opt/rustwide/target/debug/build/tflite-2f56834fa74b60a2/out/tensorflow/tensorflow/lite/tools/make/downloads/absl -I/opt/rustwide/target/debug/build/tflite-2f56834fa74b60a2/out/tensorflow/tensorflow/lite/tools/make/downloads/gemmlowp -I/opt/rustwide/target/debug/build/tflite-2f56834fa74b60a2/out/tensorflow/tensorflow/lite/tools/make/downloads/neon_2_sse -I/opt/rustwide/target/debug/build/tflite-2f56834fa74b60a2/out/tensorflow/tensorflow/lite/tools/make/downloads/farmhash/src -I/opt/rustwide/target/debug/build/tflite-2f56834fa74b60a2/out/tensorflow/tensorflow/lite/tools/make/downloads/flatbuffers/include -I -I/usr/local/include -c tensorflow/lite/kernels/basic_rnn.cc -o /opt/rustwide/target/debug/build/tflite-2f56834fa74b60a2/out/tensorflow/tensorflow/lite/tools/make/gen/linux_x86_64/obj/tensorflow/lite/kernels/basic_rnn.o
[INFO] [stderr]   g++ -O3 -DNDEBUG -fPIC  --std=c++11 -fPIC -DGEMMLOWP_ALLOW_SLOW_SCALAR_FALLBACK -pthread -I. -I/opt/rustwide/target/debug/build/tflite-2f56834fa74b60a2/out/tensorflow/tensorflow/lite/tools/make/../../../../../ -I/opt/rustwide/target/debug/build/tflite-2f56834fa74b60a2/out/tensorflow/tensorflow/lite/tools/make/../../../../../../ -I/opt/rustwide/target/debug/build/tflite-2f56834fa74b60a2/out/tensorflow/tensorflow/lite/tools/make/downloads/ -I/opt/rustwide/target/debug/build/tflite-2f56834fa74b60a2/out/tensorflow/tensorflow/lite/tools/make/downloads/eigen -I/opt/rustwide/target/debug/build/tflite-2f56834fa74b60a2/out/tensorflow/tensorflow/lite/tools/make/downloads/absl -I/opt/rustwide/target/debug/build/tflite-2f56834fa74b60a2/out/tensorflow/tensorflow/lite/tools/make/downloads/gemmlowp -I/opt/rustwide/target/debug/build/tflite-2f56834fa74b60a2/out/tensorflow/tensorflow/lite/tools/make/downloads/neon_2_sse -I/opt/rustwide/target/debug/build/tflite-2f56834fa74b60a2/out/tensorflow/tensorflow/lite/tools/make/downloads/farmhash/src -I/opt/rustwide/target/debug/build/tflite-2f56834fa74b60a2/out/tensorflow/tensorflow/lite/tools/make/downloads/flatbuffers/include -I -I/usr/local/include -c tensorflow/lite/kernels/batch_to_space_nd.cc -o /opt/rustwide/target/debug/build/tflite-2f56834fa74b60a2/out/tensorflow/tensorflow/lite/tools/make/gen/linux_x86_64/obj/tensorflow/lite/kernels/batch_to_space_nd.o
[INFO] [stderr]   g++ -O3 -DNDEBUG -fPIC  --std=c++11 -fPIC -DGEMMLOWP_ALLOW_SLOW_SCALAR_FALLBACK -pthread -I. -I/opt/rustwide/target/debug/build/tflite-2f56834fa74b60a2/out/tensorflow/tensorflow/lite/tools/make/../../../../../ -I/opt/rustwide/target/debug/build/tflite-2f56834fa74b60a2/out/tensorflow/tensorflow/lite/tools/make/../../../../../../ -I/opt/rustwide/target/debug/build/tflite-2f56834fa74b60a2/out/tensorflow/tensorflow/lite/tools/make/downloads/ -I/opt/rustwide/target/debug/build/tflite-2f56834fa74b60a2/out/tensorflow/tensorflow/lite/tools/make/downloads/eigen -I/opt/rustwide/target/debug/build/tflite-2f56834fa74b60a2/out/tensorflow/tensorflow/lite/tools/make/downloads/absl -I/opt/rustwide/target/debug/build/tflite-2f56834fa74b60a2/out/tensorflow/tensorflow/lite/tools/make/downloads/gemmlowp -I/opt/rustwide/target/debug/build/tflite-2f56834fa74b60a2/out/tensorflow/tensorflow/lite/tools/make/downloads/neon_2_sse -I/opt/rustwide/target/debug/build/tflite-2f56834fa74b60a2/out/tensorflow/tensorflow/lite/tools/make/downloads/farmhash/src -I/opt/rustwide/target/debug/build/tflite-2f56834fa74b60a2/out/tensorflow/tensorflow/lite/tools/make/downloads/flatbuffers/include -I -I/usr/local/include -c tensorflow/lite/kernels/bidirectional_sequence_lstm.cc -o /opt/rustwide/target/debug/build/tflite-2f56834fa74b60a2/out/tensorflow/tensorflow/lite/tools/make/gen/linux_x86_64/obj/tensorflow/lite/kernels/bidirectional_sequence_lstm.o
[INFO] [stderr]   g++ -O3 -DNDEBUG -fPIC  --std=c++11 -fPIC -DGEMMLOWP_ALLOW_SLOW_SCALAR_FALLBACK -pthread -I. -I/opt/rustwide/target/debug/build/tflite-2f56834fa74b60a2/out/tensorflow/tensorflow/lite/tools/make/../../../../../ -I/opt/rustwide/target/debug/build/tflite-2f56834fa74b60a2/out/tensorflow/tensorflow/lite/tools/make/../../../../../../ -I/opt/rustwide/target/debug/build/tflite-2f56834fa74b60a2/out/tensorflow/tensorflow/lite/tools/make/downloads/ -I/opt/rustwide/target/debug/build/tflite-2f56834fa74b60a2/out/tensorflow/tensorflow/lite/tools/make/downloads/eigen -I/opt/rustwide/target/debug/build/tflite-2f56834fa74b60a2/out/tensorflow/tensorflow/lite/tools/make/downloads/absl -I/opt/rustwide/target/debug/build/tflite-2f56834fa74b60a2/out/tensorflow/tensorflow/lite/tools/make/downloads/gemmlowp -I/opt/rustwide/target/debug/build/tflite-2f56834fa74b60a2/out/tensorflow/tensorflow/lite/tools/make/downloads/neon_2_sse -I/opt/rustwide/target/debug/build/tflite-2f56834fa74b60a2/out/tensorflow/tensorflow/lite/tools/make/downloads/farmhash/src -I/opt/rustwide/target/debug/build/tflite-2f56834fa74b60a2/out/tensorflow/tensorflow/lite/tools/make/downloads/flatbuffers/include -I -I/usr/local/include -c tensorflow/lite/kernels/bidirectional_sequence_rnn.cc -o /opt/rustwide/target/debug/build/tflite-2f56834fa74b60a2/out/tensorflow/tensorflow/lite/tools/make/gen/linux_x86_64/obj/tensorflow/lite/kernels/bidirectional_sequence_rnn.o
[INFO] [stderr]   g++ -O3 -DNDEBUG -fPIC  --std=c++11 -fPIC -DGEMMLOWP_ALLOW_SLOW_SCALAR_FALLBACK -pthread -I. -I/opt/rustwide/target/debug/build/tflite-2f56834fa74b60a2/out/tensorflow/tensorflow/lite/tools/make/../../../../../ -I/opt/rustwide/target/debug/build/tflite-2f56834fa74b60a2/out/tensorflow/tensorflow/lite/tools/make/../../../../../../ -I/opt/rustwide/target/debug/build/tflite-2f56834fa74b60a2/out/tensorflow/tensorflow/lite/tools/make/downloads/ -I/opt/rustwide/target/debug/build/tflite-2f56834fa74b60a2/out/tensorflow/tensorflow/lite/tools/make/downloads/eigen -I/opt/rustwide/target/debug/build/tflite-2f56834fa74b60a2/out/tensorflow/tensorflow/lite/tools/make/downloads/absl -I/opt/rustwide/target/debug/build/tflite-2f56834fa74b60a2/out/tensorflow/tensorflow/lite/tools/make/downloads/gemmlowp -I/opt/rustwide/target/debug/build/tflite-2f56834fa74b60a2/out/tensorflow/tensorflow/lite/tools/make/downloads/neon_2_sse -I/opt/rustwide/target/debug/build/tflite-2f56834fa74b60a2/out/tensorflow/tensorflow/lite/tools/make/downloads/farmhash/src -I/opt/rustwide/target/debug/build/tflite-2f56834fa74b60a2/out/tensorflow/tensorflow/lite/tools/make/downloads/flatbuffers/include -I -I/usr/local/include -c tensorflow/lite/kernels/cast.cc -o /opt/rustwide/target/debug/build/tflite-2f56834fa74b60a2/out/tensorflow/tensorflow/lite/tools/make/gen/linux_x86_64/obj/tensorflow/lite/kernels/cast.o
[INFO] [stderr]   g++ -O3 -DNDEBUG -fPIC  --std=c++11 -fPIC -DGEMMLOWP_ALLOW_SLOW_SCALAR_FALLBACK -pthread -I. -I/opt/rustwide/target/debug/build/tflite-2f56834fa74b60a2/out/tensorflow/tensorflow/lite/tools/make/../../../../../ -I/opt/rustwide/target/debug/build/tflite-2f56834fa74b60a2/out/tensorflow/tensorflow/lite/tools/make/../../../../../../ -I/opt/rustwide/target/debug/build/tflite-2f56834fa74b60a2/out/tensorflow/tensorflow/lite/tools/make/downloads/ -I/opt/rustwide/target/debug/build/tflite-2f56834fa74b60a2/out/tensorflow/tensorflow/lite/tools/make/downloads/eigen -I/opt/rustwide/target/debug/build/tflite-2f56834fa74b60a2/out/tensorflow/tensorflow/lite/tools/make/downloads/absl -I/opt/rustwide/target/debug/build/tflite-2f56834fa74b60a2/out/tensorflow/tensorflow/lite/tools/make/downloads/gemmlowp -I/opt/rustwide/target/debug/build/tflite-2f56834fa74b60a2/out/tensorflow/tensorflow/lite/tools/make/downloads/neon_2_sse -I/opt/rustwide/target/debug/build/tflite-2f56834fa74b60a2/out/tensorflow/tensorflow/lite/tools/make/downloads/farmhash/src -I/opt/rustwide/target/debug/build/tflite-2f56834fa74b60a2/out/tensorflow/tensorflow/lite/tools/make/downloads/flatbuffers/include -I -I/usr/local/include -c tensorflow/lite/kernels/ceil.cc -o /opt/rustwide/target/debug/build/tflite-2f56834fa74b60a2/out/tensorflow/tensorflow/lite/tools/make/gen/linux_x86_64/obj/tensorflow/lite/kernels/ceil.o
[INFO] [stderr]   g++ -O3 -DNDEBUG -fPIC  --std=c++11 -fPIC -DGEMMLOWP_ALLOW_SLOW_SCALAR_FALLBACK -pthread -I. -I/opt/rustwide/target/debug/build/tflite-2f56834fa74b60a2/out/tensorflow/tensorflow/lite/tools/make/../../../../../ -I/opt/rustwide/target/debug/build/tflite-2f56834fa74b60a2/out/tensorflow/tensorflow/lite/tools/make/../../../../../../ -I/opt/rustwide/target/debug/build/tflite-2f56834fa74b60a2/out/tensorflow/tensorflow/lite/tools/make/downloads/ -I/opt/rustwide/target/debug/build/tflite-2f56834fa74b60a2/out/tensorflow/tensorflow/lite/tools/make/downloads/eigen -I/opt/rustwide/target/debug/build/tflite-2f56834fa74b60a2/out/tensorflow/tensorflow/lite/tools/make/downloads/absl -I/opt/rustwide/target/debug/build/tflite-2f56834fa74b60a2/out/tensorflow/tensorflow/lite/tools/make/downloads/gemmlowp -I/opt/rustwide/target/debug/build/tflite-2f56834fa74b60a2/out/tensorflow/tensorflow/lite/tools/make/downloads/neon_2_sse -I/opt/rustwide/target/debug/build/tflite-2f56834fa74b60a2/out/tensorflow/tensorflow/lite/tools/make/downloads/farmhash/src -I/opt/rustwide/target/debug/build/tflite-2f56834fa74b60a2/out/tensorflow/tensorflow/lite/tools/make/downloads/flatbuffers/include -I -I/usr/local/include -c tensorflow/lite/kernels/comparisons.cc -o /opt/rustwide/target/debug/build/tflite-2f56834fa74b60a2/out/tensorflow/tensorflow/lite/tools/make/gen/linux_x86_64/obj/tensorflow/lite/kernels/comparisons.o
[INFO] [stderr]   g++ -O3 -DNDEBUG -fPIC  --std=c++11 -fPIC -DGEMMLOWP_ALLOW_SLOW_SCALAR_FALLBACK -pthread -I. -I/opt/rustwide/target/debug/build/tflite-2f56834fa74b60a2/out/tensorflow/tensorflow/lite/tools/make/../../../../../ -I/opt/rustwide/target/debug/build/tflite-2f56834fa74b60a2/out/tensorflow/tensorflow/lite/tools/make/../../../../../../ -I/opt/rustwide/target/debug/build/tflite-2f56834fa74b60a2/out/tensorflow/tensorflow/lite/tools/make/downloads/ -I/opt/rustwide/target/debug/build/tflite-2f56834fa74b60a2/out/tensorflow/tensorflow/lite/tools/make/downloads/eigen -I/opt/rustwide/target/debug/build/tflite-2f56834fa74b60a2/out/tensorflow/tensorflow/lite/tools/make/downloads/absl -I/opt/rustwide/target/debug/build/tflite-2f56834fa74b60a2/out/tensorflow/tensorflow/lite/tools/make/downloads/gemmlowp -I/opt/rustwide/target/debug/build/tflite-2f56834fa74b60a2/out/tensorflow/tensorflow/lite/tools/make/downloads/neon_2_sse -I/opt/rustwide/target/debug/build/tflite-2f56834fa74b60a2/out/tensorflow/tensorflow/lite/tools/make/downloads/farmhash/src -I/opt/rustwide/target/debug/build/tflite-2f56834fa74b60a2/out/tensorflow/tensorflow/lite/tools/make/downloads/flatbuffers/include -I -I/usr/local/include -c tensorflow/lite/kernels/concatenation.cc -o /opt/rustwide/target/debug/build/tflite-2f56834fa74b60a2/out/tensorflow/tensorflow/lite/tools/make/gen/linux_x86_64/obj/tensorflow/lite/kernels/concatenation.o
[INFO] [stderr]   g++ -O3 -DNDEBUG -fPIC  --std=c++11 -fPIC -DGEMMLOWP_ALLOW_SLOW_SCALAR_FALLBACK -pthread -I. -I/opt/rustwide/target/debug/build/tflite-2f56834fa74b60a2/out/tensorflow/tensorflow/lite/tools/make/../../../../../ -I/opt/rustwide/target/debug/build/tflite-2f56834fa74b60a2/out/tensorflow/tensorflow/lite/tools/make/../../../../../../ -I/opt/rustwide/target/debug/build/tflite-2f56834fa74b60a2/out/tensorflow/tensorflow/lite/tools/make/downloads/ -I/opt/rustwide/target/debug/build/tflite-2f56834fa74b60a2/out/tensorflow/tensorflow/lite/tools/make/downloads/eigen -I/opt/rustwide/target/debug/build/tflite-2f56834fa74b60a2/out/tensorflow/tensorflow/lite/tools/make/downloads/absl -I/opt/rustwide/target/debug/build/tflite-2f56834fa74b60a2/out/tensorflow/tensorflow/lite/tools/make/downloads/gemmlowp -I/opt/rustwide/target/debug/build/tflite-2f56834fa74b60a2/out/tensorflow/tensorflow/lite/tools/make/downloads/neon_2_sse -I/opt/rustwide/target/debug/build/tflite-2f56834fa74b60a2/out/tensorflow/tensorflow/lite/tools/make/downloads/farmhash/src -I/opt/rustwide/target/debug/build/tflite-2f56834fa74b60a2/out/tensorflow/tensorflow/lite/tools/make/downloads/flatbuffers/include -I -I/usr/local/include -c tensorflow/lite/kernels/conv.cc -o /opt/rustwide/target/debug/build/tflite-2f56834fa74b60a2/out/tensorflow/tensorflow/lite/tools/make/gen/linux_x86_64/obj/tensorflow/lite/kernels/conv.o
[INFO] [stderr]   g++ -O3 -DNDEBUG -fPIC  --std=c++11 -fPIC -DGEMMLOWP_ALLOW_SLOW_SCALAR_FALLBACK -pthread -I. -I/opt/rustwide/target/debug/build/tflite-2f56834fa74b60a2/out/tensorflow/tensorflow/lite/tools/make/../../../../../ -I/opt/rustwide/target/debug/build/tflite-2f56834fa74b60a2/out/tensorflow/tensorflow/lite/tools/make/../../../../../../ -I/opt/rustwide/target/debug/build/tflite-2f56834fa74b60a2/out/tensorflow/tensorflow/lite/tools/make/downloads/ -I/opt/rustwide/target/debug/build/tflite-2f56834fa74b60a2/out/tensorflow/tensorflow/lite/tools/make/downloads/eigen -I/opt/rustwide/target/debug/build/tflite-2f56834fa74b60a2/out/tensorflow/tensorflow/lite/tools/make/downloads/absl -I/opt/rustwide/target/debug/build/tflite-2f56834fa74b60a2/out/tensorflow/tensorflow/lite/tools/make/downloads/gemmlowp -I/opt/rustwide/target/debug/build/tflite-2f56834fa74b60a2/out/tensorflow/tensorflow/lite/tools/make/downloads/neon_2_sse -I/opt/rustwide/target/debug/build/tflite-2f56834fa74b60a2/out/tensorflow/tensorflow/lite/tools/make/downloads/farmhash/src -I/opt/rustwide/target/debug/build/tflite-2f56834fa74b60a2/out/tensorflow/tensorflow/lite/tools/make/downloads/flatbuffers/include -I -I/usr/local/include -c tensorflow/lite/kernels/cpu_backend_context.cc -o /opt/rustwide/target/debug/build/tflite-2f56834fa74b60a2/out/tensorflow/tensorflow/lite/tools/make/gen/linux_x86_64/obj/tensorflow/lite/kernels/cpu_backend_context.o
[INFO] [stderr]   g++ -O3 -DNDEBUG -fPIC  --std=c++11 -fPIC -DGEMMLOWP_ALLOW_SLOW_SCALAR_FALLBACK -pthread -I. -I/opt/rustwide/target/debug/build/tflite-2f56834fa74b60a2/out/tensorflow/tensorflow/lite/tools/make/../../../../../ -I/opt/rustwide/target/debug/build/tflite-2f56834fa74b60a2/out/tensorflow/tensorflow/lite/tools/make/../../../../../../ -I/opt/rustwide/target/debug/build/tflite-2f56834fa74b60a2/out/tensorflow/tensorflow/lite/tools/make/downloads/ -I/opt/rustwide/target/debug/build/tflite-2f56834fa74b60a2/out/tensorflow/tensorflow/lite/tools/make/downloads/eigen -I/opt/rustwide/target/debug/build/tflite-2f56834fa74b60a2/out/tensorflow/tensorflow/lite/tools/make/downloads/absl -I/opt/rustwide/target/debug/build/tflite-2f56834fa74b60a2/out/tensorflow/tensorflow/lite/tools/make/downloads/gemmlowp -I/opt/rustwide/target/debug/build/tflite-2f56834fa74b60a2/out/tensorflow/tensorflow/lite/tools/make/downloads/neon_2_sse -I/opt/rustwide/target/debug/build/tflite-2f56834fa74b60a2/out/tensorflow/tensorflow/lite/tools/make/downloads/farmhash/src -I/opt/rustwide/target/debug/build/tflite-2f56834fa74b60a2/out/tensorflow/tensorflow/lite/tools/make/downloads/flatbuffers/include -I -I/usr/local/include -c tensorflow/lite/kernels/cpu_backend_gemm_eigen.cc -o /opt/rustwide/target/debug/build/tflite-2f56834fa74b60a2/out/tensorflow/tensorflow/lite/tools/make/gen/linux_x86_64/obj/tensorflow/lite/kernels/cpu_backend_gemm_eigen.o
[INFO] [stderr]   g++ -O3 -DNDEBUG -fPIC  --std=c++11 -fPIC -DGEMMLOWP_ALLOW_SLOW_SCALAR_FALLBACK -pthread -I. -I/opt/rustwide/target/debug/build/tflite-2f56834fa74b60a2/out/tensorflow/tensorflow/lite/tools/make/../../../../../ -I/opt/rustwide/target/debug/build/tflite-2f56834fa74b60a2/out/tensorflow/tensorflow/lite/tools/make/../../../../../../ -I/opt/rustwide/target/debug/build/tflite-2f56834fa74b60a2/out/tensorflow/tensorflow/lite/tools/make/downloads/ -I/opt/rustwide/target/debug/build/tflite-2f56834fa74b60a2/out/tensorflow/tensorflow/lite/tools/make/downloads/eigen -I/opt/rustwide/target/debug/build/tflite-2f56834fa74b60a2/out/tensorflow/tensorflow/lite/tools/make/downloads/absl -I/opt/rustwide/target/debug/build/tflite-2f56834fa74b60a2/out/tensorflow/tensorflow/lite/tools/make/downloads/gemmlowp -I/opt/rustwide/target/debug/build/tflite-2f56834fa74b60a2/out/tensorflow/tensorflow/lite/tools/make/downloads/neon_2_sse -I/opt/rustwide/target/debug/build/tflite-2f56834fa74b60a2/out/tensorflow/tensorflow/lite/tools/make/downloads/farmhash/src -I/opt/rustwide/target/debug/build/tflite-2f56834fa74b60a2/out/tensorflow/tensorflow/lite/tools/make/downloads/flatbuffers/include -I -I/usr/local/include -c tensorflow/lite/kernels/depth_to_space.cc -o /opt/rustwide/target/debug/build/tflite-2f56834fa74b60a2/out/tensorflow/tensorflow/lite/tools/make/gen/linux_x86_64/obj/tensorflow/lite/kernels/depth_to_space.o
[INFO] [stderr]   g++ -O3 -DNDEBUG -fPIC  --std=c++11 -fPIC -DGEMMLOWP_ALLOW_SLOW_SCALAR_FALLBACK -pthread -I. -I/opt/rustwide/target/debug/build/tflite-2f56834fa74b60a2/out/tensorflow/tensorflow/lite/tools/make/../../../../../ -I/opt/rustwide/target/debug/build/tflite-2f56834fa74b60a2/out/tensorflow/tensorflow/lite/tools/make/../../../../../../ -I/opt/rustwide/target/debug/build/tflite-2f56834fa74b60a2/out/tensorflow/tensorflow/lite/tools/make/downloads/ -I/opt/rustwide/target/debug/build/tflite-2f56834fa74b60a2/out/tensorflow/tensorflow/lite/tools/make/downloads/eigen -I/opt/rustwide/target/debug/build/tflite-2f56834fa74b60a2/out/tensorflow/tensorflow/lite/tools/make/downloads/absl -I/opt/rustwide/target/debug/build/tflite-2f56834fa74b60a2/out/tensorflow/tensorflow/lite/tools/make/downloads/gemmlowp -I/opt/rustwide/target/debug/build/tflite-2f56834fa74b60a2/out/tensorflow/tensorflow/lite/tools/make/downloads/neon_2_sse -I/opt/rustwide/target/debug/build/tflite-2f56834fa74b60a2/out/tensorflow/tensorflow/lite/tools/make/downloads/farmhash/src -I/opt/rustwide/target/debug/build/tflite-2f56834fa74b60a2/out/tensorflow/tensorflow/lite/tools/make/downloads/flatbuffers/include -I -I/usr/local/include -c tensorflow/lite/kernels/depthwise_conv.cc -o /opt/rustwide/target/debug/build/tflite-2f56834fa74b60a2/out/tensorflow/tensorflow/lite/tools/make/gen/linux_x86_64/obj/tensorflow/lite/kernels/depthwise_conv.o
[INFO] [stderr]   g++ -O3 -DNDEBUG -fPIC  --std=c++11 -fPIC -DGEMMLOWP_ALLOW_SLOW_SCALAR_FALLBACK -pthread -I. -I/opt/rustwide/target/debug/build/tflite-2f56834fa74b60a2/out/tensorflow/tensorflow/lite/tools/make/../../../../../ -I/opt/rustwide/target/debug/build/tflite-2f56834fa74b60a2/out/tensorflow/tensorflow/lite/tools/make/../../../../../../ -I/opt/rustwide/target/debug/build/tflite-2f56834fa74b60a2/out/tensorflow/tensorflow/lite/tools/make/downloads/ -I/opt/rustwide/target/debug/build/tflite-2f56834fa74b60a2/out/tensorflow/tensorflow/lite/tools/make/downloads/eigen -I/opt/rustwide/target/debug/build/tflite-2f56834fa74b60a2/out/tensorflow/tensorflow/lite/tools/make/downloads/absl -I/opt/rustwide/target/debug/build/tflite-2f56834fa74b60a2/out/tensorflow/tensorflow/lite/tools/make/downloads/gemmlowp -I/opt/rustwide/target/debug/build/tflite-2f56834fa74b60a2/out/tensorflow/tensorflow/lite/tools/make/downloads/neon_2_sse -I/opt/rustwide/target/debug/build/tflite-2f56834fa74b60a2/out/tensorflow/tensorflow/lite/tools/make/downloads/farmhash/src -I/opt/rustwide/target/debug/build/tflite-2f56834fa74b60a2/out/tensorflow/tensorflow/lite/tools/make/downloads/flatbuffers/include -I -I/usr/local/include -c tensorflow/lite/kernels/dequantize.cc -o /opt/rustwide/target/debug/build/tflite-2f56834fa74b60a2/out/tensorflow/tensorflow/lite/tools/make/gen/linux_x86_64/obj/tensorflow/lite/kernels/dequantize.o
[INFO] [stderr]   g++ -O3 -DNDEBUG -fPIC  --std=c++11 -fPIC -DGEMMLOWP_ALLOW_SLOW_SCALAR_FALLBACK -pthread -I. -I/opt/rustwide/target/debug/build/tflite-2f56834fa74b60a2/out/tensorflow/tensorflow/lite/tools/make/../../../../../ -I/opt/rustwide/target/debug/build/tflite-2f56834fa74b60a2/out/tensorflow/tensorflow/lite/tools/make/../../../../../../ -I/opt/rustwide/target/debug/build/tflite-2f56834fa74b60a2/out/tensorflow/tensorflow/lite/tools/make/downloads/ -I/opt/rustwide/target/debug/build/tflite-2f56834fa74b60a2/out/tensorflow/tensorflow/lite/tools/make/downloads/eigen -I/opt/rustwide/target/debug/build/tflite-2f56834fa74b60a2/out/tensorflow/tensorflow/lite/tools/make/downloads/absl -I/opt/rustwide/target/debug/build/tflite-2f56834fa74b60a2/out/tensorflow/tensorflow/lite/tools/make/downloads/gemmlowp -I/opt/rustwide/target/debug/build/tflite-2f56834fa74b60a2/out/tensorflow/tensorflow/lite/tools/make/downloads/neon_2_sse -I/opt/rustwide/target/debug/build/tflite-2f56834fa74b60a2/out/tensorflow/tensorflow/lite/tools/make/downloads/farmhash/src -I/opt/rustwide/target/debug/build/tflite-2f56834fa74b60a2/out/tensorflow/tensorflow/lite/tools/make/downloads/flatbuffers/include -I -I/usr/local/include -c tensorflow/lite/kernels/detection_postprocess.cc -o /opt/rustwide/target/debug/build/tflite-2f56834fa74b60a2/out/tensorflow/tensorflow/lite/tools/make/gen/linux_x86_64/obj/tensorflow/lite/kernels/detection_postprocess.o
[INFO] [stderr]   g++ -O3 -DNDEBUG -fPIC  --std=c++11 -fPIC -DGEMMLOWP_ALLOW_SLOW_SCALAR_FALLBACK -pthread -I. -I/opt/rustwide/target/debug/build/tflite-2f56834fa74b60a2/out/tensorflow/tensorflow/lite/tools/make/../../../../../ -I/opt/rustwide/target/debug/build/tflite-2f56834fa74b60a2/out/tensorflow/tensorflow/lite/tools/make/../../../../../../ -I/opt/rustwide/target/debug/build/tflite-2f56834fa74b60a2/out/tensorflow/tensorflow/lite/tools/make/downloads/ -I/opt/rustwide/target/debug/build/tflite-2f56834fa74b60a2/out/tensorflow/tensorflow/lite/tools/make/downloads/eigen -I/opt/rustwide/target/debug/build/tflite-2f56834fa74b60a2/out/tensorflow/tensorflow/lite/tools/make/downloads/absl -I/opt/rustwide/target/debug/build/tflite-2f56834fa74b60a2/out/tensorflow/tensorflow/lite/tools/make/downloads/gemmlowp -I/opt/rustwide/target/debug/build/tflite-2f56834fa74b60a2/out/tensorflow/tensorflow/lite/tools/make/downloads/neon_2_sse -I/opt/rustwide/target/debug/build/tflite-2f56834fa74b60a2/out/tensorflow/tensorflow/lite/tools/make/downloads/farmhash/src -I/opt/rustwide/target/debug/build/tflite-2f56834fa74b60a2/out/tensorflow/tensorflow/lite/tools/make/downloads/flatbuffers/include -I -I/usr/local/include -c tensorflow/lite/kernels/div.cc -o /opt/rustwide/target/debug/build/tflite-2f56834fa74b60a2/out/tensorflow/tensorflow/lite/tools/make/gen/linux_x86_64/obj/tensorflow/lite/kernels/div.o
[INFO] [stderr]   g++ -O3 -DNDEBUG -fPIC  --std=c++11 -fPIC -DGEMMLOWP_ALLOW_SLOW_SCALAR_FALLBACK -pthread -I. -I/opt/rustwide/target/debug/build/tflite-2f56834fa74b60a2/out/tensorflow/tensorflow/lite/tools/make/../../../../../ -I/opt/rustwide/target/debug/build/tflite-2f56834fa74b60a2/out/tensorflow/tensorflow/lite/tools/make/../../../../../../ -I/opt/rustwide/target/debug/build/tflite-2f56834fa74b60a2/out/tensorflow/tensorflow/lite/tools/make/downloads/ -I/opt/rustwide/target/debug/build/tflite-2f56834fa74b60a2/out/tensorflow/tensorflow/lite/tools/make/downloads/eigen -I/opt/rustwide/target/debug/build/tflite-2f56834fa74b60a2/out/tensorflow/tensorflow/lite/tools/make/downloads/absl -I/opt/rustwide/target/debug/build/tflite-2f56834fa74b60a2/out/tensorflow/tensorflow/lite/tools/make/downloads/gemmlowp -I/opt/rustwide/target/debug/build/tflite-2f56834fa74b60a2/out/tensorflow/tensorflow/lite/tools/make/downloads/neon_2_sse -I/opt/rustwide/target/debug/build/tflite-2f56834fa74b60a2/out/tensorflow/tensorflow/lite/tools/make/downloads/farmhash/src -I/opt/rustwide/target/debug/build/tflite-2f56834fa74b60a2/out/tensorflow/tensorflow/lite/tools/make/downloads/flatbuffers/include -I -I/usr/local/include -c tensorflow/lite/kernels/eigen_support.cc -o /opt/rustwide/target/debug/build/tflite-2f56834fa74b60a2/out/tensorflow/tensorflow/lite/tools/make/gen/linux_x86_64/obj/tensorflow/lite/kernels/eigen_support.o
[INFO] [stderr]   g++ -O3 -DNDEBUG -fPIC  --std=c++11 -fPIC -DGEMMLOWP_ALLOW_SLOW_SCALAR_FALLBACK -pthread -I. -I/opt/rustwide/target/debug/build/tflite-2f56834fa74b60a2/out/tensorflow/tensorflow/lite/tools/make/../../../../../ -I/opt/rustwide/target/debug/build/tflite-2f56834fa74b60a2/out/tensorflow/tensorflow/lite/tools/make/../../../../../../ -I/opt/rustwide/target/debug/build/tflite-2f56834fa74b60a2/out/tensorflow/tensorflow/lite/tools/make/downloads/ -I/opt/rustwide/target/debug/build/tflite-2f56834fa74b60a2/out/tensorflow/tensorflow/lite/tools/make/downloads/eigen -I/opt/rustwide/target/debug/build/tflite-2f56834fa74b60a2/out/tensorflow/tensorflow/lite/tools/make/downloads/absl -I/opt/rustwide/target/debug/build/tflite-2f56834fa74b60a2/out/tensorflow/tensorflow/lite/tools/make/downloads/gemmlowp -I/opt/rustwide/target/debug/build/tflite-2f56834fa74b60a2/out/tensorflow/tensorflow/lite/tools/make/downloads/neon_2_sse -I/opt/rustwide/target/debug/build/tflite-2f56834fa74b60a2/out/tensorflow/tensorflow/lite/tools/make/downloads/farmhash/src -I/opt/rustwide/target/debug/build/tflite-2f56834fa74b60a2/out/tensorflow/tensorflow/lite/tools/make/downloads/flatbuffers/include -I -I/usr/local/include -c tensorflow/lite/kernels/elementwise.cc -o /opt/rustwide/target/debug/build/tflite-2f56834fa74b60a2/out/tensorflow/tensorflow/lite/tools/make/gen/linux_x86_64/obj/tensorflow/lite/kernels/elementwise.o
[INFO] [stderr]   g++ -O3 -DNDEBUG -fPIC  --std=c++11 -fPIC -DGEMMLOWP_ALLOW_SLOW_SCALAR_FALLBACK -pthread -I. -I/opt/rustwide/target/debug/build/tflite-2f56834fa74b60a2/out/tensorflow/tensorflow/lite/tools/make/../../../../../ -I/opt/rustwide/target/debug/build/tflite-2f56834fa74b60a2/out/tensorflow/tensorflow/lite/tools/make/../../../../../../ -I/opt/rustwide/target/debug/build/tflite-2f56834fa74b60a2/out/tensorflow/tensorflow/lite/tools/make/downloads/ -I/opt/rustwide/target/debug/build/tflite-2f56834fa74b60a2/out/tensorflow/tensorflow/lite/tools/make/downloads/eigen -I/opt/rustwide/target/debug/build/tflite-2f56834fa74b60a2/out/tensorflow/tensorflow/lite/tools/make/downloads/absl -I/opt/rustwide/target/debug/build/tflite-2f56834fa74b60a2/out/tensorflow/tensorflow/lite/tools/make/downloads/gemmlowp -I/opt/rustwide/target/debug/build/tflite-2f56834fa74b60a2/out/tensorflow/tensorflow/lite/tools/make/downloads/neon_2_sse -I/opt/rustwide/target/debug/build/tflite-2f56834fa74b60a2/out/tensorflow/tensorflow/lite/tools/make/downloads/farmhash/src -I/opt/rustwide/target/debug/build/tflite-2f56834fa74b60a2/out/tensorflow/tensorflow/lite/tools/make/downloads/flatbuffers/include -I -I/usr/local/include -c tensorflow/lite/kernels/embedding_lookup.cc -o /opt/rustwide/target/debug/build/tflite-2f56834fa74b60a2/out/tensorflow/tensorflow/lite/tools/make/gen/linux_x86_64/obj/tensorflow/lite/kernels/embedding_lookup.o
[INFO] [stderr]   g++ -O3 -DNDEBUG -fPIC  --std=c++11 -fPIC -DGEMMLOWP_ALLOW_SLOW_SCALAR_FALLBACK -pthread -I. -I/opt/rustwide/target/debug/build/tflite-2f56834fa74b60a2/out/tensorflow/tensorflow/lite/tools/make/../../../../../ -I/opt/rustwide/target/debug/build/tflite-2f56834fa74b60a2/out/tensorflow/tensorflow/lite/tools/make/../../../../../../ -I/opt/rustwide/target/debug/build/tflite-2f56834fa74b60a2/out/tensorflow/tensorflow/lite/tools/make/downloads/ -I/opt/rustwide/target/debug/build/tflite-2f56834fa74b60a2/out/tensorflow/tensorflow/lite/tools/make/downloads/eigen -I/opt/rustwide/target/debug/build/tflite-2f56834fa74b60a2/out/tensorflow/tensorflow/lite/tools/make/downloads/absl -I/opt/rustwide/target/debug/build/tflite-2f56834fa74b60a2/out/tensorflow/tensorflow/lite/tools/make/downloads/gemmlowp -I/opt/rustwide/target/debug/build/tflite-2f56834fa74b60a2/out/tensorflow/tensorflow/lite/tools/make/downloads/neon_2_sse -I/opt/rustwide/target/debug/build/tflite-2f56834fa74b60a2/out/tensorflow/tensorflow/lite/tools/make/downloads/farmhash/src -I/opt/rustwide/target/debug/build/tflite-2f56834fa74b60a2/out/tensorflow/tensorflow/lite/tools/make/downloads/flatbuffers/include -I -I/usr/local/include -c tensorflow/lite/kernels/embedding_lookup_sparse.cc -o /opt/rustwide/target/debug/build/tflite-2f56834fa74b60a2/out/tensorflow/tensorflow/lite/tools/make/gen/linux_x86_64/obj/tensorflow/lite/kernels/embedding_lookup_sparse.o
[INFO] [stderr] 
[INFO] [stderr]   --- stderr
[INFO] [stderr]   error: 'rustfmt' is not installed for the toolchain 'beta-2021-08-01-x86_64-unknown-linux-gnu'
[INFO] [stderr]   To install, run `rustup component add rustfmt --toolchain beta-2021-08-01-x86_64-unknown-linux-gnu`
[INFO] [stderr]   Failed to run rustfmt: Internal rustfmt error (non-fatal, continuing)
[INFO] [stderr]   make command = "make" "-j" "32" "BUILD_WITH_NNAPI=false" "-f" "tensorflow/lite/tools/make/Makefile" "TARGET=linux" "TARGET_ARCH=x86_64" "micro" in dir  "/opt/rustwide/target/debug/build/tflite-2f56834fa74b60a2/out/tensorflow"
[INFO] [stderr]   g++: fatal error: Killed signal terminated program cc1plus
[INFO] [stderr]   compilation terminated.
[INFO] [stderr]   g++: fatal error: Killed signal terminated program cc1plus
[INFO] [stderr]   compilation terminated.
[INFO] [stderr]   g++: fatal error: Killed signal terminated program cc1plus
[INFO] [stderr]   compilation terminated.
[INFO] [stderr]   g++: fatal error: Killed signal terminated program cc1plus
[INFO] [stderr]   compilation terminated.
[INFO] [stderr]   make: *** [tensorflow/lite/tools/make/Makefile:246: /opt/rustwide/target/debug/build/tflite-2f56834fa74b60a2/out/tensorflow/tensorflow/lite/tools/make/gen/linux_x86_64/obj/tensorflow/lite/core/subgraph.o] Error 1
[INFO] [stderr]   make: *** Waiting for unfinished jobs....
[INFO] [stderr]   make: *** [tensorflow/lite/tools/make/Makefile:246: /opt/rustwide/target/debug/build/tflite-2f56834fa74b60a2/out/tensorflow/tensorflow/lite/tools/make/gen/linux_x86_64/obj/tensorflow/lite/kernels/assign_variable.o] Error 1
[INFO] [stderr]   make: *** [tensorflow/lite/tools/make/Makefile:246: /opt/rustwide/target/debug/build/tflite-2f56834fa74b60a2/out/tensorflow/tensorflow/lite/tools/make/gen/linux_x86_64/obj/tensorflow/lite/kernels/add_n.o] Error 1
[INFO] [stderr]   make: *** [tensorflow/lite/tools/make/Makefile:246: /opt/rustwide/target/debug/build/tflite-2f56834fa74b60a2/out/tensorflow/tensorflow/lite/tools/make/gen/linux_x86_64/obj/tensorflow/lite/core/api/op_resolver.o] Error 1
[INFO] [stderr]   g++: fatal error: Killed signal terminated program cc1plus
[INFO] [stderr]   compilation terminated.
[INFO] [stderr]   make: *** [tensorflow/lite/tools/make/Makefile:245: /opt/rustwide/target/debug/build/tflite-2f56834fa74b60a2/out/tensorflow/tensorflow/lite/tools/make/gen/linux_x86_64/obj/tensorflow/lite/kernels/arg_min_max.o] Error 1
[INFO] [stderr]   g++: fatal error: Killed signal terminated program cc1plus
[INFO] [stderr]   compilation terminated.
[INFO] [stderr]   make: *** [tensorflow/lite/tools/make/Makefile:245: /opt/rustwide/target/debug/build/tflite-2f56834fa74b60a2/out/tensorflow/tensorflow/lite/tools/make/gen/linux_x86_64/obj/tensorflow/lite/kernels/bidirectional_sequence_lstm.o] Error 1
[INFO] [stderr]   g++: fatal error: Killed signal terminated program cc1plus
[INFO] [stderr]   compilation terminated.
[INFO] [stderr]   g++: fatal error: Killed signal terminated program cc1plus
[INFO] [stderr]   compilation terminated.
[INFO] [stderr]   make: *** [tensorflow/lite/tools/make/Makefile:245: /opt/rustwide/target/debug/build/tflite-2f56834fa74b60a2/out/tensorflow/tensorflow/lite/tools/make/gen/linux_x86_64/obj/tensorflow/lite/core/api/flatbuffer_conversions.o] Error 1
[INFO] [stderr]   make: *** [tensorflow/lite/tools/make/Makefile:245: /opt/rustwide/target/debug/build/tflite-2f56834fa74b60a2/out/tensorflow/tensorflow/lite/tools/make/gen/linux_x86_64/obj/tensorflow/lite/kernels/add.o] Error 1
[INFO] [stderr]   g++: fatal error: Killed signal terminated program cc1plus
[INFO] [stderr]   compilation terminated.
[INFO] [stderr]   g++: fatal error: Killed signal terminated program cc1plus
[INFO] [stderr]   compilation terminated.
[INFO] [stderr]   make: *** [tensorflow/lite/tools/make/Makefile:245: /opt/rustwide/target/debug/build/tflite-2f56834fa74b60a2/out/tensorflow/tensorflow/lite/tools/make/gen/linux_x86_64/obj/tensorflow/lite/interpreter.o] Error 1
[INFO] [stderr]   make: *** [tensorflow/lite/tools/make/Makefile:245: /opt/rustwide/target/debug/build/tflite-2f56834fa74b60a2/out/tensorflow/tensorflow/lite/tools/make/gen/linux_x86_64/obj/tensorflow/lite/kernels/cpu_backend_gemm_eigen.o] Error 1
[INFO] [stderr]   g++: fatal error: Killed signal terminated program cc1plus
[INFO] [stderr]   compilation terminated.
[INFO] [stderr]   make: *** [tensorflow/lite/tools/make/Makefile:245: /opt/rustwide/target/debug/build/tflite-2f56834fa74b60a2/out/tensorflow/tensorflow/lite/tools/make/gen/linux_x86_64/obj/tensorflow/lite/kernels/ceil.o] Error 1
[INFO] [stderr]   g++: fatal error: Killed signal terminated program cc1plus
[INFO] [stderr]   compilation terminated.
[INFO] [stderr]   make: *** [tensorflow/lite/tools/make/Makefile:245: /opt/rustwide/target/debug/build/tflite-2f56834fa74b60a2/out/tensorflow/tensorflow/lite/tools/make/gen/linux_x86_64/obj/tensorflow/lite/kernels/depth_to_space.o] Error 1
[INFO] [stderr]   g++: fatal error: Killed signal terminated program cc1plus
[INFO] [stderr]   compilation terminated.
[INFO] [stderr]   g++: fatal error: Killed signal terminated program cc1plus
[INFO] [stderr]   compilation terminated.
[INFO] [stderr]   make: *** [tensorflow/lite/tools/make/Makefile:245: /opt/rustwide/target/debug/build/tflite-2f56834fa74b60a2/out/tensorflow/tensorflow/lite/tools/make/gen/linux_x86_64/obj/tensorflow/lite/kernels/activations.o] Error 1
[INFO] [stderr]   make: *** [tensorflow/lite/tools/make/Makefile:245: /opt/rustwide/target/debug/build/tflite-2f56834fa74b60a2/out/tensorflow/tensorflow/lite/tools/make/gen/linux_x86_64/obj/tensorflow/lite/kernels/depthwise_conv.o] Error 1
[INFO] [stderr]   g++: fatal error: Killed signal terminated program cc1plus
[INFO] [stderr]   compilation terminated.
[INFO] [stderr]   make: *** [tensorflow/lite/tools/make/Makefile:245: /opt/rustwide/target/debug/build/tflite-2f56834fa74b60a2/out/tensorflow/tensorflow/lite/tools/make/gen/linux_x86_64/obj/tensorflow/lite/kernels/conv.o] Error 1
[INFO] [stderr]   g++: fatal error: Killed signal terminated program cc1plus
[INFO] [stderr]   compilation terminated.
[INFO] [stderr]   make: *** [tensorflow/lite/tools/make/Makefile:245: /opt/rustwide/target/debug/build/tflite-2f56834fa74b60a2/out/tensorflow/tensorflow/lite/tools/make/gen/linux_x86_64/obj/tensorflow/lite/kernels/audio_spectrogram.o] Error 1
[INFO] [stderr]   g++: fatal error: Killed signal terminated program cc1plus
[INFO] [stderr]   compilation terminated.
[INFO] [stderr]   make: *** [tensorflow/lite/tools/make/Makefile:245: /opt/rustwide/target/debug/build/tflite-2f56834fa74b60a2/out/tensorflow/tensorflow/lite/tools/make/gen/linux_x86_64/obj/tensorflow/lite/kernels/cast.o] Error 1
[INFO] [stderr]   g++: fatal error: Killed signal terminated program cc1plus
[INFO] [stderr]   compilation terminated.
[INFO] [stderr]   make: *** [tensorflow/lite/tools/make/Makefile:245: /opt/rustwide/target/debug/build/tflite-2f56834fa74b60a2/out/tensorflow/tensorflow/lite/tools/make/gen/linux_x86_64/obj/tensorflow/lite/kernels/concatenation.o] Error 1
[INFO] [stderr]   g++: fatal error: Killed signal terminated program cc1plus
[INFO] [stderr]   compilation terminated.
[INFO] [stderr]   make: *** [tensorflow/lite/tools/make/Makefile:245: /opt/rustwide/target/debug/build/tflite-2f56834fa74b60a2/out/tensorflow/tensorflow/lite/tools/make/gen/linux_x86_64/obj/tensorflow/lite/kernels/batch_to_space_nd.o] Error 1
[INFO] [stderr]   thread 'main' panicked at 'Failed to build tensorflow', /opt/rustwide/cargo-home/git/checkouts/tflite-rs-761d8e5ecfbeed72/c169956/build.rs:146:17
[INFO] [stderr]   stack backtrace:
[INFO] [stderr]      0:     0x557cfae6e930 - std::backtrace_rs::backtrace::libunwind::trace::hff4d1766e93f64f1
[INFO] [stderr]                                  at /rustc/53fd98ca776cb875bc9e5514f56b52eb74f9e7a9/library/std/src/../../backtrace/src/backtrace/libunwind.rs:90:5
[INFO] [stderr]      1:     0x557cfae6e930 - std::backtrace_rs::backtrace::trace_unsynchronized::h56bbc8eb78770bcb
[INFO] [stderr]                                  at /rustc/53fd98ca776cb875bc9e5514f56b52eb74f9e7a9/library/std/src/../../backtrace/src/backtrace/mod.rs:66:5
[INFO] [stderr]      2:     0x557cfae6e930 - std::sys_common::backtrace::_print_fmt::h5c8e75464faca780
[INFO] [stderr]                                  at /rustc/53fd98ca776cb875bc9e5514f56b52eb74f9e7a9/library/std/src/sys_common/backtrace.rs:67:5
[INFO] [stderr]      3:     0x557cfae6e930 - <std::sys_common::backtrace::_print::DisplayBacktrace as core::fmt::Display>::fmt::h48b88277def8b362
[INFO] [stderr]                                  at /rustc/53fd98ca776cb875bc9e5514f56b52eb74f9e7a9/library/std/src/sys_common/backtrace.rs:46:22
[INFO] [stderr]      4:     0x557cfae9581c - core::fmt::write::h3381b3176fe2b3d3
[INFO] [stderr]                                  at /rustc/53fd98ca776cb875bc9e5514f56b52eb74f9e7a9/library/core/src/fmt/mod.rs:1115:17
[INFO] [stderr]      5:     0x557cfae6ae25 - std::io::Write::write_fmt::hd42607e5d8e44db0
[INFO] [stderr]                                  at /rustc/53fd98ca776cb875bc9e5514f56b52eb74f9e7a9/library/std/src/io/mod.rs:1665:15
[INFO] [stderr]      6:     0x557cfae712db - std::sys_common::backtrace::_print::ha537687d6c17dd0d
[INFO] [stderr]                                  at /rustc/53fd98ca776cb875bc9e5514f56b52eb74f9e7a9/library/std/src/sys_common/backtrace.rs:49:5
[INFO] [stderr]      7:     0x557cfae712db - std::sys_common::backtrace::print::h61376ae57d131d72
[INFO] [stderr]                                  at /rustc/53fd98ca776cb875bc9e5514f56b52eb74f9e7a9/library/std/src/sys_common/backtrace.rs:36:9
[INFO] [stderr]      8:     0x557cfae712db - std::panicking::default_hook::{{closure}}::h0f7208c0b9644a54
[INFO] [stderr]                                  at /rustc/53fd98ca776cb875bc9e5514f56b52eb74f9e7a9/library/std/src/panicking.rs:208:50
[INFO] [stderr]      9:     0x557cfae70db1 - std::panicking::default_hook::hdac7fc06578c14ce
[INFO] [stderr]                                  at /rustc/53fd98ca776cb875bc9e5514f56b52eb74f9e7a9/library/std/src/panicking.rs:225:9
[INFO] [stderr]     10:     0x557cfae719c9 - std::panicking::rust_panic_with_hook::h72b21c283da3d1ef
[INFO] [stderr]                                  at /rustc/53fd98ca776cb875bc9e5514f56b52eb74f9e7a9/library/std/src/panicking.rs:626:17
[INFO] [stderr]     11:     0x557cfadfe313 - std::panicking::begin_panic::{{closure}}::hdaf389945fa34586
[INFO] [stderr]                                  at /rustc/53fd98ca776cb875bc9e5514f56b52eb74f9e7a9/library/std/src/panicking.rs:542:9
[INFO] [stderr]     12:     0x557cfadfe199 - std::sys_common::backtrace::__rust_end_short_backtrace::hf0242897c100026c
[INFO] [stderr]                                  at /rustc/53fd98ca776cb875bc9e5514f56b52eb74f9e7a9/library/std/src/sys_common/backtrace.rs:141:18
[INFO] [stderr]     13:     0x557cfadfe249 - std::panicking::begin_panic::h27a2778dc7a33990
[INFO] [stderr]                                  at /rustc/53fd98ca776cb875bc9e5514f56b52eb74f9e7a9/library/std/src/panicking.rs:541:12
[INFO] [stderr]     14:     0x557cfa717902 - build_script_build::prepare_tensorflow_library::h00c33bd0bced5051
[INFO] [stderr]                                  at /opt/rustwide/cargo-home/git/checkouts/tflite-rs-761d8e5ecfbeed72/c169956/build.rs:146:17
[INFO] [stderr]     15:     0x557cfa719473 - build_script_build::main::hd2eaa420916e4c54
[INFO] [stderr]                                  at /opt/rustwide/cargo-home/git/checkouts/tflite-rs-761d8e5ecfbeed72/c169956/build.rs:521:9
[INFO] [stderr]     16:     0x557cfa71a80b - core::ops::function::FnOnce::call_once::h46d57131376479c7
[INFO] [stderr]                                  at /rustc/53fd98ca776cb875bc9e5514f56b52eb74f9e7a9/library/core/src/ops/function.rs:227:5
[INFO] [stderr]     17:     0x557cfa71aece - std::sys_common::backtrace::__rust_begin_short_backtrace::h0a91f3939758e9a2
[INFO] [stderr]                                  at /rustc/53fd98ca776cb875bc9e5514f56b52eb74f9e7a9/library/std/src/sys_common/backtrace.rs:125:18
[INFO] [stderr]     18:     0x557cfa719e81 - std::rt::lang_start::{{closure}}::h7164beae999c40c4
[INFO] [stderr]                                  at /rustc/53fd98ca776cb875bc9e5514f56b52eb74f9e7a9/library/std/src/rt.rs:63:18
[INFO] [stderr]     19:     0x557cfae71faa - core::ops::function::impls::<impl core::ops::function::FnOnce<A> for &F>::call_once::ha88a7d1a4d24e549
[INFO] [stderr]                                  at /rustc/53fd98ca776cb875bc9e5514f56b52eb74f9e7a9/library/core/src/ops/function.rs:259:13
[INFO] [stderr]     20:     0x557cfae71faa - std::panicking::try::do_call::hd3b1d7740607ccc7
[INFO] [stderr]                                  at /rustc/53fd98ca776cb875bc9e5514f56b52eb74f9e7a9/library/std/src/panicking.rs:401:40
[INFO] [stderr]     21:     0x557cfae71faa - std::panicking::try::h0ee8c65ac7461507
[INFO] [stderr]                                  at /rustc/53fd98ca776cb875bc9e5514f56b52eb74f9e7a9/library/std/src/panicking.rs:365:19
[INFO] [stderr]     22:     0x557cfae71faa - std::panic::catch_unwind::head47f0de4ccd838
[INFO] [stderr]                                  at /rustc/53fd98ca776cb875bc9e5514f56b52eb74f9e7a9/library/std/src/panic.rs:434:14
[INFO] [stderr]     23:     0x557cfae71faa - std::rt::lang_start_internal::{{closure}}::hbc7de8ec820ac085
[INFO] [stderr]                                  at /rustc/53fd98ca776cb875bc9e5514f56b52eb74f9e7a9/library/std/src/rt.rs:45:48
[INFO] [stderr]     24:     0x557cfae71faa - std::panicking::try::do_call::h2609e52e8bad4a7b
[INFO] [stderr]                                  at /rustc/53fd98ca776cb875bc9e5514f56b52eb74f9e7a9/library/std/src/panicking.rs:401:40
[INFO] [stderr]     25:     0x557cfae71faa - std::panicking::try::hd0929f0b603e0389
[INFO] [stderr]                                  at /rustc/53fd98ca776cb875bc9e5514f56b52eb74f9e7a9/library/std/src/panicking.rs:365:19
[INFO] [stderr]     26:     0x557cfae71faa - std::panic::catch_unwind::h27902b81c3e47571
[INFO] [stderr]                                  at /rustc/53fd98ca776cb875bc9e5514f56b52eb74f9e7a9/library/std/src/panic.rs:434:14
[INFO] [stderr]     27:     0x557cfae71faa - std::rt::lang_start_internal::h3fb2d794dd391e3e
[INFO] [stderr]                                  at /rustc/53fd98ca776cb875bc9e5514f56b52eb74f9e7a9/library/std/src/rt.rs:45:20
[INFO] [stderr]     28:     0x557cfa719e50 - std::rt::lang_start::h042e74380514c07e
[INFO] [stderr]                                  at /rustc/53fd98ca776cb875bc9e5514f56b52eb74f9e7a9/library/std/src/rt.rs:62:5
[INFO] [stderr]     29:     0x557cfa71949c - main
[INFO] [stderr]     30:     0x7f56fbd610b3 - __libc_start_main
[INFO] [stderr]     31:     0x557cfa71020e - _start
[INFO] [stderr]     32:                0x0 - <unknown>
[INFO] running `Command { std: "docker" "inspect" "6d93a48074e70f3630434f25a041320c95c8038a2c5ada08d42cbdb669f16da7", kill_on_drop: false }`
[INFO] running `Command { std: "docker" "rm" "-f" "6d93a48074e70f3630434f25a041320c95c8038a2c5ada08d42cbdb669f16da7", kill_on_drop: false }`
[INFO] [stdout] 6d93a48074e70f3630434f25a041320c95c8038a2c5ada08d42cbdb669f16da7
