[INFO] cloning repository https://github.com/mrfu510n/dange-rs
[INFO] running `Command { std: "git" "-c" "credential.helper=" "-c" "credential.helper=/workspace/cargo-home/bin/git-credential-null" "clone" "--bare" "https://github.com/mrfu510n/dange-rs" "/workspace/cache/git-repos/https%3A%2F%2Fgithub.com%2Fmrfu510n%2Fdange-rs", kill_on_drop: false }`
[INFO] [stderr] Cloning into bare repository '/workspace/cache/git-repos/https%3A%2F%2Fgithub.com%2Fmrfu510n%2Fdange-rs'...
[INFO] running `Command { std: "git" "rev-parse" "HEAD", kill_on_drop: false }`
[INFO] [stdout] 029abe896131bc9fe1ca867e0d3ac731af2463e4
[INFO] testing mrfu510n/dange-rs against beta-2021-08-01 for beta-1.55-1
[INFO] running `Command { std: "git" "clone" "/workspace/cache/git-repos/https%3A%2F%2Fgithub.com%2Fmrfu510n%2Fdange-rs" "/workspace/builds/worker-10/source", kill_on_drop: false }`
[INFO] [stderr] Cloning into '/workspace/builds/worker-10/source'...
[INFO] [stderr] done.
[INFO] validating manifest of git repo https://github.com/mrfu510n/dange-rs on toolchain beta-2021-08-01
[INFO] running `Command { std: "/workspace/cargo-home/bin/cargo" "+beta-2021-08-01" "metadata" "--manifest-path" "Cargo.toml" "--no-deps", kill_on_drop: false }`
[INFO] started tweaking git repo https://github.com/mrfu510n/dange-rs
[INFO] finished tweaking git repo https://github.com/mrfu510n/dange-rs
[INFO] tweaked toml for git repo https://github.com/mrfu510n/dange-rs written to /workspace/builds/worker-10/source/Cargo.toml
[INFO] crate git repo https://github.com/mrfu510n/dange-rs already has a lockfile, it will not be regenerated
[INFO] running `Command { std: "/workspace/cargo-home/bin/cargo" "+beta-2021-08-01" "fetch" "--manifest-path" "Cargo.toml", kill_on_drop: false }`
[INFO] [stderr]     Blocking waiting for file lock on package cache
[INFO] [stderr]     Blocking waiting for file lock on package cache
[INFO] running `Command { std: "docker" "create" "-v" "/var/lib/crater-agent-workspace/builds/worker-10/target:/opt/rustwide/target:rw,Z" "-v" "/var/lib/crater-agent-workspace/builds/worker-10/source:/opt/rustwide/workdir:ro,Z" "-v" "/var/lib/crater-agent-workspace/cargo-home:/opt/rustwide/cargo-home:ro,Z" "-v" "/var/lib/crater-agent-workspace/rustup-home:/opt/rustwide/rustup-home:ro,Z" "-e" "SOURCE_DIR=/opt/rustwide/workdir" "-e" "CARGO_TARGET_DIR=/opt/rustwide/target" "-e" "CARGO_HOME=/opt/rustwide/cargo-home" "-e" "RUSTUP_HOME=/opt/rustwide/rustup-home" "-w" "/opt/rustwide/workdir" "-m" "1610612736" "--user" "0:0" "--network" "none" "ghcr.io/rust-lang/crates-build-env/linux@sha256:34b6a614d2c27851fe6cbf88fbd1137609cefab8b10d0615aaeb6fd47975d74e" "/opt/rustwide/cargo-home/bin/cargo" "+beta-2021-08-01" "metadata" "--no-deps" "--format-version=1", kill_on_drop: false }`
[INFO] [stdout] d39cf1cf567bbafcf43011ea3e52a13522dc5c3f03280810771ac832f1c4d02f
[INFO] running `Command { std: "docker" "start" "-a" "d39cf1cf567bbafcf43011ea3e52a13522dc5c3f03280810771ac832f1c4d02f", kill_on_drop: false }`
[INFO] running `Command { std: "docker" "inspect" "d39cf1cf567bbafcf43011ea3e52a13522dc5c3f03280810771ac832f1c4d02f", kill_on_drop: false }`
[INFO] running `Command { std: "docker" "rm" "-f" "d39cf1cf567bbafcf43011ea3e52a13522dc5c3f03280810771ac832f1c4d02f", kill_on_drop: false }`
[INFO] [stdout] d39cf1cf567bbafcf43011ea3e52a13522dc5c3f03280810771ac832f1c4d02f
[INFO] running `Command { std: "docker" "create" "-v" "/var/lib/crater-agent-workspace/builds/worker-10/target:/opt/rustwide/target:rw,Z" "-v" "/var/lib/crater-agent-workspace/builds/worker-10/source:/opt/rustwide/workdir:ro,Z" "-v" "/var/lib/crater-agent-workspace/cargo-home:/opt/rustwide/cargo-home:ro,Z" "-v" "/var/lib/crater-agent-workspace/rustup-home:/opt/rustwide/rustup-home:ro,Z" "-e" "SOURCE_DIR=/opt/rustwide/workdir" "-e" "CARGO_TARGET_DIR=/opt/rustwide/target" "-e" "CARGO_INCREMENTAL=0" "-e" "RUST_BACKTRACE=full" "-e" "RUSTFLAGS=--cap-lints=warn" "-e" "CARGO_HOME=/opt/rustwide/cargo-home" "-e" "RUSTUP_HOME=/opt/rustwide/rustup-home" "-w" "/opt/rustwide/workdir" "-m" "1610612736" "--user" "0:0" "--network" "none" "ghcr.io/rust-lang/crates-build-env/linux@sha256:34b6a614d2c27851fe6cbf88fbd1137609cefab8b10d0615aaeb6fd47975d74e" "/opt/rustwide/cargo-home/bin/cargo" "+beta-2021-08-01" "build" "--frozen" "--message-format=json", kill_on_drop: false }`
[INFO] [stdout] 0db2b539312b8384ec198cadc2802d9d0943cca94ae2a6bf83b3389e454d2b7e
[INFO] running `Command { std: "docker" "start" "-a" "0db2b539312b8384ec198cadc2802d9d0943cca94ae2a6bf83b3389e454d2b7e", kill_on_drop: false }`
[INFO] [stderr]    Compiling dange-rs v0.1.0 (/opt/rustwide/workdir)
[INFO] [stdout] error[E0433]: failed to resolve: use of undeclared crate or module `winapi`
[INFO] [stdout]  --> src/main.rs:4:5
[INFO] [stdout]   |
[INFO] [stdout] 4 | use winapi::um::tlhelp32::{CreateToolhelp32Snapshot, TH32CS_SNAPPROCESS, Process32First, Process32Next, PROCESSENTRY32};
[INFO] [stdout]   |     ^^^^^^ use of undeclared crate or module `winapi`
[INFO] [stdout] 
[INFO] [stdout] 
[INFO] [stdout] error[E0433]: failed to resolve: use of undeclared crate or module `winapi`
[INFO] [stdout]  --> src/main.rs:5:5
[INFO] [stdout]   |
[INFO] [stdout] 5 | use winapi::um::handleapi::{CloseHandle, INVALID_HANDLE_VALUE};
[INFO] [stdout]   |     ^^^^^^ use of undeclared crate or module `winapi`
[INFO] [stdout] 
[INFO] [stdout] 
[INFO] [stdout] error[E0433]: failed to resolve: use of undeclared crate or module `winapi`
[INFO] [stdout]  --> src/main.rs:6:5
[INFO] [stdout]   |
[INFO] [stdout] 6 | use winapi::um::winnt::{HANDLE, PROCESS_ALL_ACCESS};
[INFO] [stdout]   |     ^^^^^^ use of undeclared crate or module `winapi`
[INFO] [stdout] 
[INFO] [stdout] 
[INFO] [stdout] error[E0433]: failed to resolve: use of undeclared crate or module `winapi`
[INFO] [stdout]  --> src/main.rs:7:5
[INFO] [stdout]   |
[INFO] [stdout] 7 | use winapi::um::processthreadsapi::{GetPriorityClass, OpenProcess};
[INFO] [stdout]   |     ^^^^^^ use of undeclared crate or module `winapi`
[INFO] [stdout] 
[INFO] [stdout] 
[INFO] [stdout] error[E0433]: failed to resolve: use of undeclared crate or module `winapi`
[INFO] [stdout]  --> src/main.rs:8:5
[INFO] [stdout]   |
[INFO] [stdout] 8 | use winapi::shared::minwindef::{TRUE, FALSE, MAX_PATH};
[INFO] [stdout]   |     ^^^^^^ use of undeclared crate or module `winapi`
[INFO] [stdout] 
[INFO] [stdout] 
[INFO] [stdout] error[E0412]: cannot find type `PROCESSENTRY32` in this scope
[INFO] [stdout]   --> src/main.rs:56:28
[INFO] [stdout]    |
[INFO] [stdout] 56 | fn print_process(process: &PROCESSENTRY32) -> () {
[INFO] [stdout]    |                            ^^^^^^^^^^^^^^ not found in this scope
[INFO] [stdout] 
[INFO] [stdout] 
[INFO] [stdout] error[E0425]: cannot find function, tuple struct or tuple variant `OpenProcess` in this scope
[INFO] [stdout]   --> src/main.rs:60:29
[INFO] [stdout]    |
[INFO] [stdout] 60 |             let h_process = OpenProcess(PROCESS_ALL_ACCESS, FALSE, process.th32ProcessID);
[INFO] [stdout]    |                             ^^^^^^^^^^^ not found in this scope
[INFO] [stdout] 
[INFO] [stdout] 
[INFO] [stdout] error[E0425]: cannot find value `PROCESS_ALL_ACCESS` in this scope
[INFO] [stdout]   --> src/main.rs:60:41
[INFO] [stdout]    |
[INFO] [stdout] 60 |             let h_process = OpenProcess(PROCESS_ALL_ACCESS, FALSE, process.th32ProcessID);
[INFO] [stdout]    |                                         ^^^^^^^^^^^^^^^^^^ not found in this scope
[INFO] [stdout] 
[INFO] [stdout] 
[INFO] [stdout] error[E0425]: cannot find value `FALSE` in this scope
[INFO] [stdout]   --> src/main.rs:60:61
[INFO] [stdout]    |
[INFO] [stdout] 60 |             let h_process = OpenProcess(PROCESS_ALL_ACCESS, FALSE, process.th32ProcessID);
[INFO] [stdout]    |                                                             ^^^^^ not found in this scope
[INFO] [stdout] 
[INFO] [stdout] 
[INFO] [stdout] error[E0425]: cannot find function, tuple struct or tuple variant `GetPriorityClass` in this scope
[INFO] [stdout]   --> src/main.rs:61:13
[INFO] [stdout]    |
[INFO] [stdout] 61 |             GetPriorityClass(h_process)
[INFO] [stdout]    |             ^^^^^^^^^^^^^^^^ not found in this scope
[INFO] [stdout] 
[INFO] [stdout] 
[INFO] [stdout] error[E0412]: cannot find type `PROCESSENTRY32` in this scope
[INFO] [stdout]   --> src/main.rs:74:27
[INFO] [stdout]    |
[INFO] [stdout] 74 | fn process_name(process: &PROCESSENTRY32) -> &str {
[INFO] [stdout]    |                           ^^^^^^^^^^^^^^ not found in this scope
[INFO] [stdout] 
[INFO] [stdout] 
[INFO] [stdout] error[E0425]: cannot find value `MAX_PATH` in this scope
[INFO] [stdout]   --> src/main.rs:77:65
[INFO] [stdout]    |
[INFO] [stdout] 77 |     let len = exe_file.iter().position(|&ch| ch == 0).unwrap_or(MAX_PATH);
[INFO] [stdout]    |                                                                 ^^^^^^^^ not found in this scope
[INFO] [stdout] 
[INFO] [stdout] 
[INFO] [stdout] error[E0061]: this function takes 1 argument but 0 arguments were supplied
[INFO] [stdout]   --> src/main.rs:83:5
[INFO] [stdout]    |
[INFO] [stdout] 83 |     get_process_list().unwrap();
[INFO] [stdout]    |     ^^^^^^^^^^^^^^^^-- supplied 0 arguments
[INFO] [stdout]    |     |
[INFO] [stdout]    |     expected 1 argument
[INFO] [stdout]    |
[INFO] [stdout] note: function defined here
[INFO] [stdout]   --> src/main.rs:51:4
[INFO] [stdout]    |
[INFO] [stdout] 51 | fn get_process_list(name: &str) -> Result<(), Error> {
[INFO] [stdout]    |    ^^^^^^^^^^^^^^^^ ----------
[INFO] [stdout] 
[INFO] [stdout] 
[INFO] [stdout] error: aborting due to 13 previous errors
[INFO] [stdout] 
[INFO] [stdout] 
[INFO] [stdout] Some errors have detailed explanations: E0061, E0412, E0425, E0433.
[INFO] [stdout] 
[INFO] [stdout] For more information about an error, try `rustc --explain E0061`.
[INFO] [stdout] 
[INFO] [stderr] error: could not compile `dange-rs` due to 14 previous errors
[INFO] running `Command { std: "docker" "inspect" "0db2b539312b8384ec198cadc2802d9d0943cca94ae2a6bf83b3389e454d2b7e", kill_on_drop: false }`
[INFO] running `Command { std: "docker" "rm" "-f" "0db2b539312b8384ec198cadc2802d9d0943cca94ae2a6bf83b3389e454d2b7e", kill_on_drop: false }`
[INFO] [stdout] 0db2b539312b8384ec198cadc2802d9d0943cca94ae2a6bf83b3389e454d2b7e
