[INFO] cloning repository https://github.com/mopp/Axel
[INFO] running `Command { std: "git" "-c" "credential.helper=" "-c" "credential.helper=/workspace/cargo-home/bin/git-credential-null" "clone" "--bare" "https://github.com/mopp/Axel" "/workspace/cache/git-repos/https%3A%2F%2Fgithub.com%2Fmopp%2FAxel", kill_on_drop: false }`
[INFO] [stderr] Cloning into bare repository '/workspace/cache/git-repos/https%3A%2F%2Fgithub.com%2Fmopp%2FAxel'...
[INFO] running `Command { std: "git" "rev-parse" "HEAD", kill_on_drop: false }`
[INFO] [stdout] 2f14ca29a02276a059c2a5a4cb79f28ac10d5fae
[INFO] testing mopp/Axel against 1.54.0 for beta-1.55-1
[INFO] running `Command { std: "git" "clone" "/workspace/cache/git-repos/https%3A%2F%2Fgithub.com%2Fmopp%2FAxel" "/workspace/builds/worker-74/source", kill_on_drop: false }`
[INFO] [stderr] Cloning into '/workspace/builds/worker-74/source'...
[INFO] [stderr] done.
[INFO] validating manifest of git repo https://github.com/mopp/Axel on toolchain 1.54.0
[INFO] running `Command { std: "/workspace/cargo-home/bin/cargo" "+1.54.0" "metadata" "--manifest-path" "Cargo.toml" "--no-deps", kill_on_drop: false }`
[INFO] started tweaking git repo https://github.com/mopp/Axel
[INFO] finished tweaking git repo https://github.com/mopp/Axel
[INFO] tweaked toml for git repo https://github.com/mopp/Axel written to /workspace/builds/worker-74/source/Cargo.toml
[INFO] crate git repo https://github.com/mopp/Axel already has a lockfile, it will not be regenerated
[INFO] running `Command { std: "/workspace/cargo-home/bin/cargo" "+1.54.0" "fetch" "--manifest-path" "Cargo.toml", kill_on_drop: false }`
[INFO] [stderr]     Blocking waiting for file lock on package cache
[INFO] [stderr]     Blocking waiting for file lock on package cache
[INFO] [stderr]  Downloading crates ...
[INFO] [stderr]   Downloaded intrusive-collections v0.7.8
[INFO] [stderr]   Downloaded bitfield v0.13.1
[INFO] [stderr]   Downloaded static_assertions v0.3.1
[INFO] [stderr]   Downloaded x86_64 v0.4.0
[INFO] running `Command { std: "docker" "create" "-v" "/var/lib/crater-agent-workspace/builds/worker-74/target:/opt/rustwide/target:rw,Z" "-v" "/var/lib/crater-agent-workspace/builds/worker-74/source:/opt/rustwide/workdir:ro,Z" "-v" "/var/lib/crater-agent-workspace/cargo-home:/opt/rustwide/cargo-home:ro,Z" "-v" "/var/lib/crater-agent-workspace/rustup-home:/opt/rustwide/rustup-home:ro,Z" "-e" "SOURCE_DIR=/opt/rustwide/workdir" "-e" "CARGO_TARGET_DIR=/opt/rustwide/target" "-e" "CARGO_HOME=/opt/rustwide/cargo-home" "-e" "RUSTUP_HOME=/opt/rustwide/rustup-home" "-w" "/opt/rustwide/workdir" "-m" "1610612736" "--user" "0:0" "--network" "none" "ghcr.io/rust-lang/crates-build-env/linux@sha256:34b6a614d2c27851fe6cbf88fbd1137609cefab8b10d0615aaeb6fd47975d74e" "/opt/rustwide/cargo-home/bin/cargo" "+1.54.0" "metadata" "--no-deps" "--format-version=1", kill_on_drop: false }`
[INFO] [stdout] 00c9a03f1cc4b6c027c13ef815b532b8fb24f5020c743ec9852952c2edb37847
[INFO] running `Command { std: "docker" "start" "-a" "00c9a03f1cc4b6c027c13ef815b532b8fb24f5020c743ec9852952c2edb37847", kill_on_drop: false }`
[INFO] running `Command { std: "docker" "inspect" "00c9a03f1cc4b6c027c13ef815b532b8fb24f5020c743ec9852952c2edb37847", kill_on_drop: false }`
[INFO] running `Command { std: "docker" "rm" "-f" "00c9a03f1cc4b6c027c13ef815b532b8fb24f5020c743ec9852952c2edb37847", kill_on_drop: false }`
[INFO] [stdout] 00c9a03f1cc4b6c027c13ef815b532b8fb24f5020c743ec9852952c2edb37847
[INFO] running `Command { std: "docker" "create" "-v" "/var/lib/crater-agent-workspace/builds/worker-74/target:/opt/rustwide/target:rw,Z" "-v" "/var/lib/crater-agent-workspace/builds/worker-74/source:/opt/rustwide/workdir:ro,Z" "-v" "/var/lib/crater-agent-workspace/cargo-home:/opt/rustwide/cargo-home:ro,Z" "-v" "/var/lib/crater-agent-workspace/rustup-home:/opt/rustwide/rustup-home:ro,Z" "-e" "SOURCE_DIR=/opt/rustwide/workdir" "-e" "CARGO_TARGET_DIR=/opt/rustwide/target" "-e" "CARGO_INCREMENTAL=0" "-e" "RUST_BACKTRACE=full" "-e" "RUSTFLAGS=--cap-lints=warn" "-e" "CARGO_HOME=/opt/rustwide/cargo-home" "-e" "RUSTUP_HOME=/opt/rustwide/rustup-home" "-w" "/opt/rustwide/workdir" "-m" "1610612736" "--user" "0:0" "--network" "none" "ghcr.io/rust-lang/crates-build-env/linux@sha256:34b6a614d2c27851fe6cbf88fbd1137609cefab8b10d0615aaeb6fd47975d74e" "/opt/rustwide/cargo-home/bin/cargo" "+1.54.0" "build" "--frozen" "--message-format=json", kill_on_drop: false }`
[INFO] [stdout] 378298988eb09884f654bf31e9bf3fee74456c0706d21fe584a92613775b2765
[INFO] running `Command { std: "docker" "start" "-a" "378298988eb09884f654bf31e9bf3fee74456c0706d21fe584a92613775b2765", kill_on_drop: false }`
[INFO] [stderr]     Blocking waiting for file lock on package cache
[INFO] [stderr]    Compiling proc-macro2 v0.4.27
[INFO] [stderr]    Compiling unicode-xid v0.1.0
[INFO] [stderr]    Compiling failure_derive v0.1.5
[INFO] [stderr]    Compiling bitflags v1.0.4
[INFO] [stderr]    Compiling nodrop v0.1.13
[INFO] [stderr]    Compiling bit_field v0.9.0
[INFO] [stderr]    Compiling ux v0.1.3
[INFO] [stderr]    Compiling usize_conversions v0.2.0
[INFO] [stderr]    Compiling spin v0.4.10
[INFO] [stderr]    Compiling rlibc v1.0.0
[INFO] [stderr]    Compiling static_assertions v0.3.1
[INFO] [stderr]    Compiling bitfield v0.13.1
[INFO] [stderr]    Compiling spin v0.5.0
[INFO] [stderr]    Compiling intrusive-collections v0.7.8
[INFO] [stderr]    Compiling array-init v0.0.4
[INFO] [stderr]    Compiling lazy_static v1.2.0
[INFO] [stdout] error[E0557]: feature has been removed
[INFO] [stdout]    --> /opt/rustwide/cargo-home/registry/src/github.com-1ecc6299db9ec823/intrusive-collections-0.7.8/src/lib.rs:278:13
[INFO] [stdout]     |
[INFO] [stdout] 278 |     feature(const_fn, allow_internal_unstable)
[INFO] [stdout]     |             ^^^^^^^^ feature has been removed
[INFO] [stdout]     |
[INFO] [stdout]     = note: split into finer-grained feature gates
[INFO] [stdout] 
[INFO] [stdout] 
[INFO] [stdout] error[E0554]: `#![feature]` may not be used on the stable release channel
[INFO] [stdout]  --> /opt/rustwide/cargo-home/registry/src/github.com-1ecc6299db9ec823/usize_conversions-0.2.0/src/lib.rs:6:1
[INFO] [stdout]   |
[INFO] [stdout] 6 | #![feature(i128_type)]
[INFO] [stdout]   | ^^^^^^^^^^^^^^^^^^^^^^ help: remove the attribute
[INFO] [stdout]   |
[INFO] [stdout]   = help: the feature `i128_type` has been stable since 1.26.0 and no longer requires an attribute to enable
[INFO] [stdout] 
[INFO] [stdout] 
[INFO] [stdout] error: aborting due to previous error
[INFO] [stdout] 
[INFO] [stdout] 
[INFO] [stdout] For more information about this error, try `rustc --explain E0554`.
[INFO] [stdout] 
[INFO] [stderr] error: could not compile `usize_conversions`
[INFO] [stderr] 
[INFO] [stderr] To learn more, run the command again with --verbose.
[INFO] [stderr] warning: build failed, waiting for other jobs to finish...
[INFO] [stdout] error: `allow_internal_unstable` expects a list of feature names
[INFO] [stdout]    --> /opt/rustwide/cargo-home/registry/src/github.com-1ecc6299db9ec823/intrusive-collections-0.7.8/src/adapter.rs:173:1
[INFO] [stdout]     |
[INFO] [stdout] 173 | #[allow_internal_unstable]
[INFO] [stdout]     | ^^^^^^^^^^^^^^^^^^^^^^^^^^
[INFO] [stdout] 
[INFO] [stdout] 
[INFO] [stdout] error[E0554]: `#![feature]` may not be used on the stable release channel
[INFO] [stdout]    --> /opt/rustwide/cargo-home/registry/src/github.com-1ecc6299db9ec823/intrusive-collections-0.7.8/src/lib.rs:278:5
[INFO] [stdout]     |
[INFO] [stdout] 278 |     feature(const_fn, allow_internal_unstable)
[INFO] [stdout]     |     ^^^^^^^^^^^^^^^^^^^^^^^^^^^^^^^^^^^^^^^^^^
[INFO] [stdout] 
[INFO] [stdout] 
[INFO] [stdout] error[E0554]: `#![feature]` may not be used on the stable release channel
[INFO] [stdout]    --> /opt/rustwide/cargo-home/registry/src/github.com-1ecc6299db9ec823/intrusive-collections-0.7.8/src/lib.rs:280:58
[INFO] [stdout]     |
[INFO] [stdout] 280 | #![cfg_attr(all(feature = "nightly", feature = "alloc"), feature(alloc))]
[INFO] [stdout]     |                                                          ^^^^^^^^^^^^^^
[INFO] [stdout] 
[INFO] [stdout] 
[INFO] [stdout] error: aborting due to 4 previous errors
[INFO] [stdout] 
[INFO] [stdout] 
[INFO] [stdout] Some errors have detailed explanations: E0554, E0557.
[INFO] [stdout] 
[INFO] [stdout] For more information about an error, try `rustc --explain E0554`.
[INFO] [stdout] 
[INFO] [stderr] error: build failed
[INFO] running `Command { std: "docker" "inspect" "378298988eb09884f654bf31e9bf3fee74456c0706d21fe584a92613775b2765", kill_on_drop: false }`
[INFO] running `Command { std: "docker" "rm" "-f" "378298988eb09884f654bf31e9bf3fee74456c0706d21fe584a92613775b2765", kill_on_drop: false }`
[INFO] [stdout] 378298988eb09884f654bf31e9bf3fee74456c0706d21fe584a92613775b2765
