[INFO] cloning repository https://github.com/mobilecoinofficial/mobilecoin
[INFO] running `Command { std: "git" "-c" "credential.helper=" "-c" "credential.helper=/workspace/cargo-home/bin/git-credential-null" "clone" "--bare" "https://github.com/mobilecoinofficial/mobilecoin" "/workspace/cache/git-repos/https%3A%2F%2Fgithub.com%2Fmobilecoinofficial%2Fmobilecoin", kill_on_drop: false }`
[INFO] [stderr] Cloning into bare repository '/workspace/cache/git-repos/https%3A%2F%2Fgithub.com%2Fmobilecoinofficial%2Fmobilecoin'...
[INFO] running `Command { std: "git" "rev-parse" "HEAD", kill_on_drop: false }`
[INFO] [stdout] a7e3de17794de6c2ec89c1981ed72c602a890a2e
[INFO] testing mobilecoinofficial/mobilecoin against beta-2021-08-01 for beta-1.55-1
[INFO] running `Command { std: "git" "clone" "/workspace/cache/git-repos/https%3A%2F%2Fgithub.com%2Fmobilecoinofficial%2Fmobilecoin" "/workspace/builds/worker-31/source", kill_on_drop: false }`
[INFO] [stderr] Cloning into '/workspace/builds/worker-31/source'...
[INFO] [stderr] done.
[INFO] validating manifest of git repo https://github.com/mobilecoinofficial/mobilecoin on toolchain beta-2021-08-01
[INFO] running `Command { std: "/workspace/cargo-home/bin/cargo" "+beta-2021-08-01" "metadata" "--manifest-path" "Cargo.toml" "--no-deps", kill_on_drop: false }`
[INFO] removed /workspace/builds/worker-31/source/.cargo/config
[INFO] removed /workspace/builds/worker-31/source/rust-toolchain
[INFO] started tweaking git repo https://github.com/mobilecoinofficial/mobilecoin
[INFO] finished tweaking git repo https://github.com/mobilecoinofficial/mobilecoin
[INFO] tweaked toml for git repo https://github.com/mobilecoinofficial/mobilecoin written to /workspace/builds/worker-31/source/Cargo.toml
[INFO] crate git repo https://github.com/mobilecoinofficial/mobilecoin already has a lockfile, it will not be regenerated
[INFO] running `Command { std: "/workspace/cargo-home/bin/cargo" "+beta-2021-08-01" "fetch" "--manifest-path" "Cargo.toml", kill_on_drop: false }`
[INFO] [stderr]     Blocking waiting for file lock on package cache
[INFO] [stderr]     Updating git repository `https://github.com/eranrund/bulletproofs`
[INFO] [stderr]     Updating git repository `https://github.com/cormacrelf/datatest.git`
[INFO] [stderr]     Updating git repository `https://github.com/eranrund/ed25519-dalek.git`
[INFO] [stderr]     Updating git repository `https://github.com/mobilecoinofficial/grpc-rs`
[INFO] [stderr]     Updating git submodule `https://github.com/pingcap/grpc.git`
[INFO] [stderr]     Updating git submodule `https://github.com/abseil/abseil-cpp.git`
[INFO] [stderr]     Updating git submodule `https://github.com/google/benchmark`
[INFO] [stderr]     Updating git submodule `https://github.com/google/bloaty.git`
[INFO] [stderr]     Updating git submodule `https://github.com/google/googletest.git`
[INFO] [stderr]     Updating git submodule `https://chromium.googlesource.com/chromium/llvm-project/llvm/lib/Fuzzer`
[INFO] [stderr]     Updating git submodule `https://github.com/google/re2`
[INFO] [stderr]     Updating git submodule `https://github.com/google/boringssl.git`
[INFO] [stderr]     Updating git submodule `https://github.com/c-ares/c-ares.git`
[INFO] [stderr]     Updating git submodule `https://github.com/envoyproxy/data-plane-api.git`
[INFO] [stderr]     Updating git submodule `https://github.com/googleapis/googleapis.git`
[INFO] [stderr]     Updating git submodule `https://github.com/google/googletest.git`
[INFO] [stderr]     Updating git submodule `https://github.com/libuv/libuv.git`
[INFO] [stderr]     Updating git submodule `https://github.com/census-instrumentation/opencensus-proto.git`
[INFO] [stderr]     Updating git submodule `https://github.com/google/protobuf.git`
[INFO] [stderr]     Updating git submodule `https://github.com/google/benchmark.git`
[INFO] [stderr]     Updating git submodule `https://github.com/google/googletest.git`
[INFO] [stderr]     Updating git submodule `https://github.com/envoyproxy/protoc-gen-validate.git`
[INFO] [stderr]     Updating git submodule `https://github.com/google/re2.git`
[INFO] [stderr]     Updating git submodule `https://github.com/cncf/udpa.git`
[INFO] [stderr]     Updating git submodule `https://github.com/madler/zlib`
[INFO] [stderr]     Updating git repository `https://github.com/mozilla/lmdb-rs`
[INFO] [stderr]     Updating git submodule `https://github.com/mozilla/lmdb`
[INFO] [stderr]     Updating git repository `https://github.com/mobilecoinofficial/rust-mbedtls.git`
[INFO] [stderr]     Updating git repository `https://github.com/danburkert/prost`
[INFO] [stderr]     Updating git repository `https://github.com/mobilecoinofficial/protoc-grpcio`
[INFO] [stderr]     Updating git repository `https://github.com/mobilecoinofficial/schnorrkel`
[INFO] [stderr]     Updating git repository `https://github.com/mobilecoinofficial/cbor`
[INFO] [stderr]     Updating git repository `https://github.com/eranrund/x25519-dalek.git`
[INFO] [stderr]     Blocking waiting for file lock on package cache
[INFO] [stderr]  Downloading crates ...
[INFO] [stderr]   Downloaded merlin v3.0.0
[INFO] [stderr]   Downloaded slog-envlogger v2.2.0
[INFO] [stderr]   Downloaded prometheus v0.9.0
[INFO] [stderr]   Downloaded uname v0.1.1
[INFO] [stderr]   Downloaded pin-project-internal v0.4.10
[INFO] [stderr]   Downloaded ghash v0.4.2
[INFO] [stderr]   Downloaded cargo_metadata v0.9.1
[INFO] [stderr]   Downloaded bigint v4.4.3
[INFO] [stderr]   Downloaded half v1.5.0
[INFO] [stderr]   Downloaded mockall v0.8.3
[INFO] [stderr]   Downloaded fragile v1.0.0
[INFO] [stderr]   Downloaded ctr v0.7.0
[INFO] [stderr]   Downloaded aead v0.4.1
[INFO] [stderr]   Downloaded serial_test v0.5.0
[INFO] [stderr]   Downloaded output_vt100 v0.1.2
[INFO] [stderr]   Downloaded retry v1.2.0
[INFO] [stderr]   Downloaded anyhow v1.0.39
[INFO] [stderr]   Downloaded rusoto_s3 v0.42.0
[INFO] [stderr]   Downloaded aes-gcm v0.9.2
[INFO] [stderr]   Downloaded cargo-emit v0.1.1
[INFO] [stderr]   Downloaded sha2-asm v0.6.1
[INFO] [stderr]   Downloaded rs-libc v0.2.2
[INFO] [stderr]   Downloaded hmac-sha512 v0.1.9
[INFO] [stderr]   Downloaded downcast v0.10.0
[INFO] [stderr]   Downloaded pretty_assertions v0.6.1
[INFO] [stderr]   Downloaded protobuf-codegen v2.22.1
[INFO] [stderr]   Downloaded sized-chunks v0.5.3
[INFO] [stderr]   Downloaded rusty-fork v0.3.0
[INFO] [stderr]   Downloaded serial_test_derive v0.5.0
[INFO] [stderr]   Downloaded polyval v0.5.1
[INFO] [stderr]   Downloaded aes v0.7.4
[INFO] [stderr]   Downloaded yasna v0.2.2
[INFO] [stderr]   Downloaded mockall_derive v0.8.3
[INFO] [stderr]   Downloaded hkdf v0.9.0
[INFO] [stderr]   Downloaded sentry-types v0.14.1
[INFO] [stderr]   Downloaded protobuf v2.22.1
[INFO] [stderr]   Downloaded im v14.3.0
[INFO] [stderr]   Downloaded wasm-bindgen-futures v0.4.12
[INFO] [stderr]   Downloaded proptest v0.10.1
[INFO] [stderr]   Downloaded curve25519-dalek v4.0.0-pre.0
[INFO] [stderr]   Downloaded debugid v0.7.2
[INFO] [stderr]   Downloaded protoc v2.14.0
[INFO] [stderr]   Downloaded sentry v0.18.0
[INFO] [stderr]   Downloaded plotters v0.2.14
[INFO] [stderr]   Downloaded displaydoc v0.2.3
[INFO] [stderr]   Downloaded packed_simd_2 v0.3.4
[INFO] [stderr]   Downloaded pin-project v0.4.10
[INFO] [stderr]   Downloaded secrecy v0.4.1
[INFO] [stderr]   Downloaded slip10_ed25519 v0.1.3
[INFO] [stderr]   Downloaded rjson v0.3.1
[INFO] [stderr]   Downloaded slog-atomic v3.0.0
[INFO] [stderr]   Downloaded slog-gelf v0.1.2
[INFO] [stderr]   Downloaded async-compression v0.3.3
[INFO] [stderr]   Downloaded mc-oblivious-aes-gcm v0.9.2
[INFO] [stderr]   Downloaded core_io v0.1.20210325
[INFO] [stderr]   Downloaded boringssl-src v0.3.0+688fc5c
[INFO] running `Command { std: "docker" "create" "-v" "/var/lib/crater-agent-workspace/builds/worker-31/target:/opt/rustwide/target:rw,Z" "-v" "/var/lib/crater-agent-workspace/builds/worker-31/source:/opt/rustwide/workdir:ro,Z" "-v" "/var/lib/crater-agent-workspace/cargo-home:/opt/rustwide/cargo-home:ro,Z" "-v" "/var/lib/crater-agent-workspace/rustup-home:/opt/rustwide/rustup-home:ro,Z" "-e" "SOURCE_DIR=/opt/rustwide/workdir" "-e" "CARGO_TARGET_DIR=/opt/rustwide/target" "-e" "CARGO_HOME=/opt/rustwide/cargo-home" "-e" "RUSTUP_HOME=/opt/rustwide/rustup-home" "-w" "/opt/rustwide/workdir" "-m" "1610612736" "--user" "0:0" "--network" "none" "ghcr.io/rust-lang/crates-build-env/linux@sha256:34b6a614d2c27851fe6cbf88fbd1137609cefab8b10d0615aaeb6fd47975d74e" "/opt/rustwide/cargo-home/bin/cargo" "+beta-2021-08-01" "metadata" "--no-deps" "--format-version=1", kill_on_drop: false }`
[INFO] [stdout] 1f0468dd85124749fb410917ac67a1b69e7a2c7289f8f45006405c803320be0d
[INFO] running `Command { std: "docker" "start" "-a" "1f0468dd85124749fb410917ac67a1b69e7a2c7289f8f45006405c803320be0d", kill_on_drop: false }`
[INFO] running `Command { std: "docker" "inspect" "1f0468dd85124749fb410917ac67a1b69e7a2c7289f8f45006405c803320be0d", kill_on_drop: false }`
[INFO] running `Command { std: "docker" "rm" "-f" "1f0468dd85124749fb410917ac67a1b69e7a2c7289f8f45006405c803320be0d", kill_on_drop: false }`
[INFO] [stdout] 1f0468dd85124749fb410917ac67a1b69e7a2c7289f8f45006405c803320be0d
[INFO] running `Command { std: "docker" "create" "-v" "/var/lib/crater-agent-workspace/builds/worker-31/target:/opt/rustwide/target:rw,Z" "-v" "/var/lib/crater-agent-workspace/builds/worker-31/source:/opt/rustwide/workdir:ro,Z" "-v" "/var/lib/crater-agent-workspace/cargo-home:/opt/rustwide/cargo-home:ro,Z" "-v" "/var/lib/crater-agent-workspace/rustup-home:/opt/rustwide/rustup-home:ro,Z" "-e" "SOURCE_DIR=/opt/rustwide/workdir" "-e" "CARGO_TARGET_DIR=/opt/rustwide/target" "-e" "CARGO_INCREMENTAL=0" "-e" "RUST_BACKTRACE=full" "-e" "RUSTFLAGS=--cap-lints=warn" "-e" "CARGO_HOME=/opt/rustwide/cargo-home" "-e" "RUSTUP_HOME=/opt/rustwide/rustup-home" "-w" "/opt/rustwide/workdir" "-m" "1610612736" "--user" "0:0" "--network" "none" "ghcr.io/rust-lang/crates-build-env/linux@sha256:34b6a614d2c27851fe6cbf88fbd1137609cefab8b10d0615aaeb6fd47975d74e" "/opt/rustwide/cargo-home/bin/cargo" "+beta-2021-08-01" "build" "--frozen" "--message-format=json", kill_on_drop: false }`
[INFO] [stdout] 50d7166550d182511d4917a37d905eed9c393f83f6ed2710820af2c93caf9386
[INFO] running `Command { std: "docker" "start" "-a" "50d7166550d182511d4917a37d905eed9c393f83f6ed2710820af2c93caf9386", kill_on_drop: false }`
[INFO] [stderr]     Blocking waiting for file lock on package cache
[INFO] [stderr]     Blocking waiting for file lock on package cache
[INFO] [stderr]    Compiling proc-macro2 v1.0.24
[INFO] [stderr]    Compiling unicode-xid v0.2.0
[INFO] [stderr]    Compiling syn v1.0.67
[INFO] [stderr]    Compiling libc v0.2.97
[INFO] [stderr]    Compiling cfg-if v0.1.10
[INFO] [stderr]    Compiling serde_derive v1.0.118
[INFO] [stderr]    Compiling serde v1.0.118
[INFO] [stderr]    Compiling version_check v0.9.3
[INFO] [stderr]    Compiling cfg-if v1.0.0
[INFO] [stderr]    Compiling spin v0.5.2
[INFO] [stderr]    Compiling autocfg v1.0.0
[INFO] [stderr]    Compiling cc v1.0.66
[INFO] [stderr]    Compiling typenum v1.12.0
[INFO] [stderr]    Compiling byteorder v1.3.4
[INFO] [stderr]    Compiling log v0.4.11
[INFO] [stderr]    Compiling getrandom v0.2.2
[INFO] [stderr]    Compiling ppv-lite86 v0.2.10
[INFO] [stderr]    Compiling same-file v1.0.6
[INFO] [stderr]    Compiling memchr v2.3.3
[INFO] [stderr]    Compiling scopeguard v1.1.0
[INFO] [stderr]    Compiling tinyvec_macros v0.1.0
[INFO] [stderr]    Compiling opaque-debug v0.3.0
[INFO] [stderr]    Compiling subtle v2.2.3
[INFO] [stderr]    Compiling cpufeatures v0.1.5
[INFO] [stderr]    Compiling block-padding v0.2.1
[INFO] [stderr]    Compiling matches v0.1.8
[INFO] [stderr]    Compiling bitflags v1.2.1
[INFO] [stderr]    Compiling percent-encoding v2.1.0
[INFO] [stderr]    Compiling regex-syntax v0.6.17
[INFO] [stderr]    Compiling smallvec v1.4.0
[INFO] [stderr]    Compiling anyhow v1.0.39
[INFO] [stderr]    Compiling either v1.5.3
[INFO] [stderr]    Compiling keccak v0.1.0
[INFO] [stderr]    Compiling cargo-emit v0.1.1
[INFO] [stderr]    Compiling ryu v1.0.4
[INFO] [stderr]    Compiling serde_json v1.0.60
[INFO] [stderr]    Compiling semver-parser v0.7.0
[INFO] [stderr]    Compiling arrayref v0.3.6
[INFO] [stderr]    Compiling arrayvec v0.5.2
[INFO] [stderr]    Compiling slab v0.4.2
[INFO] [stderr]    Compiling itoa v0.4.5
[INFO] [stderr]    Compiling bytes v0.5.4
[INFO] [stderr]    Compiling adler v0.2.3
[INFO] [stderr]    Compiling getrandom v0.1.14
[INFO] [stderr]    Compiling binascii v0.1.4
[INFO] [stderr]    Compiling hex_fmt v0.3.0
[INFO] [stderr]    Compiling pkg-config v0.3.17
[INFO] [stderr]    Compiling gimli v0.23.0
[INFO] [stderr]    Compiling unicode-width v0.1.7
[INFO] [stderr]    Compiling strsim v0.8.0
[INFO] [stderr]    Compiling ansi_term v0.11.0
[INFO] [stderr]    Compiling vec_map v0.8.2
[INFO] [stderr]    Compiling object v0.22.0
[INFO] [stderr]    Compiling rustc-demangle v0.1.16
[INFO] [stderr]    Compiling fnv v1.0.6
[INFO] [stderr]    Compiling maybe-uninit v2.0.0
[INFO] [stderr]    Compiling half v1.5.0
[INFO] [stderr]    Compiling remove_dir_all v0.5.2
[INFO] [stderr]    Compiling failure_derive v0.1.8
[INFO] [stderr]    Compiling untrusted v0.7.1
[INFO] [stderr]    Compiling glob v0.3.0
[INFO] [stderr]    Compiling rustc-hash v1.1.0
[INFO] [stderr]    Compiling lazycell v1.2.1
[INFO] [stderr]    Compiling bindgen v0.58.1
[INFO] [stderr]    Compiling termcolor v1.1.0
[INFO] [stderr]    Compiling humantime v2.1.0
[INFO] [stderr]    Compiling httparse v1.3.4
[INFO] [stderr]    Compiling shlex v1.0.0
[INFO] [stderr]    Compiling peeking_take_while v0.1.2
[INFO] [stderr]    Compiling proc-macro-hack v0.5.19
[INFO] [stderr]    Compiling dtoa v0.4.5
[INFO] [stderr]    Compiling futures-core v0.3.8
[INFO] [stderr]    Compiling proc-macro2 v0.4.30
[INFO] [stderr]    Compiling unicode-xid v0.1.0
[INFO] [stderr]    Compiling hex v0.4.2
[INFO] [stderr]    Compiling syn v0.15.44
[INFO] [stderr]    Compiling try-lock v0.2.2
[INFO] [stderr]    Compiling futures-sink v0.3.8
[INFO] [stderr]    Compiling proc-macro-nested v0.1.4
[INFO] [stderr]    Compiling autocfg v0.1.7
[INFO] [stderr]    Compiling slog v2.7.0
[INFO] [stderr]    Compiling pin-project-lite v0.1.4
[INFO] [stderr]    Compiling futures-io v0.3.8
[INFO] [stderr]    Compiling pin-utils v0.1.0
[INFO] [stderr]    Compiling base64 v0.11.0
[INFO] [stderr]    Compiling crc32fast v1.2.0
[INFO] [stderr]    Compiling siphasher v0.3.3
[INFO] [stderr]    Compiling pulldown-cmark v0.2.0
[INFO] [stderr]    Compiling base64 v0.12.3
[INFO] [stderr]    Compiling arc-swap v0.4.8
[INFO] [stderr]    Compiling tower-service v0.3.0
[INFO] [stderr]    Compiling encoding_rs v0.8.22
[INFO] [stderr]    Compiling bytecount v0.4.0
[INFO] [stderr]    Compiling glob v0.2.11
[INFO] [stderr]    Compiling mc-util-build-info v1.1.0 (/opt/rustwide/workdir/util/build/info)
[INFO] [stderr]    Compiling mime v0.3.16
[INFO] [stderr]    Compiling match_cfg v0.1.0
[INFO] [stderr]    Compiling take_mut v0.2.2
[INFO] [stderr]    Compiling httpdate v0.3.2
[INFO] [stderr]    Compiling protobuf v2.22.1
[INFO] [stderr]    Compiling semver v0.1.20
[INFO] [stderr]    Compiling bit-vec v0.5.1
[INFO] [stderr]    Compiling spin v0.4.10
[INFO] [stderr]    Compiling mc-sgx-types v1.1.0 (/opt/rustwide/workdir/sgx/types)
[INFO] [stderr]    Compiling rjson v0.3.1
[INFO] [stderr]    Compiling unicode-segmentation v1.6.0
[INFO] [stderr]    Compiling prometheus v0.9.0
[INFO] [stderr]    Compiling build_const v0.2.1
[INFO] [stderr]    Compiling base64 v0.13.0
[INFO] [stderr]    Compiling mc-util-host-cert v1.1.0 (/opt/rustwide/workdir/util/host-cert)
[INFO] [stderr]    Compiling standback v0.2.8
[INFO] [stderr]    Compiling bs58 v0.3.1
[INFO] [stderr]    Compiling futures v0.1.29
[INFO] [stderr]    Compiling predicates-core v1.0.0
[INFO] [stderr]    Compiling const_fn v0.4.3
[INFO] [stderr]    Compiling difference v2.0.0
[INFO] [stderr]    Compiling normalize-line-endings v0.3.0
[INFO] [stderr]    Compiling treeline v0.1.0
[INFO] [stderr]    Compiling fragile v1.0.0
[INFO] [stderr]    Compiling downcast v0.10.0
[INFO] [stderr]    Compiling signal-hook v0.3.4
[INFO] [stderr]    Compiling crunchy v0.1.6
[INFO] [stderr]    Compiling maplit v1.0.2
[INFO] [stderr]    Compiling yansi v0.5.0
[INFO] [stderr]    Compiling linked-hash-map v0.5.3
[INFO] [stdout] error[E0554]: `#![feature]` may not be used on the beta release channel
[INFO] [stdout]  --> /opt/rustwide/cargo-home/registry/src/github.com-1ecc6299db9ec823/rjson-0.3.1/src/lib.rs:2:1
[INFO] [stdout]   |
[INFO] [stdout] 2 | #![feature(alloc)]
[INFO] [stdout]   | ^^^^^^^^^^^^^^^^^^
[INFO] [stdout] 
[INFO] [stdout] 
[INFO] [stdout] error[E0554]: `#![feature]` may not be used on the beta release channel
[INFO] [stdout]  --> /opt/rustwide/cargo-home/registry/src/github.com-1ecc6299db9ec823/rjson-0.3.1/src/lib.rs:3:1
[INFO] [stdout]   |
[INFO] [stdout] 3 | #![feature(core_intrinsics)]
[INFO] [stdout]   | ^^^^^^^^^^^^^^^^^^^^^^^^^^^^
[INFO] [stdout] 
[INFO] [stdout] 
[INFO] [stderr]    Compiling rayon-core v1.7.0
[INFO] [stderr]    Compiling version_check v0.1.5
[INFO] [stdout] error: aborting due to 2 previous errors
[INFO] [stdout] 
[INFO] [stdout] 
[INFO] [stdout] For more information about this error, try `rustc --explain E0554`.
[INFO] [stdout] 
[INFO] [stderr] error: could not compile `rjson` due to 3 previous errors
[INFO] [stderr] warning: build failed, waiting for other jobs to finish...
[INFO] [stdout] error[E0557]: feature has been removed
[INFO] [stdout]   --> /opt/rustwide/cargo-home/registry/src/github.com-1ecc6299db9ec823/subtle-2.2.3/src/lib.rs:12:42
[INFO] [stdout]    |
[INFO] [stdout] 12 | #![cfg_attr(feature = "nightly", feature(external_doc))]
[INFO] [stdout]    |                                          ^^^^^^^^^^^^ feature has been removed
[INFO] [stdout]    |
[INFO] [stdout]    = note: use #[doc = include_str!("filename")] instead, which handles macro invocations
[INFO] [stdout] 
[INFO] [stdout] 
[INFO] [stdout] error[E0554]: `#![feature]` may not be used on the beta release channel
[INFO] [stdout]   --> /opt/rustwide/cargo-home/registry/src/github.com-1ecc6299db9ec823/subtle-2.2.3/src/lib.rs:12:34
[INFO] [stdout]    |
[INFO] [stdout] 12 | #![cfg_attr(feature = "nightly", feature(external_doc))]
[INFO] [stdout]    |                                  ^^^^^^^^^^^^^^^^^^^^^
[INFO] [stdout] 
[INFO] [stdout] 
[INFO] [stdout] error: aborting due to 2 previous errors
[INFO] [stdout] 
[INFO] [stdout] 
[INFO] [stdout] Some errors have detailed explanations: E0554, E0557.
[INFO] [stdout] 
[INFO] [stdout] For more information about an error, try `rustc --explain E0554`.
[INFO] [stdout] 
[INFO] [stderr] error: build failed
[INFO] running `Command { std: "docker" "inspect" "50d7166550d182511d4917a37d905eed9c393f83f6ed2710820af2c93caf9386", kill_on_drop: false }`
[INFO] running `Command { std: "docker" "rm" "-f" "50d7166550d182511d4917a37d905eed9c393f83f6ed2710820af2c93caf9386", kill_on_drop: false }`
[INFO] [stdout] 50d7166550d182511d4917a37d905eed9c393f83f6ed2710820af2c93caf9386
