[INFO] cloning repository https://github.com/mnnxp/yew-graphql-app
[INFO] running `Command { std: "git" "-c" "credential.helper=" "-c" "credential.helper=/workspace/cargo-home/bin/git-credential-null" "clone" "--bare" "https://github.com/mnnxp/yew-graphql-app" "/workspace/cache/git-repos/https%3A%2F%2Fgithub.com%2Fmnnxp%2Fyew-graphql-app", kill_on_drop: false }`
[INFO] [stderr] Cloning into bare repository '/workspace/cache/git-repos/https%3A%2F%2Fgithub.com%2Fmnnxp%2Fyew-graphql-app'...
[INFO] running `Command { std: "git" "rev-parse" "HEAD", kill_on_drop: false }`
[INFO] [stdout] 95dd7253dae94aef8dfadc2ee13fb98961af668b
[INFO] testing mnnxp/yew-graphql-app against 1.54.0 for beta-1.55-1
[INFO] running `Command { std: "git" "clone" "/workspace/cache/git-repos/https%3A%2F%2Fgithub.com%2Fmnnxp%2Fyew-graphql-app" "/workspace/builds/worker-34/source", kill_on_drop: false }`
[INFO] [stderr] Cloning into '/workspace/builds/worker-34/source'...
[INFO] [stderr] done.
[INFO] validating manifest of git repo https://github.com/mnnxp/yew-graphql-app on toolchain 1.54.0
[INFO] running `Command { std: "/workspace/cargo-home/bin/cargo" "+1.54.0" "metadata" "--manifest-path" "Cargo.toml" "--no-deps", kill_on_drop: false }`
[INFO] started tweaking git repo https://github.com/mnnxp/yew-graphql-app
[INFO] finished tweaking git repo https://github.com/mnnxp/yew-graphql-app
[INFO] tweaked toml for git repo https://github.com/mnnxp/yew-graphql-app written to /workspace/builds/worker-34/source/Cargo.toml
[INFO] crate git repo https://github.com/mnnxp/yew-graphql-app already has a lockfile, it will not be regenerated
[INFO] running `Command { std: "/workspace/cargo-home/bin/cargo" "+1.54.0" "fetch" "--manifest-path" "Cargo.toml", kill_on_drop: false }`
[INFO] [stderr]     Blocking waiting for file lock on package cache
[INFO] [stderr]     Blocking waiting for file lock on package cache
[INFO] running `Command { std: "docker" "create" "-v" "/var/lib/crater-agent-workspace/builds/worker-34/target:/opt/rustwide/target:rw,Z" "-v" "/var/lib/crater-agent-workspace/builds/worker-34/source:/opt/rustwide/workdir:ro,Z" "-v" "/var/lib/crater-agent-workspace/cargo-home:/opt/rustwide/cargo-home:ro,Z" "-v" "/var/lib/crater-agent-workspace/rustup-home:/opt/rustwide/rustup-home:ro,Z" "-e" "SOURCE_DIR=/opt/rustwide/workdir" "-e" "CARGO_TARGET_DIR=/opt/rustwide/target" "-e" "CARGO_HOME=/opt/rustwide/cargo-home" "-e" "RUSTUP_HOME=/opt/rustwide/rustup-home" "-w" "/opt/rustwide/workdir" "-m" "1610612736" "--user" "0:0" "--network" "none" "ghcr.io/rust-lang/crates-build-env/linux@sha256:34b6a614d2c27851fe6cbf88fbd1137609cefab8b10d0615aaeb6fd47975d74e" "/opt/rustwide/cargo-home/bin/cargo" "+1.54.0" "metadata" "--no-deps" "--format-version=1", kill_on_drop: false }`
[INFO] [stdout] c9e8553fe4bcd1ed245ab1f045201f38c6ae333a1acc831fd677b7b815c49b7c
[INFO] running `Command { std: "docker" "start" "-a" "c9e8553fe4bcd1ed245ab1f045201f38c6ae333a1acc831fd677b7b815c49b7c", kill_on_drop: false }`
[INFO] running `Command { std: "docker" "inspect" "c9e8553fe4bcd1ed245ab1f045201f38c6ae333a1acc831fd677b7b815c49b7c", kill_on_drop: false }`
[INFO] running `Command { std: "docker" "rm" "-f" "c9e8553fe4bcd1ed245ab1f045201f38c6ae333a1acc831fd677b7b815c49b7c", kill_on_drop: false }`
[INFO] [stdout] c9e8553fe4bcd1ed245ab1f045201f38c6ae333a1acc831fd677b7b815c49b7c
[INFO] running `Command { std: "docker" "create" "-v" "/var/lib/crater-agent-workspace/builds/worker-34/target:/opt/rustwide/target:rw,Z" "-v" "/var/lib/crater-agent-workspace/builds/worker-34/source:/opt/rustwide/workdir:ro,Z" "-v" "/var/lib/crater-agent-workspace/cargo-home:/opt/rustwide/cargo-home:ro,Z" "-v" "/var/lib/crater-agent-workspace/rustup-home:/opt/rustwide/rustup-home:ro,Z" "-e" "SOURCE_DIR=/opt/rustwide/workdir" "-e" "CARGO_TARGET_DIR=/opt/rustwide/target" "-e" "CARGO_INCREMENTAL=0" "-e" "RUST_BACKTRACE=full" "-e" "RUSTFLAGS=--cap-lints=warn" "-e" "CARGO_HOME=/opt/rustwide/cargo-home" "-e" "RUSTUP_HOME=/opt/rustwide/rustup-home" "-w" "/opt/rustwide/workdir" "-m" "1610612736" "--user" "0:0" "--network" "none" "ghcr.io/rust-lang/crates-build-env/linux@sha256:34b6a614d2c27851fe6cbf88fbd1137609cefab8b10d0615aaeb6fd47975d74e" "/opt/rustwide/cargo-home/bin/cargo" "+1.54.0" "build" "--frozen" "--message-format=json", kill_on_drop: false }`
[INFO] [stdout] 0893f7038a2da0308afded33221ee47598710ff9b6c83d3edfc25029d0db037f
[INFO] running `Command { std: "docker" "start" "-a" "0893f7038a2da0308afded33221ee47598710ff9b6c83d3edfc25029d0db037f", kill_on_drop: false }`
[INFO] [stderr]     Blocking waiting for file lock on package cache
[INFO] [stderr]    Compiling proc-macro2 v1.0.26
[INFO] [stderr]    Compiling syn v1.0.72
[INFO] [stderr]    Compiling wasm-bindgen-shared v0.2.74
[INFO] [stderr]    Compiling bumpalo v3.6.1
[INFO] [stderr]    Compiling memchr v2.4.0
[INFO] [stderr]    Compiling wasm-bindgen v0.2.74
[INFO] [stderr]    Compiling libc v0.2.94
[INFO] [stderr]    Compiling ident_case v1.0.1
[INFO] [stderr]    Compiling lexical-core v0.7.6
[INFO] [stderr]    Compiling anyhow v1.0.40
[INFO] [stderr]    Compiling byteorder v1.4.3
[INFO] [stderr]    Compiling ascii v0.9.3
[INFO] [stderr]    Compiling either v1.6.1
[INFO] [stderr]    Compiling arrayvec v0.5.2
[INFO] [stderr]    Compiling regex-syntax v0.6.25
[INFO] [stderr]    Compiling yew v0.18.0
[INFO] [stderr]    Compiling boolinator v2.4.0
[INFO] [stderr]    Compiling anymap v0.12.1
[INFO] [stderr]    Compiling cfg-match v0.2.1
[INFO] [stderr]    Compiling dotenv v0.15.0
[INFO] [stderr]    Compiling pulldown-cmark v0.8.0
[INFO] [stderr]    Compiling instant v0.1.9
[INFO] [stderr]    Compiling indexmap v1.6.2
[INFO] [stderr]    Compiling nom v5.1.2
[INFO] [stderr]    Compiling unicase v2.6.0
[INFO] [stderr]    Compiling http v0.2.4
[INFO] [stderr]    Compiling num-traits v0.2.14
[INFO] [stderr]    Compiling getopts v0.2.21
[INFO] [stderr]    Compiling aho-corasick v0.7.18
[INFO] [stderr]    Compiling combine v3.8.1
[INFO] [stderr]    Compiling quote v1.0.9
[INFO] [stderr]    Compiling getrandom v0.1.16
[INFO] [stderr]    Compiling time v0.1.44
[INFO] [stderr]    Compiling parking_lot_core v0.8.3
[INFO] [stderr]    Compiling regex v1.5.4
[INFO] [stderr]    Compiling rand_core v0.5.1
[INFO] [stderr]    Compiling parking_lot v0.11.1
[INFO] [stderr]    Compiling num-integer v0.1.44
[INFO] [stderr]    Compiling rand_chacha v0.2.2
[INFO] [stderr]    Compiling rand v0.7.3
[INFO] [stderr]    Compiling Inflector v0.11.4
[INFO] [stderr]    Compiling lipsum v0.7.0
[INFO] [stderr]    Compiling yew-router-route-parser v0.15.0
[INFO] [stderr]    Compiling wasm-bindgen-backend v0.2.74
[INFO] [stderr]    Compiling darling_core v0.12.4
[INFO] [stderr]    Compiling wasm-bindgen-macro-support v0.2.74
[INFO] [stderr]    Compiling serde_derive v1.0.126
[INFO] [stderr]    Compiling wasm-bindgen-macro v0.2.74
[INFO] [stderr]    Compiling thiserror-impl v1.0.24
[INFO] [stderr]    Compiling yew-macro v0.18.0
[INFO] [stderr]    Compiling dotenv_codegen_implementation v0.15.0
[INFO] [stderr]    Compiling yew-router-macro v0.15.0
[INFO] [stderr]    Compiling darling_macro v0.12.4
[INFO] [stderr]    Compiling dotenv_codegen v0.15.0
[INFO] [stderr]    Compiling darling v0.12.4
[INFO] [stderr]    Compiling thiserror v1.0.24
[INFO] [stderr]    Compiling graphql-parser v0.3.0
[INFO] [stderr]    Compiling cynic-codegen v0.13.1
[INFO] [stderr]    Compiling serde v1.0.126
[INFO] [stderr]    Compiling serde_json v1.0.64
[INFO] [stderr]    Compiling bincode v1.3.3
[INFO] [stderr]    Compiling chrono v0.4.19
[INFO] [stderr]    Compiling cynic-proc-macros v0.13.1
[INFO] [stderr]    Compiling json-decode v0.6.0
[INFO] [stderr]    Compiling js-sys v0.3.51
[INFO] [stderr]    Compiling console_error_panic_hook v0.1.6
[INFO] [stderr]    Compiling cynic v0.13.2
[INFO] [stderr]    Compiling web-sys v0.3.51
[INFO] [stderr]    Compiling wasm-bindgen-futures v0.4.24
[INFO] [stderr]    Compiling gloo-events v0.1.1
[INFO] [stderr]    Compiling gloo-timers v0.2.1
[INFO] [stderr]    Compiling gloo-console-timer v0.1.0
[INFO] [stderr]    Compiling wasm-logger v0.2.0
[INFO] [stderr]    Compiling gloo-file v0.1.0
[INFO] [stderr]    Compiling gloo v0.2.1
[INFO] [stderr]    Compiling yewtil v0.4.0
[INFO] [stderr]    Compiling yew-router v0.15.0
[INFO] [stderr]    Compiling yew-graphql-app v0.1.0 (/opt/rustwide/workdir)
[INFO] [stdout] error: `self` parameter is only allowed in associated functions
[INFO] [stdout]   --> src/requests.rs:50:25
[INFO] [stdout]    |
[INFO] [stdout] 50 | pub(crate) fn run_query(&self) -> bool {
[INFO] [stdout]    |                         ^^^^^ not semantically valid as function parameter
[INFO] [stdout]    |
[INFO] [stdout]    = note: associated functions are those in `impl` or `trait` definitions
[INFO] [stdout] 
[INFO] [stdout] 
[INFO] [stdout] warning: unused import: `Value`
[INFO] [stdout]  --> src/requests.rs:2:18
[INFO] [stdout]   |
[INFO] [stdout] 2 | use serde_json::{Value, json};
[INFO] [stdout]   |                  ^^^^^
[INFO] [stdout]   |
[INFO] [stdout]   = note: `#[warn(unused_imports)]` on by default
[INFO] [stdout] 
[INFO] [stdout] 
[INFO] [stdout] warning: unused import: `yew::Callback`
[INFO] [stdout]  --> src/requests.rs:4:5
[INFO] [stdout]   |
[INFO] [stdout] 4 | use yew::Callback;
[INFO] [stdout]   |     ^^^^^^^^^^^^^
[INFO] [stdout] 
[INFO] [stdout] 
[INFO] [stdout] warning: unused import: `FetchTask`
[INFO] [stdout]  --> src/requests.rs:5:46
[INFO] [stdout]   |
[INFO] [stdout] 5 | use yew::services::fetch::{Response, Request,FetchTask,FetchService};
[INFO] [stdout]   |                                              ^^^^^^^^^
[INFO] [stdout] 
[INFO] [stdout] 
[INFO] [stdout] warning: unused import: `cynic::impl_scalar`
[INFO] [stdout]  --> src/requests.rs:7:5
[INFO] [stdout]   |
[INFO] [stdout] 7 | use cynic::impl_scalar;
[INFO] [stdout]   |     ^^^^^^^^^^^^^^^^^^
[INFO] [stdout] 
[INFO] [stdout] 
[INFO] [stdout] warning: unused import: `anyhow::Error`
[INFO] [stdout]  --> src/requests.rs:9:5
[INFO] [stdout]   |
[INFO] [stdout] 9 | use anyhow::Error;
[INFO] [stdout]   |     ^^^^^^^^^^^^^
[INFO] [stdout] 
[INFO] [stdout] 
[INFO] [stdout] warning: unused import: `requests::*`
[INFO] [stdout]  --> src/main.rs:5:5
[INFO] [stdout]   |
[INFO] [stdout] 5 | use requests::*;
[INFO] [stdout]   |     ^^^^^^^^^^^
[INFO] [stdout] 
[INFO] [stdout] 
[INFO] [stdout] error[E0599]: no method named `run_query` found for struct `std::string::String` in the current scope
[INFO] [stdout]   --> src/main.rs:43:31
[INFO] [stdout]    |
[INFO] [stdout] 43 |                 self.response.run_query();
[INFO] [stdout]    |                               ^^^^^^^^^ method not found in `std::string::String`
[INFO] [stdout] 
[INFO] [stdout] 
[INFO] [stdout] error[E0308]: mismatched types
[INFO] [stdout]   --> src/requests.rs:61:62
[INFO] [stdout]    |
[INFO] [stdout] 61 |                 let decoded_data = operation.decode_response(data);
[INFO] [stdout]    |                                                              ^^^^ expected struct `GraphQlResponse`, found enum `Result`
[INFO] [stdout]    |
[INFO] [stdout]    = note: expected struct `GraphQlResponse<_>`
[INFO] [stdout]                 found enum `Result<GraphQlResponse<_>, anyhow::Error>`
[INFO] [stdout] 
[INFO] [stdout] 
[INFO] [stdout] error[E0277]: the trait bound `Result<std::string::String, anyhow::Error>: From<Json<serde_json::Value>>` is not satisfied
[INFO] [stdout]    --> src/requests.rs:66:16
[INFO] [stdout]     |
[INFO] [stdout] 66  |     let task = FetchService::fetch(request, callback).expect("failed to start request");
[INFO] [stdout]     |                ^^^^^^^^^^^^^^^^^^^ the trait `From<Json<serde_json::Value>>` is not implemented for `Result<std::string::String, anyhow::Error>`
[INFO] [stdout]     | 
[INFO] [stdout]    ::: /opt/rustwide/cargo-home/registry/src/github.com-1ecc6299db9ec823/yew-0.18.0/src/services/fetch/web_sys.rs:272:13
[INFO] [stdout]     |
[INFO] [stdout] 272 |         IN: Into<Text>,
[INFO] [stdout]     |             ---------- required by this bound in `FetchService::fetch`
[INFO] [stdout]     |
[INFO] [stdout]     = help: the following implementations were found:
[INFO] [stdout]               <Result<miniz_oxide::MZStatus, miniz_oxide::MZError> as From<&miniz_oxide::StreamResult>>
[INFO] [stdout]               <Result<miniz_oxide::MZStatus, miniz_oxide::MZError> as From<miniz_oxide::StreamResult>>
[INFO] [stdout]               <Result<std::string::String, anyhow::Error> as From<Bincode<&'a T>>>
[INFO] [stdout]               <Result<std::string::String, anyhow::Error> as From<Json<&'a T>>>
[INFO] [stdout]             and 2 others
[INFO] [stdout]     = note: required because of the requirements on the impl of `Into<Result<std::string::String, anyhow::Error>>` for `Json<serde_json::Value>`
[INFO] [stdout] 
[INFO] [stdout] 
[INFO] [stdout] error: aborting due to 4 previous errors; 6 warnings emitted
[INFO] [stdout] 
[INFO] [stdout] 
[INFO] [stdout] Some errors have detailed explanations: E0277, E0308, E0599.
[INFO] [stdout] 
[INFO] [stdout] For more information about an error, try `rustc --explain E0277`.
[INFO] [stdout] 
[INFO] [stderr] error: could not compile `yew-graphql-app`
[INFO] [stderr] 
[INFO] [stderr] To learn more, run the command again with --verbose.
[INFO] running `Command { std: "docker" "inspect" "0893f7038a2da0308afded33221ee47598710ff9b6c83d3edfc25029d0db037f", kill_on_drop: false }`
[INFO] running `Command { std: "docker" "rm" "-f" "0893f7038a2da0308afded33221ee47598710ff9b6c83d3edfc25029d0db037f", kill_on_drop: false }`
[INFO] [stdout] 0893f7038a2da0308afded33221ee47598710ff9b6c83d3edfc25029d0db037f
