[INFO] cloning repository https://github.com/michaltakac/af-lbm-multithreaded
[INFO] running `Command { std: "git" "-c" "credential.helper=" "-c" "credential.helper=/workspace/cargo-home/bin/git-credential-null" "clone" "--bare" "https://github.com/michaltakac/af-lbm-multithreaded" "/workspace/cache/git-repos/https%3A%2F%2Fgithub.com%2Fmichaltakac%2Faf-lbm-multithreaded", kill_on_drop: false }`
[INFO] [stderr] Cloning into bare repository '/workspace/cache/git-repos/https%3A%2F%2Fgithub.com%2Fmichaltakac%2Faf-lbm-multithreaded'...
[INFO] running `Command { std: "git" "rev-parse" "HEAD", kill_on_drop: false }`
[INFO] [stdout] 18b72aac76f39c58b447a9fd1757b6c0cdb76f8e
[INFO] testing michaltakac/af-lbm-multithreaded against 1.54.0 for beta-1.55-1
[INFO] running `Command { std: "git" "clone" "/workspace/cache/git-repos/https%3A%2F%2Fgithub.com%2Fmichaltakac%2Faf-lbm-multithreaded" "/workspace/builds/worker-1/source", kill_on_drop: false }`
[INFO] [stderr] Cloning into '/workspace/builds/worker-1/source'...
[INFO] [stderr] done.
[INFO] validating manifest of git repo https://github.com/michaltakac/af-lbm-multithreaded on toolchain 1.54.0
[INFO] running `Command { std: "/workspace/cargo-home/bin/cargo" "+1.54.0" "metadata" "--manifest-path" "Cargo.toml" "--no-deps", kill_on_drop: false }`
[INFO] started tweaking git repo https://github.com/michaltakac/af-lbm-multithreaded
[INFO] removed 1 missing examples
[INFO] finished tweaking git repo https://github.com/michaltakac/af-lbm-multithreaded
[INFO] tweaked toml for git repo https://github.com/michaltakac/af-lbm-multithreaded written to /workspace/builds/worker-1/source/Cargo.toml
[INFO] crate git repo https://github.com/michaltakac/af-lbm-multithreaded already has a lockfile, it will not be regenerated
[INFO] running `Command { std: "/workspace/cargo-home/bin/cargo" "+1.54.0" "fetch" "--manifest-path" "Cargo.toml", kill_on_drop: false }`
[INFO] running `Command { std: "docker" "create" "-v" "/var/lib/crater-agent-workspace/builds/worker-1/target:/opt/rustwide/target:rw,Z" "-v" "/var/lib/crater-agent-workspace/builds/worker-1/source:/opt/rustwide/workdir:ro,Z" "-v" "/var/lib/crater-agent-workspace/cargo-home:/opt/rustwide/cargo-home:ro,Z" "-v" "/var/lib/crater-agent-workspace/rustup-home:/opt/rustwide/rustup-home:ro,Z" "-e" "SOURCE_DIR=/opt/rustwide/workdir" "-e" "CARGO_TARGET_DIR=/opt/rustwide/target" "-e" "CARGO_HOME=/opt/rustwide/cargo-home" "-e" "RUSTUP_HOME=/opt/rustwide/rustup-home" "-w" "/opt/rustwide/workdir" "-m" "1610612736" "--user" "0:0" "--network" "none" "ghcr.io/rust-lang/crates-build-env/linux@sha256:34b6a614d2c27851fe6cbf88fbd1137609cefab8b10d0615aaeb6fd47975d74e" "/opt/rustwide/cargo-home/bin/cargo" "+1.54.0" "metadata" "--no-deps" "--format-version=1", kill_on_drop: false }`
[INFO] [stdout] 90c12fd8e9fdeaee84c98a31911bb20a923ab1c45e243b742cfc81aaee27a492
[INFO] [stderr] WARNING: Your kernel does not support swap limit capabilities or the cgroup is not mounted. Memory limited without swap.
[INFO] running `Command { std: "docker" "start" "-a" "90c12fd8e9fdeaee84c98a31911bb20a923ab1c45e243b742cfc81aaee27a492", kill_on_drop: false }`
[INFO] running `Command { std: "docker" "inspect" "90c12fd8e9fdeaee84c98a31911bb20a923ab1c45e243b742cfc81aaee27a492", kill_on_drop: false }`
[INFO] running `Command { std: "docker" "rm" "-f" "90c12fd8e9fdeaee84c98a31911bb20a923ab1c45e243b742cfc81aaee27a492", kill_on_drop: false }`
[INFO] [stdout] 90c12fd8e9fdeaee84c98a31911bb20a923ab1c45e243b742cfc81aaee27a492
[INFO] running `Command { std: "docker" "create" "-v" "/var/lib/crater-agent-workspace/builds/worker-1/target:/opt/rustwide/target:rw,Z" "-v" "/var/lib/crater-agent-workspace/builds/worker-1/source:/opt/rustwide/workdir:ro,Z" "-v" "/var/lib/crater-agent-workspace/cargo-home:/opt/rustwide/cargo-home:ro,Z" "-v" "/var/lib/crater-agent-workspace/rustup-home:/opt/rustwide/rustup-home:ro,Z" "-e" "SOURCE_DIR=/opt/rustwide/workdir" "-e" "CARGO_TARGET_DIR=/opt/rustwide/target" "-e" "CARGO_INCREMENTAL=0" "-e" "RUST_BACKTRACE=full" "-e" "RUSTFLAGS=--cap-lints=warn" "-e" "CARGO_HOME=/opt/rustwide/cargo-home" "-e" "RUSTUP_HOME=/opt/rustwide/rustup-home" "-w" "/opt/rustwide/workdir" "-m" "1610612736" "--user" "0:0" "--network" "none" "ghcr.io/rust-lang/crates-build-env/linux@sha256:34b6a614d2c27851fe6cbf88fbd1137609cefab8b10d0615aaeb6fd47975d74e" "/opt/rustwide/cargo-home/bin/cargo" "+1.54.0" "build" "--frozen" "--message-format=json", kill_on_drop: false }`
[INFO] [stdout] 000930b69a7bd67d0ad3c6068bcfe12d6fc1394e24c149e31e5e28c51318e7ad
[INFO] [stderr] WARNING: Your kernel does not support swap limit capabilities or the cgroup is not mounted. Memory limited without swap.
[INFO] running `Command { std: "docker" "start" "-a" "000930b69a7bd67d0ad3c6068bcfe12d6fc1394e24c149e31e5e28c51318e7ad", kill_on_drop: false }`
[INFO] [stderr]    Compiling syn v1.0.63
[INFO] [stderr]    Compiling log v0.4.14
[INFO] [stderr]    Compiling cl-sys v0.4.2
[INFO] [stderr]    Compiling unity-native-plugin-sys v0.4.0
[INFO] [stderr]    Compiling arc-swap v0.4.8
[INFO] [stderr]    Compiling num-bigint v0.2.6
[INFO] [stderr]    Compiling num-complex v0.2.4
[INFO] [stderr]    Compiling num-rational v0.2.4
[INFO] [stderr]    Compiling gl_loader v0.1.2
[INFO] [stderr]    Compiling ocl-core v0.11.2
[INFO] [stderr]    Compiling rand v0.4.6
[INFO] [stderr]    Compiling parking_lot_core v0.8.3
[INFO] [stderr]    Compiling time v0.1.44
[INFO] [stderr]    Compiling thread-id v3.3.0
[INFO] [stderr]    Compiling backtrace v0.3.57
[INFO] [stderr]    Compiling num-complex v0.1.43
[INFO] [stderr]    Compiling num-traits v0.1.43
[INFO] [stderr]    Compiling ordered-float v2.1.1
[INFO] [stderr]    Compiling parking_lot v0.11.1
[INFO] [stderr]    Compiling rayon-core v1.9.0
[INFO] [stderr]    Compiling chrono v0.4.19
[INFO] [stderr]    Compiling qutex v0.2.3
[INFO] [stderr]    Compiling enum_primitive v0.1.1
[INFO] [stderr]    Compiling num-bigint v0.1.44
[INFO] [stderr]    Compiling rayon v1.5.0
[INFO] [stderr]    Compiling unity-native-plugin v0.4.1
[INFO] [stderr]    Compiling num-rational v0.1.42
[INFO] [stderr]    Compiling num v0.2.1
[INFO] [stderr]    Compiling num v0.1.42
[INFO] [stderr]    Compiling ocl-core-vector v0.1.0
[INFO] [stderr]    Compiling jpeg-decoder v0.1.22
[INFO] [stderr]    Compiling tiff v0.6.1
[INFO] [stderr]    Compiling synstructure v0.12.4
[INFO] [stderr]    Compiling image v0.23.14
[INFO] [stderr]    Compiling serde_derive v1.0.124
[INFO] [stderr]    Compiling failure_derive v0.1.8
[INFO] [stderr]    Compiling thiserror-impl v1.0.24
[INFO] [stderr]    Compiling derivative v2.2.0
[INFO] [stderr]    Compiling failure v0.1.8
[INFO] [stderr]    Compiling thiserror v1.0.24
[INFO] [stderr]    Compiling ocl v0.19.3
[INFO] [stderr]    Compiling serde v1.0.124
[INFO] [stderr]    Compiling serde_json v1.0.64
[INFO] [stderr]    Compiling serde_yaml v0.8.17
[INFO] [stderr]    Compiling serde-value v0.7.0
[INFO] [stderr]    Compiling gl_generator v0.14.0
[INFO] [stderr]    Compiling mio v0.6.23
[INFO] [stderr]    Compiling log v0.3.9
[INFO] [stderr]    Compiling calloop v0.6.5
[INFO] [stderr]    Compiling gl_generator v0.5.5
[INFO] [stderr]    Compiling log4rs v1.0.0
[INFO] [stderr]    Compiling smithay-client-toolkit v0.12.3
[INFO] [stderr]    Compiling arrayfire v3.8.0
[INFO] [stderr]    Compiling mio-extras v2.0.6
[INFO] [stderr]    Compiling glutin_egl_sys v0.1.5
[INFO] [stderr]    Compiling glutin_glx_sys v0.1.7
[INFO] [stderr]    Compiling glium v0.29.1
[INFO] [stderr]    Compiling gl v0.14.0
[INFO] [stderr]    Compiling ocl-interop v0.1.5
[INFO] [stderr]    Compiling af-opencl-interop v3.7.1
[INFO] [stderr]    Compiling winit v0.24.0
[INFO] [stderr]    Compiling glutin v0.26.0
[INFO] [stderr]    Compiling lbm-af v0.1.0 (/opt/rustwide/workdir)
[INFO] [stderr]     Finished dev [unoptimized + debuginfo] target(s) in 1m 39s
[INFO] running `Command { std: "docker" "inspect" "000930b69a7bd67d0ad3c6068bcfe12d6fc1394e24c149e31e5e28c51318e7ad", kill_on_drop: false }`
[INFO] running `Command { std: "docker" "rm" "-f" "000930b69a7bd67d0ad3c6068bcfe12d6fc1394e24c149e31e5e28c51318e7ad", kill_on_drop: false }`
[INFO] [stdout] 000930b69a7bd67d0ad3c6068bcfe12d6fc1394e24c149e31e5e28c51318e7ad
[INFO] running `Command { std: "docker" "create" "-v" "/var/lib/crater-agent-workspace/builds/worker-1/target:/opt/rustwide/target:rw,Z" "-v" "/var/lib/crater-agent-workspace/builds/worker-1/source:/opt/rustwide/workdir:ro,Z" "-v" "/var/lib/crater-agent-workspace/cargo-home:/opt/rustwide/cargo-home:ro,Z" "-v" "/var/lib/crater-agent-workspace/rustup-home:/opt/rustwide/rustup-home:ro,Z" "-e" "SOURCE_DIR=/opt/rustwide/workdir" "-e" "CARGO_TARGET_DIR=/opt/rustwide/target" "-e" "CARGO_INCREMENTAL=0" "-e" "RUST_BACKTRACE=full" "-e" "RUSTFLAGS=--cap-lints=warn" "-e" "CARGO_HOME=/opt/rustwide/cargo-home" "-e" "RUSTUP_HOME=/opt/rustwide/rustup-home" "-w" "/opt/rustwide/workdir" "-m" "1610612736" "--user" "0:0" "--network" "none" "ghcr.io/rust-lang/crates-build-env/linux@sha256:34b6a614d2c27851fe6cbf88fbd1137609cefab8b10d0615aaeb6fd47975d74e" "/opt/rustwide/cargo-home/bin/cargo" "+1.54.0" "test" "--frozen" "--no-run" "--message-format=json", kill_on_drop: false }`
[INFO] [stdout] 60d6f5ede0218ceabb1e6d09064ed512bb5bc522a25fb69796668b93bf6a28c0
[INFO] [stderr] WARNING: Your kernel does not support swap limit capabilities or the cgroup is not mounted. Memory limited without swap.
[INFO] running `Command { std: "docker" "start" "-a" "60d6f5ede0218ceabb1e6d09064ed512bb5bc522a25fb69796668b93bf6a28c0", kill_on_drop: false }`
[INFO] [stderr]    Compiling lbm-af v0.1.0 (/opt/rustwide/workdir)
[INFO] [stdout] warning: value assigned to `b` is never read
[INFO] [stdout]   --> examples/thread.rs:36:21
[INFO] [stdout]    |
[INFO] [stdout] 36 |             let mut b = constant::<u8>(1u8, dims);
[INFO] [stdout]    |                     ^
[INFO] [stdout]    |
[INFO] [stdout]    = note: `#[warn(unused_assignments)]` on by default
[INFO] [stdout]    = help: maybe it is overwritten before being read?
[INFO] [stdout] 
[INFO] [stdout] 
[INFO] [stdout] error: linking with `cc` failed: exit status: 1
[INFO] [stdout]   |
[INFO] [stdout]   = note: "cc" "-m64" "/opt/rustwide/target/debug/examples/thread-b116d26d495c89e9.thread.8o47rusb-cgu.0.rcgu.o" "/opt/rustwide/target/debug/examples/thread-b116d26d495c89e9.thread.8o47rusb-cgu.1.rcgu.o" "/opt/rustwide/target/debug/examples/thread-b116d26d495c89e9.thread.8o47rusb-cgu.10.rcgu.o" "/opt/rustwide/target/debug/examples/thread-b116d26d495c89e9.thread.8o47rusb-cgu.11.rcgu.o" "/opt/rustwide/target/debug/examples/thread-b116d26d495c89e9.thread.8o47rusb-cgu.12.rcgu.o" "/opt/rustwide/target/debug/examples/thread-b116d26d495c89e9.thread.8o47rusb-cgu.13.rcgu.o" "/opt/rustwide/target/debug/examples/thread-b116d26d495c89e9.thread.8o47rusb-cgu.14.rcgu.o" "/opt/rustwide/target/debug/examples/thread-b116d26d495c89e9.thread.8o47rusb-cgu.15.rcgu.o" "/opt/rustwide/target/debug/examples/thread-b116d26d495c89e9.thread.8o47rusb-cgu.2.rcgu.o" "/opt/rustwide/target/debug/examples/thread-b116d26d495c89e9.thread.8o47rusb-cgu.3.rcgu.o" "/opt/rustwide/target/debug/examples/thread-b116d26d495c89e9.thread.8o47rusb-cgu.4.rcgu.o" "/opt/rustwide/target/debug/examples/thread-b116d26d495c89e9.thread.8o47rusb-cgu.5.rcgu.o" "/opt/rustwide/target/debug/examples/thread-b116d26d495c89e9.thread.8o47rusb-cgu.6.rcgu.o" "/opt/rustwide/target/debug/examples/thread-b116d26d495c89e9.thread.8o47rusb-cgu.7.rcgu.o" "/opt/rustwide/target/debug/examples/thread-b116d26d495c89e9.thread.8o47rusb-cgu.8.rcgu.o" "/opt/rustwide/target/debug/examples/thread-b116d26d495c89e9.thread.8o47rusb-cgu.9.rcgu.o" "/opt/rustwide/target/debug/examples/thread-b116d26d495c89e9.27k7vazmnqcolt9q.rcgu.o" "-Wl,--as-needed" "-L" "/opt/rustwide/target/debug/deps" "-L" "/opt/arrayfire/lib" "-L" "/opt/arrayfire/lib64" "-L" "/usr/local/lib" "-L" "/usr/lib" "-L" "/opt/rustwide/target/debug/build/gl_loader-cf8d995095211f25/out" "-L" "/opt/rustwide/rustup-home/toolchains/1.54.0-x86_64-unknown-linux-gnu/lib/rustlib/x86_64-unknown-linux-gnu/lib" "-Wl,-Bstatic" "/opt/rustwide/target/debug/deps/libarrayfire-1e6678b07c5d6408.rlib" "/opt/rustwide/target/debug/deps/libhalf-748f22a4344eb45d.rlib" "/opt/rustwide/target/debug/deps/liblibc-8efd53b0373d9232.rlib" "/opt/rustwide/target/debug/deps/libnum-17a14fbdb08e264f.rlib" "/opt/rustwide/target/debug/deps/libnum_rational-2c21cf9fb92e11ed.rlib" "/opt/rustwide/target/debug/deps/libnum_iter-e313f3ea9a97bed0.rlib" "/opt/rustwide/target/debug/deps/libnum_complex-3fbc6db162d78afa.rlib" "/opt/rustwide/target/debug/deps/libnum_bigint-734f8c69e5cbb886.rlib" "/opt/rustwide/target/debug/deps/libnum_integer-16689c6d685d3c57.rlib" "/opt/rustwide/target/debug/deps/libnum_traits-a2639720a0ec4c76.rlib" "/opt/rustwide/target/debug/deps/liblazy_static-5c53d641eb010a81.rlib" "-Wl,--start-group" "/opt/rustwide/rustup-home/toolchains/1.54.0-x86_64-unknown-linux-gnu/lib/rustlib/x86_64-unknown-linux-gnu/lib/libstd-2420485b9e5ef5e1.rlib" "/opt/rustwide/rustup-home/toolchains/1.54.0-x86_64-unknown-linux-gnu/lib/rustlib/x86_64-unknown-linux-gnu/lib/libpanic_unwind-785e3cb61c4b1960.rlib" "/opt/rustwide/rustup-home/toolchains/1.54.0-x86_64-unknown-linux-gnu/lib/rustlib/x86_64-unknown-linux-gnu/lib/libminiz_oxide-087191a88bdaa22d.rlib" "/opt/rustwide/rustup-home/toolchains/1.54.0-x86_64-unknown-linux-gnu/lib/rustlib/x86_64-unknown-linux-gnu/lib/libadler-9981842c02975178.rlib" "/opt/rustwide/rustup-home/toolchains/1.54.0-x86_64-unknown-linux-gnu/lib/rustlib/x86_64-unknown-linux-gnu/lib/libobject-6fb405869b015fde.rlib" "/opt/rustwide/rustup-home/toolchains/1.54.0-x86_64-unknown-linux-gnu/lib/rustlib/x86_64-unknown-linux-gnu/lib/libaddr2line-d05c5c3c56004b7b.rlib" "/opt/rustwide/rustup-home/toolchains/1.54.0-x86_64-unknown-linux-gnu/lib/rustlib/x86_64-unknown-linux-gnu/lib/libgimli-42d74d2097528b38.rlib" "/opt/rustwide/rustup-home/toolchains/1.54.0-x86_64-unknown-linux-gnu/lib/rustlib/x86_64-unknown-linux-gnu/lib/libstd_detect-fb36534c113d2209.rlib" "/opt/rustwide/rustup-home/toolchains/1.54.0-x86_64-unknown-linux-gnu/lib/rustlib/x86_64-unknown-linux-gnu/lib/librustc_demangle-b56b9042c12b6535.rlib" "/opt/rustwide/rustup-home/toolchains/1.54.0-x86_64-unknown-linux-gnu/lib/rustlib/x86_64-unknown-linux-gnu/lib/libhashbrown-491902d6cb3e76df.rlib" "/opt/rustwide/rustup-home/toolchains/1.54.0-x86_64-unknown-linux-gnu/lib/rustlib/x86_64-unknown-linux-gnu/lib/librustc_std_workspace_alloc-61834e0981b8c367.rlib" "/opt/rustwide/rustup-home/toolchains/1.54.0-x86_64-unknown-linux-gnu/lib/rustlib/x86_64-unknown-linux-gnu/lib/libunwind-f78aa99d613a55bc.rlib" "/opt/rustwide/rustup-home/toolchains/1.54.0-x86_64-unknown-linux-gnu/lib/rustlib/x86_64-unknown-linux-gnu/lib/libcfg_if-53ee54cd7fed2c57.rlib" "/opt/rustwide/rustup-home/toolchains/1.54.0-x86_64-unknown-linux-gnu/lib/rustlib/x86_64-unknown-linux-gnu/lib/liblibc-544ecdbd6cda3c58.rlib" "/opt/rustwide/rustup-home/toolchains/1.54.0-x86_64-unknown-linux-gnu/lib/rustlib/x86_64-unknown-linux-gnu/lib/liballoc-379cc252b6943a79.rlib" "/opt/rustwide/rustup-home/toolchains/1.54.0-x86_64-unknown-linux-gnu/lib/rustlib/x86_64-unknown-linux-gnu/lib/librustc_std_workspace_core-8063eea38dcc5e62.rlib" "/opt/rustwide/rustup-home/toolchains/1.54.0-x86_64-unknown-linux-gnu/lib/rustlib/x86_64-unknown-linux-gnu/lib/libcore-5b228734afae15ee.rlib" "-Wl,--end-group" "/opt/rustwide/rustup-home/toolchains/1.54.0-x86_64-unknown-linux-gnu/lib/rustlib/x86_64-unknown-linux-gnu/lib/libcompiler_builtins-d6c7a399d95d173f.rlib" "-Wl,-Bdynamic" "-lgcc_s" "-lutil" "-lrt" "-lpthread" "-lm" "-ldl" "-lc" "-Wl,--eh-frame-hdr" "-Wl,-znoexecstack" "-L" "/opt/rustwide/rustup-home/toolchains/1.54.0-x86_64-unknown-linux-gnu/lib/rustlib/x86_64-unknown-linux-gnu/lib" "-o" "/opt/rustwide/target/debug/examples/thread-b116d26d495c89e9" "-Wl,--gc-sections" "-pie" "-Wl,-zrelro" "-Wl,-znow" "-nodefaultlibs"
[INFO] [stdout]   = note: /usr/bin/ld: /opt/rustwide/target/debug/examples/thread-b116d26d495c89e9.thread.8o47rusb-cgu.10.rcgu.o: in function `<arrayfire::core::array::Array<T> as core::ops::drop::Drop>::drop':
[INFO] [stdout]           /opt/rustwide/cargo-home/registry/src/github.com-1ecc6299db9ec823/arrayfire-3.8.0/src/core/array.rs:710: undefined reference to `af_release_array'
[INFO] [stdout]           /usr/bin/ld: /opt/rustwide/target/debug/examples/thread-b116d26d495c89e9.thread.8o47rusb-cgu.10.rcgu.o: in function `arrayfire::core::array::Array<T>::host':
[INFO] [stdout]           /opt/rustwide/cargo-home/registry/src/github.com-1ecc6299db9ec823/arrayfire-3.8.0/src/core/array.rs:525: undefined reference to `af_get_data_ptr'
[INFO] [stdout]           /usr/bin/ld: /opt/rustwide/target/debug/examples/thread-b116d26d495c89e9.thread.8o47rusb-cgu.10.rcgu.o: in function `arrayfire::core::array::Array<T>::elements':
[INFO] [stdout]           /opt/rustwide/cargo-home/registry/src/github.com-1ecc6299db9ec823/arrayfire-3.8.0/src/core/array.rs:410: undefined reference to `af_get_elements'
[INFO] [stdout]           /usr/bin/ld: /opt/rustwide/target/debug/examples/thread-b116d26d495c89e9.thread.8o47rusb-cgu.15.rcgu.o: in function `arrayfire::core::random::randu':
[INFO] [stdout]           /opt/rustwide/cargo-home/registry/src/github.com-1ecc6299db9ec823/arrayfire-3.8.0/src/core/random.rs:80: undefined reference to `af_randu'
[INFO] [stdout]           /usr/bin/ld: /opt/rustwide/target/debug/deps/libarrayfire-1e6678b07c5d6408.rlib(arrayfire-1e6678b07c5d6408.arrayfire.9c0uqlmf-cgu.13.rcgu.o): in function `arrayfire::core::device::info':
[INFO] [stdout]           /opt/rustwide/cargo-home/registry/src/github.com-1ecc6299db9ec823/arrayfire-3.8.0/src/core/device.rs:82: undefined reference to `af_info'
[INFO] [stdout]           /usr/bin/ld: /opt/rustwide/target/debug/deps/libarrayfire-1e6678b07c5d6408.rlib(arrayfire-1e6678b07c5d6408.arrayfire.9c0uqlmf-cgu.13.rcgu.o): in function `arrayfire::core::device::set_device':
[INFO] [stdout]           /opt/rustwide/cargo-home/registry/src/github.com-1ecc6299db9ec823/arrayfire-3.8.0/src/core/device.rs:190: undefined reference to `af_set_device'
[INFO] [stdout]           /usr/bin/ld: /opt/rustwide/target/debug/deps/libarrayfire-1e6678b07c5d6408.rlib(arrayfire-1e6678b07c5d6408.arrayfire.9c0uqlmf-cgu.13.rcgu.o): in function `arrayfire::core::device::device_mem_info':
[INFO] [stdout]           /opt/rustwide/cargo-home/registry/src/github.com-1ecc6299db9ec823/arrayfire-3.8.0/src/core/device.rs:225: undefined reference to `af_device_mem_info'
[INFO] [stdout]           /usr/bin/ld: /opt/rustwide/target/debug/deps/libarrayfire-1e6678b07c5d6408.rlib(arrayfire-1e6678b07c5d6408.arrayfire.9c0uqlmf-cgu.13.rcgu.o): in function `arrayfire::core::device::sync':
[INFO] [stdout]           /opt/rustwide/cargo-home/registry/src/github.com-1ecc6299db9ec823/arrayfire-3.8.0/src/core/device.rs:317: undefined reference to `af_sync'
[INFO] [stdout]           /usr/bin/ld: /opt/rustwide/target/debug/deps/libarrayfire-1e6678b07c5d6408.rlib(arrayfire-1e6678b07c5d6408.arrayfire.9c0uqlmf-cgu.15.rcgu.o): in function `arrayfire::core::error::get_last_error':
[INFO] [stdout]           /opt/rustwide/cargo-home/registry/src/github.com-1ecc6299db9ec823/arrayfire-3.8.0/src/core/error.rs:104: undefined reference to `af_get_last_error'
[INFO] [stdout]           /usr/bin/ld: /opt/rustwide/target/debug/deps/libarrayfire-1e6678b07c5d6408.rlib(arrayfire-1e6678b07c5d6408.arrayfire.9c0uqlmf-cgu.4.rcgu.o): in function `<u8 as arrayfire::core::data::ConstGenerator>::generate':
[INFO] [stdout]           /opt/rustwide/cargo-home/registry/src/github.com-1ecc6299db9ec823/arrayfire-3.8.0/src/core/data.rs:242: undefined reference to `af_constant'
[INFO] [stdout]           /usr/bin/ld: /opt/rustwide/target/debug/deps/libarrayfire-1e6678b07c5d6408.rlib(arrayfire-1e6678b07c5d6408.arrayfire.9c0uqlmf-cgu.8.rcgu.o): in function `arrayfire::core::util::free_host':
[INFO] [stdout]           /opt/rustwide/cargo-home/registry/src/github.com-1ecc6299db9ec823/arrayfire-3.8.0/src/core/util.rs:68: undefined reference to `af_free_host'
[INFO] [stdout]           collect2: error: ld returned 1 exit status
[INFO] [stdout]           
[INFO] [stdout] 
[INFO] [stdout] 
[INFO] [stdout] error: linking with `cc` failed: exit status: 1
[INFO] [stdout]   |
[INFO] [stdout]   = note: "cc" "-m64" "/opt/rustwide/target/debug/examples/channel-0fa4ee9affd4c39a.channel.9aelc595-cgu.0.rcgu.o" "/opt/rustwide/target/debug/examples/channel-0fa4ee9affd4c39a.channel.9aelc595-cgu.1.rcgu.o" "/opt/rustwide/target/debug/examples/channel-0fa4ee9affd4c39a.channel.9aelc595-cgu.10.rcgu.o" "/opt/rustwide/target/debug/examples/channel-0fa4ee9affd4c39a.channel.9aelc595-cgu.11.rcgu.o" "/opt/rustwide/target/debug/examples/channel-0fa4ee9affd4c39a.channel.9aelc595-cgu.12.rcgu.o" "/opt/rustwide/target/debug/examples/channel-0fa4ee9affd4c39a.channel.9aelc595-cgu.13.rcgu.o" "/opt/rustwide/target/debug/examples/channel-0fa4ee9affd4c39a.channel.9aelc595-cgu.14.rcgu.o" "/opt/rustwide/target/debug/examples/channel-0fa4ee9affd4c39a.channel.9aelc595-cgu.15.rcgu.o" "/opt/rustwide/target/debug/examples/channel-0fa4ee9affd4c39a.channel.9aelc595-cgu.2.rcgu.o" "/opt/rustwide/target/debug/examples/channel-0fa4ee9affd4c39a.channel.9aelc595-cgu.3.rcgu.o" "/opt/rustwide/target/debug/examples/channel-0fa4ee9affd4c39a.channel.9aelc595-cgu.4.rcgu.o" "/opt/rustwide/target/debug/examples/channel-0fa4ee9affd4c39a.channel.9aelc595-cgu.5.rcgu.o" "/opt/rustwide/target/debug/examples/channel-0fa4ee9affd4c39a.channel.9aelc595-cgu.6.rcgu.o" "/opt/rustwide/target/debug/examples/channel-0fa4ee9affd4c39a.channel.9aelc595-cgu.7.rcgu.o" "/opt/rustwide/target/debug/examples/channel-0fa4ee9affd4c39a.channel.9aelc595-cgu.8.rcgu.o" "/opt/rustwide/target/debug/examples/channel-0fa4ee9affd4c39a.channel.9aelc595-cgu.9.rcgu.o" "/opt/rustwide/target/debug/examples/channel-0fa4ee9affd4c39a.tz64wfx3il1sjzy.rcgu.o" "-Wl,--as-needed" "-L" "/opt/rustwide/target/debug/deps" "-L" "/opt/arrayfire/lib" "-L" "/opt/arrayfire/lib64" "-L" "/usr/local/lib" "-L" "/usr/lib" "-L" "/opt/rustwide/target/debug/build/gl_loader-cf8d995095211f25/out" "-L" "/opt/rustwide/rustup-home/toolchains/1.54.0-x86_64-unknown-linux-gnu/lib/rustlib/x86_64-unknown-linux-gnu/lib" "-Wl,-Bstatic" "/opt/rustwide/target/debug/deps/libarrayfire-1e6678b07c5d6408.rlib" "/opt/rustwide/target/debug/deps/libhalf-748f22a4344eb45d.rlib" "/opt/rustwide/target/debug/deps/liblibc-8efd53b0373d9232.rlib" "/opt/rustwide/target/debug/deps/libnum-17a14fbdb08e264f.rlib" "/opt/rustwide/target/debug/deps/libnum_rational-2c21cf9fb92e11ed.rlib" "/opt/rustwide/target/debug/deps/libnum_iter-e313f3ea9a97bed0.rlib" "/opt/rustwide/target/debug/deps/libnum_complex-3fbc6db162d78afa.rlib" "/opt/rustwide/target/debug/deps/libnum_bigint-734f8c69e5cbb886.rlib" "/opt/rustwide/target/debug/deps/libnum_integer-16689c6d685d3c57.rlib" "/opt/rustwide/target/debug/deps/libnum_traits-a2639720a0ec4c76.rlib" "/opt/rustwide/target/debug/deps/liblazy_static-5c53d641eb010a81.rlib" "-Wl,--start-group" "/opt/rustwide/rustup-home/toolchains/1.54.0-x86_64-unknown-linux-gnu/lib/rustlib/x86_64-unknown-linux-gnu/lib/libstd-2420485b9e5ef5e1.rlib" "/opt/rustwide/rustup-home/toolchains/1.54.0-x86_64-unknown-linux-gnu/lib/rustlib/x86_64-unknown-linux-gnu/lib/libpanic_unwind-785e3cb61c4b1960.rlib" "/opt/rustwide/rustup-home/toolchains/1.54.0-x86_64-unknown-linux-gnu/lib/rustlib/x86_64-unknown-linux-gnu/lib/libminiz_oxide-087191a88bdaa22d.rlib" "/opt/rustwide/rustup-home/toolchains/1.54.0-x86_64-unknown-linux-gnu/lib/rustlib/x86_64-unknown-linux-gnu/lib/libadler-9981842c02975178.rlib" "/opt/rustwide/rustup-home/toolchains/1.54.0-x86_64-unknown-linux-gnu/lib/rustlib/x86_64-unknown-linux-gnu/lib/libobject-6fb405869b015fde.rlib" "/opt/rustwide/rustup-home/toolchains/1.54.0-x86_64-unknown-linux-gnu/lib/rustlib/x86_64-unknown-linux-gnu/lib/libaddr2line-d05c5c3c56004b7b.rlib" "/opt/rustwide/rustup-home/toolchains/1.54.0-x86_64-unknown-linux-gnu/lib/rustlib/x86_64-unknown-linux-gnu/lib/libgimli-42d74d2097528b38.rlib" "/opt/rustwide/rustup-home/toolchains/1.54.0-x86_64-unknown-linux-gnu/lib/rustlib/x86_64-unknown-linux-gnu/lib/libstd_detect-fb36534c113d2209.rlib" "/opt/rustwide/rustup-home/toolchains/1.54.0-x86_64-unknown-linux-gnu/lib/rustlib/x86_64-unknown-linux-gnu/lib/librustc_demangle-b56b9042c12b6535.rlib" "/opt/rustwide/rustup-home/toolchains/1.54.0-x86_64-unknown-linux-gnu/lib/rustlib/x86_64-unknown-linux-gnu/lib/libhashbrown-491902d6cb3e76df.rlib" "/opt/rustwide/rustup-home/toolchains/1.54.0-x86_64-unknown-linux-gnu/lib/rustlib/x86_64-unknown-linux-gnu/lib/librustc_std_workspace_alloc-61834e0981b8c367.rlib" "/opt/rustwide/rustup-home/toolchains/1.54.0-x86_64-unknown-linux-gnu/lib/rustlib/x86_64-unknown-linux-gnu/lib/libunwind-f78aa99d613a55bc.rlib" "/opt/rustwide/rustup-home/toolchains/1.54.0-x86_64-unknown-linux-gnu/lib/rustlib/x86_64-unknown-linux-gnu/lib/libcfg_if-53ee54cd7fed2c57.rlib" "/opt/rustwide/rustup-home/toolchains/1.54.0-x86_64-unknown-linux-gnu/lib/rustlib/x86_64-unknown-linux-gnu/lib/liblibc-544ecdbd6cda3c58.rlib" "/opt/rustwide/rustup-home/toolchains/1.54.0-x86_64-unknown-linux-gnu/lib/rustlib/x86_64-unknown-linux-gnu/lib/liballoc-379cc252b6943a79.rlib" "/opt/rustwide/rustup-home/toolchains/1.54.0-x86_64-unknown-linux-gnu/lib/rustlib/x86_64-unknown-linux-gnu/lib/librustc_std_workspace_core-8063eea38dcc5e62.rlib" "/opt/rustwide/rustup-home/toolchains/1.54.0-x86_64-unknown-linux-gnu/lib/rustlib/x86_64-unknown-linux-gnu/lib/libcore-5b228734afae15ee.rlib" "-Wl,--end-group" "/opt/rustwide/rustup-home/toolchains/1.54.0-x86_64-unknown-linux-gnu/lib/rustlib/x86_64-unknown-linux-gnu/lib/libcompiler_builtins-d6c7a399d95d173f.rlib" "-Wl,-Bdynamic" "-lgcc_s" "-lutil" "-lrt" "-lpthread" "-lm" "-ldl" "-lc" "-Wl,--eh-frame-hdr" "-Wl,-znoexecstack" "-L" "/opt/rustwide/rustup-home/toolchains/1.54.0-x86_64-unknown-linux-gnu/lib/rustlib/x86_64-unknown-linux-gnu/lib" "-o" "/opt/rustwide/target/debug/examples/channel-0fa4ee9affd4c39a" "-Wl,--gc-sections" "-pie" "-Wl,-zrelro" "-Wl,-znow" "-nodefaultlibs"
[INFO] [stdout]   = note: /usr/bin/ld: /opt/rustwide/target/debug/examples/channel-0fa4ee9affd4c39a.channel.9aelc595-cgu.10.rcgu.o: in function `arrayfire::blas::transpose':
[INFO] [stdout]           /opt/rustwide/cargo-home/registry/src/github.com-1ecc6299db9ec823/arrayfire-3.8.0/src/blas/mod.rs:225: undefined reference to `af_transpose'
[INFO] [stdout]           /usr/bin/ld: /opt/rustwide/target/debug/examples/channel-0fa4ee9affd4c39a.channel.9aelc595-cgu.10.rcgu.o: in function `arrayfire::algorithm::sum':
[INFO] [stdout]           /opt/rustwide/cargo-home/registry/src/github.com-1ecc6299db9ec823/arrayfire-3.8.0/src/algorithm/mod.rs:155: undefined reference to `af_sum'
[INFO] [stdout]           /usr/bin/ld: /opt/rustwide/target/debug/examples/channel-0fa4ee9affd4c39a.channel.9aelc595-cgu.10.rcgu.o: in function `arrayfire::algorithm::locate':
[INFO] [stdout]           /opt/rustwide/cargo-home/registry/src/github.com-1ecc6299db9ec823/arrayfire-3.8.0/src/algorithm/mod.rs:998: undefined reference to `af_where'
[INFO] [stdout]           /usr/bin/ld: /opt/rustwide/target/debug/examples/channel-0fa4ee9affd4c39a.channel.9aelc595-cgu.10.rcgu.o: in function `arrayfire::algorithm::max_all':
[INFO] [stdout]           /opt/rustwide/cargo-home/registry/src/github.com-1ecc6299db9ec823/arrayfire-3.8.0/src/algorithm/mod.rs:543: undefined reference to `af_max_all'
[INFO] [stdout]           /usr/bin/ld: /opt/rustwide/target/debug/examples/channel-0fa4ee9affd4c39a.channel.9aelc595-cgu.13.rcgu.o: in function `arrayfire::graphics::Window::draw_image':
[INFO] [stdout]           /opt/rustwide/cargo-home/registry/src/github.com-1ecc6299db9ec823/arrayfire-3.8.0/src/graphics/mod.rs:600: undefined reference to `af_draw_image'
[INFO] [stdout]           /usr/bin/ld: /opt/rustwide/target/debug/examples/channel-0fa4ee9affd4c39a.channel.9aelc595-cgu.13.rcgu.o: in function `arrayfire::graphics::Window::draw_vector_field2':
[INFO] [stdout]           /opt/rustwide/cargo-home/registry/src/github.com-1ecc6299db9ec823/arrayfire-3.8.0/src/graphics/mod.rs:926: undefined reference to `af_draw_vector_field_2d'
[INFO] [stdout]           /usr/bin/ld: /opt/rustwide/target/debug/examples/channel-0fa4ee9affd4c39a.channel.9aelc595-cgu.14.rcgu.o: in function `arrayfire::core::data::flat':
[INFO] [stdout]           /opt/rustwide/cargo-home/registry/src/github.com-1ecc6299db9ec823/arrayfire-3.8.0/src/core/data.rs:702: undefined reference to `af_flat'
[INFO] [stdout]           /usr/bin/ld: /opt/rustwide/target/debug/examples/channel-0fa4ee9affd4c39a.channel.9aelc595-cgu.14.rcgu.o: in function `arrayfire::core::data::flat':
[INFO] [stdout]           /opt/rustwide/cargo-home/registry/src/github.com-1ecc6299db9ec823/arrayfire-3.8.0/src/core/data.rs:702: undefined reference to `af_flat'
[INFO] [stdout]           /usr/bin/ld: /opt/rustwide/target/debug/examples/channel-0fa4ee9affd4c39a.channel.9aelc595-cgu.14.rcgu.o: in function `arrayfire::core::data::flat':
[INFO] [stdout]           /opt/rustwide/cargo-home/registry/src/github.com-1ecc6299db9ec823/arrayfire-3.8.0/src/core/data.rs:702: undefined reference to `af_flat'
[INFO] [stdout]           /usr/bin/ld: /opt/rustwide/target/debug/examples/channel-0fa4ee9affd4c39a.channel.9aelc595-cgu.14.rcgu.o: in function `arrayfire::core::data::tile':
[INFO] [stdout]           /opt/rustwide/cargo-home/registry/src/github.com-1ecc6299db9ec823/arrayfire-3.8.0/src/core/data.rs:496: undefined reference to `af_tile'
[INFO] [stdout]           /usr/bin/ld: /opt/rustwide/target/debug/examples/channel-0fa4ee9affd4c39a.channel.9aelc595-cgu.14.rcgu.o: in function `arrayfire::core::data::tile':
[INFO] [stdout]           /opt/rustwide/cargo-home/registry/src/github.com-1ecc6299db9ec823/arrayfire-3.8.0/src/core/data.rs:496: undefined reference to `af_tile'
[INFO] [stdout]           /usr/bin/ld: /opt/rustwide/target/debug/examples/channel-0fa4ee9affd4c39a.channel.9aelc595-cgu.14.rcgu.o: in function `arrayfire::core::data::tile':
[INFO] [stdout]           /opt/rustwide/cargo-home/registry/src/github.com-1ecc6299db9ec823/arrayfire-3.8.0/src/core/data.rs:496: undefined reference to `af_tile'
[INFO] [stdout]           /usr/bin/ld: /opt/rustwide/target/debug/examples/channel-0fa4ee9affd4c39a.channel.9aelc595-cgu.14.rcgu.o: in function `arrayfire::core::data::tile':
[INFO] [stdout]           /opt/rustwide/cargo-home/registry/src/github.com-1ecc6299db9ec823/arrayfire-3.8.0/src/core/data.rs:496: undefined reference to `af_tile'
[INFO] [stdout]           /usr/bin/ld: /opt/rustwide/target/debug/examples/channel-0fa4ee9affd4c39a.channel.9aelc595-cgu.14.rcgu.o: in function `arrayfire::core::data::range':
[INFO] [stdout]           /opt/rustwide/cargo-home/registry/src/github.com-1ecc6299db9ec823/arrayfire-3.8.0/src/core/data.rs:312: undefined reference to `af_range'
[INFO] [stdout]           /usr/bin/ld: /opt/rustwide/target/debug/examples/channel-0fa4ee9affd4c39a.channel.9aelc595-cgu.14.rcgu.o: in function `arrayfire::core::data::range':
[INFO] [stdout]           /opt/rustwide/cargo-home/registry/src/github.com-1ecc6299db9ec823/arrayfire-3.8.0/src/core/data.rs:312: undefined reference to `af_range'
[INFO] [stdout]           /usr/bin/ld: /opt/rustwide/target/debug/examples/channel-0fa4ee9affd4c39a.channel.9aelc595-cgu.14.rcgu.o: in function `arrayfire::core::data::shift':
[INFO] [stdout]           /opt/rustwide/cargo-home/registry/src/github.com-1ecc6299db9ec823/arrayfire-3.8.0/src/core/data.rs:656: undefined reference to `af_shift'
[INFO] [stdout]           /usr/bin/ld: /opt/rustwide/target/debug/examples/channel-0fa4ee9affd4c39a.channel.9aelc595-cgu.14.rcgu.o: in function `arrayfire::core::data::moddims':
[INFO] [stdout]           /opt/rustwide/cargo-home/registry/src/github.com-1ecc6299db9ec823/arrayfire-3.8.0/src/core/data.rs:684: undefined reference to `af_moddims'
[INFO] [stdout]           /usr/bin/ld: /opt/rustwide/target/debug/examples/channel-0fa4ee9affd4c39a.channel.9aelc595-cgu.14.rcgu.o: in function `arrayfire::core::data::moddims':
[INFO] [stdout]           /opt/rustwide/cargo-home/registry/src/github.com-1ecc6299db9ec823/arrayfire-3.8.0/src/core/data.rs:684: undefined reference to `af_moddims'
[INFO] [stdout]           /usr/bin/ld: /opt/rustwide/target/debug/examples/channel-0fa4ee9affd4c39a.channel.9aelc595-cgu.14.rcgu.o: in function `arrayfire::core::data::selectr':
[INFO] [stdout]           /opt/rustwide/cargo-home/registry/src/github.com-1ecc6299db9ec823/arrayfire-3.8.0/src/core/data.rs:862: undefined reference to `af_select_scalar_r'
[INFO] [stdout]           /usr/bin/ld: /opt/rustwide/target/debug/examples/channel-0fa4ee9affd4c39a.channel.9aelc595-cgu.3.rcgu.o: in function `arrayfire::core::arith::add_helper':
[INFO] [stdout]           /opt/rustwide/cargo-home/registry/src/github.com-1ecc6299db9ec823/arrayfire-3.8.0/src/core/arith.rs:407: undefined reference to `af_add'
[INFO] [stdout]           /usr/bin/ld: /opt/rustwide/target/debug/examples/channel-0fa4ee9affd4c39a.channel.9aelc595-cgu.3.rcgu.o: in function `arrayfire::core::arith::add_helper':
[INFO] [stdout]           /opt/rustwide/cargo-home/registry/src/github.com-1ecc6299db9ec823/arrayfire-3.8.0/src/core/arith.rs:407: undefined reference to `af_add'
[INFO] [stdout]           /usr/bin/ld: /opt/rustwide/target/debug/examples/channel-0fa4ee9affd4c39a.channel.9aelc595-cgu.3.rcgu.o: in function `arrayfire::core::arith::add_helper':
[INFO] [stdout]           /opt/rustwide/cargo-home/registry/src/github.com-1ecc6299db9ec823/arrayfire-3.8.0/src/core/arith.rs:407: undefined reference to `af_add'
[INFO] [stdout]           /usr/bin/ld: /opt/rustwide/target/debug/examples/channel-0fa4ee9affd4c39a.channel.9aelc595-cgu.3.rcgu.o: in function `arrayfire::core::arith::div_helper':
[INFO] [stdout]           /opt/rustwide/cargo-home/registry/src/github.com-1ecc6299db9ec823/arrayfire-3.8.0/src/core/arith.rs:407: undefined reference to `af_div'
[INFO] [stdout]           /usr/bin/ld: /opt/rustwide/target/debug/examples/channel-0fa4ee9affd4c39a.channel.9aelc595-cgu.3.rcgu.o: in function `arrayfire::core::arith::mul_helper':
[INFO] [stdout]           /opt/rustwide/cargo-home/registry/src/github.com-1ecc6299db9ec823/arrayfire-3.8.0/src/core/arith.rs:407: undefined reference to `af_mul'
[INFO] [stdout]           /usr/bin/ld: /opt/rustwide/target/debug/examples/channel-0fa4ee9affd4c39a.channel.9aelc595-cgu.3.rcgu.o: in function `arrayfire::core::arith::mul_helper':
[INFO] [stdout]           /opt/rustwide/cargo-home/registry/src/github.com-1ecc6299db9ec823/arrayfire-3.8.0/src/core/arith.rs:407: undefined reference to `af_mul'
[INFO] [stdout]           /usr/bin/ld: /opt/rustwide/target/debug/examples/channel-0fa4ee9affd4c39a.channel.9aelc595-cgu.3.rcgu.o: in function `arrayfire::core::arith::pow_helper':
[INFO] [stdout]           /opt/rustwide/cargo-home/registry/src/github.com-1ecc6299db9ec823/arrayfire-3.8.0/src/core/arith.rs:407: undefined reference to `af_pow'
[INFO] [stdout]           /usr/bin/ld: /opt/rustwide/target/debug/examples/channel-0fa4ee9affd4c39a.channel.9aelc595-cgu.3.rcgu.o: in function `arrayfire::core::arith::sub_helper':
[INFO] [stdout]           /opt/rustwide/cargo-home/registry/src/github.com-1ecc6299db9ec823/arrayfire-3.8.0/src/core/arith.rs:407: undefined reference to `af_sub'
[INFO] [stdout]           /usr/bin/ld: /opt/rustwide/target/debug/examples/channel-0fa4ee9affd4c39a.channel.9aelc595-cgu.3.rcgu.o: in function `arrayfire::core::arith::abs':
[INFO] [stdout]           /opt/rustwide/cargo-home/registry/src/github.com-1ecc6299db9ec823/arrayfire-3.8.0/src/core/arith.rs:129: undefined reference to `af_abs'
[INFO] [stdout]           /usr/bin/ld: /opt/rustwide/target/debug/examples/channel-0fa4ee9affd4c39a.channel.9aelc595-cgu.3.rcgu.o: in function `arrayfire::core::arith::sqrt':
[INFO] [stdout]           /opt/rustwide/cargo-home/registry/src/github.com-1ecc6299db9ec823/arrayfire-3.8.0/src/core/arith.rs:129: undefined reference to `af_sqrt'
[INFO] [stdout]           /usr/bin/ld: /opt/rustwide/target/debug/examples/channel-0fa4ee9affd4c39a.channel.9aelc595-cgu.3.rcgu.o: in function `arrayfire::core::arith::le_helper':
[INFO] [stdout]           /opt/rustwide/cargo-home/registry/src/github.com-1ecc6299db9ec823/arrayfire-3.8.0/src/core/arith.rs:511: undefined reference to `af_le'
[INFO] [stdout]           /usr/bin/ld: /opt/rustwide/target/debug/examples/channel-0fa4ee9affd4c39a.channel.9aelc595-cgu.6.rcgu.o: in function `<arrayfire::core::array::Array<T> as core::clone::Clone>::clone':
[INFO] [stdout]           /opt/rustwide/cargo-home/registry/src/github.com-1ecc6299db9ec823/arrayfire-3.8.0/src/core/array.rs:694: undefined reference to `af_retain_array'
[INFO] [stdout]           /usr/bin/ld: /opt/rustwide/target/debug/examples/channel-0fa4ee9affd4c39a.channel.9aelc595-cgu.6.rcgu.o: in function `<arrayfire::core::array::Array<T> as core::clone::Clone>::clone':
[INFO] [stdout]           /opt/rustwide/cargo-home/registry/src/github.com-1ecc6299db9ec823/arrayfire-3.8.0/src/core/array.rs:694: undefined reference to `af_retain_array'
[INFO] [stdout]           /usr/bin/ld: /opt/rustwide/target/debug/examples/channel-0fa4ee9affd4c39a.channel.9aelc595-cgu.6.rcgu.o: in function `<arrayfire::core::array::Array<T> as core::ops::drop::Drop>::drop':
[INFO] [stdout]           /opt/rustwide/cargo-home/registry/src/github.com-1ecc6299db9ec823/arrayfire-3.8.0/src/core/array.rs:710: undefined reference to `af_release_array'
[INFO] [stdout]           /usr/bin/ld: /opt/rustwide/target/debug/examples/channel-0fa4ee9affd4c39a.channel.9aelc595-cgu.6.rcgu.o: in function `<arrayfire::core::array::Array<T> as core::ops::drop::Drop>::drop':
[INFO] [stdout]           /opt/rustwide/cargo-home/registry/src/github.com-1ecc6299db9ec823/arrayfire-3.8.0/src/core/array.rs:710: undefined reference to `af_release_array'
[INFO] [stdout]           /usr/bin/ld: /opt/rustwide/target/debug/examples/channel-0fa4ee9affd4c39a.channel.9aelc595-cgu.6.rcgu.o: in function `<arrayfire::core::array::Array<T> as core::ops::drop::Drop>::drop':
[INFO] [stdout]           /opt/rustwide/cargo-home/registry/src/github.com-1ecc6299db9ec823/arrayfire-3.8.0/src/core/array.rs:710: undefined reference to `af_release_array'
[INFO] [stdout]           /usr/bin/ld: /opt/rustwide/target/debug/examples/channel-0fa4ee9affd4c39a.channel.9aelc595-cgu.6.rcgu.o: in function `<arrayfire::core::array::Array<T> as core::ops::drop::Drop>::drop':
[INFO] [stdout]           /opt/rustwide/cargo-home/registry/src/github.com-1ecc6299db9ec823/arrayfire-3.8.0/src/core/array.rs:710: undefined reference to `af_release_array'
[INFO] [stdout]           /usr/bin/ld: /opt/rustwide/target/debug/examples/channel-0fa4ee9affd4c39a.channel.9aelc595-cgu.6.rcgu.o: in function `<arrayfire::core::array::Array<T> as arrayfire::core::index::Indexable>::set':
[INFO] [stdout]           /opt/rustwide/cargo-home/registry/src/github.com-1ecc6299db9ec823/arrayfire-3.8.0/src/core/index.rs:151: undefined reference to `af_set_array_indexer'
[INFO] [stdout]           /usr/bin/ld: /opt/rustwide/target/debug/examples/channel-0fa4ee9affd4c39a.channel.9aelc595-cgu.6.rcgu.o: in function `<arrayfire::core::array::Array<T> as arrayfire::core::index::Indexable>::set':
[INFO] [stdout]           /opt/rustwide/cargo-home/registry/src/github.com-1ecc6299db9ec823/arrayfire-3.8.0/src/core/index.rs:151: undefined reference to `af_set_array_indexer'
[INFO] [stdout]           /usr/bin/ld: /opt/rustwide/target/debug/examples/channel-0fa4ee9affd4c39a.channel.9aelc595-cgu.6.rcgu.o: in function `<arrayfire::core::array::Array<T> as arrayfire::core::index::Indexable>::set':
[INFO] [stdout]           /opt/rustwide/cargo-home/registry/src/github.com-1ecc6299db9ec823/arrayfire-3.8.0/src/core/index.rs:151: undefined reference to `af_set_array_indexer'
[INFO] [stdout]           /usr/bin/ld: /opt/rustwide/target/debug/examples/channel-0fa4ee9affd4c39a.channel.9aelc595-cgu.6.rcgu.o: in function `<arrayfire::core::array::Array<T> as arrayfire::core::index::Indexable>::set':
[INFO] [stdout]           /opt/rustwide/cargo-home/registry/src/github.com-1ecc6299db9ec823/arrayfire-3.8.0/src/core/index.rs:151: undefined reference to `af_set_array_indexer'
[INFO] [stdout]           /usr/bin/ld: /opt/rustwide/target/debug/examples/channel-0fa4ee9affd4c39a.channel.9aelc595-cgu.6.rcgu.o: in function `arrayfire::core::array::Array<T>::new':
[INFO] [stdout]           /opt/rustwide/cargo-home/registry/src/github.com-1ecc6299db9ec823/arrayfire-3.8.0/src/core/array.rs:228: undefined reference to `af_create_array'
[INFO] [stdout]           /usr/bin/ld: /opt/rustwide/target/debug/examples/channel-0fa4ee9affd4c39a.channel.9aelc595-cgu.6.rcgu.o: in function `arrayfire::core::array::Array<T>::new':
[INFO] [stdout]           /opt/rustwide/cargo-home/registry/src/github.com-1ecc6299db9ec823/arrayfire-3.8.0/src/core/array.rs:228: undefined reference to `af_create_array'
[INFO] [stdout]           /usr/bin/ld: /opt/rustwide/target/debug/examples/channel-0fa4ee9affd4c39a.channel.9aelc595-cgu.6.rcgu.o: in function `arrayfire::core::array::Array<T>::dims':
[INFO] [stdout]           /opt/rustwide/cargo-home/registry/src/github.com-1ecc6299db9ec823/arrayfire-3.8.0/src/core/array.rs:433: undefined reference to `af_get_dims'
[INFO] [stdout]           /usr/bin/ld: /opt/rustwide/target/debug/examples/channel-0fa4ee9affd4c39a.channel.9aelc595-cgu.6.rcgu.o: in function `arrayfire::core::array::Array<T>::dims':
[INFO] [stdout]           /opt/rustwide/cargo-home/registry/src/github.com-1ecc6299db9ec823/arrayfire-3.8.0/src/core/array.rs:433: undefined reference to `af_get_dims'
[INFO] [stdout]           /usr/bin/ld: /opt/rustwide/target/debug/examples/channel-0fa4ee9affd4c39a.channel.9aelc595-cgu.6.rcgu.o: in function `arrayfire::core::array::Array<T>::dims':
[INFO] [stdout]           /opt/rustwide/cargo-home/registry/src/github.com-1ecc6299db9ec823/arrayfire-3.8.0/src/core/array.rs:433: undefined reference to `af_get_dims'
[INFO] [stdout]           /usr/bin/ld: /opt/rustwide/target/debug/examples/channel-0fa4ee9affd4c39a.channel.9aelc595-cgu.6.rcgu.o: in function `arrayfire::core::array::Array<T>::dims':
[INFO] [stdout]           /opt/rustwide/cargo-home/registry/src/github.com-1ecc6299db9ec823/arrayfire-3.8.0/src/core/array.rs:433: undefined reference to `af_get_dims'
[INFO] [stdout]           /usr/bin/ld: /opt/rustwide/target/debug/examples/channel-0fa4ee9affd4c39a.channel.9aelc595-cgu.6.rcgu.o: in function `arrayfire::core::array::Array<T>::elements':
[INFO] [stdout]           /opt/rustwide/cargo-home/registry/src/github.com-1ecc6299db9ec823/arrayfire-3.8.0/src/core/array.rs:410: undefined reference to `af_get_elements'
[INFO] [stdout]           /usr/bin/ld: /opt/rustwide/target/debug/examples/channel-0fa4ee9affd4c39a.channel.9aelc595-cgu.6.rcgu.o: in function `arrayfire::core::array::Array<T>::elements':
[INFO] [stdout]           /opt/rustwide/cargo-home/registry/src/github.com-1ecc6299db9ec823/arrayfire-3.8.0/src/core/array.rs:410: undefined reference to `af_get_elements'
[INFO] [stdout]           /usr/bin/ld: /opt/rustwide/target/debug/examples/channel-0fa4ee9affd4c39a.channel.9aelc595-cgu.6.rcgu.o: in function `arrayfire::core::array::Array<T>::is_scalar':
[INFO] [stdout]           /opt/rustwide/cargo-home/registry/src/github.com-1ecc6299db9ec823/arrayfire-3.8.0/src/core/array.rs:181: undefined reference to `af_is_scalar'
[INFO] [stdout]           /usr/bin/ld: /opt/rustwide/target/debug/examples/channel-0fa4ee9affd4c39a.channel.9aelc595-cgu.6.rcgu.o: in function `arrayfire::core::array::Array<T>::is_scalar':
[INFO] [stdout]           /opt/rustwide/cargo-home/registry/src/github.com-1ecc6299db9ec823/arrayfire-3.8.0/src/core/array.rs:181: undefined reference to `af_is_scalar'
[INFO] [stdout]           /usr/bin/ld: /opt/rustwide/target/debug/examples/channel-0fa4ee9affd4c39a.channel.9aelc595-cgu.6.rcgu.o: in function `arrayfire::core::array::Array<T>::is_scalar':
[INFO] [stdout]           /opt/rustwide/cargo-home/registry/src/github.com-1ecc6299db9ec823/arrayfire-3.8.0/src/core/array.rs:181: undefined reference to `af_is_scalar'
[INFO] [stdout]           /usr/bin/ld: /opt/rustwide/target/debug/examples/channel-0fa4ee9affd4c39a.channel.9aelc595-cgu.6.rcgu.o: in function `arrayfire::core::array::Array<T>::is_scalar':
[INFO] [stdout]           /opt/rustwide/cargo-home/registry/src/github.com-1ecc6299db9ec823/arrayfire-3.8.0/src/core/array.rs:181: undefined reference to `af_is_scalar'
[INFO] [stdout]           /usr/bin/ld: /opt/rustwide/target/debug/examples/channel-0fa4ee9affd4c39a.channel.9aelc595-cgu.7.rcgu.o: in function `<arrayfire::core::seq::Seq<T> as arrayfire::core::index::Indexable>::set':
[INFO] [stdout]           /opt/rustwide/cargo-home/registry/src/github.com-1ecc6299db9ec823/arrayfire-3.8.0/src/core/index.rs:168: undefined reference to `af_set_seq_indexer'
[INFO] [stdout]           /usr/bin/ld: /opt/rustwide/target/debug/examples/channel-0fa4ee9affd4c39a.channel.9aelc595-cgu.7.rcgu.o: in function `arrayfire::core::index::assign_gen':
[INFO] [stdout]           /opt/rustwide/cargo-home/registry/src/github.com-1ecc6299db9ec823/arrayfire-3.8.0/src/core/index.rs:619: undefined reference to `af_assign_gen'
[INFO] [stdout]           /usr/bin/ld: /opt/rustwide/target/debug/examples/channel-0fa4ee9affd4c39a.channel.9aelc595-cgu.7.rcgu.o: in function `arrayfire::core::index::assign_seq':
[INFO] [stdout]           /opt/rustwide/cargo-home/registry/src/github.com-1ecc6299db9ec823/arrayfire-3.8.0/src/core/index.rs:521: undefined reference to `af_assign_seq'
[INFO] [stdout]           /usr/bin/ld: /opt/rustwide/target/debug/examples/channel-0fa4ee9affd4c39a.channel.9aelc595-cgu.7.rcgu.o: in function `arrayfire::core::index::index':
[INFO] [stdout]           /opt/rustwide/cargo-home/registry/src/github.com-1ecc6299db9ec823/arrayfire-3.8.0/src/core/index.rs:272: undefined reference to `af_index'
[INFO] [stdout]           /usr/bin/ld: /opt/rustwide/target/debug/examples/channel-0fa4ee9affd4c39a.channel.9aelc595-cgu.7.rcgu.o: in function `arrayfire::core::index::index_gen':
[INFO] [stdout]           /opt/rustwide/cargo-home/registry/src/github.com-1ecc6299db9ec823/arrayfire-3.8.0/src/core/index.rs:570: undefined reference to `af_index_gen'
[INFO] [stdout]           /usr/bin/ld: /opt/rustwide/target/debug/examples/channel-0fa4ee9affd4c39a.channel.9aelc595-cgu.7.rcgu.o: in function `arrayfire::core::index::index_gen':
[INFO] [stdout]           /opt/rustwide/cargo-home/registry/src/github.com-1ecc6299db9ec823/arrayfire-3.8.0/src/core/index.rs:570: undefined reference to `af_index_gen'
[INFO] [stdout]           /usr/bin/ld: /opt/rustwide/target/debug/deps/libarrayfire-1e6678b07c5d6408.rlib(arrayfire-1e6678b07c5d6408.arrayfire.9c0uqlmf-cgu.13.rcgu.o): in function `arrayfire::core::device::info':
[INFO] [stdout]           /opt/rustwide/cargo-home/registry/src/github.com-1ecc6299db9ec823/arrayfire-3.8.0/src/core/device.rs:82: undefined reference to `af_info'
[INFO] [stdout]           /usr/bin/ld: /opt/rustwide/target/debug/deps/libarrayfire-1e6678b07c5d6408.rlib(arrayfire-1e6678b07c5d6408.arrayfire.9c0uqlmf-cgu.13.rcgu.o): in function `arrayfire::core::device::set_device':
[INFO] [stdout]           /opt/rustwide/cargo-home/registry/src/github.com-1ecc6299db9ec823/arrayfire-3.8.0/src/core/device.rs:190: undefined reference to `af_set_device'
[INFO] [stdout]           /usr/bin/ld: /opt/rustwide/target/debug/deps/libarrayfire-1e6678b07c5d6408.rlib(arrayfire-1e6678b07c5d6408.arrayfire.9c0uqlmf-cgu.13.rcgu.o): in function `arrayfire::core::device::device_mem_info':
[INFO] [stdout]           /opt/rustwide/cargo-home/registry/src/github.com-1ecc6299db9ec823/arrayfire-3.8.0/src/core/device.rs:225: undefined reference to `af_device_mem_info'
[INFO] [stdout]           /usr/bin/ld: /opt/rustwide/target/debug/deps/libarrayfire-1e6678b07c5d6408.rlib(arrayfire-1e6678b07c5d6408.arrayfire.9c0uqlmf-cgu.13.rcgu.o): in function `arrayfire::core::device::sync':
[INFO] [stdout]           /opt/rustwide/cargo-home/registry/src/github.com-1ecc6299db9ec823/arrayfire-3.8.0/src/core/device.rs:317: undefined reference to `af_sync'
[INFO] [stdout]           /usr/bin/ld: /opt/rustwide/target/debug/deps/libarrayfire-1e6678b07c5d6408.rlib(arrayfire-1e6678b07c5d6408.arrayfire.9c0uqlmf-cgu.15.rcgu.o): in function `arrayfire::core::backend::set_backend':
[INFO] [stdout]           /opt/rustwide/cargo-home/registry/src/github.com-1ecc6299db9ec823/arrayfire-3.8.0/src/core/backend.rs:20: undefined reference to `af_set_backend'
[INFO] [stdout]           /usr/bin/ld: /opt/rustwide/target/debug/deps/libarrayfire-1e6678b07c5d6408.rlib(arrayfire-1e6678b07c5d6408.arrayfire.9c0uqlmf-cgu.15.rcgu.o): in function `arrayfire::core::error::get_last_error':
[INFO] [stdout]           /opt/rustwide/cargo-home/registry/src/github.com-1ecc6299db9ec823/arrayfire-3.8.0/src/core/error.rs:104: undefined reference to `af_get_last_error'
[INFO] [stdout]           /usr/bin/ld: /opt/rustwide/target/debug/deps/libarrayfire-1e6678b07c5d6408.rlib(arrayfire-1e6678b07c5d6408.arrayfire.9c0uqlmf-cgu.2.rcgu.o): in function `<arrayfire::core::index::Indexer as core::default::Default>::default':
[INFO] [stdout]           /opt/rustwide/cargo-home/registry/src/github.com-1ecc6299db9ec823/arrayfire-3.8.0/src/core/index.rs:186: undefined reference to `af_create_indexers'
[INFO] [stdout]           /usr/bin/ld: /opt/rustwide/target/debug/deps/libarrayfire-1e6678b07c5d6408.rlib(arrayfire-1e6678b07c5d6408.arrayfire.9c0uqlmf-cgu.2.rcgu.o): in function `<arrayfire::core::index::Indexer as core::ops::drop::Drop>::drop':
[INFO] [stdout]           /opt/rustwide/cargo-home/registry/src/github.com-1ecc6299db9ec823/arrayfire-3.8.0/src/core/index.rs:241: undefined reference to `af_release_indexers'
[INFO] [stdout]           /usr/bin/ld: /opt/rustwide/target/debug/deps/libarrayfire-1e6678b07c5d6408.rlib(arrayfire-1e6678b07c5d6408.arrayfire.9c0uqlmf-cgu.4.rcgu.o): in function `<u64 as arrayfire::core::data::ConstGenerator>::generate':
[INFO] [stdout]           /opt/rustwide/cargo-home/registry/src/github.com-1ecc6299db9ec823/arrayfire-3.8.0/src/core/data.rs:163: undefined reference to `af_constant_ulong'
[INFO] [stdout]           /usr/bin/ld: /opt/rustwide/target/debug/deps/libarrayfire-1e6678b07c5d6408.rlib(arrayfire-1e6678b07c5d6408.arrayfire.9c0uqlmf-cgu.4.rcgu.o): in function `<f32 as arrayfire::core::data::ConstGenerator>::generate':
[INFO] [stdout]           /opt/rustwide/cargo-home/registry/src/github.com-1ecc6299db9ec823/arrayfire-3.8.0/src/core/data.rs:242: undefined reference to `af_constant'
[INFO] [stdout]           /usr/bin/ld: /opt/rustwide/target/debug/deps/libarrayfire-1e6678b07c5d6408.rlib(arrayfire-1e6678b07c5d6408.arrayfire.9c0uqlmf-cgu.4.rcgu.o): in function `<i32 as arrayfire::core::data::ConstGenerator>::generate':
[INFO] [stdout]           /opt/rustwide/cargo-home/registry/src/github.com-1ecc6299db9ec823/arrayfire-3.8.0/src/core/data.rs:242: undefined reference to `af_constant'
[INFO] [stdout]           /usr/bin/ld: /opt/rustwide/target/debug/deps/libarrayfire-1e6678b07c5d6408.rlib(arrayfire-1e6678b07c5d6408.arrayfire.9c0uqlmf-cgu.5.rcgu.o): in function `<arrayfire::graphics::Window as core::ops::drop::Drop>::drop':
[INFO] [stdout]           /opt/rustwide/cargo-home/registry/src/github.com-1ecc6299db9ec823/arrayfire-3.8.0/src/graphics/mod.rs:191: undefined reference to `af_destroy_window'
[INFO] [stdout]           /usr/bin/ld: /opt/rustwide/target/debug/deps/libarrayfire-1e6678b07c5d6408.rlib(arrayfire-1e6678b07c5d6408.arrayfire.9c0uqlmf-cgu.5.rcgu.o): in function `arrayfire::graphics::Window::new':
[INFO] [stdout]           /opt/rustwide/cargo-home/registry/src/github.com-1ecc6299db9ec823/arrayfire-3.8.0/src/graphics/mod.rs:223: undefined reference to `af_create_window'
[INFO] [stdout]           /usr/bin/ld: /opt/rustwide/target/debug/deps/libarrayfire-1e6678b07c5d6408.rlib(arrayfire-1e6678b07c5d6408.arrayfire.9c0uqlmf-cgu.5.rcgu.o): in function `arrayfire::graphics::Window::is_closed':
[INFO] [stdout]           /opt/rustwide/cargo-home/registry/src/github.com-1ecc6299db9ec823/arrayfire-3.8.0/src/graphics/mod.rs:309: undefined reference to `af_is_window_closed'
[INFO] [stdout]           /usr/bin/ld: /opt/rustwide/target/debug/deps/libarrayfire-1e6678b07c5d6408.rlib(arrayfire-1e6678b07c5d6408.arrayfire.9c0uqlmf-cgu.5.rcgu.o): in function `arrayfire::graphics::Window::grid':
[INFO] [stdout]           /opt/rustwide/cargo-home/registry/src/github.com-1ecc6299db9ec823/arrayfire-3.8.0/src/graphics/mod.rs:323: undefined reference to `af_grid'
[INFO] [stdout]           /usr/bin/ld: /opt/rustwide/target/debug/deps/libarrayfire-1e6678b07c5d6408.rlib(arrayfire-1e6678b07c5d6408.arrayfire.9c0uqlmf-cgu.5.rcgu.o): in function `arrayfire::graphics::Window::show':
[INFO] [stdout]           /opt/rustwide/cargo-home/registry/src/github.com-1ecc6299db9ec823/arrayfire-3.8.0/src/graphics/mod.rs:332: undefined reference to `af_show'
[INFO] [stdout]           /usr/bin/ld: /opt/rustwide/target/debug/deps/libarrayfire-1e6678b07c5d6408.rlib(arrayfire-1e6678b07c5d6408.arrayfire.9c0uqlmf-cgu.5.rcgu.o): in function `arrayfire::graphics::Window::set_axes_limits_2d':
[INFO] [stdout]           /opt/rustwide/cargo-home/registry/src/github.com-1ecc6299db9ec823/arrayfire-3.8.0/src/graphics/mod.rs:515: undefined reference to `af_set_axes_limits_2d'
[INFO] [stdout]           /usr/bin/ld: /opt/rustwide/target/debug/deps/libarrayfire-1e6678b07c5d6408.rlib(arrayfire-1e6678b07c5d6408.arrayfire.9c0uqlmf-cgu.8.rcgu.o): in function `<arrayfire::core::array::Array<T> as core::clone::Clone>::clone':
[INFO] [stdout]           /opt/rustwide/cargo-home/registry/src/github.com-1ecc6299db9ec823/arrayfire-3.8.0/src/core/array.rs:694: undefined reference to `af_retain_array'
[INFO] [stdout]           /usr/bin/ld: /opt/rustwide/target/debug/deps/libarrayfire-1e6678b07c5d6408.rlib(arrayfire-1e6678b07c5d6408.arrayfire.9c0uqlmf-cgu.8.rcgu.o): in function `<arrayfire::core::array::Array<T> as core::ops::drop::Drop>::drop':
[INFO] [stdout]           /opt/rustwide/cargo-home/registry/src/github.com-1ecc6299db9ec823/arrayfire-3.8.0/src/core/array.rs:710: undefined reference to `af_release_array'
[INFO] [stdout]           /usr/bin/ld: /opt/rustwide/target/debug/deps/libarrayfire-1e6678b07c5d6408.rlib(arrayfire-1e6678b07c5d6408.arrayfire.9c0uqlmf-cgu.8.rcgu.o): in function `arrayfire::core::util::free_host':
[INFO] [stdout]           /opt/rustwide/cargo-home/registry/src/github.com-1ecc6299db9ec823/arrayfire-3.8.0/src/core/util.rs:68: undefined reference to `af_free_host'
[INFO] [stdout]           collect2: error: ld returned 1 exit status
[INFO] [stdout]           
[INFO] [stdout] 
[INFO] [stdout] 
[INFO] [stdout] error: aborting due to previous error
[INFO] [stdout] 
[INFO] [stdout] 
[INFO] [stderr] error: could not compile `lbm-af`
[INFO] [stderr] 
[INFO] [stderr] To learn more, run the command again with --verbose.
[INFO] [stderr] warning: build failed, waiting for other jobs to finish...
[INFO] [stdout] error: aborting due to previous error; 1 warning emitted
[INFO] [stdout] 
[INFO] [stdout] 
[INFO] [stdout] error: linking with `cc` failed: exit status: 1
[INFO] [stdout]   |
[INFO] [stdout]   = note: "cc" "-m64" "/opt/rustwide/target/debug/examples/host-f45642336a1fd895.host.an67xvv3-cgu.0.rcgu.o" "/opt/rustwide/target/debug/examples/host-f45642336a1fd895.host.an67xvv3-cgu.1.rcgu.o" "/opt/rustwide/target/debug/examples/host-f45642336a1fd895.host.an67xvv3-cgu.10.rcgu.o" "/opt/rustwide/target/debug/examples/host-f45642336a1fd895.host.an67xvv3-cgu.11.rcgu.o" "/opt/rustwide/target/debug/examples/host-f45642336a1fd895.host.an67xvv3-cgu.12.rcgu.o" "/opt/rustwide/target/debug/examples/host-f45642336a1fd895.host.an67xvv3-cgu.13.rcgu.o" "/opt/rustwide/target/debug/examples/host-f45642336a1fd895.host.an67xvv3-cgu.14.rcgu.o" "/opt/rustwide/target/debug/examples/host-f45642336a1fd895.host.an67xvv3-cgu.15.rcgu.o" "/opt/rustwide/target/debug/examples/host-f45642336a1fd895.host.an67xvv3-cgu.2.rcgu.o" "/opt/rustwide/target/debug/examples/host-f45642336a1fd895.host.an67xvv3-cgu.3.rcgu.o" "/opt/rustwide/target/debug/examples/host-f45642336a1fd895.host.an67xvv3-cgu.4.rcgu.o" "/opt/rustwide/target/debug/examples/host-f45642336a1fd895.host.an67xvv3-cgu.5.rcgu.o" "/opt/rustwide/target/debug/examples/host-f45642336a1fd895.host.an67xvv3-cgu.6.rcgu.o" "/opt/rustwide/target/debug/examples/host-f45642336a1fd895.host.an67xvv3-cgu.7.rcgu.o" "/opt/rustwide/target/debug/examples/host-f45642336a1fd895.host.an67xvv3-cgu.8.rcgu.o" "/opt/rustwide/target/debug/examples/host-f45642336a1fd895.host.an67xvv3-cgu.9.rcgu.o" "/opt/rustwide/target/debug/examples/host-f45642336a1fd895.138jum62h1jsn621.rcgu.o" "-Wl,--as-needed" "-L" "/opt/rustwide/target/debug/deps" "-L" "/opt/arrayfire/lib" "-L" "/opt/arrayfire/lib64" "-L" "/usr/local/lib" "-L" "/usr/lib" "-L" "/opt/rustwide/target/debug/build/gl_loader-cf8d995095211f25/out" "-L" "/opt/rustwide/rustup-home/toolchains/1.54.0-x86_64-unknown-linux-gnu/lib/rustlib/x86_64-unknown-linux-gnu/lib" "-Wl,-Bstatic" "/opt/rustwide/target/debug/deps/libarrayfire-1e6678b07c5d6408.rlib" "/opt/rustwide/target/debug/deps/libhalf-748f22a4344eb45d.rlib" "/opt/rustwide/target/debug/deps/liblibc-8efd53b0373d9232.rlib" "/opt/rustwide/target/debug/deps/libnum-17a14fbdb08e264f.rlib" "/opt/rustwide/target/debug/deps/libnum_rational-2c21cf9fb92e11ed.rlib" "/opt/rustwide/target/debug/deps/libnum_iter-e313f3ea9a97bed0.rlib" "/opt/rustwide/target/debug/deps/libnum_complex-3fbc6db162d78afa.rlib" "/opt/rustwide/target/debug/deps/libnum_bigint-734f8c69e5cbb886.rlib" "/opt/rustwide/target/debug/deps/libnum_integer-16689c6d685d3c57.rlib" "/opt/rustwide/target/debug/deps/libnum_traits-a2639720a0ec4c76.rlib" "/opt/rustwide/target/debug/deps/liblazy_static-5c53d641eb010a81.rlib" "-Wl,--start-group" "/opt/rustwide/rustup-home/toolchains/1.54.0-x86_64-unknown-linux-gnu/lib/rustlib/x86_64-unknown-linux-gnu/lib/libstd-2420485b9e5ef5e1.rlib" "/opt/rustwide/rustup-home/toolchains/1.54.0-x86_64-unknown-linux-gnu/lib/rustlib/x86_64-unknown-linux-gnu/lib/libpanic_unwind-785e3cb61c4b1960.rlib" "/opt/rustwide/rustup-home/toolchains/1.54.0-x86_64-unknown-linux-gnu/lib/rustlib/x86_64-unknown-linux-gnu/lib/libminiz_oxide-087191a88bdaa22d.rlib" "/opt/rustwide/rustup-home/toolchains/1.54.0-x86_64-unknown-linux-gnu/lib/rustlib/x86_64-unknown-linux-gnu/lib/libadler-9981842c02975178.rlib" "/opt/rustwide/rustup-home/toolchains/1.54.0-x86_64-unknown-linux-gnu/lib/rustlib/x86_64-unknown-linux-gnu/lib/libobject-6fb405869b015fde.rlib" "/opt/rustwide/rustup-home/toolchains/1.54.0-x86_64-unknown-linux-gnu/lib/rustlib/x86_64-unknown-linux-gnu/lib/libaddr2line-d05c5c3c56004b7b.rlib" "/opt/rustwide/rustup-home/toolchains/1.54.0-x86_64-unknown-linux-gnu/lib/rustlib/x86_64-unknown-linux-gnu/lib/libgimli-42d74d2097528b38.rlib" "/opt/rustwide/rustup-home/toolchains/1.54.0-x86_64-unknown-linux-gnu/lib/rustlib/x86_64-unknown-linux-gnu/lib/libstd_detect-fb36534c113d2209.rlib" "/opt/rustwide/rustup-home/toolchains/1.54.0-x86_64-unknown-linux-gnu/lib/rustlib/x86_64-unknown-linux-gnu/lib/librustc_demangle-b56b9042c12b6535.rlib" "/opt/rustwide/rustup-home/toolchains/1.54.0-x86_64-unknown-linux-gnu/lib/rustlib/x86_64-unknown-linux-gnu/lib/libhashbrown-491902d6cb3e76df.rlib" "/opt/rustwide/rustup-home/toolchains/1.54.0-x86_64-unknown-linux-gnu/lib/rustlib/x86_64-unknown-linux-gnu/lib/librustc_std_workspace_alloc-61834e0981b8c367.rlib" "/opt/rustwide/rustup-home/toolchains/1.54.0-x86_64-unknown-linux-gnu/lib/rustlib/x86_64-unknown-linux-gnu/lib/libunwind-f78aa99d613a55bc.rlib" "/opt/rustwide/rustup-home/toolchains/1.54.0-x86_64-unknown-linux-gnu/lib/rustlib/x86_64-unknown-linux-gnu/lib/libcfg_if-53ee54cd7fed2c57.rlib" "/opt/rustwide/rustup-home/toolchains/1.54.0-x86_64-unknown-linux-gnu/lib/rustlib/x86_64-unknown-linux-gnu/lib/liblibc-544ecdbd6cda3c58.rlib" "/opt/rustwide/rustup-home/toolchains/1.54.0-x86_64-unknown-linux-gnu/lib/rustlib/x86_64-unknown-linux-gnu/lib/liballoc-379cc252b6943a79.rlib" "/opt/rustwide/rustup-home/toolchains/1.54.0-x86_64-unknown-linux-gnu/lib/rustlib/x86_64-unknown-linux-gnu/lib/librustc_std_workspace_core-8063eea38dcc5e62.rlib" "/opt/rustwide/rustup-home/toolchains/1.54.0-x86_64-unknown-linux-gnu/lib/rustlib/x86_64-unknown-linux-gnu/lib/libcore-5b228734afae15ee.rlib" "-Wl,--end-group" "/opt/rustwide/rustup-home/toolchains/1.54.0-x86_64-unknown-linux-gnu/lib/rustlib/x86_64-unknown-linux-gnu/lib/libcompiler_builtins-d6c7a399d95d173f.rlib" "-Wl,-Bdynamic" "-lgcc_s" "-lutil" "-lrt" "-lpthread" "-lm" "-ldl" "-lc" "-Wl,--eh-frame-hdr" "-Wl,-znoexecstack" "-L" "/opt/rustwide/rustup-home/toolchains/1.54.0-x86_64-unknown-linux-gnu/lib/rustlib/x86_64-unknown-linux-gnu/lib" "-o" "/opt/rustwide/target/debug/examples/host-f45642336a1fd895" "-Wl,--gc-sections" "-pie" "-Wl,-zrelro" "-Wl,-znow" "-nodefaultlibs"
[INFO] [stdout]   = note: /usr/bin/ld: /opt/rustwide/target/debug/examples/host-f45642336a1fd895.host.an67xvv3-cgu.1.rcgu.o: in function `<arrayfire::core::array::Array<T> as core::ops::drop::Drop>::drop':
[INFO] [stdout]           /opt/rustwide/cargo-home/registry/src/github.com-1ecc6299db9ec823/arrayfire-3.8.0/src/core/array.rs:710: undefined reference to `af_release_array'
[INFO] [stdout]           /usr/bin/ld: /opt/rustwide/target/debug/examples/host-f45642336a1fd895.host.an67xvv3-cgu.1.rcgu.o: in function `arrayfire::core::array::Array<T>::dims':
[INFO] [stdout]           /opt/rustwide/cargo-home/registry/src/github.com-1ecc6299db9ec823/arrayfire-3.8.0/src/core/array.rs:433: undefined reference to `af_get_dims'
[INFO] [stdout]           /usr/bin/ld: /opt/rustwide/target/debug/examples/host-f45642336a1fd895.host.an67xvv3-cgu.1.rcgu.o: in function `arrayfire::core::array::Array<T>::host':
[INFO] [stdout]           /opt/rustwide/cargo-home/registry/src/github.com-1ecc6299db9ec823/arrayfire-3.8.0/src/core/array.rs:525: undefined reference to `af_get_data_ptr'
[INFO] [stdout]           /usr/bin/ld: /opt/rustwide/target/debug/examples/host-f45642336a1fd895.host.an67xvv3-cgu.1.rcgu.o: in function `arrayfire::core::array::Array<T>::elements':
[INFO] [stdout]           /opt/rustwide/cargo-home/registry/src/github.com-1ecc6299db9ec823/arrayfire-3.8.0/src/core/array.rs:410: undefined reference to `af_get_elements'
[INFO] [stdout]           /usr/bin/ld: /opt/rustwide/target/debug/examples/host-f45642336a1fd895.host.an67xvv3-cgu.9.rcgu.o: in function `arrayfire::core::random::randu':
[INFO] [stdout]           /opt/rustwide/cargo-home/registry/src/github.com-1ecc6299db9ec823/arrayfire-3.8.0/src/core/random.rs:80: undefined reference to `af_randu'
[INFO] [stdout]           /usr/bin/ld: /opt/rustwide/target/debug/deps/libarrayfire-1e6678b07c5d6408.rlib(arrayfire-1e6678b07c5d6408.arrayfire.9c0uqlmf-cgu.15.rcgu.o): in function `arrayfire::core::error::get_last_error':
[INFO] [stdout]           /opt/rustwide/cargo-home/registry/src/github.com-1ecc6299db9ec823/arrayfire-3.8.0/src/core/error.rs:104: undefined reference to `af_get_last_error'
[INFO] [stdout]           /usr/bin/ld: /opt/rustwide/target/debug/deps/libarrayfire-1e6678b07c5d6408.rlib(arrayfire-1e6678b07c5d6408.arrayfire.9c0uqlmf-cgu.4.rcgu.o): in function `<u8 as arrayfire::core::data::ConstGenerator>::generate':
[INFO] [stdout]           /opt/rustwide/cargo-home/registry/src/github.com-1ecc6299db9ec823/arrayfire-3.8.0/src/core/data.rs:242: undefined reference to `af_constant'
[INFO] [stdout]           /usr/bin/ld: /opt/rustwide/target/debug/deps/libarrayfire-1e6678b07c5d6408.rlib(arrayfire-1e6678b07c5d6408.arrayfire.9c0uqlmf-cgu.8.rcgu.o): in function `arrayfire::core::util::free_host':
[INFO] [stdout]           /opt/rustwide/cargo-home/registry/src/github.com-1ecc6299db9ec823/arrayfire-3.8.0/src/core/util.rs:68: undefined reference to `af_free_host'
[INFO] [stdout]           collect2: error: ld returned 1 exit status
[INFO] [stdout]           
[INFO] [stdout] 
[INFO] [stdout] 
[INFO] [stdout] error: aborting due to previous error
[INFO] [stdout] 
[INFO] [stdout] 
[INFO] [stdout] error: linking with `cc` failed: exit status: 1
[INFO] [stdout]   |
[INFO] [stdout]   = note: "cc" "-m64" "/opt/rustwide/target/debug/examples/rgba-8025d9d1f15ff27a.rgba.cqcr6ctr-cgu.0.rcgu.o" "/opt/rustwide/target/debug/examples/rgba-8025d9d1f15ff27a.rgba.cqcr6ctr-cgu.1.rcgu.o" "/opt/rustwide/target/debug/examples/rgba-8025d9d1f15ff27a.rgba.cqcr6ctr-cgu.10.rcgu.o" "/opt/rustwide/target/debug/examples/rgba-8025d9d1f15ff27a.rgba.cqcr6ctr-cgu.11.rcgu.o" "/opt/rustwide/target/debug/examples/rgba-8025d9d1f15ff27a.rgba.cqcr6ctr-cgu.12.rcgu.o" "/opt/rustwide/target/debug/examples/rgba-8025d9d1f15ff27a.rgba.cqcr6ctr-cgu.13.rcgu.o" "/opt/rustwide/target/debug/examples/rgba-8025d9d1f15ff27a.rgba.cqcr6ctr-cgu.14.rcgu.o" "/opt/rustwide/target/debug/examples/rgba-8025d9d1f15ff27a.rgba.cqcr6ctr-cgu.15.rcgu.o" "/opt/rustwide/target/debug/examples/rgba-8025d9d1f15ff27a.rgba.cqcr6ctr-cgu.2.rcgu.o" "/opt/rustwide/target/debug/examples/rgba-8025d9d1f15ff27a.rgba.cqcr6ctr-cgu.3.rcgu.o" "/opt/rustwide/target/debug/examples/rgba-8025d9d1f15ff27a.rgba.cqcr6ctr-cgu.4.rcgu.o" "/opt/rustwide/target/debug/examples/rgba-8025d9d1f15ff27a.rgba.cqcr6ctr-cgu.5.rcgu.o" "/opt/rustwide/target/debug/examples/rgba-8025d9d1f15ff27a.rgba.cqcr6ctr-cgu.6.rcgu.o" "/opt/rustwide/target/debug/examples/rgba-8025d9d1f15ff27a.rgba.cqcr6ctr-cgu.7.rcgu.o" "/opt/rustwide/target/debug/examples/rgba-8025d9d1f15ff27a.rgba.cqcr6ctr-cgu.8.rcgu.o" "/opt/rustwide/target/debug/examples/rgba-8025d9d1f15ff27a.rgba.cqcr6ctr-cgu.9.rcgu.o" "/opt/rustwide/target/debug/examples/rgba-8025d9d1f15ff27a.3ck5m27qp2827bqk.rcgu.o" "-Wl,--as-needed" "-L" "/opt/rustwide/target/debug/deps" "-L" "/opt/arrayfire/lib" "-L" "/opt/arrayfire/lib64" "-L" "/usr/local/lib" "-L" "/usr/lib" "-L" "/opt/rustwide/target/debug/build/gl_loader-cf8d995095211f25/out" "-L" "/opt/rustwide/rustup-home/toolchains/1.54.0-x86_64-unknown-linux-gnu/lib/rustlib/x86_64-unknown-linux-gnu/lib" "-Wl,-Bstatic" "/opt/rustwide/target/debug/deps/libarrayfire-1e6678b07c5d6408.rlib" "/opt/rustwide/target/debug/deps/libhalf-748f22a4344eb45d.rlib" "/opt/rustwide/target/debug/deps/liblibc-8efd53b0373d9232.rlib" "/opt/rustwide/target/debug/deps/libnum-17a14fbdb08e264f.rlib" "/opt/rustwide/target/debug/deps/libnum_rational-2c21cf9fb92e11ed.rlib" "/opt/rustwide/target/debug/deps/libnum_iter-e313f3ea9a97bed0.rlib" "/opt/rustwide/target/debug/deps/libnum_complex-3fbc6db162d78afa.rlib" "/opt/rustwide/target/debug/deps/libnum_bigint-734f8c69e5cbb886.rlib" "/opt/rustwide/target/debug/deps/libnum_integer-16689c6d685d3c57.rlib" "/opt/rustwide/target/debug/deps/libnum_traits-a2639720a0ec4c76.rlib" "/opt/rustwide/target/debug/deps/liblazy_static-5c53d641eb010a81.rlib" "-Wl,--start-group" "/opt/rustwide/rustup-home/toolchains/1.54.0-x86_64-unknown-linux-gnu/lib/rustlib/x86_64-unknown-linux-gnu/lib/libstd-2420485b9e5ef5e1.rlib" "/opt/rustwide/rustup-home/toolchains/1.54.0-x86_64-unknown-linux-gnu/lib/rustlib/x86_64-unknown-linux-gnu/lib/libpanic_unwind-785e3cb61c4b1960.rlib" "/opt/rustwide/rustup-home/toolchains/1.54.0-x86_64-unknown-linux-gnu/lib/rustlib/x86_64-unknown-linux-gnu/lib/libminiz_oxide-087191a88bdaa22d.rlib" "/opt/rustwide/rustup-home/toolchains/1.54.0-x86_64-unknown-linux-gnu/lib/rustlib/x86_64-unknown-linux-gnu/lib/libadler-9981842c02975178.rlib" "/opt/rustwide/rustup-home/toolchains/1.54.0-x86_64-unknown-linux-gnu/lib/rustlib/x86_64-unknown-linux-gnu/lib/libobject-6fb405869b015fde.rlib" "/opt/rustwide/rustup-home/toolchains/1.54.0-x86_64-unknown-linux-gnu/lib/rustlib/x86_64-unknown-linux-gnu/lib/libaddr2line-d05c5c3c56004b7b.rlib" "/opt/rustwide/rustup-home/toolchains/1.54.0-x86_64-unknown-linux-gnu/lib/rustlib/x86_64-unknown-linux-gnu/lib/libgimli-42d74d2097528b38.rlib" "/opt/rustwide/rustup-home/toolchains/1.54.0-x86_64-unknown-linux-gnu/lib/rustlib/x86_64-unknown-linux-gnu/lib/libstd_detect-fb36534c113d2209.rlib" "/opt/rustwide/rustup-home/toolchains/1.54.0-x86_64-unknown-linux-gnu/lib/rustlib/x86_64-unknown-linux-gnu/lib/librustc_demangle-b56b9042c12b6535.rlib" "/opt/rustwide/rustup-home/toolchains/1.54.0-x86_64-unknown-linux-gnu/lib/rustlib/x86_64-unknown-linux-gnu/lib/libhashbrown-491902d6cb3e76df.rlib" "/opt/rustwide/rustup-home/toolchains/1.54.0-x86_64-unknown-linux-gnu/lib/rustlib/x86_64-unknown-linux-gnu/lib/librustc_std_workspace_alloc-61834e0981b8c367.rlib" "/opt/rustwide/rustup-home/toolchains/1.54.0-x86_64-unknown-linux-gnu/lib/rustlib/x86_64-unknown-linux-gnu/lib/libunwind-f78aa99d613a55bc.rlib" "/opt/rustwide/rustup-home/toolchains/1.54.0-x86_64-unknown-linux-gnu/lib/rustlib/x86_64-unknown-linux-gnu/lib/libcfg_if-53ee54cd7fed2c57.rlib" "/opt/rustwide/rustup-home/toolchains/1.54.0-x86_64-unknown-linux-gnu/lib/rustlib/x86_64-unknown-linux-gnu/lib/liblibc-544ecdbd6cda3c58.rlib" "/opt/rustwide/rustup-home/toolchains/1.54.0-x86_64-unknown-linux-gnu/lib/rustlib/x86_64-unknown-linux-gnu/lib/liballoc-379cc252b6943a79.rlib" "/opt/rustwide/rustup-home/toolchains/1.54.0-x86_64-unknown-linux-gnu/lib/rustlib/x86_64-unknown-linux-gnu/lib/librustc_std_workspace_core-8063eea38dcc5e62.rlib" "/opt/rustwide/rustup-home/toolchains/1.54.0-x86_64-unknown-linux-gnu/lib/rustlib/x86_64-unknown-linux-gnu/lib/libcore-5b228734afae15ee.rlib" "-Wl,--end-group" "/opt/rustwide/rustup-home/toolchains/1.54.0-x86_64-unknown-linux-gnu/lib/rustlib/x86_64-unknown-linux-gnu/lib/libcompiler_builtins-d6c7a399d95d173f.rlib" "-Wl,-Bdynamic" "-lgcc_s" "-lutil" "-lrt" "-lpthread" "-lm" "-ldl" "-lc" "-Wl,--eh-frame-hdr" "-Wl,-znoexecstack" "-L" "/opt/rustwide/rustup-home/toolchains/1.54.0-x86_64-unknown-linux-gnu/lib/rustlib/x86_64-unknown-linux-gnu/lib" "-o" "/opt/rustwide/target/debug/examples/rgba-8025d9d1f15ff27a" "-Wl,--gc-sections" "-pie" "-Wl,-zrelro" "-Wl,-znow" "-nodefaultlibs"
[INFO] [stdout]   = note: /usr/bin/ld: /opt/rustwide/target/debug/examples/rgba-8025d9d1f15ff27a.rgba.cqcr6ctr-cgu.11.rcgu.o: in function `arrayfire::core::data::flat':
[INFO] [stdout]           /opt/rustwide/cargo-home/registry/src/github.com-1ecc6299db9ec823/arrayfire-3.8.0/src/core/data.rs:702: undefined reference to `af_flat'
[INFO] [stdout]           /usr/bin/ld: /opt/rustwide/target/debug/examples/rgba-8025d9d1f15ff27a.rgba.cqcr6ctr-cgu.11.rcgu.o: in function `arrayfire::core::data::join_many':
[INFO] [stdout]           /opt/rustwide/cargo-home/registry/src/github.com-1ecc6299db9ec823/arrayfire-3.8.0/src/core/data.rs:465: undefined reference to `af_join_many'
[INFO] [stdout]           /usr/bin/ld: /opt/rustwide/target/debug/examples/rgba-8025d9d1f15ff27a.rgba.cqcr6ctr-cgu.15.rcgu.o: in function `arrayfire::blas::transpose':
[INFO] [stdout]           /opt/rustwide/cargo-home/registry/src/github.com-1ecc6299db9ec823/arrayfire-3.8.0/src/blas/mod.rs:225: undefined reference to `af_transpose'
[INFO] [stdout]           /usr/bin/ld: /opt/rustwide/target/debug/examples/rgba-8025d9d1f15ff27a.rgba.cqcr6ctr-cgu.7.rcgu.o: in function `<arrayfire::core::array::Array<T> as core::ops::drop::Drop>::drop':
[INFO] [stdout]           /opt/rustwide/cargo-home/registry/src/github.com-1ecc6299db9ec823/arrayfire-3.8.0/src/core/array.rs:710: undefined reference to `af_release_array'
[INFO] [stdout]           /usr/bin/ld: /opt/rustwide/target/debug/examples/rgba-8025d9d1f15ff27a.rgba.cqcr6ctr-cgu.7.rcgu.o: in function `arrayfire::core::array::print_gen':
[INFO] [stdout]           /opt/rustwide/cargo-home/registry/src/github.com-1ecc6299db9ec823/arrayfire-3.8.0/src/core/array.rs:792: undefined reference to `af_print_array_gen'
[INFO] [stdout]           /usr/bin/ld: /opt/rustwide/target/debug/deps/libarrayfire-1e6678b07c5d6408.rlib(arrayfire-1e6678b07c5d6408.arrayfire.9c0uqlmf-cgu.15.rcgu.o): in function `arrayfire::core::error::get_last_error':
[INFO] [stdout]           /opt/rustwide/cargo-home/registry/src/github.com-1ecc6299db9ec823/arrayfire-3.8.0/src/core/error.rs:104: undefined reference to `af_get_last_error'
[INFO] [stdout]           /usr/bin/ld: /opt/rustwide/target/debug/deps/libarrayfire-1e6678b07c5d6408.rlib(arrayfire-1e6678b07c5d6408.arrayfire.9c0uqlmf-cgu.4.rcgu.o): in function `<u8 as arrayfire::core::data::ConstGenerator>::generate':
[INFO] [stdout]           /opt/rustwide/cargo-home/registry/src/github.com-1ecc6299db9ec823/arrayfire-3.8.0/src/core/data.rs:242: undefined reference to `af_constant'
[INFO] [stdout]           /usr/bin/ld: /opt/rustwide/target/debug/deps/libarrayfire-1e6678b07c5d6408.rlib(arrayfire-1e6678b07c5d6408.arrayfire.9c0uqlmf-cgu.8.rcgu.o): in function `arrayfire::core::util::free_host':
[INFO] [stdout]           /opt/rustwide/cargo-home/registry/src/github.com-1ecc6299db9ec823/arrayfire-3.8.0/src/core/util.rs:68: undefined reference to `af_free_host'
[INFO] [stdout]           collect2: error: ld returned 1 exit status
[INFO] [stdout]           
[INFO] [stdout] 
[INFO] [stdout] 
[INFO] [stdout] error: aborting due to previous error
[INFO] [stdout] 
[INFO] [stdout] 
[INFO] [stdout] error: linking with `cc` failed: exit status: 1
[INFO] [stdout]   |
[INFO] [stdout]   = note: "cc" "-m64" "/opt/rustwide/target/debug/examples/lid-3bded1315105e42e.lid.d6codxq4-cgu.0.rcgu.o" "/opt/rustwide/target/debug/examples/lid-3bded1315105e42e.lid.d6codxq4-cgu.1.rcgu.o" "/opt/rustwide/target/debug/examples/lid-3bded1315105e42e.lid.d6codxq4-cgu.10.rcgu.o" "/opt/rustwide/target/debug/examples/lid-3bded1315105e42e.lid.d6codxq4-cgu.11.rcgu.o" "/opt/rustwide/target/debug/examples/lid-3bded1315105e42e.lid.d6codxq4-cgu.12.rcgu.o" "/opt/rustwide/target/debug/examples/lid-3bded1315105e42e.lid.d6codxq4-cgu.13.rcgu.o" "/opt/rustwide/target/debug/examples/lid-3bded1315105e42e.lid.d6codxq4-cgu.14.rcgu.o" "/opt/rustwide/target/debug/examples/lid-3bded1315105e42e.lid.d6codxq4-cgu.15.rcgu.o" "/opt/rustwide/target/debug/examples/lid-3bded1315105e42e.lid.d6codxq4-cgu.2.rcgu.o" "/opt/rustwide/target/debug/examples/lid-3bded1315105e42e.lid.d6codxq4-cgu.3.rcgu.o" "/opt/rustwide/target/debug/examples/lid-3bded1315105e42e.lid.d6codxq4-cgu.4.rcgu.o" "/opt/rustwide/target/debug/examples/lid-3bded1315105e42e.lid.d6codxq4-cgu.5.rcgu.o" "/opt/rustwide/target/debug/examples/lid-3bded1315105e42e.lid.d6codxq4-cgu.6.rcgu.o" "/opt/rustwide/target/debug/examples/lid-3bded1315105e42e.lid.d6codxq4-cgu.7.rcgu.o" "/opt/rustwide/target/debug/examples/lid-3bded1315105e42e.lid.d6codxq4-cgu.8.rcgu.o" "/opt/rustwide/target/debug/examples/lid-3bded1315105e42e.lid.d6codxq4-cgu.9.rcgu.o" "/opt/rustwide/target/debug/examples/lid-3bded1315105e42e.2ucbmzczkmm9tego.rcgu.o" "-Wl,--as-needed" "-L" "/opt/rustwide/target/debug/deps" "-L" "/opt/arrayfire/lib" "-L" "/opt/arrayfire/lib64" "-L" "/usr/local/lib" "-L" "/usr/lib" "-L" "/opt/rustwide/target/debug/build/gl_loader-cf8d995095211f25/out" "-L" "/opt/rustwide/rustup-home/toolchains/1.54.0-x86_64-unknown-linux-gnu/lib/rustlib/x86_64-unknown-linux-gnu/lib" "-Wl,-Bstatic" "/opt/rustwide/target/debug/deps/libarrayfire-1e6678b07c5d6408.rlib" "/opt/rustwide/target/debug/deps/libhalf-748f22a4344eb45d.rlib" "/opt/rustwide/target/debug/deps/liblibc-8efd53b0373d9232.rlib" "/opt/rustwide/target/debug/deps/libnum-17a14fbdb08e264f.rlib" "/opt/rustwide/target/debug/deps/libnum_rational-2c21cf9fb92e11ed.rlib" "/opt/rustwide/target/debug/deps/libnum_iter-e313f3ea9a97bed0.rlib" "/opt/rustwide/target/debug/deps/libnum_complex-3fbc6db162d78afa.rlib" "/opt/rustwide/target/debug/deps/libnum_bigint-734f8c69e5cbb886.rlib" "/opt/rustwide/target/debug/deps/libnum_integer-16689c6d685d3c57.rlib" "/opt/rustwide/target/debug/deps/libnum_traits-a2639720a0ec4c76.rlib" "/opt/rustwide/target/debug/deps/liblazy_static-5c53d641eb010a81.rlib" "-Wl,--start-group" "/opt/rustwide/rustup-home/toolchains/1.54.0-x86_64-unknown-linux-gnu/lib/rustlib/x86_64-unknown-linux-gnu/lib/libstd-2420485b9e5ef5e1.rlib" "/opt/rustwide/rustup-home/toolchains/1.54.0-x86_64-unknown-linux-gnu/lib/rustlib/x86_64-unknown-linux-gnu/lib/libpanic_unwind-785e3cb61c4b1960.rlib" "/opt/rustwide/rustup-home/toolchains/1.54.0-x86_64-unknown-linux-gnu/lib/rustlib/x86_64-unknown-linux-gnu/lib/libminiz_oxide-087191a88bdaa22d.rlib" "/opt/rustwide/rustup-home/toolchains/1.54.0-x86_64-unknown-linux-gnu/lib/rustlib/x86_64-unknown-linux-gnu/lib/libadler-9981842c02975178.rlib" "/opt/rustwide/rustup-home/toolchains/1.54.0-x86_64-unknown-linux-gnu/lib/rustlib/x86_64-unknown-linux-gnu/lib/libobject-6fb405869b015fde.rlib" "/opt/rustwide/rustup-home/toolchains/1.54.0-x86_64-unknown-linux-gnu/lib/rustlib/x86_64-unknown-linux-gnu/lib/libaddr2line-d05c5c3c56004b7b.rlib" "/opt/rustwide/rustup-home/toolchains/1.54.0-x86_64-unknown-linux-gnu/lib/rustlib/x86_64-unknown-linux-gnu/lib/libgimli-42d74d2097528b38.rlib" "/opt/rustwide/rustup-home/toolchains/1.54.0-x86_64-unknown-linux-gnu/lib/rustlib/x86_64-unknown-linux-gnu/lib/libstd_detect-fb36534c113d2209.rlib" "/opt/rustwide/rustup-home/toolchains/1.54.0-x86_64-unknown-linux-gnu/lib/rustlib/x86_64-unknown-linux-gnu/lib/librustc_demangle-b56b9042c12b6535.rlib" "/opt/rustwide/rustup-home/toolchains/1.54.0-x86_64-unknown-linux-gnu/lib/rustlib/x86_64-unknown-linux-gnu/lib/libhashbrown-491902d6cb3e76df.rlib" "/opt/rustwide/rustup-home/toolchains/1.54.0-x86_64-unknown-linux-gnu/lib/rustlib/x86_64-unknown-linux-gnu/lib/librustc_std_workspace_alloc-61834e0981b8c367.rlib" "/opt/rustwide/rustup-home/toolchains/1.54.0-x86_64-unknown-linux-gnu/lib/rustlib/x86_64-unknown-linux-gnu/lib/libunwind-f78aa99d613a55bc.rlib" "/opt/rustwide/rustup-home/toolchains/1.54.0-x86_64-unknown-linux-gnu/lib/rustlib/x86_64-unknown-linux-gnu/lib/libcfg_if-53ee54cd7fed2c57.rlib" "/opt/rustwide/rustup-home/toolchains/1.54.0-x86_64-unknown-linux-gnu/lib/rustlib/x86_64-unknown-linux-gnu/lib/liblibc-544ecdbd6cda3c58.rlib" "/opt/rustwide/rustup-home/toolchains/1.54.0-x86_64-unknown-linux-gnu/lib/rustlib/x86_64-unknown-linux-gnu/lib/liballoc-379cc252b6943a79.rlib" "/opt/rustwide/rustup-home/toolchains/1.54.0-x86_64-unknown-linux-gnu/lib/rustlib/x86_64-unknown-linux-gnu/lib/librustc_std_workspace_core-8063eea38dcc5e62.rlib" "/opt/rustwide/rustup-home/toolchains/1.54.0-x86_64-unknown-linux-gnu/lib/rustlib/x86_64-unknown-linux-gnu/lib/libcore-5b228734afae15ee.rlib" "-Wl,--end-group" "/opt/rustwide/rustup-home/toolchains/1.54.0-x86_64-unknown-linux-gnu/lib/rustlib/x86_64-unknown-linux-gnu/lib/libcompiler_builtins-d6c7a399d95d173f.rlib" "-Wl,-Bdynamic" "-lgcc_s" "-lutil" "-lrt" "-lpthread" "-lm" "-ldl" "-lc" "-Wl,--eh-frame-hdr" "-Wl,-znoexecstack" "-L" "/opt/rustwide/rustup-home/toolchains/1.54.0-x86_64-unknown-linux-gnu/lib/rustlib/x86_64-unknown-linux-gnu/lib" "-o" "/opt/rustwide/target/debug/examples/lid-3bded1315105e42e" "-Wl,--gc-sections" "-pie" "-Wl,-zrelro" "-Wl,-znow" "-nodefaultlibs"
[INFO] [stdout]   = note: /usr/bin/ld: /opt/rustwide/target/debug/examples/lid-3bded1315105e42e.lid.d6codxq4-cgu.10.rcgu.o: in function `arrayfire::core::data::flat':
[INFO] [stdout]           /opt/rustwide/cargo-home/registry/src/github.com-1ecc6299db9ec823/arrayfire-3.8.0/src/core/data.rs:702: undefined reference to `af_flat'
[INFO] [stdout]           /usr/bin/ld: /opt/rustwide/target/debug/examples/lid-3bded1315105e42e.lid.d6codxq4-cgu.10.rcgu.o: in function `arrayfire::core::data::flat':
[INFO] [stdout]           /opt/rustwide/cargo-home/registry/src/github.com-1ecc6299db9ec823/arrayfire-3.8.0/src/core/data.rs:702: undefined reference to `af_flat'
[INFO] [stdout]           /usr/bin/ld: /opt/rustwide/target/debug/examples/lid-3bded1315105e42e.lid.d6codxq4-cgu.10.rcgu.o: in function `arrayfire::core::data::flat':
[INFO] [stdout]           /opt/rustwide/cargo-home/registry/src/github.com-1ecc6299db9ec823/arrayfire-3.8.0/src/core/data.rs:702: undefined reference to `af_flat'
[INFO] [stdout]           /usr/bin/ld: /opt/rustwide/target/debug/examples/lid-3bded1315105e42e.lid.d6codxq4-cgu.10.rcgu.o: in function `arrayfire::core::data::flip':
[INFO] [stdout]           /opt/rustwide/cargo-home/registry/src/github.com-1ecc6299db9ec823/arrayfire-3.8.0/src/core/data.rs:724: undefined reference to `af_flip'
[INFO] [stdout]           /usr/bin/ld: /opt/rustwide/target/debug/examples/lid-3bded1315105e42e.lid.d6codxq4-cgu.10.rcgu.o: in function `arrayfire::core::data::tile':
[INFO] [stdout]           /opt/rustwide/cargo-home/registry/src/github.com-1ecc6299db9ec823/arrayfire-3.8.0/src/core/data.rs:496: undefined reference to `af_tile'
[INFO] [stdout]           /usr/bin/ld: /opt/rustwide/target/debug/examples/lid-3bded1315105e42e.lid.d6codxq4-cgu.10.rcgu.o: in function `arrayfire::core::data::tile':
[INFO] [stdout]           /opt/rustwide/cargo-home/registry/src/github.com-1ecc6299db9ec823/arrayfire-3.8.0/src/core/data.rs:496: undefined reference to `af_tile'
[INFO] [stdout]           /usr/bin/ld: /opt/rustwide/target/debug/examples/lid-3bded1315105e42e.lid.d6codxq4-cgu.10.rcgu.o: in function `arrayfire::core::data::tile':
[INFO] [stdout]           /opt/rustwide/cargo-home/registry/src/github.com-1ecc6299db9ec823/arrayfire-3.8.0/src/core/data.rs:496: undefined reference to `af_tile'
[INFO] [stdout]           /usr/bin/ld: /opt/rustwide/target/debug/examples/lid-3bded1315105e42e.lid.d6codxq4-cgu.10.rcgu.o: in function `arrayfire::core::data::tile':
[INFO] [stdout]           /opt/rustwide/cargo-home/registry/src/github.com-1ecc6299db9ec823/arrayfire-3.8.0/src/core/data.rs:496: undefined reference to `af_tile'
[INFO] [stdout]           /usr/bin/ld: /opt/rustwide/target/debug/examples/lid-3bded1315105e42e.lid.d6codxq4-cgu.10.rcgu.o: in function `arrayfire::core::data::range':
[INFO] [stdout]           /opt/rustwide/cargo-home/registry/src/github.com-1ecc6299db9ec823/arrayfire-3.8.0/src/core/data.rs:312: undefined reference to `af_range'
[INFO] [stdout]           /usr/bin/ld: /opt/rustwide/target/debug/examples/lid-3bded1315105e42e.lid.d6codxq4-cgu.10.rcgu.o: in function `arrayfire::core::data::range':
[INFO] [stdout]           /opt/rustwide/cargo-home/registry/src/github.com-1ecc6299db9ec823/arrayfire-3.8.0/src/core/data.rs:312: undefined reference to `af_range'
[INFO] [stdout]           /usr/bin/ld: /opt/rustwide/target/debug/examples/lid-3bded1315105e42e.lid.d6codxq4-cgu.10.rcgu.o: in function `arrayfire::core::data::shift':
[INFO] [stdout]           /opt/rustwide/cargo-home/registry/src/github.com-1ecc6299db9ec823/arrayfire-3.8.0/src/core/data.rs:656: undefined reference to `af_shift'
[INFO] [stdout]           /usr/bin/ld: /opt/rustwide/target/debug/examples/lid-3bded1315105e42e.lid.d6codxq4-cgu.10.rcgu.o: in function `arrayfire::core::data::moddims':
[INFO] [stdout]           /opt/rustwide/cargo-home/registry/src/github.com-1ecc6299db9ec823/arrayfire-3.8.0/src/core/data.rs:684: undefined reference to `af_moddims'
[INFO] [stdout]           /usr/bin/ld: /opt/rustwide/target/debug/examples/lid-3bded1315105e42e.lid.d6codxq4-cgu.11.rcgu.o: in function `<arrayfire::core::seq::Seq<T> as arrayfire::core::index::Indexable>::set':
[INFO] [stdout]           /opt/rustwide/cargo-home/registry/src/github.com-1ecc6299db9ec823/arrayfire-3.8.0/src/core/index.rs:168: undefined reference to `af_set_seq_indexer'
[INFO] [stdout]           /usr/bin/ld: /opt/rustwide/target/debug/examples/lid-3bded1315105e42e.lid.d6codxq4-cgu.14.rcgu.o: in function `arrayfire::core::index::assign_gen':
[INFO] [stdout]           /opt/rustwide/cargo-home/registry/src/github.com-1ecc6299db9ec823/arrayfire-3.8.0/src/core/index.rs:619: undefined reference to `af_assign_gen'
[INFO] [stdout]           /usr/bin/ld: /opt/rustwide/target/debug/examples/lid-3bded1315105e42e.lid.d6codxq4-cgu.14.rcgu.o: in function `arrayfire::core::index::assign_seq':
[INFO] [stdout]           /opt/rustwide/cargo-home/registry/src/github.com-1ecc6299db9ec823/arrayfire-3.8.0/src/core/index.rs:521: undefined reference to `af_assign_seq'
[INFO] [stdout]           /usr/bin/ld: /opt/rustwide/target/debug/examples/lid-3bded1315105e42e.lid.d6codxq4-cgu.14.rcgu.o: in function `arrayfire::core::index::index':
[INFO] [stdout]           /opt/rustwide/cargo-home/registry/src/github.com-1ecc6299db9ec823/arrayfire-3.8.0/src/core/index.rs:272: undefined reference to `af_index'
[INFO] [stdout]           /usr/bin/ld: /opt/rustwide/target/debug/examples/lid-3bded1315105e42e.lid.d6codxq4-cgu.14.rcgu.o: in function `arrayfire::core::index::index_gen':
[INFO] [stdout]           /opt/rustwide/cargo-home/registry/src/github.com-1ecc6299db9ec823/arrayfire-3.8.0/src/core/index.rs:570: undefined reference to `af_index_gen'
[INFO] [stdout]           /usr/bin/ld: /opt/rustwide/target/debug/examples/lid-3bded1315105e42e.lid.d6codxq4-cgu.14.rcgu.o: in function `arrayfire::core::index::index_gen':
[INFO] [stdout]           /opt/rustwide/cargo-home/registry/src/github.com-1ecc6299db9ec823/arrayfire-3.8.0/src/core/index.rs:570: undefined reference to `af_index_gen'
[INFO] [stdout]           /usr/bin/ld: /opt/rustwide/target/debug/examples/lid-3bded1315105e42e.lid.d6codxq4-cgu.15.rcgu.o: in function `arrayfire::algorithm::sum':
[INFO] [stdout]           /opt/rustwide/cargo-home/registry/src/github.com-1ecc6299db9ec823/arrayfire-3.8.0/src/algorithm/mod.rs:155: undefined reference to `af_sum'
[INFO] [stdout]           /usr/bin/ld: /opt/rustwide/target/debug/examples/lid-3bded1315105e42e.lid.d6codxq4-cgu.15.rcgu.o: in function `arrayfire::algorithm::locate':
[INFO] [stdout]           /opt/rustwide/cargo-home/registry/src/github.com-1ecc6299db9ec823/arrayfire-3.8.0/src/algorithm/mod.rs:998: undefined reference to `af_where'
[INFO] [stdout]           /usr/bin/ld: /opt/rustwide/target/debug/examples/lid-3bded1315105e42e.lid.d6codxq4-cgu.15.rcgu.o: in function `arrayfire::algorithm::max_all':
[INFO] [stdout]           /opt/rustwide/cargo-home/registry/src/github.com-1ecc6299db9ec823/arrayfire-3.8.0/src/algorithm/mod.rs:543: undefined reference to `af_max_all'
[INFO] [stdout]           /usr/bin/ld: /opt/rustwide/target/debug/examples/lid-3bded1315105e42e.lid.d6codxq4-cgu.3.rcgu.o: in function `arrayfire::core::arith::add_helper':
[INFO] [stdout]           /opt/rustwide/cargo-home/registry/src/github.com-1ecc6299db9ec823/arrayfire-3.8.0/src/core/arith.rs:407: undefined reference to `af_add'
[INFO] [stdout]           /usr/bin/ld: /opt/rustwide/target/debug/examples/lid-3bded1315105e42e.lid.d6codxq4-cgu.3.rcgu.o: in function `arrayfire::core::arith::add_helper':
[INFO] [stdout]           /opt/rustwide/cargo-home/registry/src/github.com-1ecc6299db9ec823/arrayfire-3.8.0/src/core/arith.rs:407: undefined reference to `af_add'
[INFO] [stdout]           /usr/bin/ld: /opt/rustwide/target/debug/examples/lid-3bded1315105e42e.lid.d6codxq4-cgu.3.rcgu.o: in function `arrayfire::core::arith::add_helper':
[INFO] [stdout]           /opt/rustwide/cargo-home/registry/src/github.com-1ecc6299db9ec823/arrayfire-3.8.0/src/core/arith.rs:407: undefined reference to `af_add'
[INFO] [stdout]           /usr/bin/ld: /opt/rustwide/target/debug/examples/lid-3bded1315105e42e.lid.d6codxq4-cgu.3.rcgu.o: in function `arrayfire::core::arith::div_helper':
[INFO] [stdout]           /opt/rustwide/cargo-home/registry/src/github.com-1ecc6299db9ec823/arrayfire-3.8.0/src/core/arith.rs:407: undefined reference to `af_div'
[INFO] [stdout]           /usr/bin/ld: /opt/rustwide/target/debug/examples/lid-3bded1315105e42e.lid.d6codxq4-cgu.3.rcgu.o: in function `arrayfire::core::arith::mul_helper':
[INFO] [stdout]           /opt/rustwide/cargo-home/registry/src/github.com-1ecc6299db9ec823/arrayfire-3.8.0/src/core/arith.rs:407: undefined reference to `af_mul'
[INFO] [stdout]           /usr/bin/ld: /opt/rustwide/target/debug/examples/lid-3bded1315105e42e.lid.d6codxq4-cgu.3.rcgu.o: in function `arrayfire::core::arith::mul_helper':
[INFO] [stdout]           /opt/rustwide/cargo-home/registry/src/github.com-1ecc6299db9ec823/arrayfire-3.8.0/src/core/arith.rs:407: undefined reference to `af_mul'
[INFO] [stdout]           /usr/bin/ld: /opt/rustwide/target/debug/examples/lid-3bded1315105e42e.lid.d6codxq4-cgu.3.rcgu.o: in function `arrayfire::core::arith::pow_helper':
[INFO] [stdout]           /opt/rustwide/cargo-home/registry/src/github.com-1ecc6299db9ec823/arrayfire-3.8.0/src/core/arith.rs:407: undefined reference to `af_pow'
[INFO] [stdout]           /usr/bin/ld: /opt/rustwide/target/debug/examples/lid-3bded1315105e42e.lid.d6codxq4-cgu.3.rcgu.o: in function `arrayfire::core::arith::sub_helper':
[INFO] [stdout]           /opt/rustwide/cargo-home/registry/src/github.com-1ecc6299db9ec823/arrayfire-3.8.0/src/core/arith.rs:407: undefined reference to `af_sub'
[INFO] [stdout]           /usr/bin/ld: /opt/rustwide/target/debug/examples/lid-3bded1315105e42e.lid.d6codxq4-cgu.3.rcgu.o: in function `arrayfire::core::arith::abs':
[INFO] [stdout]           /opt/rustwide/cargo-home/registry/src/github.com-1ecc6299db9ec823/arrayfire-3.8.0/src/core/arith.rs:129: undefined reference to `af_abs'
[INFO] [stdout]           /usr/bin/ld: /opt/rustwide/target/debug/examples/lid-3bded1315105e42e.lid.d6codxq4-cgu.3.rcgu.o: in function `arrayfire::core::arith::sqrt':
[INFO] [stdout]           /opt/rustwide/cargo-home/registry/src/github.com-1ecc6299db9ec823/arrayfire-3.8.0/src/core/arith.rs:129: undefined reference to `af_sqrt'
[INFO] [stdout]           /usr/bin/ld: /opt/rustwide/target/debug/examples/lid-3bded1315105e42e.lid.d6codxq4-cgu.5.rcgu.o: in function `<arrayfire::core::array::Array<T> as core::clone::Clone>::clone':
[INFO] [stdout]           /opt/rustwide/cargo-home/registry/src/github.com-1ecc6299db9ec823/arrayfire-3.8.0/src/core/array.rs:694: undefined reference to `af_retain_array'
[INFO] [stdout]           /usr/bin/ld: /opt/rustwide/target/debug/examples/lid-3bded1315105e42e.lid.d6codxq4-cgu.5.rcgu.o: in function `<arrayfire::core::array::Array<T> as core::clone::Clone>::clone':
[INFO] [stdout]           /opt/rustwide/cargo-home/registry/src/github.com-1ecc6299db9ec823/arrayfire-3.8.0/src/core/array.rs:694: undefined reference to `af_retain_array'
[INFO] [stdout]           /usr/bin/ld: /opt/rustwide/target/debug/examples/lid-3bded1315105e42e.lid.d6codxq4-cgu.5.rcgu.o: in function `<arrayfire::core::array::Array<T> as core::ops::drop::Drop>::drop':
[INFO] [stdout]           /opt/rustwide/cargo-home/registry/src/github.com-1ecc6299db9ec823/arrayfire-3.8.0/src/core/array.rs:710: undefined reference to `af_release_array'
[INFO] [stdout]           /usr/bin/ld: /opt/rustwide/target/debug/examples/lid-3bded1315105e42e.lid.d6codxq4-cgu.5.rcgu.o: in function `<arrayfire::core::array::Array<T> as core::ops::drop::Drop>::drop':
[INFO] [stdout]           /opt/rustwide/cargo-home/registry/src/github.com-1ecc6299db9ec823/arrayfire-3.8.0/src/core/array.rs:710: undefined reference to `af_release_array'
[INFO] [stdout]           /usr/bin/ld: /opt/rustwide/target/debug/examples/lid-3bded1315105e42e.lid.d6codxq4-cgu.5.rcgu.o: in function `<arrayfire::core::array::Array<T> as core::ops::drop::Drop>::drop':
[INFO] [stdout]           /opt/rustwide/cargo-home/registry/src/github.com-1ecc6299db9ec823/arrayfire-3.8.0/src/core/array.rs:710: undefined reference to `af_release_array'
[INFO] [stdout]           /usr/bin/ld: /opt/rustwide/target/debug/examples/lid-3bded1315105e42e.lid.d6codxq4-cgu.5.rcgu.o: in function `<arrayfire::core::array::Array<T> as arrayfire::core::index::Indexable>::set':
[INFO] [stdout]           /opt/rustwide/cargo-home/registry/src/github.com-1ecc6299db9ec823/arrayfire-3.8.0/src/core/index.rs:151: undefined reference to `af_set_array_indexer'
[INFO] [stdout]           /usr/bin/ld: /opt/rustwide/target/debug/examples/lid-3bded1315105e42e.lid.d6codxq4-cgu.5.rcgu.o: in function `<arrayfire::core::array::Array<T> as arrayfire::core::index::Indexable>::set':
[INFO] [stdout]           /opt/rustwide/cargo-home/registry/src/github.com-1ecc6299db9ec823/arrayfire-3.8.0/src/core/index.rs:151: undefined reference to `af_set_array_indexer'
[INFO] [stdout]           /usr/bin/ld: /opt/rustwide/target/debug/examples/lid-3bded1315105e42e.lid.d6codxq4-cgu.5.rcgu.o: in function `<arrayfire::core::array::Array<T> as arrayfire::core::index::Indexable>::set':
[INFO] [stdout]           /opt/rustwide/cargo-home/registry/src/github.com-1ecc6299db9ec823/arrayfire-3.8.0/src/core/index.rs:151: undefined reference to `af_set_array_indexer'
[INFO] [stdout]           /usr/bin/ld: /opt/rustwide/target/debug/examples/lid-3bded1315105e42e.lid.d6codxq4-cgu.5.rcgu.o: in function `<arrayfire::core::array::Array<T> as arrayfire::core::index::Indexable>::set':
[INFO] [stdout]           /opt/rustwide/cargo-home/registry/src/github.com-1ecc6299db9ec823/arrayfire-3.8.0/src/core/index.rs:151: undefined reference to `af_set_array_indexer'
[INFO] [stdout]           /usr/bin/ld: /opt/rustwide/target/debug/examples/lid-3bded1315105e42e.lid.d6codxq4-cgu.5.rcgu.o: in function `arrayfire::core::array::Array<T>::new':
[INFO] [stdout]           /opt/rustwide/cargo-home/registry/src/github.com-1ecc6299db9ec823/arrayfire-3.8.0/src/core/array.rs:228: undefined reference to `af_create_array'
[INFO] [stdout]           /usr/bin/ld: /opt/rustwide/target/debug/examples/lid-3bded1315105e42e.lid.d6codxq4-cgu.5.rcgu.o: in function `arrayfire::core::array::Array<T>::new':
[INFO] [stdout]           /opt/rustwide/cargo-home/registry/src/github.com-1ecc6299db9ec823/arrayfire-3.8.0/src/core/array.rs:228: undefined reference to `af_create_array'
[INFO] [stdout]           /usr/bin/ld: /opt/rustwide/target/debug/examples/lid-3bded1315105e42e.lid.d6codxq4-cgu.5.rcgu.o: in function `arrayfire::core::array::Array<T>::cast':
[INFO] [stdout]           /opt/rustwide/cargo-home/registry/src/github.com-1ecc6299db9ec823/arrayfire-3.8.0/src/core/array.rs:617: undefined reference to `af_cast'
[INFO] [stdout]           /usr/bin/ld: /opt/rustwide/target/debug/examples/lid-3bded1315105e42e.lid.d6codxq4-cgu.5.rcgu.o: in function `arrayfire::core::array::Array<T>::dims':
[INFO] [stdout]           /opt/rustwide/cargo-home/registry/src/github.com-1ecc6299db9ec823/arrayfire-3.8.0/src/core/array.rs:433: undefined reference to `af_get_dims'
[INFO] [stdout]           /usr/bin/ld: /opt/rustwide/target/debug/examples/lid-3bded1315105e42e.lid.d6codxq4-cgu.5.rcgu.o: in function `arrayfire::core::array::Array<T>::dims':
[INFO] [stdout]           /opt/rustwide/cargo-home/registry/src/github.com-1ecc6299db9ec823/arrayfire-3.8.0/src/core/array.rs:433: undefined reference to `af_get_dims'
[INFO] [stdout]           /usr/bin/ld: /opt/rustwide/target/debug/examples/lid-3bded1315105e42e.lid.d6codxq4-cgu.5.rcgu.o: in function `arrayfire::core::array::Array<T>::dims':
[INFO] [stdout]           /opt/rustwide/cargo-home/registry/src/github.com-1ecc6299db9ec823/arrayfire-3.8.0/src/core/array.rs:433: undefined reference to `af_get_dims'
[INFO] [stdout]           /usr/bin/ld: /opt/rustwide/target/debug/examples/lid-3bded1315105e42e.lid.d6codxq4-cgu.5.rcgu.o: in function `arrayfire::core::array::Array<T>::dims':
[INFO] [stdout]           /opt/rustwide/cargo-home/registry/src/github.com-1ecc6299db9ec823/arrayfire-3.8.0/src/core/array.rs:433: undefined reference to `af_get_dims'
[INFO] [stdout]           /usr/bin/ld: /opt/rustwide/target/debug/examples/lid-3bded1315105e42e.lid.d6codxq4-cgu.5.rcgu.o: in function `arrayfire::core::array::Array<T>::elements':
[INFO] [stdout]           /opt/rustwide/cargo-home/registry/src/github.com-1ecc6299db9ec823/arrayfire-3.8.0/src/core/array.rs:410: undefined reference to `af_get_elements'
[INFO] [stdout]           /usr/bin/ld: /opt/rustwide/target/debug/examples/lid-3bded1315105e42e.lid.d6codxq4-cgu.5.rcgu.o: in function `arrayfire::core::array::Array<T>::elements':
[INFO] [stdout]           /opt/rustwide/cargo-home/registry/src/github.com-1ecc6299db9ec823/arrayfire-3.8.0/src/core/array.rs:410: undefined reference to `af_get_elements'
[INFO] [stdout]           /usr/bin/ld: /opt/rustwide/target/debug/examples/lid-3bded1315105e42e.lid.d6codxq4-cgu.5.rcgu.o: in function `arrayfire::core::array::Array<T>::is_scalar':
[INFO] [stdout]           /opt/rustwide/cargo-home/registry/src/github.com-1ecc6299db9ec823/arrayfire-3.8.0/src/core/array.rs:181: undefined reference to `af_is_scalar'
[INFO] [stdout]           /usr/bin/ld: /opt/rustwide/target/debug/examples/lid-3bded1315105e42e.lid.d6codxq4-cgu.5.rcgu.o: in function `arrayfire::core::array::Array<T>::is_scalar':
[INFO] [stdout]           /opt/rustwide/cargo-home/registry/src/github.com-1ecc6299db9ec823/arrayfire-3.8.0/src/core/array.rs:181: undefined reference to `af_is_scalar'
[INFO] [stdout]           /usr/bin/ld: /opt/rustwide/target/debug/examples/lid-3bded1315105e42e.lid.d6codxq4-cgu.5.rcgu.o: in function `arrayfire::core::array::Array<T>::is_scalar':
[INFO] [stdout]           /opt/rustwide/cargo-home/registry/src/github.com-1ecc6299db9ec823/arrayfire-3.8.0/src/core/array.rs:181: undefined reference to `af_is_scalar'
[INFO] [stdout]           /usr/bin/ld: /opt/rustwide/target/debug/examples/lid-3bded1315105e42e.lid.d6codxq4-cgu.5.rcgu.o: in function `arrayfire::core::array::Array<T>::is_scalar':
[INFO] [stdout]           /opt/rustwide/cargo-home/registry/src/github.com-1ecc6299db9ec823/arrayfire-3.8.0/src/core/array.rs:181: undefined reference to `af_is_scalar'
[INFO] [stdout]           /usr/bin/ld: /opt/rustwide/target/debug/examples/lid-3bded1315105e42e.lid.d6codxq4-cgu.7.rcgu.o: in function `arrayfire::blas::transpose':
[INFO] [stdout]           /opt/rustwide/cargo-home/registry/src/github.com-1ecc6299db9ec823/arrayfire-3.8.0/src/blas/mod.rs:225: undefined reference to `af_transpose'
[INFO] [stdout]           /usr/bin/ld: /opt/rustwide/target/debug/examples/lid-3bded1315105e42e.lid.d6codxq4-cgu.8.rcgu.o: in function `arrayfire::graphics::Window::draw_image':
[INFO] [stdout]           /opt/rustwide/cargo-home/registry/src/github.com-1ecc6299db9ec823/arrayfire-3.8.0/src/graphics/mod.rs:600: undefined reference to `af_draw_image'
[INFO] [stdout]           /usr/bin/ld: /opt/rustwide/target/debug/examples/lid-3bded1315105e42e.lid.d6codxq4-cgu.8.rcgu.o: in function `arrayfire::graphics::Window::draw_vector_field2':
[INFO] [stdout]           /opt/rustwide/cargo-home/registry/src/github.com-1ecc6299db9ec823/arrayfire-3.8.0/src/graphics/mod.rs:926: undefined reference to `af_draw_vector_field_2d'
[INFO] [stdout]           /usr/bin/ld: /opt/rustwide/target/debug/deps/libarrayfire-1e6678b07c5d6408.rlib(arrayfire-1e6678b07c5d6408.arrayfire.9c0uqlmf-cgu.13.rcgu.o): in function `arrayfire::core::device::info':
[INFO] [stdout]           /opt/rustwide/cargo-home/registry/src/github.com-1ecc6299db9ec823/arrayfire-3.8.0/src/core/device.rs:82: undefined reference to `af_info'
[INFO] [stdout]           /usr/bin/ld: /opt/rustwide/target/debug/deps/libarrayfire-1e6678b07c5d6408.rlib(arrayfire-1e6678b07c5d6408.arrayfire.9c0uqlmf-cgu.13.rcgu.o): in function `arrayfire::core::device::set_device':
[INFO] [stdout]           /opt/rustwide/cargo-home/registry/src/github.com-1ecc6299db9ec823/arrayfire-3.8.0/src/core/device.rs:190: undefined reference to `af_set_device'
[INFO] [stdout]           /usr/bin/ld: /opt/rustwide/target/debug/deps/libarrayfire-1e6678b07c5d6408.rlib(arrayfire-1e6678b07c5d6408.arrayfire.9c0uqlmf-cgu.13.rcgu.o): in function `arrayfire::core::device::device_mem_info':
[INFO] [stdout]           /opt/rustwide/cargo-home/registry/src/github.com-1ecc6299db9ec823/arrayfire-3.8.0/src/core/device.rs:225: undefined reference to `af_device_mem_info'
[INFO] [stdout]           /usr/bin/ld: /opt/rustwide/target/debug/deps/libarrayfire-1e6678b07c5d6408.rlib(arrayfire-1e6678b07c5d6408.arrayfire.9c0uqlmf-cgu.13.rcgu.o): in function `arrayfire::core::device::sync':
[INFO] [stdout]           /opt/rustwide/cargo-home/registry/src/github.com-1ecc6299db9ec823/arrayfire-3.8.0/src/core/device.rs:317: undefined reference to `af_sync'
[INFO] [stdout]           /usr/bin/ld: /opt/rustwide/target/debug/deps/libarrayfire-1e6678b07c5d6408.rlib(arrayfire-1e6678b07c5d6408.arrayfire.9c0uqlmf-cgu.15.rcgu.o): in function `arrayfire::core::backend::set_backend':
[INFO] [stdout]           /opt/rustwide/cargo-home/registry/src/github.com-1ecc6299db9ec823/arrayfire-3.8.0/src/core/backend.rs:20: undefined reference to `af_set_backend'
[INFO] [stdout]           /usr/bin/ld: /opt/rustwide/target/debug/deps/libarrayfire-1e6678b07c5d6408.rlib(arrayfire-1e6678b07c5d6408.arrayfire.9c0uqlmf-cgu.15.rcgu.o): in function `arrayfire::core::error::get_last_error':
[INFO] [stdout]           /opt/rustwide/cargo-home/registry/src/github.com-1ecc6299db9ec823/arrayfire-3.8.0/src/core/error.rs:104: undefined reference to `af_get_last_error'
[INFO] [stdout]           /usr/bin/ld: /opt/rustwide/target/debug/deps/libarrayfire-1e6678b07c5d6408.rlib(arrayfire-1e6678b07c5d6408.arrayfire.9c0uqlmf-cgu.2.rcgu.o): in function `<arrayfire::core::index::Indexer as core::default::Default>::default':
[INFO] [stdout]           /opt/rustwide/cargo-home/registry/src/github.com-1ecc6299db9ec823/arrayfire-3.8.0/src/core/index.rs:186: undefined reference to `af_create_indexers'
[INFO] [stdout]           /usr/bin/ld: /opt/rustwide/target/debug/deps/libarrayfire-1e6678b07c5d6408.rlib(arrayfire-1e6678b07c5d6408.arrayfire.9c0uqlmf-cgu.2.rcgu.o): in function `<arrayfire::core::index::Indexer as core::ops::drop::Drop>::drop':
[INFO] [stdout]           /opt/rustwide/cargo-home/registry/src/github.com-1ecc6299db9ec823/arrayfire-3.8.0/src/core/index.rs:241: undefined reference to `af_release_indexers'
[INFO] [stdout]           /usr/bin/ld: /opt/rustwide/target/debug/deps/libarrayfire-1e6678b07c5d6408.rlib(arrayfire-1e6678b07c5d6408.arrayfire.9c0uqlmf-cgu.4.rcgu.o): in function `<u64 as arrayfire::core::data::ConstGenerator>::generate':
[INFO] [stdout]           /opt/rustwide/cargo-home/registry/src/github.com-1ecc6299db9ec823/arrayfire-3.8.0/src/core/data.rs:163: undefined reference to `af_constant_ulong'
[INFO] [stdout]           /usr/bin/ld: /opt/rustwide/target/debug/deps/libarrayfire-1e6678b07c5d6408.rlib(arrayfire-1e6678b07c5d6408.arrayfire.9c0uqlmf-cgu.4.rcgu.o): in function `<f32 as arrayfire::core::data::ConstGenerator>::generate':
[INFO] [stdout]           /opt/rustwide/cargo-home/registry/src/github.com-1ecc6299db9ec823/arrayfire-3.8.0/src/core/data.rs:242: undefined reference to `af_constant'
[INFO] [stdout]           /usr/bin/ld: /opt/rustwide/target/debug/deps/libarrayfire-1e6678b07c5d6408.rlib(arrayfire-1e6678b07c5d6408.arrayfire.9c0uqlmf-cgu.4.rcgu.o): in function `<i32 as arrayfire::core::data::ConstGenerator>::generate':
[INFO] [stdout]           /opt/rustwide/cargo-home/registry/src/github.com-1ecc6299db9ec823/arrayfire-3.8.0/src/core/data.rs:242: undefined reference to `af_constant'
[INFO] [stdout]           /usr/bin/ld: /opt/rustwide/target/debug/deps/libarrayfire-1e6678b07c5d6408.rlib(arrayfire-1e6678b07c5d6408.arrayfire.9c0uqlmf-cgu.5.rcgu.o): in function `<arrayfire::graphics::Window as core::ops::drop::Drop>::drop':
[INFO] [stdout]           /opt/rustwide/cargo-home/registry/src/github.com-1ecc6299db9ec823/arrayfire-3.8.0/src/graphics/mod.rs:191: undefined reference to `af_destroy_window'
[INFO] [stdout]           /usr/bin/ld: /opt/rustwide/target/debug/deps/libarrayfire-1e6678b07c5d6408.rlib(arrayfire-1e6678b07c5d6408.arrayfire.9c0uqlmf-cgu.5.rcgu.o): in function `arrayfire::graphics::Window::new':
[INFO] [stdout]           /opt/rustwide/cargo-home/registry/src/github.com-1ecc6299db9ec823/arrayfire-3.8.0/src/graphics/mod.rs:223: undefined reference to `af_create_window'
[INFO] [stdout]           /usr/bin/ld: /opt/rustwide/target/debug/deps/libarrayfire-1e6678b07c5d6408.rlib(arrayfire-1e6678b07c5d6408.arrayfire.9c0uqlmf-cgu.5.rcgu.o): in function `arrayfire::graphics::Window::is_closed':
[INFO] [stdout]           /opt/rustwide/cargo-home/registry/src/github.com-1ecc6299db9ec823/arrayfire-3.8.0/src/graphics/mod.rs:309: undefined reference to `af_is_window_closed'
[INFO] [stdout]           /usr/bin/ld: /opt/rustwide/target/debug/deps/libarrayfire-1e6678b07c5d6408.rlib(arrayfire-1e6678b07c5d6408.arrayfire.9c0uqlmf-cgu.5.rcgu.o): in function `arrayfire::graphics::Window::grid':
[INFO] [stdout]           /opt/rustwide/cargo-home/registry/src/github.com-1ecc6299db9ec823/arrayfire-3.8.0/src/graphics/mod.rs:323: undefined reference to `af_grid'
[INFO] [stdout]           /usr/bin/ld: /opt/rustwide/target/debug/deps/libarrayfire-1e6678b07c5d6408.rlib(arrayfire-1e6678b07c5d6408.arrayfire.9c0uqlmf-cgu.5.rcgu.o): in function `arrayfire::graphics::Window::show':
[INFO] [stdout]           /opt/rustwide/cargo-home/registry/src/github.com-1ecc6299db9ec823/arrayfire-3.8.0/src/graphics/mod.rs:332: undefined reference to `af_show'
[INFO] [stdout]           /usr/bin/ld: /opt/rustwide/target/debug/deps/libarrayfire-1e6678b07c5d6408.rlib(arrayfire-1e6678b07c5d6408.arrayfire.9c0uqlmf-cgu.5.rcgu.o): in function `arrayfire::graphics::Window::set_axes_limits_2d':
[INFO] [stdout]           /opt/rustwide/cargo-home/registry/src/github.com-1ecc6299db9ec823/arrayfire-3.8.0/src/graphics/mod.rs:515: undefined reference to `af_set_axes_limits_2d'
[INFO] [stdout]           /usr/bin/ld: /opt/rustwide/target/debug/deps/libarrayfire-1e6678b07c5d6408.rlib(arrayfire-1e6678b07c5d6408.arrayfire.9c0uqlmf-cgu.8.rcgu.o): in function `<arrayfire::core::array::Array<T> as core::clone::Clone>::clone':
[INFO] [stdout]           /opt/rustwide/cargo-home/registry/src/github.com-1ecc6299db9ec823/arrayfire-3.8.0/src/core/array.rs:694: undefined reference to `af_retain_array'
[INFO] [stdout]           /usr/bin/ld: /opt/rustwide/target/debug/deps/libarrayfire-1e6678b07c5d6408.rlib(arrayfire-1e6678b07c5d6408.arrayfire.9c0uqlmf-cgu.8.rcgu.o): in function `<arrayfire::core::array::Array<T> as core::ops::drop::Drop>::drop':
[INFO] [stdout]           /opt/rustwide/cargo-home/registry/src/github.com-1ecc6299db9ec823/arrayfire-3.8.0/src/core/array.rs:710: undefined reference to `af_release_array'
[INFO] [stdout]           /usr/bin/ld: /opt/rustwide/target/debug/deps/libarrayfire-1e6678b07c5d6408.rlib(arrayfire-1e6678b07c5d6408.arrayfire.9c0uqlmf-cgu.8.rcgu.o): in function `arrayfire::core::util::free_host':
[INFO] [stdout]           /opt/rustwide/cargo-home/registry/src/github.com-1ecc6299db9ec823/arrayfire-3.8.0/src/core/util.rs:68: undefined reference to `af_free_host'
[INFO] [stdout]           collect2: error: ld returned 1 exit status
[INFO] [stdout]           
[INFO] [stdout] 
[INFO] [stdout] 
[INFO] [stdout] error: aborting due to previous error
[INFO] [stdout] 
[INFO] [stdout] 
[INFO] [stdout] error: linking with `cc` failed: exit status: 1
[INFO] [stdout]   |
[INFO] [stdout]   = note: "cc" "-m64" "/opt/rustwide/target/debug/examples/af_to_texture-e5b7a549f6c1f8a3.af_to_texture.ey1maz3z-cgu.0.rcgu.o" "/opt/rustwide/target/debug/examples/af_to_texture-e5b7a549f6c1f8a3.af_to_texture.ey1maz3z-cgu.1.rcgu.o" "/opt/rustwide/target/debug/examples/af_to_texture-e5b7a549f6c1f8a3.af_to_texture.ey1maz3z-cgu.10.rcgu.o" "/opt/rustwide/target/debug/examples/af_to_texture-e5b7a549f6c1f8a3.af_to_texture.ey1maz3z-cgu.11.rcgu.o" "/opt/rustwide/target/debug/examples/af_to_texture-e5b7a549f6c1f8a3.af_to_texture.ey1maz3z-cgu.12.rcgu.o" "/opt/rustwide/target/debug/examples/af_to_texture-e5b7a549f6c1f8a3.af_to_texture.ey1maz3z-cgu.13.rcgu.o" "/opt/rustwide/target/debug/examples/af_to_texture-e5b7a549f6c1f8a3.af_to_texture.ey1maz3z-cgu.14.rcgu.o" "/opt/rustwide/target/debug/examples/af_to_texture-e5b7a549f6c1f8a3.af_to_texture.ey1maz3z-cgu.15.rcgu.o" "/opt/rustwide/target/debug/examples/af_to_texture-e5b7a549f6c1f8a3.af_to_texture.ey1maz3z-cgu.2.rcgu.o" "/opt/rustwide/target/debug/examples/af_to_texture-e5b7a549f6c1f8a3.af_to_texture.ey1maz3z-cgu.3.rcgu.o" "/opt/rustwide/target/debug/examples/af_to_texture-e5b7a549f6c1f8a3.af_to_texture.ey1maz3z-cgu.4.rcgu.o" "/opt/rustwide/target/debug/examples/af_to_texture-e5b7a549f6c1f8a3.af_to_texture.ey1maz3z-cgu.5.rcgu.o" "/opt/rustwide/target/debug/examples/af_to_texture-e5b7a549f6c1f8a3.af_to_texture.ey1maz3z-cgu.6.rcgu.o" "/opt/rustwide/target/debug/examples/af_to_texture-e5b7a549f6c1f8a3.af_to_texture.ey1maz3z-cgu.7.rcgu.o" "/opt/rustwide/target/debug/examples/af_to_texture-e5b7a549f6c1f8a3.af_to_texture.ey1maz3z-cgu.8.rcgu.o" "/opt/rustwide/target/debug/examples/af_to_texture-e5b7a549f6c1f8a3.af_to_texture.ey1maz3z-cgu.9.rcgu.o" "/opt/rustwide/target/debug/examples/af_to_texture-e5b7a549f6c1f8a3.3j3mf0t5q59blhiz.rcgu.o" "-Wl,--as-needed" "-L" "/opt/rustwide/target/debug/deps" "-L" "/opt/arrayfire/lib" "-L" "/opt/arrayfire/lib64" "-L" "/usr/local/lib" "-L" "/usr/lib" "-L" "/opt/rustwide/target/debug/build/gl_loader-cf8d995095211f25/out" "-L" "/opt/rustwide/rustup-home/toolchains/1.54.0-x86_64-unknown-linux-gnu/lib/rustlib/x86_64-unknown-linux-gnu/lib" "-Wl,-Bstatic" "/opt/rustwide/target/debug/deps/libarrayfire-1e6678b07c5d6408.rlib" "/opt/rustwide/target/debug/deps/libhalf-748f22a4344eb45d.rlib" "/opt/rustwide/target/debug/deps/libnum-17a14fbdb08e264f.rlib" "/opt/rustwide/target/debug/deps/libnum_rational-2c21cf9fb92e11ed.rlib" "/opt/rustwide/target/debug/deps/libnum_iter-e313f3ea9a97bed0.rlib" "/opt/rustwide/target/debug/deps/libnum_complex-3fbc6db162d78afa.rlib" "/opt/rustwide/target/debug/deps/libnum_bigint-734f8c69e5cbb886.rlib" "/opt/rustwide/target/debug/deps/libnum_integer-16689c6d685d3c57.rlib" "/opt/rustwide/target/debug/deps/libnum_traits-a2639720a0ec4c76.rlib" "/opt/rustwide/target/debug/deps/libglium-45c75e89f6d84ec5.rlib" "/opt/rustwide/target/debug/deps/libbacktrace-a573ee5729de4420.rlib" "/opt/rustwide/target/debug/deps/libminiz_oxide-44d602158588c339.rlib" "/opt/rustwide/target/debug/deps/libadler-21b6e26b0dda2395.rlib" "/opt/rustwide/target/debug/deps/libobject-4f6e4f4a4187d08e.rlib" "/opt/rustwide/target/debug/deps/libaddr2line-fb3d74189bdf5036.rlib" "/opt/rustwide/target/debug/deps/libgimli-d6ff60a9dca4d8b3.rlib" "/opt/rustwide/target/debug/deps/librustc_demangle-933b79095441a64a.rlib" "/opt/rustwide/target/debug/deps/libmemoffset-8cc8e4330e8d14b5.rlib" "/opt/rustwide/target/debug/deps/libtakeable_option-69c40239fb3f5119.rlib" "/opt/rustwide/target/debug/deps/libglutin-20aa520381f6e550.rlib" "/opt/rustwide/target/debug/deps/libwayland_egl-c9f82fd1e7995ace.rlib" "/opt/rustwide/target/debug/deps/libosmesa_sys-729a757b434d5473.rlib" "/opt/rustwide/target/debug/deps/libshared_library-f2a36d018542dbe9.rlib" "/opt/rustwide/target/debug/deps/libwinit-a9fa3e8e051bf79a.rlib" "/opt/rustwide/target/debug/deps/libmio_extras-e4da2ef1e894b5b3.rlib" "/opt/rustwide/target/debug/deps/libmio-de95e85e9dba44b2.rlib" "/opt/rustwide/target/debug/deps/libslab-26d05b350ac0da07.rlib" "/opt/rustwide/target/debug/deps/libiovec-deedbc9b8939ad57.rlib" "/opt/rustwide/target/debug/deps/libnet2-cf7fd4f538f0f409.rlib" "/opt/rustwide/target/debug/deps/liblazycell-05b01983d1848580.rlib" "/opt/rustwide/target/debug/deps/libpercent_encoding-549c334c22432c49.rlib" "/opt/rustwide/target/debug/deps/libsmithay_client_toolkit-b09de6345d2c80ff.rlib" "/opt/rustwide/target/debug/deps/libandrew-2e0c9f58cfefb68f.rlib" "/opt/rustwide/target/debug/deps/libxml-f0211806b299c0ce.rlib" "/opt/rustwide/target/debug/deps/libxdg-647441c92ee2915e.rlib" "/opt/rustwide/target/debug/deps/libwalkdir-e990d787991df0fa.rlib" "/opt/rustwide/target/debug/deps/libsame_file-6c7da3b22554f6bc.rlib" "/opt/rustwide/target/debug/deps/librusttype-a700fdc839708b1d.rlib" "/opt/rustwide/target/debug/deps/libab_glyph_rasterizer-8f0e5b321a3126db.rlib" "/opt/rustwide/target/debug/deps/libowned_ttf_parser-aeadc6ed44872987.rlib" "/opt/rustwide/target/debug/deps/libttf_parser-e67ab49fd649a937.rlib" "/opt/rustwide/target/debug/deps/libwayland_cursor-848884d66bf643c2.rlib" "/opt/rustwide/target/debug/deps/libxcursor-e46ce9026bea178c.rlib" "/opt/rustwide/target/debug/deps/libnom-f7170a32b962afda.rlib" "/opt/rustwide/target/debug/deps/libmemchr-9559fd627c3017a7.rlib" "/opt/rustwide/target/debug/deps/libmemmap2-499c02e08984e1b0.rlib" "/opt/rustwide/target/debug/deps/libwayland_protocols-04aa35fe2ec73874.rlib" "/opt/rustwide/target/debug/deps/libwayland_client-ea35cb00e180403f.rlib" "/opt/rustwide/target/debug/deps/libscoped_tls-602338794b502a6b.rlib" "/opt/rustwide/target/debug/deps/libwayland_commons-851260a5ce3a9084.rlib" "/opt/rustwide/target/debug/deps/libonce_cell-7362716c75555928.rlib" "/opt/rustwide/target/debug/deps/libnix-43593e694ff80fbf.rlib" "/opt/rustwide/target/debug/deps/libwayland_sys-56c07605832b48ed.rlib" "/opt/rustwide/target/debug/deps/libdlib-9970c972dfed9ae3.rlib" "/opt/rustwide/target/debug/deps/liblibloading-d887e5e0d4d6db03.rlib" "/opt/rustwide/target/debug/deps/libcalloop-727dc1007704fae4.rlib" "/opt/rustwide/target/debug/deps/libnix-7a35b9e2ef89322c.rlib" "/opt/rustwide/target/debug/deps/libcfg_if-e7a28af79b261e75.rlib" "/opt/rustwide/target/debug/deps/libdlib-40a46e0818b00e1b.rlib" "/opt/rustwide/target/debug/deps/liblibloading-4cbef60d97a68c9e.rlib" "/opt/rustwide/target/debug/deps/libraw_window_handle-8d4f4922ec6122ee.rlib" "/opt/rustwide/target/debug/deps/libparking_lot-dff30235e19977ec.rlib" "/opt/rustwide/target/debug/deps/libparking_lot_core-87bff85b60dc36ca.rlib" "/opt/rustwide/target/debug/deps/libsmallvec-cd9632e27e802452.rlib" "/opt/rustwide/target/debug/deps/liblock_api-98b3ef158a6bc1a6.rlib" "/opt/rustwide/target/debug/deps/libscopeguard-7a1710762e6687e9.rlib" "/opt/rustwide/target/debug/deps/libinstant-b15b767f83caad3c.rlib" "/opt/rustwide/target/debug/deps/libbitflags-f89ae4b715176e2d.rlib" "/opt/rustwide/target/debug/deps/libglutin_glx_sys-143426d801e6088f.rlib" "/opt/rustwide/target/debug/deps/libx11_dl-aead7f4eb1db5d0f.rlib" "/opt/rustwide/target/debug/deps/libmaybe_uninit-17ac005437abed86.rlib" "/opt/rustwide/target/debug/deps/liblibc-8efd53b0373d9232.rlib" "/opt/rustwide/target/debug/deps/libglutin_egl_sys-7156dc5320fcba04.rlib" "/opt/rustwide/target/debug/deps/liblog-4b86878a3d26a8bb.rlib" "/opt/rustwide/target/debug/deps/libserde-c7106c1bfda13e59.rlib" "/opt/rustwide/target/debug/deps/libcfg_if-38c8a3e888ecb06a.rlib" "/opt/rustwide/target/debug/deps/libfnv-56e05e18a5751d51.rlib" "/opt/rustwide/target/debug/deps/liblazy_static-5c53d641eb010a81.rlib" "-Wl,--start-group" "/opt/rustwide/rustup-home/toolchains/1.54.0-x86_64-unknown-linux-gnu/lib/rustlib/x86_64-unknown-linux-gnu/lib/libstd-2420485b9e5ef5e1.rlib" "/opt/rustwide/rustup-home/toolchains/1.54.0-x86_64-unknown-linux-gnu/lib/rustlib/x86_64-unknown-linux-gnu/lib/libpanic_unwind-785e3cb61c4b1960.rlib" "/opt/rustwide/rustup-home/toolchains/1.54.0-x86_64-unknown-linux-gnu/lib/rustlib/x86_64-unknown-linux-gnu/lib/libminiz_oxide-087191a88bdaa22d.rlib" "/opt/rustwide/rustup-home/toolchains/1.54.0-x86_64-unknown-linux-gnu/lib/rustlib/x86_64-unknown-linux-gnu/lib/libadler-9981842c02975178.rlib" "/opt/rustwide/rustup-home/toolchains/1.54.0-x86_64-unknown-linux-gnu/lib/rustlib/x86_64-unknown-linux-gnu/lib/libobject-6fb405869b015fde.rlib" "/opt/rustwide/rustup-home/toolchains/1.54.0-x86_64-unknown-linux-gnu/lib/rustlib/x86_64-unknown-linux-gnu/lib/libaddr2line-d05c5c3c56004b7b.rlib" "/opt/rustwide/rustup-home/toolchains/1.54.0-x86_64-unknown-linux-gnu/lib/rustlib/x86_64-unknown-linux-gnu/lib/libgimli-42d74d2097528b38.rlib" "/opt/rustwide/rustup-home/toolchains/1.54.0-x86_64-unknown-linux-gnu/lib/rustlib/x86_64-unknown-linux-gnu/lib/libstd_detect-fb36534c113d2209.rlib" "/opt/rustwide/rustup-home/toolchains/1.54.0-x86_64-unknown-linux-gnu/lib/rustlib/x86_64-unknown-linux-gnu/lib/librustc_demangle-b56b9042c12b6535.rlib" "/opt/rustwide/rustup-home/toolchains/1.54.0-x86_64-unknown-linux-gnu/lib/rustlib/x86_64-unknown-linux-gnu/lib/libhashbrown-491902d6cb3e76df.rlib" "/opt/rustwide/rustup-home/toolchains/1.54.0-x86_64-unknown-linux-gnu/lib/rustlib/x86_64-unknown-linux-gnu/lib/librustc_std_workspace_alloc-61834e0981b8c367.rlib" "/opt/rustwide/rustup-home/toolchains/1.54.0-x86_64-unknown-linux-gnu/lib/rustlib/x86_64-unknown-linux-gnu/lib/libunwind-f78aa99d613a55bc.rlib" "/opt/rustwide/rustup-home/toolchains/1.54.0-x86_64-unknown-linux-gnu/lib/rustlib/x86_64-unknown-linux-gnu/lib/libcfg_if-53ee54cd7fed2c57.rlib" "/opt/rustwide/rustup-home/toolchains/1.54.0-x86_64-unknown-linux-gnu/lib/rustlib/x86_64-unknown-linux-gnu/lib/liblibc-544ecdbd6cda3c58.rlib" "/opt/rustwide/rustup-home/toolchains/1.54.0-x86_64-unknown-linux-gnu/lib/rustlib/x86_64-unknown-linux-gnu/lib/liballoc-379cc252b6943a79.rlib" "/opt/rustwide/rustup-home/toolchains/1.54.0-x86_64-unknown-linux-gnu/lib/rustlib/x86_64-unknown-linux-gnu/lib/librustc_std_workspace_core-8063eea38dcc5e62.rlib" "/opt/rustwide/rustup-home/toolchains/1.54.0-x86_64-unknown-linux-gnu/lib/rustlib/x86_64-unknown-linux-gnu/lib/libcore-5b228734afae15ee.rlib" "-Wl,--end-group" "/opt/rustwide/rustup-home/toolchains/1.54.0-x86_64-unknown-linux-gnu/lib/rustlib/x86_64-unknown-linux-gnu/lib/libcompiler_builtins-d6c7a399d95d173f.rlib" "-Wl,-Bdynamic" "-ldl" "-lgcc_s" "-lutil" "-lrt" "-lpthread" "-lm" "-ldl" "-lc" "-Wl,--eh-frame-hdr" "-Wl,-znoexecstack" "-L" "/opt/rustwide/rustup-home/toolchains/1.54.0-x86_64-unknown-linux-gnu/lib/rustlib/x86_64-unknown-linux-gnu/lib" "-o" "/opt/rustwide/target/debug/examples/af_to_texture-e5b7a549f6c1f8a3" "-Wl,--gc-sections" "-pie" "-Wl,-zrelro" "-Wl,-znow" "-nodefaultlibs"
[INFO] [stdout]   = note: /usr/bin/ld: /opt/rustwide/target/debug/examples/af_to_texture-e5b7a549f6c1f8a3.af_to_texture.ey1maz3z-cgu.15.rcgu.o: in function `arrayfire::core::random::randu':
[INFO] [stdout]           /opt/rustwide/cargo-home/registry/src/github.com-1ecc6299db9ec823/arrayfire-3.8.0/src/core/random.rs:80: undefined reference to `af_randu'
[INFO] [stdout]           /usr/bin/ld: /opt/rustwide/target/debug/examples/af_to_texture-e5b7a549f6c1f8a3.af_to_texture.ey1maz3z-cgu.8.rcgu.o: in function `<arrayfire::core::array::Array<T> as core::ops::drop::Drop>::drop':
[INFO] [stdout]           /opt/rustwide/cargo-home/registry/src/github.com-1ecc6299db9ec823/arrayfire-3.8.0/src/core/array.rs:710: undefined reference to `af_release_array'
[INFO] [stdout]           /usr/bin/ld: /opt/rustwide/target/debug/examples/af_to_texture-e5b7a549f6c1f8a3.af_to_texture.ey1maz3z-cgu.8.rcgu.o: in function `arrayfire::core::array::Array<T>::host':
[INFO] [stdout]           /opt/rustwide/cargo-home/registry/src/github.com-1ecc6299db9ec823/arrayfire-3.8.0/src/core/array.rs:525: undefined reference to `af_get_data_ptr'
[INFO] [stdout]           /usr/bin/ld: /opt/rustwide/target/debug/examples/af_to_texture-e5b7a549f6c1f8a3.af_to_texture.ey1maz3z-cgu.8.rcgu.o: in function `arrayfire::core::array::Array<T>::elements':
[INFO] [stdout]           /opt/rustwide/cargo-home/registry/src/github.com-1ecc6299db9ec823/arrayfire-3.8.0/src/core/array.rs:410: undefined reference to `af_get_elements'
[INFO] [stdout]           /usr/bin/ld: /opt/rustwide/target/debug/deps/libarrayfire-1e6678b07c5d6408.rlib(arrayfire-1e6678b07c5d6408.arrayfire.9c0uqlmf-cgu.15.rcgu.o): in function `arrayfire::core::error::get_last_error':
[INFO] [stdout]           /opt/rustwide/cargo-home/registry/src/github.com-1ecc6299db9ec823/arrayfire-3.8.0/src/core/error.rs:104: undefined reference to `af_get_last_error'
[INFO] [stdout]           /usr/bin/ld: /opt/rustwide/target/debug/deps/libarrayfire-1e6678b07c5d6408.rlib(arrayfire-1e6678b07c5d6408.arrayfire.9c0uqlmf-cgu.8.rcgu.o): in function `arrayfire::core::util::free_host':
[INFO] [stdout]           /opt/rustwide/cargo-home/registry/src/github.com-1ecc6299db9ec823/arrayfire-3.8.0/src/core/util.rs:68: undefined reference to `af_free_host'
[INFO] [stdout]           collect2: error: ld returned 1 exit status
[INFO] [stdout]           
[INFO] [stdout] 
[INFO] [stdout] 
[INFO] [stdout] error: aborting due to previous error
[INFO] [stdout] 
[INFO] [stdout] 
[INFO] [stderr] error: build failed
[INFO] running `Command { std: "docker" "inspect" "60d6f5ede0218ceabb1e6d09064ed512bb5bc522a25fb69796668b93bf6a28c0", kill_on_drop: false }`
[INFO] running `Command { std: "docker" "rm" "-f" "60d6f5ede0218ceabb1e6d09064ed512bb5bc522a25fb69796668b93bf6a28c0", kill_on_drop: false }`
[INFO] [stdout] 60d6f5ede0218ceabb1e6d09064ed512bb5bc522a25fb69796668b93bf6a28c0
