[INFO] cloning repository https://github.com/mich101mich/aoc-2017
[INFO] running `Command { std: "git" "-c" "credential.helper=" "-c" "credential.helper=/workspace/cargo-home/bin/git-credential-null" "clone" "--bare" "https://github.com/mich101mich/aoc-2017" "/workspace/cache/git-repos/https%3A%2F%2Fgithub.com%2Fmich101mich%2Faoc-2017", kill_on_drop: false }`
[INFO] [stderr] Cloning into bare repository '/workspace/cache/git-repos/https%3A%2F%2Fgithub.com%2Fmich101mich%2Faoc-2017'...
[INFO] running `Command { std: "git" "rev-parse" "HEAD", kill_on_drop: false }`
[INFO] [stdout] b124ced892ee6bcb71aa6a124a797c7a26e1855c
[INFO] testing mich101mich/aoc-2017 against 1.54.0 for beta-1.55-1
[INFO] running `Command { std: "git" "clone" "/workspace/cache/git-repos/https%3A%2F%2Fgithub.com%2Fmich101mich%2Faoc-2017" "/workspace/builds/worker-7/source", kill_on_drop: false }`
[INFO] [stderr] Cloning into '/workspace/builds/worker-7/source'...
[INFO] [stderr] done.
[INFO] validating manifest of git repo https://github.com/mich101mich/aoc-2017 on toolchain 1.54.0
[INFO] running `Command { std: "/workspace/cargo-home/bin/cargo" "+1.54.0" "metadata" "--manifest-path" "Cargo.toml" "--no-deps", kill_on_drop: false }`
[INFO] started tweaking git repo https://github.com/mich101mich/aoc-2017
[INFO] finished tweaking git repo https://github.com/mich101mich/aoc-2017
[INFO] tweaked toml for git repo https://github.com/mich101mich/aoc-2017 written to /workspace/builds/worker-7/source/Cargo.toml
[INFO] crate git repo https://github.com/mich101mich/aoc-2017 already has a lockfile, it will not be regenerated
[INFO] running `Command { std: "/workspace/cargo-home/bin/cargo" "+1.54.0" "fetch" "--manifest-path" "Cargo.toml", kill_on_drop: false }`
[INFO] running `Command { std: "docker" "create" "-v" "/var/lib/crater-agent-workspace/builds/worker-7/target:/opt/rustwide/target:rw,Z" "-v" "/var/lib/crater-agent-workspace/builds/worker-7/source:/opt/rustwide/workdir:ro,Z" "-v" "/var/lib/crater-agent-workspace/cargo-home:/opt/rustwide/cargo-home:ro,Z" "-v" "/var/lib/crater-agent-workspace/rustup-home:/opt/rustwide/rustup-home:ro,Z" "-e" "SOURCE_DIR=/opt/rustwide/workdir" "-e" "CARGO_TARGET_DIR=/opt/rustwide/target" "-e" "CARGO_HOME=/opt/rustwide/cargo-home" "-e" "RUSTUP_HOME=/opt/rustwide/rustup-home" "-w" "/opt/rustwide/workdir" "-m" "1610612736" "--user" "0:0" "--network" "none" "ghcr.io/rust-lang/crates-build-env/linux@sha256:34b6a614d2c27851fe6cbf88fbd1137609cefab8b10d0615aaeb6fd47975d74e" "/opt/rustwide/cargo-home/bin/cargo" "+1.54.0" "metadata" "--no-deps" "--format-version=1", kill_on_drop: false }`
[INFO] [stdout] b8b7007ace002a0a793d647b726296e73b84cfb6d7166d33d35b1e3451797ad7
[INFO] [stderr] WARNING: Your kernel does not support swap limit capabilities or the cgroup is not mounted. Memory limited without swap.
[INFO] running `Command { std: "docker" "start" "-a" "b8b7007ace002a0a793d647b726296e73b84cfb6d7166d33d35b1e3451797ad7", kill_on_drop: false }`
[INFO] running `Command { std: "docker" "inspect" "b8b7007ace002a0a793d647b726296e73b84cfb6d7166d33d35b1e3451797ad7", kill_on_drop: false }`
[INFO] running `Command { std: "docker" "rm" "-f" "b8b7007ace002a0a793d647b726296e73b84cfb6d7166d33d35b1e3451797ad7", kill_on_drop: false }`
[INFO] [stdout] b8b7007ace002a0a793d647b726296e73b84cfb6d7166d33d35b1e3451797ad7
[INFO] running `Command { std: "docker" "create" "-v" "/var/lib/crater-agent-workspace/builds/worker-7/target:/opt/rustwide/target:rw,Z" "-v" "/var/lib/crater-agent-workspace/builds/worker-7/source:/opt/rustwide/workdir:ro,Z" "-v" "/var/lib/crater-agent-workspace/cargo-home:/opt/rustwide/cargo-home:ro,Z" "-v" "/var/lib/crater-agent-workspace/rustup-home:/opt/rustwide/rustup-home:ro,Z" "-e" "SOURCE_DIR=/opt/rustwide/workdir" "-e" "CARGO_TARGET_DIR=/opt/rustwide/target" "-e" "CARGO_INCREMENTAL=0" "-e" "RUST_BACKTRACE=full" "-e" "RUSTFLAGS=--cap-lints=warn" "-e" "CARGO_HOME=/opt/rustwide/cargo-home" "-e" "RUSTUP_HOME=/opt/rustwide/rustup-home" "-w" "/opt/rustwide/workdir" "-m" "1610612736" "--user" "0:0" "--network" "none" "ghcr.io/rust-lang/crates-build-env/linux@sha256:34b6a614d2c27851fe6cbf88fbd1137609cefab8b10d0615aaeb6fd47975d74e" "/opt/rustwide/cargo-home/bin/cargo" "+1.54.0" "build" "--frozen" "--message-format=json", kill_on_drop: false }`
[INFO] [stdout] 2e585375c5925d8569ba7ee20b38f6ebf3128dbd0b4e3b00adf9e04cf8b407c5
[INFO] [stderr] WARNING: Your kernel does not support swap limit capabilities or the cgroup is not mounted. Memory limited without swap.
[INFO] running `Command { std: "docker" "start" "-a" "2e585375c5925d8569ba7ee20b38f6ebf3128dbd0b4e3b00adf9e04cf8b407c5", kill_on_drop: false }`
[INFO] [stderr]    Compiling permutohedron v0.2.4
[INFO] [stderr]    Compiling scan_fmt v0.2.5
[INFO] [stderr]    Compiling aoc-2017 v0.1.0 (/opt/rustwide/workdir)
[INFO] [stdout] error[E0583]: file not found for module `utils`
[INFO] [stdout]  --> src/main.rs:7:1
[INFO] [stdout]   |
[INFO] [stdout] 7 | mod utils;
[INFO] [stdout]   | ^^^^^^^^^^
[INFO] [stdout]   |
[INFO] [stdout]   = help: to create the module `utils`, create file "src/utils.rs" or "src/utils/mod.rs"
[INFO] [stdout] 
[INFO] [stdout] 
[INFO] [stdout] error: cannot find macro `scanf` in this scope
[INFO] [stdout]   --> src/days/day_25.rs:11:21
[INFO] [stdout]    |
[INFO] [stdout] 11 |     let mut state = scanf!(lines[0], "Begin in state {}.", char);
[INFO] [stdout]    |                     ^^^^^
[INFO] [stdout] 
[INFO] [stdout] 
[INFO] [stdout] error: cannot find macro `scanf` in this scope
[INFO] [stdout]   --> src/days/day_25.rs:12:16
[INFO] [stdout]    |
[INFO] [stdout] 12 |     let goal = scanf!(
[INFO] [stdout]    |                ^^^^^
[INFO] [stdout] 
[INFO] [stdout] 
[INFO] [stdout] error: cannot find macro `scanf` in this scope
[INFO] [stdout]   --> src/days/day_25.rs:21:20
[INFO] [stdout]    |
[INFO] [stdout] 21 |         let name = scanf!(lines[i], "In state {}:", char);
[INFO] [stdout]    |                    ^^^^^
[INFO] [stdout] 
[INFO] [stdout] 
[INFO] [stdout] error: cannot find macro `scanf` in this scope
[INFO] [stdout]   --> src/days/day_25.rs:23:18
[INFO] [stdout]    |
[INFO] [stdout] 23 |         let v0 = scanf!(lines[i + 2], "    - Write the value {}.", usize);
[INFO] [stdout]    |                  ^^^^^
[INFO] [stdout] 
[INFO] [stdout] 
[INFO] [stdout] error: cannot find macro `scanf` in this scope
[INFO] [stdout]   --> src/days/day_25.rs:25:18
[INFO] [stdout]    |
[INFO] [stdout] 25 |         let s0 = scanf!(lines[i + 4], "    - Continue with state {}.", char);
[INFO] [stdout]    |                  ^^^^^
[INFO] [stdout] 
[INFO] [stdout] 
[INFO] [stdout] error: cannot find macro `scanf` in this scope
[INFO] [stdout]   --> src/days/day_25.rs:27:18
[INFO] [stdout]    |
[INFO] [stdout] 27 |         let v1 = scanf!(lines[i + 6], "    - Write the value {}.", usize);
[INFO] [stdout]    |                  ^^^^^
[INFO] [stdout] 
[INFO] [stdout] 
[INFO] [stdout] error: cannot find macro `scanf` in this scope
[INFO] [stdout]   --> src/days/day_25.rs:29:18
[INFO] [stdout]    |
[INFO] [stdout] 29 |         let s1 = scanf!(lines[i + 8], "    - Continue with state {}.", char);
[INFO] [stdout]    |                  ^^^^^
[INFO] [stdout] 
[INFO] [stdout] 
[INFO] [stdout] error: cannot find macro `pv` in this scope
[INFO] [stdout]   --> src/days/day_25.rs:56:5
[INFO] [stdout]    |
[INFO] [stdout] 56 |     pv!(sum);
[INFO] [stdout]    |     ^^
[INFO] [stdout] 
[INFO] [stdout] 
[INFO] [stdout] error[E0433]: failed to resolve: use of undeclared type `HashMap`
[INFO] [stdout]   --> src/days/day_25.rs:18:22
[INFO] [stdout]    |
[INFO] [stdout] 18 |     let mut states = HashMap::new();
[INFO] [stdout]    |                      ^^^^^^^ not found in this scope
[INFO] [stdout]    |
[INFO] [stdout] help: consider importing this struct
[INFO] [stdout]    |
[INFO] [stdout] 1  | use std::collections::HashMap;
[INFO] [stdout]    |
[INFO] [stdout] 
[INFO] [stdout] 
[INFO] [stdout] error[E0599]: no method named `to_vec` found for struct `std::str::Lines` in the current scope
[INFO] [stdout]  --> src/days/day_25.rs:8:35
[INFO] [stdout]   |
[INFO] [stdout] 8 |     let mut lines = input.lines().to_vec();
[INFO] [stdout]   |                                   ^^^^^^ method not found in `std::str::Lines<'_>`
[INFO] [stdout] 
[INFO] [stdout] 
[INFO] [stdout] error: aborting due to 11 previous errors
[INFO] [stdout] 
[INFO] [stdout] 
[INFO] [stdout] Some errors have detailed explanations: E0433, E0583, E0599.
[INFO] [stdout] 
[INFO] [stdout] For more information about an error, try `rustc --explain E0433`.
[INFO] [stdout] 
[INFO] [stderr] error: could not compile `aoc-2017`
[INFO] [stderr] 
[INFO] [stderr] To learn more, run the command again with --verbose.
[INFO] running `Command { std: "docker" "inspect" "2e585375c5925d8569ba7ee20b38f6ebf3128dbd0b4e3b00adf9e04cf8b407c5", kill_on_drop: false }`
[INFO] running `Command { std: "docker" "rm" "-f" "2e585375c5925d8569ba7ee20b38f6ebf3128dbd0b4e3b00adf9e04cf8b407c5", kill_on_drop: false }`
[INFO] [stdout] 2e585375c5925d8569ba7ee20b38f6ebf3128dbd0b4e3b00adf9e04cf8b407c5
