[INFO] cloning repository https://github.com/meh/spork
[INFO] running `Command { std: "git" "-c" "credential.helper=" "-c" "credential.helper=/workspace/cargo-home/bin/git-credential-null" "clone" "--bare" "https://github.com/meh/spork" "/workspace/cache/git-repos/https%3A%2F%2Fgithub.com%2Fmeh%2Fspork", kill_on_drop: false }`
[INFO] [stderr] Cloning into bare repository '/workspace/cache/git-repos/https%3A%2F%2Fgithub.com%2Fmeh%2Fspork'...
[INFO] running `Command { std: "git" "rev-parse" "HEAD", kill_on_drop: false }`
[INFO] [stdout] cd10997d7cedf0c6a7f14962fb6c87ee462abf19
[INFO] testing meh/spork against 1.54.0 for beta-1.55-1
[INFO] running `Command { std: "git" "clone" "/workspace/cache/git-repos/https%3A%2F%2Fgithub.com%2Fmeh%2Fspork" "/workspace/builds/worker-119/source", kill_on_drop: false }`
[INFO] [stderr] Cloning into '/workspace/builds/worker-119/source'...
[INFO] [stderr] done.
[INFO] validating manifest of git repo https://github.com/meh/spork on toolchain 1.54.0
[INFO] running `Command { std: "/workspace/cargo-home/bin/cargo" "+1.54.0" "metadata" "--manifest-path" "Cargo.toml" "--no-deps", kill_on_drop: false }`
[INFO] started tweaking git repo https://github.com/meh/spork
[INFO] finished tweaking git repo https://github.com/meh/spork
[INFO] tweaked toml for git repo https://github.com/meh/spork written to /workspace/builds/worker-119/source/Cargo.toml
[INFO] crate git repo https://github.com/meh/spork already has a lockfile, it will not be regenerated
[INFO] running `Command { std: "/workspace/cargo-home/bin/cargo" "+1.54.0" "fetch" "--manifest-path" "Cargo.toml", kill_on_drop: false }`
[INFO] running `Command { std: "docker" "create" "-v" "/var/lib/crater-agent-workspace/builds/worker-119/target:/opt/rustwide/target:rw,Z" "-v" "/var/lib/crater-agent-workspace/builds/worker-119/source:/opt/rustwide/workdir:ro,Z" "-v" "/var/lib/crater-agent-workspace/cargo-home:/opt/rustwide/cargo-home:ro,Z" "-v" "/var/lib/crater-agent-workspace/rustup-home:/opt/rustwide/rustup-home:ro,Z" "-e" "SOURCE_DIR=/opt/rustwide/workdir" "-e" "CARGO_TARGET_DIR=/opt/rustwide/target" "-e" "CARGO_HOME=/opt/rustwide/cargo-home" "-e" "RUSTUP_HOME=/opt/rustwide/rustup-home" "-w" "/opt/rustwide/workdir" "-m" "1610612736" "--user" "0:0" "--network" "none" "ghcr.io/rust-lang/crates-build-env/linux@sha256:34b6a614d2c27851fe6cbf88fbd1137609cefab8b10d0615aaeb6fd47975d74e" "/opt/rustwide/cargo-home/bin/cargo" "+1.54.0" "metadata" "--no-deps" "--format-version=1", kill_on_drop: false }`
[INFO] [stdout] 7470de8d397f13884262b8a9fbbeee29c46df0a5c6e6ab7b530276735238eec8
[INFO] running `Command { std: "docker" "start" "-a" "7470de8d397f13884262b8a9fbbeee29c46df0a5c6e6ab7b530276735238eec8", kill_on_drop: false }`
[INFO] running `Command { std: "docker" "inspect" "7470de8d397f13884262b8a9fbbeee29c46df0a5c6e6ab7b530276735238eec8", kill_on_drop: false }`
[INFO] running `Command { std: "docker" "rm" "-f" "7470de8d397f13884262b8a9fbbeee29c46df0a5c6e6ab7b530276735238eec8", kill_on_drop: false }`
[INFO] [stdout] 7470de8d397f13884262b8a9fbbeee29c46df0a5c6e6ab7b530276735238eec8
[INFO] running `Command { std: "docker" "create" "-v" "/var/lib/crater-agent-workspace/builds/worker-119/target:/opt/rustwide/target:rw,Z" "-v" "/var/lib/crater-agent-workspace/builds/worker-119/source:/opt/rustwide/workdir:ro,Z" "-v" "/var/lib/crater-agent-workspace/cargo-home:/opt/rustwide/cargo-home:ro,Z" "-v" "/var/lib/crater-agent-workspace/rustup-home:/opt/rustwide/rustup-home:ro,Z" "-e" "SOURCE_DIR=/opt/rustwide/workdir" "-e" "CARGO_TARGET_DIR=/opt/rustwide/target" "-e" "CARGO_INCREMENTAL=0" "-e" "RUST_BACKTRACE=full" "-e" "RUSTFLAGS=--cap-lints=warn" "-e" "CARGO_HOME=/opt/rustwide/cargo-home" "-e" "RUSTUP_HOME=/opt/rustwide/rustup-home" "-w" "/opt/rustwide/workdir" "-m" "1610612736" "--user" "0:0" "--network" "none" "ghcr.io/rust-lang/crates-build-env/linux@sha256:34b6a614d2c27851fe6cbf88fbd1137609cefab8b10d0615aaeb6fd47975d74e" "/opt/rustwide/cargo-home/bin/cargo" "+1.54.0" "build" "--frozen" "--message-format=json", kill_on_drop: false }`
[INFO] [stdout] 9f76c2b812e0c2a852ec99810a6614a0e2848fcd9913ad95d00666ace72c54c7
[INFO] running `Command { std: "docker" "start" "-a" "9f76c2b812e0c2a852ec99810a6614a0e2848fcd9913ad95d00666ace72c54c7", kill_on_drop: false }`
[INFO] [stderr]    Compiling libc v0.2.36
[INFO] [stderr]    Compiling cfg-if v0.1.2
[INFO] [stderr]    Compiling num-traits v0.1.41
[INFO] [stderr]    Compiling siphasher v0.2.2
[INFO] [stderr]    Compiling rustc-serialize v0.3.24
[INFO] [stderr]    Compiling unicode-xid v0.0.4
[INFO] [stderr]    Compiling toml v0.2.1
[INFO] [stderr]    Compiling pkg-config v0.3.9
[INFO] [stderr]    Compiling cc v1.0.4
[INFO] [stderr]    Compiling error-chain v0.10.0
[INFO] [stderr]    Compiling quote v0.3.15
[INFO] [stderr]    Compiling void v1.0.2
[INFO] [stderr]    Compiling stable_deref_trait v1.0.0
[INFO] [stderr]    Compiling nodrop v0.1.12
[INFO] [stderr]    Compiling lazy_static v1.0.0
[INFO] [stderr]    Compiling smallvec v0.6.0
[INFO] [stderr]    Compiling scopeguard v0.3.3
[INFO] [stderr]    Compiling memoffset v0.1.0
[INFO] [stderr]    Compiling lazy_static v0.2.11
[INFO] [stderr]    Compiling regex-syntax v0.4.2
[INFO] [stderr]    Compiling unicode-width v0.1.4
[INFO] [stderr]    Compiling utf8-ranges v1.0.0
[INFO] [stderr]    Compiling rustc-demangle v0.1.5
[INFO] [stderr]    Compiling approx v0.1.1
[INFO] [stderr]    Compiling termcolor v0.3.3
[INFO] [stderr]    Compiling serde v1.0.27
[INFO] [stderr]    Compiling fnv v1.0.6
[INFO] [stderr]    Compiling ansi_term v0.10.2
[INFO] [stderr]    Compiling bitflags v1.0.1
[INFO] [stderr]    Compiling fixedbitset v0.1.8
[INFO] [stderr]    Compiling ordermap v0.3.5
[INFO] [stderr]    Compiling vec_map v0.8.0
[INFO] [stderr]    Compiling strsim v0.6.0
[INFO] [stderr]    Compiling nom v1.2.4
[INFO] [stderr]    Compiling bitflags v0.9.1
[INFO] [stderr]    Compiling xdg v2.1.0
[INFO] [stderr]    Compiling shlex v0.1.1
[INFO] [stderr]    Compiling unicode-segmentation v1.2.0
[INFO] [stderr]    Compiling log v0.4.1
[INFO] [stderr]    Compiling crossbeam-utils v0.2.2
[INFO] [stderr]    Compiling owning_ref v0.3.3
[INFO] [stderr]    Compiling arrayvec v0.4.7
[INFO] [stderr]    Compiling unreachable v1.0.0
[INFO] [stderr]    Compiling synom v0.11.3
[INFO] [stderr]    Compiling textwrap v0.9.0
[INFO] [stderr]    Compiling phf_shared v0.7.21
[INFO] [stderr]    Compiling thread_local v0.3.5
[INFO] [stderr]    Compiling syn v0.11.11
[INFO] [stderr]    Compiling log v0.3.9
[INFO] [stderr]    Compiling metadeps v1.1.2
[INFO] [stderr]    Compiling phf v0.7.21
[INFO] [stderr]    Compiling crossbeam-epoch v0.2.0
[INFO] [stderr]    Compiling rand v0.3.20
[INFO] [stderr]    Compiling memchr v2.0.1
[INFO] [stderr]    Compiling atty v0.2.6
[INFO] [stderr]    Compiling time v0.1.39
[INFO] [stderr]    Compiling xcb v0.7.7
[INFO] [stderr]    Compiling xcb v0.8.1
[INFO] [stderr]    Compiling num-integer v0.1.35
[INFO] [stderr]    Compiling petgraph v0.4.11
[INFO] [stderr]    Compiling clap v2.29.2
[INFO] [stderr]    Compiling aho-corasick v0.6.4
[INFO] [stderr]    Compiling meval v0.1.0
[INFO] [stderr]    Compiling num-iter v0.1.34
[INFO] [stderr]    Compiling libdbus-sys v0.1.2
[INFO] [stderr]    Compiling backtrace-sys v0.1.16
[INFO] [stderr]    Compiling regex v0.2.5
[INFO] [stderr]    Compiling phf_generator v0.7.21
[INFO] [stderr]    Compiling parking_lot_core v0.2.10
[INFO] [stdout] error[E0034]: multiple applicable items in scope
[INFO] [stdout]     --> /opt/rustwide/cargo-home/registry/src/github.com-1ecc6299db9ec823/petgraph-0.4.11/src/graph_impl/stable_graph/mod.rs:1173:19
[INFO] [stdout]      |
[INFO] [stdout] 1173 |         self.iter.find_map(|(i, node)| {
[INFO] [stdout]      |                   ^^^^^^^^ multiple `find_map` found
[INFO] [stdout]      |
[INFO] [stdout] note: candidate #1 is defined in an impl of the trait `IterUtilsExt` for the type `I`
[INFO] [stdout]     --> /opt/rustwide/cargo-home/registry/src/github.com-1ecc6299db9ec823/petgraph-0.4.11/src/iter_utils.rs:5:5
[INFO] [stdout]      |
[INFO] [stdout] 5    | /     fn find_map<F, R>(&mut self, mut f: F) -> Option<R>
[INFO] [stdout] 6    | |         where F: FnMut(Self::Item) -> Option<R>
[INFO] [stdout]      | |_______________________________________________^
[INFO] [stdout]      = note: candidate #2 is defined in an impl of the trait `Iterator` for the type `Enumerate<I>`
[INFO] [stdout] help: disambiguate the associated function for candidate #1
[INFO] [stdout]      |
[INFO] [stdout] 1173 |         IterUtilsExt::find_map(&mut self.iter, |(i, node)| {
[INFO] [stdout] 1174 |             node.weight.as_ref().map(move |w| (node_index(i), w))
[INFO] [stdout] 1175 |         })
[INFO] [stdout]      |
[INFO] [stdout] help: disambiguate the associated function for candidate #2
[INFO] [stdout]      |
[INFO] [stdout] 1173 |         Iterator::find_map(&mut self.iter, |(i, node)| {
[INFO] [stdout] 1174 |             node.weight.as_ref().map(move |w| (node_index(i), w))
[INFO] [stdout] 1175 |         })
[INFO] [stdout]      |
[INFO] [stdout] 
[INFO] [stdout] 
[INFO] [stdout] error[E0034]: multiple applicable items in scope
[INFO] [stdout]     --> /opt/rustwide/cargo-home/registry/src/github.com-1ecc6299db9ec823/petgraph-0.4.11/src/graph_impl/stable_graph/mod.rs:1365:19
[INFO] [stdout]      |
[INFO] [stdout] 1365 |         self.iter.find_map(|(i, edge)|
[INFO] [stdout]      |                   ^^^^^^^^ multiple `find_map` found
[INFO] [stdout]      |
[INFO] [stdout] note: candidate #1 is defined in an impl of the trait `IterUtilsExt` for the type `I`
[INFO] [stdout]     --> /opt/rustwide/cargo-home/registry/src/github.com-1ecc6299db9ec823/petgraph-0.4.11/src/iter_utils.rs:5:5
[INFO] [stdout]      |
[INFO] [stdout] 5    | /     fn find_map<F, R>(&mut self, mut f: F) -> Option<R>
[INFO] [stdout] 6    | |         where F: FnMut(Self::Item) -> Option<R>
[INFO] [stdout]      | |_______________________________________________^
[INFO] [stdout]      = note: candidate #2 is defined in an impl of the trait `Iterator` for the type `Enumerate<I>`
[INFO] [stdout] help: disambiguate the associated function for candidate #1
[INFO] [stdout]      |
[INFO] [stdout] 1365 |         IterUtilsExt::find_map(&mut self.iter, |(i, edge)|
[INFO] [stdout] 1366 |             edge.weight.as_ref().map(move |weight| {
[INFO] [stdout] 1367 |                 EdgeReference {
[INFO] [stdout] 1368 |                     index: edge_index(i),
[INFO] [stdout] 1369 |                     node: edge.node,
[INFO] [stdout] 1370 |                     weight: weight,
[INFO] [stdout]    ...
[INFO] [stdout] help: disambiguate the associated function for candidate #2
[INFO] [stdout]      |
[INFO] [stdout] 1365 |         Iterator::find_map(&mut self.iter, |(i, edge)|
[INFO] [stdout] 1366 |             edge.weight.as_ref().map(move |weight| {
[INFO] [stdout] 1367 |                 EdgeReference {
[INFO] [stdout] 1368 |                     index: edge_index(i),
[INFO] [stdout] 1369 |                     node: edge.node,
[INFO] [stdout] 1370 |                     weight: weight,
[INFO] [stdout]    ...
[INFO] [stdout] 
[INFO] [stdout] 
[INFO] [stdout] error[E0034]: multiple applicable items in scope
[INFO] [stdout]     --> /opt/rustwide/cargo-home/registry/src/github.com-1ecc6299db9ec823/petgraph-0.4.11/src/graph_impl/stable_graph/mod.rs:1529:19
[INFO] [stdout]      |
[INFO] [stdout] 1529 |         self.iter.find_map(|(i, node)| {
[INFO] [stdout]      |                   ^^^^^^^^ multiple `find_map` found
[INFO] [stdout]      |
[INFO] [stdout] note: candidate #1 is defined in an impl of the trait `IterUtilsExt` for the type `I`
[INFO] [stdout]     --> /opt/rustwide/cargo-home/registry/src/github.com-1ecc6299db9ec823/petgraph-0.4.11/src/iter_utils.rs:5:5
[INFO] [stdout]      |
[INFO] [stdout] 5    | /     fn find_map<F, R>(&mut self, mut f: F) -> Option<R>
[INFO] [stdout] 6    | |         where F: FnMut(Self::Item) -> Option<R>
[INFO] [stdout]      | |_______________________________________________^
[INFO] [stdout]      = note: candidate #2 is defined in an impl of the trait `Iterator` for the type `Enumerate<I>`
[INFO] [stdout] help: disambiguate the associated function for candidate #1
[INFO] [stdout]      |
[INFO] [stdout] 1529 |         IterUtilsExt::find_map(&mut self.iter, |(i, node)| {
[INFO] [stdout] 1530 |             if node.weight.is_some() {
[INFO] [stdout] 1531 |                 Some(node_index(i))
[INFO] [stdout] 1532 |             } else { None }
[INFO] [stdout] 1533 |         })
[INFO] [stdout]      |
[INFO] [stdout] help: disambiguate the associated function for candidate #2
[INFO] [stdout]      |
[INFO] [stdout] 1529 |         Iterator::find_map(&mut self.iter, |(i, node)| {
[INFO] [stdout] 1530 |             if node.weight.is_some() {
[INFO] [stdout] 1531 |                 Some(node_index(i))
[INFO] [stdout] 1532 |             } else { None }
[INFO] [stdout] 1533 |         })
[INFO] [stdout]      |
[INFO] [stdout] 
[INFO] [stdout] 
[INFO] [stdout] error[E0034]: multiple applicable items in scope
[INFO] [stdout]     --> /opt/rustwide/cargo-home/registry/src/github.com-1ecc6299db9ec823/petgraph-0.4.11/src/graph_impl/stable_graph/mod.rs:1575:19
[INFO] [stdout]      |
[INFO] [stdout] 1575 |         self.iter.find_map(|(i, node)| {
[INFO] [stdout]      |                   ^^^^^^^^ multiple `find_map` found
[INFO] [stdout]      |
[INFO] [stdout] note: candidate #1 is defined in an impl of the trait `IterUtilsExt` for the type `I`
[INFO] [stdout]     --> /opt/rustwide/cargo-home/registry/src/github.com-1ecc6299db9ec823/petgraph-0.4.11/src/iter_utils.rs:5:5
[INFO] [stdout]      |
[INFO] [stdout] 5    | /     fn find_map<F, R>(&mut self, mut f: F) -> Option<R>
[INFO] [stdout] 6    | |         where F: FnMut(Self::Item) -> Option<R>
[INFO] [stdout]      | |_______________________________________________^
[INFO] [stdout]      = note: candidate #2 is defined in an impl of the trait `Iterator` for the type `Enumerate<I>`
[INFO] [stdout] help: disambiguate the associated function for candidate #1
[INFO] [stdout]      |
[INFO] [stdout] 1575 |         IterUtilsExt::find_map(&mut self.iter, |(i, node)| {
[INFO] [stdout] 1576 |             if node.weight.is_some() {
[INFO] [stdout] 1577 |                 Some(edge_index(i))
[INFO] [stdout] 1578 |             } else { None }
[INFO] [stdout] 1579 |         })
[INFO] [stdout]      |
[INFO] [stdout] help: disambiguate the associated function for candidate #2
[INFO] [stdout]      |
[INFO] [stdout] 1575 |         Iterator::find_map(&mut self.iter, |(i, node)| {
[INFO] [stdout] 1576 |             if node.weight.is_some() {
[INFO] [stdout] 1577 |                 Some(edge_index(i))
[INFO] [stdout] 1578 |             } else { None }
[INFO] [stdout] 1579 |         })
[INFO] [stdout]      |
[INFO] [stdout] 
[INFO] [stdout] 
[INFO] [stderr]    Compiling phf_codegen v0.7.21
[INFO] [stderr]    Compiling dbus v0.6.1
[INFO] [stdout] error: aborting due to 4 previous errors
[INFO] [stdout] 
[INFO] [stdout] 
[INFO] [stdout] For more information about this error, try `rustc --explain E0034`.
[INFO] [stdout] 
[INFO] [stderr] error: could not compile `petgraph`
[INFO] [stderr] 
[INFO] [stderr] To learn more, run the command again with --verbose.
[INFO] [stderr] warning: build failed, waiting for other jobs to finish...
[INFO] [stderr] error: build failed
[INFO] running `Command { std: "docker" "inspect" "9f76c2b812e0c2a852ec99810a6614a0e2848fcd9913ad95d00666ace72c54c7", kill_on_drop: false }`
[INFO] running `Command { std: "docker" "rm" "-f" "9f76c2b812e0c2a852ec99810a6614a0e2848fcd9913ad95d00666ace72c54c7", kill_on_drop: false }`
[INFO] [stdout] 9f76c2b812e0c2a852ec99810a6614a0e2848fcd9913ad95d00666ace72c54c7
