[INFO] cloning repository https://github.com/mdaverde/uds-rust-fork
[INFO] running `Command { std: "git" "-c" "credential.helper=" "-c" "credential.helper=/workspace/cargo-home/bin/git-credential-null" "clone" "--bare" "https://github.com/mdaverde/uds-rust-fork" "/workspace/cache/git-repos/https%3A%2F%2Fgithub.com%2Fmdaverde%2Fuds-rust-fork", kill_on_drop: false }`
[INFO] [stderr] Cloning into bare repository '/workspace/cache/git-repos/https%3A%2F%2Fgithub.com%2Fmdaverde%2Fuds-rust-fork'...
[INFO] running `Command { std: "git" "rev-parse" "HEAD", kill_on_drop: false }`
[INFO] [stdout] 3e407471abd6b7609ad5f42390c2d2c7759ce52a
[INFO] testing mdaverde/uds-rust-fork against 1.54.0 for beta-1.55-1
[INFO] running `Command { std: "git" "clone" "/workspace/cache/git-repos/https%3A%2F%2Fgithub.com%2Fmdaverde%2Fuds-rust-fork" "/workspace/builds/worker-22/source", kill_on_drop: false }`
[INFO] [stderr] Cloning into '/workspace/builds/worker-22/source'...
[INFO] [stderr] done.
[INFO] validating manifest of git repo https://github.com/mdaverde/uds-rust-fork on toolchain 1.54.0
[INFO] running `Command { std: "/workspace/cargo-home/bin/cargo" "+1.54.0" "metadata" "--manifest-path" "Cargo.toml" "--no-deps", kill_on_drop: false }`
[INFO] started tweaking git repo https://github.com/mdaverde/uds-rust-fork
[INFO] finished tweaking git repo https://github.com/mdaverde/uds-rust-fork
[INFO] tweaked toml for git repo https://github.com/mdaverde/uds-rust-fork written to /workspace/builds/worker-22/source/Cargo.toml
[INFO] crate git repo https://github.com/mdaverde/uds-rust-fork already has a lockfile, it will not be regenerated
[INFO] running `Command { std: "/workspace/cargo-home/bin/cargo" "+1.54.0" "fetch" "--manifest-path" "Cargo.toml", kill_on_drop: false }`
[INFO] [stderr]     Blocking waiting for file lock on package cache
[INFO] [stderr]     Blocking waiting for file lock on package cache
[INFO] running `Command { std: "docker" "create" "-v" "/var/lib/crater-agent-workspace/builds/worker-22/target:/opt/rustwide/target:rw,Z" "-v" "/var/lib/crater-agent-workspace/builds/worker-22/source:/opt/rustwide/workdir:ro,Z" "-v" "/var/lib/crater-agent-workspace/cargo-home:/opt/rustwide/cargo-home:ro,Z" "-v" "/var/lib/crater-agent-workspace/rustup-home:/opt/rustwide/rustup-home:ro,Z" "-e" "SOURCE_DIR=/opt/rustwide/workdir" "-e" "CARGO_TARGET_DIR=/opt/rustwide/target" "-e" "CARGO_HOME=/opt/rustwide/cargo-home" "-e" "RUSTUP_HOME=/opt/rustwide/rustup-home" "-w" "/opt/rustwide/workdir" "-m" "1610612736" "--user" "0:0" "--network" "none" "ghcr.io/rust-lang/crates-build-env/linux@sha256:34b6a614d2c27851fe6cbf88fbd1137609cefab8b10d0615aaeb6fd47975d74e" "/opt/rustwide/cargo-home/bin/cargo" "+1.54.0" "metadata" "--no-deps" "--format-version=1", kill_on_drop: false }`
[INFO] [stdout] 80ace82d4dabd6c9ced50dad3939490e153a8175c8728cec627d0b99b71cbeb4
[INFO] running `Command { std: "docker" "start" "-a" "80ace82d4dabd6c9ced50dad3939490e153a8175c8728cec627d0b99b71cbeb4", kill_on_drop: false }`
[INFO] running `Command { std: "docker" "inspect" "80ace82d4dabd6c9ced50dad3939490e153a8175c8728cec627d0b99b71cbeb4", kill_on_drop: false }`
[INFO] running `Command { std: "docker" "rm" "-f" "80ace82d4dabd6c9ced50dad3939490e153a8175c8728cec627d0b99b71cbeb4", kill_on_drop: false }`
[INFO] [stdout] 80ace82d4dabd6c9ced50dad3939490e153a8175c8728cec627d0b99b71cbeb4
[INFO] running `Command { std: "docker" "create" "-v" "/var/lib/crater-agent-workspace/builds/worker-22/target:/opt/rustwide/target:rw,Z" "-v" "/var/lib/crater-agent-workspace/builds/worker-22/source:/opt/rustwide/workdir:ro,Z" "-v" "/var/lib/crater-agent-workspace/cargo-home:/opt/rustwide/cargo-home:ro,Z" "-v" "/var/lib/crater-agent-workspace/rustup-home:/opt/rustwide/rustup-home:ro,Z" "-e" "SOURCE_DIR=/opt/rustwide/workdir" "-e" "CARGO_TARGET_DIR=/opt/rustwide/target" "-e" "CARGO_INCREMENTAL=0" "-e" "RUST_BACKTRACE=full" "-e" "RUSTFLAGS=--cap-lints=warn" "-e" "CARGO_HOME=/opt/rustwide/cargo-home" "-e" "RUSTUP_HOME=/opt/rustwide/rustup-home" "-w" "/opt/rustwide/workdir" "-m" "1610612736" "--user" "0:0" "--network" "none" "ghcr.io/rust-lang/crates-build-env/linux@sha256:34b6a614d2c27851fe6cbf88fbd1137609cefab8b10d0615aaeb6fd47975d74e" "/opt/rustwide/cargo-home/bin/cargo" "+1.54.0" "build" "--frozen" "--message-format=json", kill_on_drop: false }`
[INFO] [stdout] b165c0523ffd95506d91f87454737afcddca99a8dd20d0328c3f2121b9150035
[INFO] running `Command { std: "docker" "start" "-a" "b165c0523ffd95506d91f87454737afcddca99a8dd20d0328c3f2121b9150035", kill_on_drop: false }`
[INFO] [stderr]     Blocking waiting for file lock on package cache
[INFO] [stderr]    Compiling libc v0.2.94
[INFO] [stderr]    Compiling cfg-if v1.0.0
[INFO] [stderr]    Compiling nix v0.20.0
[INFO] [stderr]    Compiling uds-rust-fork v0.1.0 (/opt/rustwide/workdir)
[INFO] [stderr]     Finished dev [unoptimized + debuginfo] target(s) in 17.55s
[INFO] running `Command { std: "docker" "inspect" "b165c0523ffd95506d91f87454737afcddca99a8dd20d0328c3f2121b9150035", kill_on_drop: false }`
[INFO] running `Command { std: "docker" "rm" "-f" "b165c0523ffd95506d91f87454737afcddca99a8dd20d0328c3f2121b9150035", kill_on_drop: false }`
[INFO] [stdout] b165c0523ffd95506d91f87454737afcddca99a8dd20d0328c3f2121b9150035
[INFO] running `Command { std: "docker" "create" "-v" "/var/lib/crater-agent-workspace/builds/worker-22/target:/opt/rustwide/target:rw,Z" "-v" "/var/lib/crater-agent-workspace/builds/worker-22/source:/opt/rustwide/workdir:ro,Z" "-v" "/var/lib/crater-agent-workspace/cargo-home:/opt/rustwide/cargo-home:ro,Z" "-v" "/var/lib/crater-agent-workspace/rustup-home:/opt/rustwide/rustup-home:ro,Z" "-e" "SOURCE_DIR=/opt/rustwide/workdir" "-e" "CARGO_TARGET_DIR=/opt/rustwide/target" "-e" "CARGO_INCREMENTAL=0" "-e" "RUST_BACKTRACE=full" "-e" "RUSTFLAGS=--cap-lints=warn" "-e" "CARGO_HOME=/opt/rustwide/cargo-home" "-e" "RUSTUP_HOME=/opt/rustwide/rustup-home" "-w" "/opt/rustwide/workdir" "-m" "1610612736" "--user" "0:0" "--network" "none" "ghcr.io/rust-lang/crates-build-env/linux@sha256:34b6a614d2c27851fe6cbf88fbd1137609cefab8b10d0615aaeb6fd47975d74e" "/opt/rustwide/cargo-home/bin/cargo" "+1.54.0" "test" "--frozen" "--no-run" "--message-format=json", kill_on_drop: false }`
[INFO] [stdout] 9aa262bd04285d57915d7a3f7c8eb5aec45b321ea618f172db4d7544e9c3ea27
[INFO] running `Command { std: "docker" "start" "-a" "9aa262bd04285d57915d7a3f7c8eb5aec45b321ea618f172db4d7544e9c3ea27", kill_on_drop: false }`
[INFO] [stderr]    Compiling uds-rust-fork v0.1.0 (/opt/rustwide/workdir)
[INFO] [stdout] error[E0554]: `#![feature]` may not be used on the stable release channel
[INFO] [stdout]  --> examples/abstract-server.rs:1:1
[INFO] [stdout]   |
[INFO] [stdout] 1 | #![feature(unix_socket_abstract)]
[INFO] [stdout]   | ^^^^^^^^^^^^^^^^^^^^^^^^^^^^^^^^^
[INFO] [stdout] 
[INFO] [stdout] 
[INFO] [stdout] error[E0599]: no function or associated item named `from_abstract_namespace` found for struct `std::os::unix::net::SocketAddr` in the current scope
[INFO] [stdout]  --> examples/abstract-server.rs:6:39
[INFO] [stdout]   |
[INFO] [stdout] 6 |     let addr = unix::net::SocketAddr::from_abstract_namespace(b"hello").unwrap();
[INFO] [stdout]   |                                       ^^^^^^^^^^^^^^^^^^^^^^^ function or associated item not found in `std::os::unix::net::SocketAddr`
[INFO] [stdout] 
[INFO] [stdout] 
[INFO] [stdout] error[E0599]: no function or associated item named `bind_addr` found for struct `UnixListener` in the current scope
[INFO] [stdout]  --> examples/abstract-server.rs:8:43
[INFO] [stdout]   |
[INFO] [stdout] 8 |     let socket = unix::net::UnixListener::bind_addr(&addr).unwrap();
[INFO] [stdout]   |                                           ^^^^^^^^^ function or associated item not found in `UnixListener`
[INFO] [stdout] 
[INFO] [stdout] 
[INFO] [stdout] warning: unused import: `std::io::prelude`
[INFO] [stdout]  --> examples/abstract-server.rs:3:5
[INFO] [stdout]   |
[INFO] [stdout] 3 | use std::io::prelude::*;
[INFO] [stdout]   |     ^^^^^^^^^^^^^^^^
[INFO] [stdout]   |
[INFO] [stdout]   = note: `#[warn(unused_imports)]` on by default
[INFO] [stdout] 
[INFO] [stdout] 
[INFO] [stdout] error: aborting due to 3 previous errors; 1 warning emitted
[INFO] [stdout] 
[INFO] [stdout] 
[INFO] [stdout] Some errors have detailed explanations: E0554, E0599.
[INFO] [stdout] 
[INFO] [stdout] For more information about an error, try `rustc --explain E0554`.
[INFO] [stdout] 
[INFO] [stderr] error: could not compile `uds-rust-fork`
[INFO] [stderr] 
[INFO] [stderr] To learn more, run the command again with --verbose.
[INFO] [stderr] warning: build failed, waiting for other jobs to finish...
[INFO] [stderr] error: build failed
[INFO] running `Command { std: "docker" "inspect" "9aa262bd04285d57915d7a3f7c8eb5aec45b321ea618f172db4d7544e9c3ea27", kill_on_drop: false }`
[INFO] running `Command { std: "docker" "rm" "-f" "9aa262bd04285d57915d7a3f7c8eb5aec45b321ea618f172db4d7544e9c3ea27", kill_on_drop: false }`
[INFO] [stdout] 9aa262bd04285d57915d7a3f7c8eb5aec45b321ea618f172db4d7544e9c3ea27
