[INFO] cloning repository https://github.com/mb64/android-rs-glue-test
[INFO] running `Command { std: "git" "-c" "credential.helper=" "-c" "credential.helper=/workspace/cargo-home/bin/git-credential-null" "clone" "--bare" "https://github.com/mb64/android-rs-glue-test" "/workspace/cache/git-repos/https%3A%2F%2Fgithub.com%2Fmb64%2Fandroid-rs-glue-test", kill_on_drop: false }`
[INFO] [stderr] Cloning into bare repository '/workspace/cache/git-repos/https%3A%2F%2Fgithub.com%2Fmb64%2Fandroid-rs-glue-test'...
[INFO] running `Command { std: "git" "rev-parse" "HEAD", kill_on_drop: false }`
[INFO] [stdout] dae5201d90a5fa4834e3b7b65684592eb9dd079c
[INFO] testing mb64/android-rs-glue-test against beta-2021-08-01 for beta-1.55-1
[INFO] running `Command { std: "git" "clone" "/workspace/cache/git-repos/https%3A%2F%2Fgithub.com%2Fmb64%2Fandroid-rs-glue-test" "/workspace/builds/worker-23/source", kill_on_drop: false }`
[INFO] [stderr] Cloning into '/workspace/builds/worker-23/source'...
[INFO] [stderr] done.
[INFO] validating manifest of git repo https://github.com/mb64/android-rs-glue-test on toolchain beta-2021-08-01
[INFO] running `Command { std: "/workspace/cargo-home/bin/cargo" "+beta-2021-08-01" "metadata" "--manifest-path" "Cargo.toml" "--no-deps", kill_on_drop: false }`
[INFO] started tweaking git repo https://github.com/mb64/android-rs-glue-test
[INFO] finished tweaking git repo https://github.com/mb64/android-rs-glue-test
[INFO] tweaked toml for git repo https://github.com/mb64/android-rs-glue-test written to /workspace/builds/worker-23/source/Cargo.toml
[INFO] crate git repo https://github.com/mb64/android-rs-glue-test already has a lockfile, it will not be regenerated
[INFO] running `Command { std: "/workspace/cargo-home/bin/cargo" "+beta-2021-08-01" "fetch" "--manifest-path" "Cargo.toml", kill_on_drop: false }`
[INFO] [stderr]     Blocking waiting for file lock on package cache
[INFO] [stderr]     Updating git repository `https://github.com/mb64/android-rs-glue.git`
[INFO] [stderr]     Blocking waiting for file lock on package cache
[INFO] running `Command { std: "docker" "create" "-v" "/var/lib/crater-agent-workspace/builds/worker-23/target:/opt/rustwide/target:rw,Z" "-v" "/var/lib/crater-agent-workspace/builds/worker-23/source:/opt/rustwide/workdir:ro,Z" "-v" "/var/lib/crater-agent-workspace/cargo-home:/opt/rustwide/cargo-home:ro,Z" "-v" "/var/lib/crater-agent-workspace/rustup-home:/opt/rustwide/rustup-home:ro,Z" "-e" "SOURCE_DIR=/opt/rustwide/workdir" "-e" "CARGO_TARGET_DIR=/opt/rustwide/target" "-e" "CARGO_HOME=/opt/rustwide/cargo-home" "-e" "RUSTUP_HOME=/opt/rustwide/rustup-home" "-w" "/opt/rustwide/workdir" "-m" "1610612736" "--user" "0:0" "--network" "none" "ghcr.io/rust-lang/crates-build-env/linux@sha256:34b6a614d2c27851fe6cbf88fbd1137609cefab8b10d0615aaeb6fd47975d74e" "/opt/rustwide/cargo-home/bin/cargo" "+beta-2021-08-01" "metadata" "--no-deps" "--format-version=1", kill_on_drop: false }`
[INFO] [stdout] 58852cb3607ceec73d20563f72e8225cbc85efc0e5c69d98e38619e4fc065ffc
[INFO] running `Command { std: "docker" "start" "-a" "58852cb3607ceec73d20563f72e8225cbc85efc0e5c69d98e38619e4fc065ffc", kill_on_drop: false }`
[INFO] running `Command { std: "docker" "inspect" "58852cb3607ceec73d20563f72e8225cbc85efc0e5c69d98e38619e4fc065ffc", kill_on_drop: false }`
[INFO] running `Command { std: "docker" "rm" "-f" "58852cb3607ceec73d20563f72e8225cbc85efc0e5c69d98e38619e4fc065ffc", kill_on_drop: false }`
[INFO] [stdout] 58852cb3607ceec73d20563f72e8225cbc85efc0e5c69d98e38619e4fc065ffc
[INFO] running `Command { std: "docker" "create" "-v" "/var/lib/crater-agent-workspace/builds/worker-23/target:/opt/rustwide/target:rw,Z" "-v" "/var/lib/crater-agent-workspace/builds/worker-23/source:/opt/rustwide/workdir:ro,Z" "-v" "/var/lib/crater-agent-workspace/cargo-home:/opt/rustwide/cargo-home:ro,Z" "-v" "/var/lib/crater-agent-workspace/rustup-home:/opt/rustwide/rustup-home:ro,Z" "-e" "SOURCE_DIR=/opt/rustwide/workdir" "-e" "CARGO_TARGET_DIR=/opt/rustwide/target" "-e" "CARGO_INCREMENTAL=0" "-e" "RUST_BACKTRACE=full" "-e" "RUSTFLAGS=--cap-lints=warn" "-e" "CARGO_HOME=/opt/rustwide/cargo-home" "-e" "RUSTUP_HOME=/opt/rustwide/rustup-home" "-w" "/opt/rustwide/workdir" "-m" "1610612736" "--user" "0:0" "--network" "none" "ghcr.io/rust-lang/crates-build-env/linux@sha256:34b6a614d2c27851fe6cbf88fbd1137609cefab8b10d0615aaeb6fd47975d74e" "/opt/rustwide/cargo-home/bin/cargo" "+beta-2021-08-01" "build" "--frozen" "--message-format=json", kill_on_drop: false }`
[INFO] [stdout] 29d36949b9f4b30c097f0baca855ffe8be4d72edb67f06d1f083a4124942954c
[INFO] running `Command { std: "docker" "start" "-a" "29d36949b9f4b30c097f0baca855ffe8be4d72edb67f06d1f083a4124942954c", kill_on_drop: false }`
[INFO] [stderr]     Blocking waiting for file lock on package cache
[INFO] [stderr]    Compiling proc-macro2 v0.4.30
[INFO] [stderr]    Compiling unicode-xid v0.1.0
[INFO] [stderr]    Compiling syn v0.15.39
[INFO] [stderr]    Compiling quote v0.6.12
[INFO] [stderr]    Compiling num_enum v0.2.3
[INFO] [stderr]    Compiling android_glue v0.2.3 (https://github.com/mb64/android-rs-glue.git?branch=eventloop-2.0-overhaul#9b4a33d5)
[INFO] [stderr]    Compiling glue-test v0.1.0 (/opt/rustwide/workdir)
[INFO] [stdout] error[E0432]: unresolved import `android_glue::ffi`
[INFO] [stdout]  --> src/main.rs:1:5
[INFO] [stdout]   |
[INFO] [stdout] 1 | use android_glue::ffi;
[INFO] [stdout]   |     ^^^^^^^^^^^^^^^^^ no `ffi` in the root
[INFO] [stdout] 
[INFO] [stdout] 
[INFO] [stdout] error[E0432]: unresolved import `android_glue::looper`
[INFO] [stdout]  --> src/main.rs:2:19
[INFO] [stdout]   |
[INFO] [stdout] 2 | use android_glue::looper::{ForeignLooper, Poll, ThreadLooper};
[INFO] [stdout]   |                   ^^^^^^ could not find `looper` in `android_glue`
[INFO] [stdout] 
[INFO] [stdout] 
[INFO] [stdout] error[E0432]: unresolved import `android_glue::queue`
[INFO] [stdout]  --> src/main.rs:3:19
[INFO] [stdout]   |
[INFO] [stdout] 3 | use android_glue::queue::AInputQueue;
[INFO] [stdout]   |                   ^^^^^ could not find `queue` in `android_glue`
[INFO] [stdout] 
[INFO] [stdout] 
[INFO] [stdout] error[E0433]: failed to resolve: could not find `glue` in `android_glue`
[INFO] [stdout]   --> src/main.rs:24:37
[INFO] [stdout]    |
[INFO] [stdout] 24 |     let android_app = android_glue::glue::get_android_app();
[INFO] [stdout]    |                                     ^^^^ could not find `glue` in `android_glue`
[INFO] [stdout] 
[INFO] [stdout] 
[INFO] [stdout] error[E0308]: mismatched types
[INFO] [stdout]   --> src/main.rs:14:20
[INFO] [stdout]    |
[INFO] [stdout] 14 |         .unwrap_or(b"Panic!!!\0" as *const u8);
[INFO] [stdout]    |                    ^^^^^^^^^^^^^^^^^^^^^^^^^^ expected `i8`, found `u8`
[INFO] [stdout]    |
[INFO] [stdout]    = note: expected raw pointer `*const i8`
[INFO] [stdout]               found raw pointer `*const u8`
[INFO] [stdout] 
[INFO] [stdout] 
[INFO] [stdout] error[E0308]: mismatched types
[INFO] [stdout]   --> src/main.rs:12:28
[INFO] [stdout]    |
[INFO] [stdout] 12 |       let c_str: *const u8 = CString::new(format!("panic: {}", info))
[INFO] [stdout]    |  ________________---------___^
[INFO] [stdout]    | |                |
[INFO] [stdout]    | |                expected due to this
[INFO] [stdout] 13 | |         .map(|s| s.as_ptr())
[INFO] [stdout] 14 | |         .unwrap_or(b"Panic!!!\0" as *const u8);
[INFO] [stdout]    | |______________________________________________^ expected `u8`, found `i8`
[INFO] [stdout]    |
[INFO] [stdout]    = note: expected raw pointer `*const u8`
[INFO] [stdout]               found raw pointer `*const i8`
[INFO] [stdout] 
[INFO] [stdout] 
[INFO] [stdout] error: aborting due to 6 previous errors
[INFO] [stdout] 
[INFO] [stdout] 
[INFO] [stdout] Some errors have detailed explanations: E0308, E0432, E0433.
[INFO] [stdout] 
[INFO] [stdout] For more information about an error, try `rustc --explain E0308`.
[INFO] [stdout] 
[INFO] [stderr] error: could not compile `glue-test` due to 7 previous errors
[INFO] running `Command { std: "docker" "inspect" "29d36949b9f4b30c097f0baca855ffe8be4d72edb67f06d1f083a4124942954c", kill_on_drop: false }`
[INFO] running `Command { std: "docker" "rm" "-f" "29d36949b9f4b30c097f0baca855ffe8be4d72edb67f06d1f083a4124942954c", kill_on_drop: false }`
[INFO] [stdout] 29d36949b9f4b30c097f0baca855ffe8be4d72edb67f06d1f083a4124942954c
