[INFO] cloning repository https://github.com/matthewjberger/tetrust
[INFO] running `Command { std: "git" "-c" "credential.helper=" "-c" "credential.helper=/workspace/cargo-home/bin/git-credential-null" "clone" "--bare" "https://github.com/matthewjberger/tetrust" "/workspace/cache/git-repos/https%3A%2F%2Fgithub.com%2Fmatthewjberger%2Ftetrust", kill_on_drop: false }`
[INFO] [stderr] Cloning into bare repository '/workspace/cache/git-repos/https%3A%2F%2Fgithub.com%2Fmatthewjberger%2Ftetrust'...
[INFO] running `Command { std: "git" "rev-parse" "HEAD", kill_on_drop: false }`
[INFO] [stdout] e31317a1b333be65680a4e3658889abb18cfee7d
[INFO] testing matthewjberger/tetrust against 1.54.0 for beta-1.55-1
[INFO] running `Command { std: "git" "clone" "/workspace/cache/git-repos/https%3A%2F%2Fgithub.com%2Fmatthewjberger%2Ftetrust" "/workspace/builds/worker-2/source", kill_on_drop: false }`
[INFO] [stderr] Cloning into '/workspace/builds/worker-2/source'...
[INFO] [stderr] done.
[INFO] validating manifest of git repo https://github.com/matthewjberger/tetrust on toolchain 1.54.0
[INFO] running `Command { std: "/workspace/cargo-home/bin/cargo" "+1.54.0" "metadata" "--manifest-path" "Cargo.toml" "--no-deps", kill_on_drop: false }`
[INFO] started tweaking git repo https://github.com/matthewjberger/tetrust
[INFO] finished tweaking git repo https://github.com/matthewjberger/tetrust
[INFO] tweaked toml for git repo https://github.com/matthewjberger/tetrust written to /workspace/builds/worker-2/source/Cargo.toml
[INFO] crate git repo https://github.com/matthewjberger/tetrust already has a lockfile, it will not be regenerated
[INFO] running `Command { std: "/workspace/cargo-home/bin/cargo" "+1.54.0" "fetch" "--manifest-path" "Cargo.toml", kill_on_drop: false }`
[INFO] [stderr]     Blocking waiting for file lock on package cache
[INFO] running `Command { std: "docker" "create" "-v" "/var/lib/crater-agent-workspace/builds/worker-2/target:/opt/rustwide/target:rw,Z" "-v" "/var/lib/crater-agent-workspace/builds/worker-2/source:/opt/rustwide/workdir:ro,Z" "-v" "/var/lib/crater-agent-workspace/cargo-home:/opt/rustwide/cargo-home:ro,Z" "-v" "/var/lib/crater-agent-workspace/rustup-home:/opt/rustwide/rustup-home:ro,Z" "-e" "SOURCE_DIR=/opt/rustwide/workdir" "-e" "CARGO_TARGET_DIR=/opt/rustwide/target" "-e" "CARGO_HOME=/opt/rustwide/cargo-home" "-e" "RUSTUP_HOME=/opt/rustwide/rustup-home" "-w" "/opt/rustwide/workdir" "-m" "1610612736" "--user" "0:0" "--network" "none" "ghcr.io/rust-lang/crates-build-env/linux@sha256:34b6a614d2c27851fe6cbf88fbd1137609cefab8b10d0615aaeb6fd47975d74e" "/opt/rustwide/cargo-home/bin/cargo" "+1.54.0" "metadata" "--no-deps" "--format-version=1", kill_on_drop: false }`
[INFO] [stdout] fad2768408a4578129d8944ebf7ffeb77fbc364fafee4ff725e194b17ad5229a
[INFO] running `Command { std: "docker" "start" "-a" "fad2768408a4578129d8944ebf7ffeb77fbc364fafee4ff725e194b17ad5229a", kill_on_drop: false }`
[INFO] running `Command { std: "docker" "inspect" "fad2768408a4578129d8944ebf7ffeb77fbc364fafee4ff725e194b17ad5229a", kill_on_drop: false }`
[INFO] running `Command { std: "docker" "rm" "-f" "fad2768408a4578129d8944ebf7ffeb77fbc364fafee4ff725e194b17ad5229a", kill_on_drop: false }`
[INFO] [stdout] fad2768408a4578129d8944ebf7ffeb77fbc364fafee4ff725e194b17ad5229a
[INFO] running `Command { std: "docker" "create" "-v" "/var/lib/crater-agent-workspace/builds/worker-2/target:/opt/rustwide/target:rw,Z" "-v" "/var/lib/crater-agent-workspace/builds/worker-2/source:/opt/rustwide/workdir:ro,Z" "-v" "/var/lib/crater-agent-workspace/cargo-home:/opt/rustwide/cargo-home:ro,Z" "-v" "/var/lib/crater-agent-workspace/rustup-home:/opt/rustwide/rustup-home:ro,Z" "-e" "SOURCE_DIR=/opt/rustwide/workdir" "-e" "CARGO_TARGET_DIR=/opt/rustwide/target" "-e" "CARGO_INCREMENTAL=0" "-e" "RUST_BACKTRACE=full" "-e" "RUSTFLAGS=--cap-lints=warn" "-e" "CARGO_HOME=/opt/rustwide/cargo-home" "-e" "RUSTUP_HOME=/opt/rustwide/rustup-home" "-w" "/opt/rustwide/workdir" "-m" "1610612736" "--user" "0:0" "--network" "none" "ghcr.io/rust-lang/crates-build-env/linux@sha256:34b6a614d2c27851fe6cbf88fbd1137609cefab8b10d0615aaeb6fd47975d74e" "/opt/rustwide/cargo-home/bin/cargo" "+1.54.0" "build" "--frozen" "--message-format=json", kill_on_drop: false }`
[INFO] [stdout] d59b408f0c4f719a9ab3f420c6a160cc43f7208616093a804d1185ab8d0be2c4
[INFO] running `Command { std: "docker" "start" "-a" "d59b408f0c4f719a9ab3f420c6a160cc43f7208616093a804d1185ab8d0be2c4", kill_on_drop: false }`
[INFO] [stderr]    Compiling libc v0.2.50
[INFO] [stderr]    Compiling byteorder v1.3.1
[INFO] [stderr]    Compiling cc v1.0.31
[INFO] [stderr]    Compiling futures v0.1.25
[INFO] [stderr]    Compiling num-traits v0.2.6
[INFO] [stderr]    Compiling arrayvec v0.4.10
[INFO] [stderr]    Compiling smallvec v0.6.9
[INFO] [stderr]    Compiling pkg-config v0.3.14
[INFO] [stderr]    Compiling openssl v0.9.24
[INFO] [stderr]    Compiling syn v0.15.29
[INFO] [stderr]    Compiling httparse v1.3.3
[INFO] [stderr]    Compiling ryu v0.2.7
[INFO] [stderr]    Compiling safemem v0.3.0
[INFO] [stderr]    Compiling num-integer v0.1.39
[INFO] [stderr]    Compiling lazy_static v0.2.11
[INFO] [stderr]    Compiling smallvec v0.2.1
[INFO] [stderr]    Compiling try-lock v0.1.0
[INFO] [stderr]    Compiling take v0.1.0
[INFO] [stderr]    Compiling itoa v0.4.3
[INFO] [stderr]    Compiling khronos_api v2.2.0
[INFO] [stderr]    Compiling num-iter v0.1.37
[INFO] [stderr]    Compiling dtoa v0.4.3
[INFO] [stderr]    Compiling typenum v1.10.0
[INFO] [stderr]    Compiling matrixmultiply v0.1.15
[INFO] [stderr]    Compiling num-derive v0.2.4
[INFO] [stderr]    Compiling unicode-xid v0.0.4
[INFO] [stderr]    Compiling linked-hash-map v0.5.1
[INFO] [stderr]    Compiling quote v0.3.15
[INFO] [stderr]    Compiling bitflags v0.7.0
[INFO] [stderr]    Compiling xi-unicode v0.1.0
[INFO] [stderr]    Compiling claxon v0.3.2
[INFO] [stderr]    Compiling rand_pcg v0.1.2
[INFO] [stderr]    Compiling rand_chacha v0.1.1
[INFO] [stderr]    Compiling rand v0.6.5
[INFO] [stderr]    Compiling crossbeam-utils v0.6.5
[INFO] [stderr]    Compiling rand_jitter v0.1.3
[INFO] [stderr]    Compiling tokio-trace-core v0.1.0
[INFO] [stderr]    Compiling unicase v2.3.0
[INFO] [stderr]    Compiling xml-rs v0.7.0
[INFO] [stderr]    Compiling draw_state v0.8.0
[INFO] [stderr]    Compiling backtrace v0.3.14
[INFO] [stderr]    Compiling inflate v0.4.5
[INFO] [stderr]    Compiling gif v0.10.1
[INFO] [stderr]    Compiling app_dirs2 v2.0.3
[INFO] [stderr]    Compiling log v0.3.9
[INFO] [stderr]    Compiling synom v0.11.3
[INFO] [stderr]    Compiling crc32fast v1.2.0
[INFO] [stderr]    Compiling quote v0.6.11
[INFO] [stderr]    Compiling toml v0.4.10
[INFO] [stderr]    Compiling unicode-normalization v0.1.8
[INFO] [stderr]    Compiling cmake v0.1.35
[INFO] [stderr]    Compiling crossbeam-queue v0.1.2
[INFO] [stderr]    Compiling syn v0.11.11
[INFO] [stderr]    Compiling gl_generator v0.9.0
[INFO] [stderr]    Compiling tokio-executor v0.1.6
[INFO] [stderr]    Compiling tokio-sync v0.1.4
[INFO] [stderr]    Compiling tokio-service v0.1.0
[INFO] [stderr]    Compiling want v0.0.4
[INFO] [stderr]    Compiling relay v0.1.1
[INFO] [stderr]    Compiling serde_json v1.0.39
[INFO] [stderr]    Compiling alsa-sys v0.1.2
[INFO] [stderr]    Compiling tokio-current-thread v0.1.5
[INFO] [stderr]    Compiling tokio-timer v0.2.10
[INFO] [stderr]    Compiling mime v0.3.13
[INFO] [stderr]    Compiling base64 v0.9.3
[INFO] [stderr]    Compiling libflate v0.1.21
[INFO] [stderr]    Compiling deflate v0.7.19
[INFO] [stderr]    Compiling stb_truetype v0.2.6
[INFO] [stderr]    Compiling ogg v0.4.1
[INFO] [stderr]    Compiling jpeg-decoder v0.1.15
[INFO] [stderr]    Compiling num-traits v0.1.43
[INFO] [stderr]    Compiling num-complex v0.1.43
[INFO] [stderr]    Compiling lewton v0.5.2
[INFO] [stderr]    Compiling openssl-sys v0.9.42
[INFO] [stderr]    Compiling miniz-sys v0.1.11
[INFO] [stderr]    Compiling bzip2-sys v0.1.7
[INFO] [stderr]    Compiling backtrace-sys v0.1.28
[INFO] [stderr]    Compiling euclid v0.17.3
[INFO] [stderr]    Compiling sid v0.5.2
[INFO] [stderr]    Compiling ordered-float v0.5.2
[INFO] [stderr]    Compiling rand_os v0.1.3
[INFO] [stderr]    Compiling iovec v0.1.2
[INFO] [stderr]    Compiling num_cpus v1.10.0
[INFO] [stderr]    Compiling net2 v0.2.33
[INFO] [stderr]    Compiling rand v0.4.6
[INFO] [stderr]    Compiling time v0.1.42
[INFO] [stderr]    Compiling filetime v0.2.4
[INFO] [stderr]    Compiling xattr v0.2.2
[INFO] [stderr]    Compiling alga v0.5.4
[INFO] [stderr]    Compiling generic-array v0.8.3
[INFO] [stderr]    Compiling num-rational v0.1.42
[INFO] [stderr]    Compiling crossbeam-epoch v0.7.1
[INFO] [stderr]    Compiling rusttype v0.5.2
[INFO] [stderr]    Compiling bytes v0.4.12
[INFO] [stderr]    Compiling mio v0.6.16
[INFO] [stderr]    Compiling msdos_time v0.1.6
[INFO] [stderr]    Compiling futures-cpupool v0.1.8
[INFO] [stderr]    Compiling idna v0.1.5
[INFO] [stderr]    Compiling tar v0.4.22
[INFO] [stderr]    Compiling cpal v0.8.2
[INFO] [stderr]    Compiling num v0.1.42
[INFO] [stderr]    Compiling png v0.12.0
[INFO] [stderr]    Compiling lyon_geom v0.10.1
[INFO] [stderr]    Compiling gfx_gl v0.5.0
[INFO] [stderr]    Compiling flate2 v0.2.20
[INFO] [stderr]    Compiling url v1.7.2
[INFO] [stderr]    Compiling tokio-io v0.1.12
[INFO] [stderr]    Compiling crossbeam-deque v0.7.1
[INFO] [stderr]    Compiling rand v0.3.23
[INFO] [stderr]    Compiling nalgebra v0.14.4
[INFO] [stderr]    Compiling parking_lot_core v0.4.0
[INFO] [stderr]    Compiling twox-hash v1.1.2
[INFO] [stderr]    Compiling mio-uds v0.6.7
[INFO] [stderr]    Compiling tokio-threadpool v0.1.12
[INFO] [stderr]    Compiling tokio-codec v0.1.1
[INFO] [stderr]    Compiling serde_urlencoded v0.5.4
[INFO] [stderr] error: failed to run custom build command for `openssl v0.9.24`
[INFO] [stderr] 
[INFO] [stderr] Caused by:
[INFO] [stderr]   process didn't exit successfully: `/opt/rustwide/target/debug/build/openssl-51bb1243ada793c5/build-script-build` (exit status: 101)
[INFO] [stderr]   --- stderr
[INFO] [stderr]   thread 'main' panicked at 'Unable to detect OpenSSL version', /opt/rustwide/cargo-home/registry/src/github.com-1ecc6299db9ec823/openssl-0.9.24/build.rs:16:14
[INFO] [stderr]   stack backtrace:
[INFO] [stderr]      0:     0x55a6fd196c10 - std::backtrace_rs::backtrace::libunwind::trace::h34055254b57d8e79
[INFO] [stderr]                                  at /rustc/a178d0322ce20e33eac124758e837cbd80a6f633/library/std/src/../../backtrace/src/backtrace/libunwind.rs:90:5
[INFO] [stderr]      1:     0x55a6fd196c10 - std::backtrace_rs::backtrace::trace_unsynchronized::h8f1e3fbd9afff6ec
[INFO] [stderr]                                  at /rustc/a178d0322ce20e33eac124758e837cbd80a6f633/library/std/src/../../backtrace/src/backtrace/mod.rs:66:5
[INFO] [stderr]      2:     0x55a6fd196c10 - std::sys_common::backtrace::_print_fmt::h3a99a796b770c360
[INFO] [stderr]                                  at /rustc/a178d0322ce20e33eac124758e837cbd80a6f633/library/std/src/sys_common/backtrace.rs:67:5
[INFO] [stderr]      3:     0x55a6fd196c10 - <std::sys_common::backtrace::_print::DisplayBacktrace as core::fmt::Display>::fmt::h32d1f94a80615d18
[INFO] [stderr]                                  at /rustc/a178d0322ce20e33eac124758e837cbd80a6f633/library/std/src/sys_common/backtrace.rs:46:22
[INFO] [stderr]      4:     0x55a6fd1b057c - core::fmt::write::h306731c068f7162c
[INFO] [stderr]                                  at /rustc/a178d0322ce20e33eac124758e837cbd80a6f633/library/core/src/fmt/mod.rs:1110:17
[INFO] [stderr]      5:     0x55a6fd1954f5 - std::io::Write::write_fmt::hd2fa90334eee2a21
[INFO] [stderr]                                  at /rustc/a178d0322ce20e33eac124758e837cbd80a6f633/library/std/src/io/mod.rs:1588:15
[INFO] [stderr]      6:     0x55a6fd19883b - std::sys_common::backtrace::_print::h5abaa2601a852287
[INFO] [stderr]                                  at /rustc/a178d0322ce20e33eac124758e837cbd80a6f633/library/std/src/sys_common/backtrace.rs:49:5
[INFO] [stderr]      7:     0x55a6fd19883b - std::sys_common::backtrace::print::h8d81445442bb638f
[INFO] [stderr]                                  at /rustc/a178d0322ce20e33eac124758e837cbd80a6f633/library/std/src/sys_common/backtrace.rs:36:9
[INFO] [stderr]      8:     0x55a6fd19883b - std::panicking::default_hook::{{closure}}::hcfe804496a9fa747
[INFO] [stderr]                                  at /rustc/a178d0322ce20e33eac124758e837cbd80a6f633/library/std/src/panicking.rs:208:50
[INFO] [stderr]      9:     0x55a6fd198311 - std::panicking::default_hook::hbea8e3ccf2ba8901
[INFO] [stderr]                                  at /rustc/a178d0322ce20e33eac124758e837cbd80a6f633/library/std/src/panicking.rs:225:9
[INFO] [stderr]     10:     0x55a6fd198f04 - std::panicking::rust_panic_with_hook::h7ee9e1a2d0f8975a
[INFO] [stderr]                                  at /rustc/a178d0322ce20e33eac124758e837cbd80a6f633/library/std/src/panicking.rs:622:17
[INFO] [stderr]     11:     0x55a6fd186a4f - std::panicking::begin_panic::{{closure}}::h6de0169f65333f92
[INFO] [stderr]                                  at /rustc/a178d0322ce20e33eac124758e837cbd80a6f633/library/std/src/panicking.rs:542:9
[INFO] [stderr]     12:     0x55a6fd187288 - std::sys_common::backtrace::__rust_end_short_backtrace::haa0ea7fb2210f05a
[INFO] [stderr]                                  at /rustc/a178d0322ce20e33eac124758e837cbd80a6f633/library/std/src/sys_common/backtrace.rs:141:18
[INFO] [stderr]     13:     0x55a6fd186995 - std::panicking::begin_panic::hff3a715f88f110ff
[INFO] [stderr]                                  at /rustc/a178d0322ce20e33eac124758e837cbd80a6f633/library/std/src/panicking.rs:541:12
[INFO] [stderr]     14:     0x55a6fd184798 - build_script_build::main::h66a7c12f397fbf16
[INFO] [stderr]                                  at /opt/rustwide/cargo-home/registry/src/github.com-1ecc6299db9ec823/openssl-0.9.24/build.rs:16:14
[INFO] [stderr]     15:     0x55a6fd187c7b - core::ops::function::FnOnce::call_once::h878e07fbba05002b
[INFO] [stderr]                                  at /rustc/a178d0322ce20e33eac124758e837cbd80a6f633/library/core/src/ops/function.rs:227:5
[INFO] [stderr]     16:     0x55a6fd1872ce - std::sys_common::backtrace::__rust_begin_short_backtrace::hd9de2885e17b5ff9
[INFO] [stderr]                                  at /rustc/a178d0322ce20e33eac124758e837cbd80a6f633/library/std/src/sys_common/backtrace.rs:125:18
[INFO] [stderr]     17:     0x55a6fd185801 - std::rt::lang_start::{{closure}}::ha03ae6deeb2c6079
[INFO] [stderr]                                  at /rustc/a178d0322ce20e33eac124758e837cbd80a6f633/library/std/src/rt.rs:49:18
[INFO] [stderr]     18:     0x55a6fd199409 - core::ops::function::impls::<impl core::ops::function::FnOnce<A> for &F>::call_once::h2aabc384aab89b7b
[INFO] [stderr]                                  at /rustc/a178d0322ce20e33eac124758e837cbd80a6f633/library/core/src/ops/function.rs:259:13
[INFO] [stderr]     19:     0x55a6fd199409 - std::panicking::try::do_call::hc5fcacb7a85fc7b1
[INFO] [stderr]                                  at /rustc/a178d0322ce20e33eac124758e837cbd80a6f633/library/std/src/panicking.rs:401:40
[INFO] [stderr]     20:     0x55a6fd199409 - std::panicking::try::hb5d9603af3abbe3a
[INFO] [stderr]                                  at /rustc/a178d0322ce20e33eac124758e837cbd80a6f633/library/std/src/panicking.rs:365:19
[INFO] [stderr]     21:     0x55a6fd199409 - std::panic::catch_unwind::h98fe6ac3925e64b4
[INFO] [stderr]                                  at /rustc/a178d0322ce20e33eac124758e837cbd80a6f633/library/std/src/panic.rs:434:14
[INFO] [stderr]     22:     0x55a6fd199409 - std::rt::lang_start_internal::h22ac7383c516f93e
[INFO] [stderr]                                  at /rustc/a178d0322ce20e33eac124758e837cbd80a6f633/library/std/src/rt.rs:34:21
[INFO] [stderr]     23:     0x55a6fd1857e0 - std::rt::lang_start::heeac903f38322445
[INFO] [stderr]                                  at /rustc/a178d0322ce20e33eac124758e837cbd80a6f633/library/std/src/rt.rs:48:5
[INFO] [stderr]     24:     0x55a6fd184eac - main
[INFO] [stderr]     25:     0x7fd710d710b3 - __libc_start_main
[INFO] [stderr]     26:     0x55a6fd18273e - _start
[INFO] [stderr]     27:                0x0 - <unknown>
[INFO] [stderr] warning: build failed, waiting for other jobs to finish...
[INFO] [stdout] error[E0592]: duplicate definitions with name `new`
[INFO] [stdout]    --> /opt/rustwide/cargo-home/registry/src/github.com-1ecc6299db9ec823/nalgebra-0.14.4/src/core/construction.rs:510:13
[INFO] [stdout]     |
[INFO] [stdout] 510 |               pub fn new($($args: N),*) -> Self {
[INFO] [stdout]     |               ^^^^^^^^^^^^^^^^^^^^^^^^^^^^^^^^^ duplicate definitions for `new`
[INFO] [stdout] ...
[INFO] [stdout] 522 | / componentwise_constructors_impl!(
[INFO] [stdout] 523 | |     /*
[INFO] [stdout] 524 | |      * Square matrices 1 .. 6.
[INFO] [stdout] 525 | |      */
[INFO] [stdout] ...   |
[INFO] [stdout] 664 | |     U6, U1, x:(0,0), y:(1,0), z:(2,0), w:(3,0), a:(4,0), b:(5,0);
[INFO] [stdout] 665 | | );
[INFO] [stdout]     | |__- in this macro invocation
[INFO] [stdout]     | 
[INFO] [stdout]    ::: /opt/rustwide/cargo-home/registry/src/github.com-1ecc6299db9ec823/nalgebra-0.14.4/src/core/construction_slice_deprecated.rs:171:13
[INFO] [stdout]     |
[INFO] [stdout] 171 |               pub fn new(data: &'a [N], $($args: usize),*) -> Self {
[INFO] [stdout]     |               ---------------------------------------------------- other definition for `new`
[INFO] [stdout]     |
[INFO] [stdout]     = note: this error originates in the macro `componentwise_constructors_impl` (in Nightly builds, run with -Z macro-backtrace for more info)
[INFO] [stdout] 
[INFO] [stdout] 
[INFO] [stdout] error[E0592]: duplicate definitions with name `new`
[INFO] [stdout]    --> /opt/rustwide/cargo-home/registry/src/github.com-1ecc6299db9ec823/nalgebra-0.14.4/src/core/construction.rs:510:13
[INFO] [stdout]     |
[INFO] [stdout] 510 |               pub fn new($($args: N),*) -> Self {
[INFO] [stdout]     |               ^^^^^^^^^^^^^^^^^^^^^^^^^^^^^^^^^ duplicate definitions for `new`
[INFO] [stdout] ...
[INFO] [stdout] 522 | / componentwise_constructors_impl!(
[INFO] [stdout] 523 | |     /*
[INFO] [stdout] 524 | |      * Square matrices 1 .. 6.
[INFO] [stdout] 525 | |      */
[INFO] [stdout] ...   |
[INFO] [stdout] 664 | |     U6, U1, x:(0,0), y:(1,0), z:(2,0), w:(3,0), a:(4,0), b:(5,0);
[INFO] [stdout] 665 | | );
[INFO] [stdout]     | |__- in this macro invocation
[INFO] [stdout]     | 
[INFO] [stdout]    ::: /opt/rustwide/cargo-home/registry/src/github.com-1ecc6299db9ec823/nalgebra-0.14.4/src/core/construction_slice_deprecated.rs:232:13
[INFO] [stdout]     |
[INFO] [stdout] 232 |               pub fn new(data: &'a mut [N], $($args: usize),*) -> Self {
[INFO] [stdout]     |               -------------------------------------------------------- other definition for `new`
[INFO] [stdout]     |
[INFO] [stdout]     = note: this error originates in the macro `componentwise_constructors_impl` (in Nightly builds, run with -Z macro-backtrace for more info)
[INFO] [stdout] 
[INFO] [stdout] 
[INFO] [stdout] error: aborting due to 2 previous errors
[INFO] [stdout] 
[INFO] [stdout] 
[INFO] [stdout] For more information about this error, try `rustc --explain E0592`.
[INFO] [stdout] 
[INFO] [stderr] error: build failed
[INFO] running `Command { std: "docker" "inspect" "d59b408f0c4f719a9ab3f420c6a160cc43f7208616093a804d1185ab8d0be2c4", kill_on_drop: false }`
[INFO] running `Command { std: "docker" "rm" "-f" "d59b408f0c4f719a9ab3f420c6a160cc43f7208616093a804d1185ab8d0be2c4", kill_on_drop: false }`
[INFO] [stdout] d59b408f0c4f719a9ab3f420c6a160cc43f7208616093a804d1185ab8d0be2c4
