[INFO] cloning repository https://github.com/mattcl/weenotify
[INFO] running `Command { std: "git" "-c" "credential.helper=" "-c" "credential.helper=/workspace/cargo-home/bin/git-credential-null" "clone" "--bare" "https://github.com/mattcl/weenotify" "/workspace/cache/git-repos/https%3A%2F%2Fgithub.com%2Fmattcl%2Fweenotify", kill_on_drop: false }`
[INFO] [stderr] Cloning into bare repository '/workspace/cache/git-repos/https%3A%2F%2Fgithub.com%2Fmattcl%2Fweenotify'...
[INFO] running `Command { std: "git" "rev-parse" "HEAD", kill_on_drop: false }`
[INFO] [stdout] fde27d113254f6c7069d3e4fb359ddaf2042b459
[INFO] testing mattcl/weenotify against 1.54.0 for beta-1.55-1
[INFO] running `Command { std: "git" "clone" "/workspace/cache/git-repos/https%3A%2F%2Fgithub.com%2Fmattcl%2Fweenotify" "/workspace/builds/worker-5/source", kill_on_drop: false }`
[INFO] [stderr] Cloning into '/workspace/builds/worker-5/source'...
[INFO] [stderr] done.
[INFO] validating manifest of git repo https://github.com/mattcl/weenotify on toolchain 1.54.0
[INFO] running `Command { std: "/workspace/cargo-home/bin/cargo" "+1.54.0" "metadata" "--manifest-path" "Cargo.toml" "--no-deps", kill_on_drop: false }`
[INFO] started tweaking git repo https://github.com/mattcl/weenotify
[INFO] finished tweaking git repo https://github.com/mattcl/weenotify
[INFO] tweaked toml for git repo https://github.com/mattcl/weenotify written to /workspace/builds/worker-5/source/Cargo.toml
[INFO] crate git repo https://github.com/mattcl/weenotify already has a lockfile, it will not be regenerated
[INFO] running `Command { std: "/workspace/cargo-home/bin/cargo" "+1.54.0" "fetch" "--manifest-path" "Cargo.toml", kill_on_drop: false }`
[INFO] running `Command { std: "docker" "create" "-v" "/var/lib/crater-agent-workspace/builds/worker-5/target:/opt/rustwide/target:rw,Z" "-v" "/var/lib/crater-agent-workspace/builds/worker-5/source:/opt/rustwide/workdir:ro,Z" "-v" "/var/lib/crater-agent-workspace/cargo-home:/opt/rustwide/cargo-home:ro,Z" "-v" "/var/lib/crater-agent-workspace/rustup-home:/opt/rustwide/rustup-home:ro,Z" "-e" "SOURCE_DIR=/opt/rustwide/workdir" "-e" "CARGO_TARGET_DIR=/opt/rustwide/target" "-e" "CARGO_HOME=/opt/rustwide/cargo-home" "-e" "RUSTUP_HOME=/opt/rustwide/rustup-home" "-w" "/opt/rustwide/workdir" "-m" "1610612736" "--user" "0:0" "--network" "none" "ghcr.io/rust-lang/crates-build-env/linux@sha256:34b6a614d2c27851fe6cbf88fbd1137609cefab8b10d0615aaeb6fd47975d74e" "/opt/rustwide/cargo-home/bin/cargo" "+1.54.0" "metadata" "--no-deps" "--format-version=1", kill_on_drop: false }`
[INFO] [stdout] 81e7ad88957d6cf6c653653c2c36ce5e48479492e0d13bbc4bf2b8551561e775
[INFO] running `Command { std: "docker" "start" "-a" "81e7ad88957d6cf6c653653c2c36ce5e48479492e0d13bbc4bf2b8551561e775", kill_on_drop: false }`
[INFO] running `Command { std: "docker" "inspect" "81e7ad88957d6cf6c653653c2c36ce5e48479492e0d13bbc4bf2b8551561e775", kill_on_drop: false }`
[INFO] running `Command { std: "docker" "rm" "-f" "81e7ad88957d6cf6c653653c2c36ce5e48479492e0d13bbc4bf2b8551561e775", kill_on_drop: false }`
[INFO] [stdout] 81e7ad88957d6cf6c653653c2c36ce5e48479492e0d13bbc4bf2b8551561e775
[INFO] running `Command { std: "docker" "create" "-v" "/var/lib/crater-agent-workspace/builds/worker-5/target:/opt/rustwide/target:rw,Z" "-v" "/var/lib/crater-agent-workspace/builds/worker-5/source:/opt/rustwide/workdir:ro,Z" "-v" "/var/lib/crater-agent-workspace/cargo-home:/opt/rustwide/cargo-home:ro,Z" "-v" "/var/lib/crater-agent-workspace/rustup-home:/opt/rustwide/rustup-home:ro,Z" "-e" "SOURCE_DIR=/opt/rustwide/workdir" "-e" "CARGO_TARGET_DIR=/opt/rustwide/target" "-e" "CARGO_INCREMENTAL=0" "-e" "RUST_BACKTRACE=full" "-e" "RUSTFLAGS=--cap-lints=warn" "-e" "CARGO_HOME=/opt/rustwide/cargo-home" "-e" "RUSTUP_HOME=/opt/rustwide/rustup-home" "-w" "/opt/rustwide/workdir" "-m" "1610612736" "--user" "0:0" "--network" "none" "ghcr.io/rust-lang/crates-build-env/linux@sha256:34b6a614d2c27851fe6cbf88fbd1137609cefab8b10d0615aaeb6fd47975d74e" "/opt/rustwide/cargo-home/bin/cargo" "+1.54.0" "build" "--frozen" "--message-format=json", kill_on_drop: false }`
[INFO] [stdout] e7cf2ed078a689adc4a70ed3b9ffc6baadd725fe06c6210fa0105a15acab58d2
[INFO] running `Command { std: "docker" "start" "-a" "e7cf2ed078a689adc4a70ed3b9ffc6baadd725fe06c6210fa0105a15acab58d2", kill_on_drop: false }`
[INFO] [stderr]    Compiling libc v0.2.21
[INFO] [stderr]    Compiling num-traits v0.1.37
[INFO] [stderr]    Compiling log v0.3.7
[INFO] [stderr]    Compiling itoa v0.3.1
[INFO] [stderr]    Compiling dtoa v0.4.1
[INFO] [stderr]    Compiling serde v0.9.14
[INFO] [stderr]    Compiling nom v2.2.1
[INFO] [stderr]    Compiling regex-syntax v0.4.0
[INFO] [stderr]    Compiling cookie-factory v0.2.0
[INFO] [stderr]    Compiling quick-error v1.1.0
[INFO] [stderr]    Compiling pest v0.3.3
[INFO] [stderr]    Compiling futures v0.1.13
[INFO] [stderr]    Compiling cfg-if v0.1.0
[INFO] [stderr]    Compiling lazycell v0.4.0
[INFO] [stderr]    Compiling slog v2.0.2
[INFO] [stderr]    Compiling vec_map v0.7.0
[INFO] [stderr]    Compiling serde v1.0.0
[INFO] [stderr]    Compiling scoped-tls v0.1.0
[INFO] [stderr]    Compiling yaml-rust v0.3.5
[INFO] [stderr]    Compiling unicode-width v0.1.4
[INFO] [stderr]    Compiling strsim v0.6.0
[INFO] [stderr]    Compiling take_mut v0.1.3
[INFO] [stderr]    Compiling bitflags v0.8.2
[INFO] [stderr]    Compiling term v0.4.5
[INFO] [stderr]    Compiling unicode-segmentation v1.1.0
[INFO] [stderr]    Compiling unreachable v0.1.1
[INFO] [stderr]    Compiling base64 v0.4.1
[INFO] [stderr]    Compiling dbus v0.4.1
[INFO] [stderr]    Compiling serde_codegen_internals v0.14.2
[INFO] [stderr]    Compiling serde_derive_internals v0.15.0
[INFO] [stderr]    Compiling thread-id v3.0.0
[INFO] [stderr]    Compiling memchr v1.0.1
[INFO] [stderr]    Compiling iovec v0.1.0
[INFO] [stderr]    Compiling net2 v0.2.27
[INFO] [stderr]    Compiling time v0.1.36
[INFO] [stderr]    Compiling rand v0.3.15
[INFO] [stderr]    Compiling term_size v0.3.0
[INFO] [stderr]    Compiling atty v0.2.2
[INFO] [stderr]    Compiling isatty v0.1.3
[INFO] [stderr]    Compiling sasl v0.4.0
[INFO] [stderr]    Compiling tokio-timer v0.1.1
[INFO] [stderr]    Compiling aho-corasick v0.6.3
[INFO] [stdout] error[E0446]: private type `NeverStruct` in public interface
[INFO] [stdout]     --> /opt/rustwide/cargo-home/registry/src/github.com-1ecc6299db9ec823/slog-2.0.2/src/lib.rs:1003:5
[INFO] [stdout]      |
[INFO] [stdout] 1003 |     type Err = Never;
[INFO] [stdout]      |     ^^^^^^^^^^^^^^^^^ can't leak private type
[INFO] [stdout] ...
[INFO] [stdout] 2691 | struct NeverStruct(());
[INFO] [stdout]      | ----------------------- `NeverStruct` declared as private
[INFO] [stdout] 
[INFO] [stdout] 
[INFO] [stderr]    Compiling bytes v0.4.2
[INFO] [stderr]    Compiling mio v0.6.6
[INFO] [stdout] error[E0446]: private type `NeverStruct` in public interface
[INFO] [stdout]     --> /opt/rustwide/cargo-home/registry/src/github.com-1ecc6299db9ec823/slog-2.0.2/src/lib.rs:1288:5
[INFO] [stdout]      |
[INFO] [stdout] 1288 |     type Err = Never;
[INFO] [stdout]      |     ^^^^^^^^^^^^^^^^^ can't leak private type
[INFO] [stdout] ...
[INFO] [stdout] 2691 | struct NeverStruct(());
[INFO] [stdout]      | ----------------------- `NeverStruct` declared as private
[INFO] [stdout] 
[INFO] [stdout] 
[INFO] [stdout] error[E0446]: private type `NeverStruct` in public interface
[INFO] [stdout]     --> /opt/rustwide/cargo-home/registry/src/github.com-1ecc6299db9ec823/slog-2.0.2/src/lib.rs:1453:5
[INFO] [stdout]      |
[INFO] [stdout] 1453 |     type Err = Never;
[INFO] [stdout]      |     ^^^^^^^^^^^^^^^^^ can't leak private type
[INFO] [stdout] ...
[INFO] [stdout] 2691 | struct NeverStruct(());
[INFO] [stdout]      | ----------------------- `NeverStruct` declared as private
[INFO] [stdout] 
[INFO] [stdout] 
[INFO] [stdout] error[E0446]: private type `NeverStruct` in public interface
[INFO] [stdout]     --> /opt/rustwide/cargo-home/registry/src/github.com-1ecc6299db9ec823/slog-2.0.2/src/lib.rs:1485:5
[INFO] [stdout]      |
[INFO] [stdout] 1485 |     type Err = Never;
[INFO] [stdout]      |     ^^^^^^^^^^^^^^^^^ can't leak private type
[INFO] [stdout] ...
[INFO] [stdout] 2691 | struct NeverStruct(());
[INFO] [stdout]      | ----------------------- `NeverStruct` declared as private
[INFO] [stdout] 
[INFO] [stdout] 
[INFO] [stdout] error: aborting due to 4 previous errors
[INFO] [stdout] 
[INFO] [stdout] 
[INFO] [stdout] For more information about this error, try `rustc --explain E0446`.
[INFO] [stdout] 
[INFO] [stderr] error: could not compile `slog`
[INFO] [stderr] 
[INFO] [stderr] To learn more, run the command again with --verbose.
[INFO] [stderr] warning: build failed, waiting for other jobs to finish...
[INFO] [stderr] error: build failed
[INFO] running `Command { std: "docker" "inspect" "e7cf2ed078a689adc4a70ed3b9ffc6baadd725fe06c6210fa0105a15acab58d2", kill_on_drop: false }`
[INFO] running `Command { std: "docker" "rm" "-f" "e7cf2ed078a689adc4a70ed3b9ffc6baadd725fe06c6210fa0105a15acab58d2", kill_on_drop: false }`
[INFO] [stdout] e7cf2ed078a689adc4a70ed3b9ffc6baadd725fe06c6210fa0105a15acab58d2
