[INFO] cloning repository https://github.com/mattalexanderhill/tet
[INFO] running `Command { std: "git" "-c" "credential.helper=" "-c" "credential.helper=/workspace/cargo-home/bin/git-credential-null" "clone" "--bare" "https://github.com/mattalexanderhill/tet" "/workspace/cache/git-repos/https%3A%2F%2Fgithub.com%2Fmattalexanderhill%2Ftet", kill_on_drop: false }`
[INFO] [stderr] Cloning into bare repository '/workspace/cache/git-repos/https%3A%2F%2Fgithub.com%2Fmattalexanderhill%2Ftet'...
[INFO] running `Command { std: "git" "rev-parse" "HEAD", kill_on_drop: false }`
[INFO] [stdout] dd4c5b231cc9f079ebc2c18060bef89e3383f270
[INFO] testing mattalexanderhill/tet against 1.54.0 for beta-1.55-1
[INFO] running `Command { std: "git" "clone" "/workspace/cache/git-repos/https%3A%2F%2Fgithub.com%2Fmattalexanderhill%2Ftet" "/workspace/builds/worker-8/source", kill_on_drop: false }`
[INFO] [stderr] Cloning into '/workspace/builds/worker-8/source'...
[INFO] [stderr] done.
[INFO] validating manifest of git repo https://github.com/mattalexanderhill/tet on toolchain 1.54.0
[INFO] running `Command { std: "/workspace/cargo-home/bin/cargo" "+1.54.0" "metadata" "--manifest-path" "Cargo.toml" "--no-deps", kill_on_drop: false }`
[INFO] started tweaking git repo https://github.com/mattalexanderhill/tet
[INFO] finished tweaking git repo https://github.com/mattalexanderhill/tet
[INFO] tweaked toml for git repo https://github.com/mattalexanderhill/tet written to /workspace/builds/worker-8/source/Cargo.toml
[INFO] crate git repo https://github.com/mattalexanderhill/tet already has a lockfile, it will not be regenerated
[INFO] running `Command { std: "/workspace/cargo-home/bin/cargo" "+1.54.0" "fetch" "--manifest-path" "Cargo.toml", kill_on_drop: false }`
[INFO] [stderr]     Updating crates.io index
[INFO] [stderr]  Downloading crates ...
[INFO] [stderr]   Downloaded bevy_winit v0.1.3
[INFO] [stderr]   Downloaded bevy_render v0.1.3
[INFO] [stderr]   Downloaded bevy_pbr v0.1.3
[INFO] [stderr]   Downloaded bevy_core v0.1.3
[INFO] [stderr]   Downloaded bevy_hecs v0.1.3
[INFO] [stderr]   Downloaded bevy_asset v0.1.3
[INFO] [stderr]   Downloaded bevy_property_derive v0.1.3
[INFO] [stderr]   Downloaded bevy_sprite v0.1.3
[INFO] [stderr]   Downloaded bevy_transform v0.1.3
[INFO] [stderr]   Downloaded bevy_ui v0.1.3
[INFO] [stderr]   Downloaded bevy_ron v0.1.3
[INFO] [stderr]   Downloaded hexasphere v0.1.6
[INFO] [stderr]   Downloaded bevy_math v0.1.3
[INFO] [stderr]   Downloaded bevy_audio v0.1.3
[INFO] [stderr]   Downloaded bevy_window v0.1.3
[INFO] [stderr]   Downloaded bevy v0.1.3
[INFO] [stderr]   Downloaded bevy_hecs_macros v0.1.3
[INFO] [stderr]   Downloaded bevy_scene v0.1.3
[INFO] [stderr]   Downloaded bevy_type_registry v0.1.3
[INFO] [stderr]   Downloaded bevy_ecs v0.1.3
[INFO] [stderr]   Downloaded bevy_app v0.1.3
[INFO] [stderr]   Downloaded rectangle-pack v0.1.6
[INFO] [stderr]   Downloaded bevy_text v0.1.3
[INFO] [stderr]   Downloaded cart-tmp-winit v0.22.2
[INFO] [stderr]   Downloaded bevy_diagnostic v0.1.3
[INFO] [stderr]   Downloaded bevy_input v0.1.3
[INFO] [stderr]   Downloaded bevy_gltf v0.1.3
[INFO] [stderr]   Downloaded bevy_derive v0.1.3
[INFO] [stderr]   Downloaded pollster v0.2.4
[INFO] [stderr]   Downloaded bevy_wgpu v0.1.3
[INFO] [stderr]   Downloaded bevy_property v0.1.3
[INFO] [stderr]   Downloaded bevy-glsl-to-spirv v0.1.7
[INFO] running `Command { std: "docker" "create" "-v" "/var/lib/crater-agent-workspace/builds/worker-8/target:/opt/rustwide/target:rw,Z" "-v" "/var/lib/crater-agent-workspace/builds/worker-8/source:/opt/rustwide/workdir:ro,Z" "-v" "/var/lib/crater-agent-workspace/cargo-home:/opt/rustwide/cargo-home:ro,Z" "-v" "/var/lib/crater-agent-workspace/rustup-home:/opt/rustwide/rustup-home:ro,Z" "-e" "SOURCE_DIR=/opt/rustwide/workdir" "-e" "CARGO_TARGET_DIR=/opt/rustwide/target" "-e" "CARGO_HOME=/opt/rustwide/cargo-home" "-e" "RUSTUP_HOME=/opt/rustwide/rustup-home" "-w" "/opt/rustwide/workdir" "-m" "1610612736" "--user" "0:0" "--network" "none" "ghcr.io/rust-lang/crates-build-env/linux@sha256:34b6a614d2c27851fe6cbf88fbd1137609cefab8b10d0615aaeb6fd47975d74e" "/opt/rustwide/cargo-home/bin/cargo" "+1.54.0" "metadata" "--no-deps" "--format-version=1", kill_on_drop: false }`
[INFO] [stdout] 5dfcad37c765caa01bd2ba5aa5b6c987d907e55e3af8e6a5f04d5a956970f43f
[INFO] running `Command { std: "docker" "start" "-a" "5dfcad37c765caa01bd2ba5aa5b6c987d907e55e3af8e6a5f04d5a956970f43f", kill_on_drop: false }`
[INFO] running `Command { std: "docker" "inspect" "5dfcad37c765caa01bd2ba5aa5b6c987d907e55e3af8e6a5f04d5a956970f43f", kill_on_drop: false }`
[INFO] running `Command { std: "docker" "rm" "-f" "5dfcad37c765caa01bd2ba5aa5b6c987d907e55e3af8e6a5f04d5a956970f43f", kill_on_drop: false }`
[INFO] [stdout] 5dfcad37c765caa01bd2ba5aa5b6c987d907e55e3af8e6a5f04d5a956970f43f
[INFO] running `Command { std: "docker" "create" "-v" "/var/lib/crater-agent-workspace/builds/worker-8/target:/opt/rustwide/target:rw,Z" "-v" "/var/lib/crater-agent-workspace/builds/worker-8/source:/opt/rustwide/workdir:ro,Z" "-v" "/var/lib/crater-agent-workspace/cargo-home:/opt/rustwide/cargo-home:ro,Z" "-v" "/var/lib/crater-agent-workspace/rustup-home:/opt/rustwide/rustup-home:ro,Z" "-e" "SOURCE_DIR=/opt/rustwide/workdir" "-e" "CARGO_TARGET_DIR=/opt/rustwide/target" "-e" "CARGO_INCREMENTAL=0" "-e" "RUST_BACKTRACE=full" "-e" "RUSTFLAGS=--cap-lints=warn" "-e" "CARGO_HOME=/opt/rustwide/cargo-home" "-e" "RUSTUP_HOME=/opt/rustwide/rustup-home" "-w" "/opt/rustwide/workdir" "-m" "1610612736" "--user" "0:0" "--network" "none" "ghcr.io/rust-lang/crates-build-env/linux@sha256:34b6a614d2c27851fe6cbf88fbd1137609cefab8b10d0615aaeb6fd47975d74e" "/opt/rustwide/cargo-home/bin/cargo" "+1.54.0" "build" "--frozen" "--message-format=json", kill_on_drop: false }`
[INFO] [stdout] 8cc82ff7381a6ae80e534337e3d27dedbd316e0960432978741de16d842136f0
[INFO] running `Command { std: "docker" "start" "-a" "8cc82ff7381a6ae80e534337e3d27dedbd316e0960432978741de16d842136f0", kill_on_drop: false }`
[INFO] [stderr]     Blocking waiting for file lock on package cache
[INFO] [stderr]     Blocking waiting for file lock on package cache
[INFO] [stderr]    Compiling libc v0.2.77
[INFO] [stderr]    Compiling syn v1.0.40
[INFO] [stderr]    Compiling serde_derive v1.0.115
[INFO] [stderr]    Compiling serde v1.0.115
[INFO] [stderr]    Compiling log v0.4.11
[INFO] [stderr]    Compiling crossbeam-utils v0.8.5
[INFO] [stderr]    Compiling crossbeam-epoch v0.9.5
[INFO] [stderr]    Compiling rayon-core v1.9.1
[INFO] [stderr]    Compiling glam v0.9.4
[INFO] [stderr]    Compiling anyhow v1.0.32
[INFO] [stderr]    Compiling serde_json v1.0.57
[INFO] [stderr]    Compiling cart-tmp-winit v0.22.2
[INFO] [stderr]    Compiling rectangle-pack v0.1.6
[INFO] [stderr]    Compiling pollster v0.2.4
[INFO] [stderr]    Compiling memoffset v0.6.4
[INFO] [stderr]    Compiling hashbrown v0.8.2
[INFO] [stderr]    Compiling rayon v1.5.1
[INFO] [stderr]    Compiling alsa-sys v0.1.2
[INFO] [stderr]    Compiling tracing-core v0.1.16
[INFO] [stderr]    Compiling ash v0.31.0
[INFO] [stderr]    Compiling guillotiere v0.5.2
[INFO] [stderr]    Compiling image v0.23.9
[INFO] [stderr]    Compiling cpal v0.11.0
[INFO] [stderr]    Compiling crossbeam-channel v0.5.1
[INFO] [stderr]    Compiling tracing v0.1.19
[INFO] [stderr]    Compiling getrandom v0.1.15
[INFO] [stderr]    Compiling num_cpus v1.13.0
[INFO] [stderr]    Compiling jobserver v0.1.21
[INFO] [stderr]    Compiling net2 v0.2.35
[INFO] [stderr]    Compiling iovec v0.1.4
[INFO] [stderr]    Compiling inotify-sys v0.1.3
[INFO] [stderr]    Compiling filetime v0.2.12
[INFO] [stderr]    Compiling raw-window-handle v0.3.3
[INFO] [stderr]    Compiling x11 v2.18.2
[INFO] [stderr]    Compiling x11-dl v2.18.5
[INFO] [stderr]    Compiling slice-deque v0.3.0
[INFO] [stderr]    Compiling gfx-hal v0.6.0
[INFO] [stderr]    Compiling crossbeam-deque v0.8.1
[INFO] [stderr]    Compiling rand_core v0.5.1
[INFO] [stderr]    Compiling inotify v0.8.3
[INFO] [stderr]    Compiling cc v1.0.59
[INFO] [stderr]    Compiling mio v0.6.22
[INFO] [stderr]    Compiling rand_chacha v0.2.2
[INFO] [stderr]    Compiling rand v0.7.3
[INFO] [stderr]    Compiling mio-extras v2.0.6
[INFO] [stderr]    Compiling cmake v0.1.44
[INFO] [stderr]    Compiling notify v5.0.0-pre.3
[INFO] [stderr]    Compiling tempfile v3.1.0
[INFO] [stderr]    Compiling bevy-glsl-to-spirv v0.1.7
[INFO] [stderr]    Compiling spirv-reflect v0.2.3
[INFO] [stderr]    Compiling minimp3-sys v0.3.2
[INFO] [stderr]    Compiling gfx-memory v0.2.0
[INFO] [stderr]    Compiling gfx-descriptor v0.2.0
[INFO] [stderr]    Compiling gfx-backend-empty v0.6.0
[INFO] [stderr]    Compiling minimp3 v0.3.5
[INFO] [stderr]    Compiling thiserror-impl v1.0.20
[INFO] [stderr]    Compiling pin-project-internal v0.4.23
[INFO] [stderr]    Compiling futures-macro v0.3.5
[INFO] [stderr]    Compiling gltf-derive v0.15.2
[INFO] [stderr]    Compiling thiserror v1.0.20
[INFO] [stderr]    Compiling naga v0.2.0
[INFO] [stderr]    Compiling pin-project v0.4.23
[INFO] [stderr]    Compiling rodio v0.11.0
[INFO] [stderr]    Compiling futures-util v0.3.5
[INFO] [stderr]    Compiling futures-executor v0.3.5
[INFO] [stderr]    Compiling futures v0.3.5
[INFO] [stderr]    Compiling smallvec v1.4.2
[INFO] [stderr]    Compiling toml v0.5.6
[INFO] [stderr]    Compiling bevy_ron v0.1.3
[INFO] [stderr]    Compiling erased-serde v0.3.12
[INFO] [stderr]    Compiling uuid v0.8.1
[INFO] [stderr]    Compiling parking_lot_core v0.7.2
[INFO] [stderr]    Compiling parking_lot_core v0.8.0
[INFO] [stderr]    Compiling gfx-backend-vulkan v0.6.1
[INFO] [stderr]    Compiling parking_lot v0.11.0
[INFO] [stderr]    Compiling parking_lot v0.10.2
[INFO] [stderr]    Compiling bevy_math v0.1.3
[INFO] [stderr]    Compiling hexasphere v0.1.6
[INFO] [stderr]    Compiling proc-macro-crate v0.1.5
[INFO] [stderr]    Compiling gltf-json v0.15.2
[INFO] [stderr]    Compiling wgpu-core v0.6.3
[INFO] [stderr]    Compiling bevy_hecs_macros v0.1.3
[INFO] [stderr]    Compiling bevy_derive v0.1.3
[INFO] [stderr]    Compiling bevy_property_derive v0.1.3
[INFO] [stderr]    Compiling bevy_hecs v0.1.3
[INFO] [stderr]    Compiling gltf v0.15.2
[INFO] [stderr]    Compiling bevy_ecs v0.1.3
[INFO] [stderr]    Compiling wgpu v0.6.0
[INFO] [stderr]    Compiling bevy_app v0.1.3
[INFO] [stderr]    Compiling bevy_property v0.1.3
[INFO] [stderr]    Compiling bevy_window v0.1.3
[INFO] [stderr]    Compiling bevy_input v0.1.3
[INFO] [stderr]    Compiling bevy_type_registry v0.1.3
[INFO] [stderr]    Compiling bevy_winit v0.1.3
[INFO] [stderr]    Compiling bevy_asset v0.1.3
[INFO] [stderr]    Compiling bevy_core v0.1.3
[INFO] [stderr]    Compiling bevy_transform v0.1.3
[INFO] [stderr]    Compiling bevy_audio v0.1.3
[INFO] [stderr]    Compiling bevy_scene v0.1.3
[INFO] [stderr]    Compiling bevy_diagnostic v0.1.3
[INFO] [stderr]    Compiling bevy_render v0.1.3
[INFO] [stderr]    Compiling bevy_sprite v0.1.3
[INFO] [stderr]    Compiling bevy_pbr v0.1.3
[INFO] [stderr]    Compiling bevy_wgpu v0.1.3
[INFO] [stderr]    Compiling bevy_gltf v0.1.3
[INFO] [stderr]    Compiling bevy_text v0.1.3
[INFO] [stderr]    Compiling bevy_ui v0.1.3
[INFO] [stderr]    Compiling bevy v0.1.3
[INFO] [stderr]    Compiling tet v0.1.0 (/opt/rustwide/workdir)
[INFO] [stdout] error: expected `:`, found `.`
[INFO] [stdout]   --> src/main.rs:29:16
[INFO] [stdout]    |
[INFO] [stdout] 29 |     GAME_CONFIG.bounds_left: [f32; 4],
[INFO] [stdout]    |                ^ expected `:`
[INFO] [stdout] 
[INFO] [stdout] 
[INFO] [stdout] error: expected one of `,` or `}`, found `.`
[INFO] [stdout]   --> src/main.rs:60:24
[INFO] [stdout]    |
[INFO] [stdout] 50 |         GameConfig {
[INFO] [stdout]    |         ---------- while parsing this struct
[INFO] [stdout] ...
[INFO] [stdout] 60 |             GAME_CONFIG.bounds_left: Rect { left: 0.0, right: 20.0, top: 20.0, bottom: 380.0},
[INFO] [stdout]    |                        ^ expected one of `,` or `}`
[INFO] [stdout] 
[INFO] [stdout] 
[INFO] [stdout] error: expected one of `,` or `}`, found `.`
[INFO] [stdout]   --> src/main.rs:61:24
[INFO] [stdout]    |
[INFO] [stdout] 50 |         GameConfig {
[INFO] [stdout]    |         ---------- while parsing this struct
[INFO] [stdout] ...
[INFO] [stdout] 61 |             GAME_CONFIG.bounds_right: Rect { left: 200.0, right: 300.0, top: 20.0, bottom: 380.0},
[INFO] [stdout]    |                        ^ expected one of `,` or `}`
[INFO] [stdout] 
[INFO] [stdout] 
[INFO] [stdout] error: expected one of `,` or `}`, found `.`
[INFO] [stdout]   --> src/main.rs:62:24
[INFO] [stdout]    |
[INFO] [stdout] 50 |         GameConfig {
[INFO] [stdout]    |         ---------- while parsing this struct
[INFO] [stdout] ...
[INFO] [stdout] 62 |             GAME_CONFIG.bounds_top: Rect { left: 0.0, right: 300.0, top: 0.0, bottom: 20.0},
[INFO] [stdout]    |                        ^ expected one of `,` or `}`
[INFO] [stdout] 
[INFO] [stdout] 
[INFO] [stdout] error: expected one of `,` or `}`, found `.`
[INFO] [stdout]   --> src/main.rs:63:24
[INFO] [stdout]    |
[INFO] [stdout] 50 |         GameConfig {
[INFO] [stdout]    |         ---------- while parsing this struct
[INFO] [stdout] ...
[INFO] [stdout] 63 |             GAME_CONFIG.bounds_bottom: Rect { left: 0.0, right: 300.0, top: 380.0, bottom: 400.0},
[INFO] [stdout]    |                        ^ expected one of `,` or `}`
[INFO] [stdout] 
[INFO] [stdout] 
[INFO] [stdout] error[E0412]: cannot find type `WindowDesciptor` in this scope
[INFO] [stdout]   --> src/main.rs:28:13
[INFO] [stdout]    |
[INFO] [stdout] 28 |     window: WindowDesciptor,
[INFO] [stdout]    |             ^^^^^^^^^^^^^^^ help: a struct with a similar name exists: `WindowDescriptor`
[INFO] [stdout]    | 
[INFO] [stdout]   ::: /opt/rustwide/cargo-home/registry/src/github.com-1ecc6299db9ec823/bevy_window-0.1.3/src/window.rs:73:1
[INFO] [stdout]    |
[INFO] [stdout] 73 | pub struct WindowDescriptor {
[INFO] [stdout]    | --------------------------- similarly named struct `WindowDescriptor` defined here
[INFO] [stdout] 
[INFO] [stdout] 
[INFO] [stdout] error[E0425]: cannot find value `collision_sys` in this scope
[INFO] [stdout]   --> src/main.rs:81:21
[INFO] [stdout]    |
[INFO] [stdout] 81 |         .add_system(collision_sys.system())
[INFO] [stdout]    |                     ^^^^^^^^^^^^^ not found in this scope
[INFO] [stdout] 
[INFO] [stdout] 
[INFO] [stdout] warning: unused imports: `Collision`, `collide`, `render::pass::ClearColor`
[INFO] [stdout]  --> src/main.rs:3:5
[INFO] [stdout]   |
[INFO] [stdout] 3 |     render::pass::ClearColor,
[INFO] [stdout]   |     ^^^^^^^^^^^^^^^^^^^^^^^^
[INFO] [stdout] 4 |     sprite::collide_aabb::{collide, Collision},
[INFO] [stdout]   |                            ^^^^^^^  ^^^^^^^^^
[INFO] [stdout]   |
[INFO] [stdout]   = note: `#[warn(unused_imports)]` on by default
[INFO] [stdout] 
[INFO] [stdout] 
[INFO] [stdout] error[E0107]: missing generics for struct `bevy::prelude::Rect`
[INFO] [stdout]   --> src/main.rs:37:6
[INFO] [stdout]    |
[INFO] [stdout] 37 | impl Rect {
[INFO] [stdout]    |      ^^^^ expected 1 generic argument
[INFO] [stdout]    |
[INFO] [stdout] note: struct defined here, with 1 generic parameter: `T`
[INFO] [stdout]   --> /opt/rustwide/cargo-home/registry/src/github.com-1ecc6299db9ec823/bevy_math-0.1.3/src/geometry.rs:28:12
[INFO] [stdout]    |
[INFO] [stdout] 28 | pub struct Rect<T> {
[INFO] [stdout]    |            ^^^^ -
[INFO] [stdout] help: add missing generic argument
[INFO] [stdout]    |
[INFO] [stdout] 37 | impl Rect<T> {
[INFO] [stdout]    |      ^^^^^^^
[INFO] [stdout] 
[INFO] [stdout] 
[INFO] [stdout] error: aborting due to 8 previous errors; 1 warning emitted
[INFO] [stdout] 
[INFO] [stdout] 
[INFO] [stdout] Some errors have detailed explanations: E0107, E0412, E0425.
[INFO] [stdout] 
[INFO] [stdout] For more information about an error, try `rustc --explain E0107`.
[INFO] [stdout] 
[INFO] [stderr] error: could not compile `tet`
[INFO] [stderr] 
[INFO] [stderr] To learn more, run the command again with --verbose.
[INFO] running `Command { std: "docker" "inspect" "8cc82ff7381a6ae80e534337e3d27dedbd316e0960432978741de16d842136f0", kill_on_drop: false }`
[INFO] running `Command { std: "docker" "rm" "-f" "8cc82ff7381a6ae80e534337e3d27dedbd316e0960432978741de16d842136f0", kill_on_drop: false }`
[INFO] [stdout] 8cc82ff7381a6ae80e534337e3d27dedbd316e0960432978741de16d842136f0
